I20260608 12:41:32.783607  3789 raft_consensus.cc:993] T 7b2af7abb9fb4d22b7c7b97227c7e02d P 9505bdca95bc43d7a8e47513d3cc86f4: : Instructing follower 212050be53324245ad470b3fe5e9a73c to start an election
I20260608 12:41:32.784152  3788 raft_consensus.cc:1081] T 7b2af7abb9fb4d22b7c7b97227c7e02d P 9505bdca95bc43d7a8e47513d3cc86f4 [term 1 LEADER]: Signalling peer 212050be53324245ad470b3fe5e9a73c to start an election
I20260608 12:41:32.785614  3719 tablet_service.cc:2044] Received Run Leader Election RPC: tablet_id: "7b2af7abb9fb4d22b7c7b97227c7e02d"
dest_uuid: "212050be53324245ad470b3fe5e9a73c"
 from {username='slave'} at 127.0.0.1:34878
I20260608 12:41:32.786232  3719 raft_consensus.cc:493] T 7b2af7abb9fb4d22b7c7b97227c7e02d P 212050be53324245ad470b3fe5e9a73c [term 1 FOLLOWER]: Starting forced leader election (received explicit request)
I20260608 12:41:32.786545  3719 raft_consensus.cc:3060] T 7b2af7abb9fb4d22b7c7b97227c7e02d P 212050be53324245ad470b3fe5e9a73c [term 1 FOLLOWER]: Advancing to term 2
I20260608 12:41:32.791471  3719 raft_consensus.cc:515] T 7b2af7abb9fb4d22b7c7b97227c7e02d P 212050be53324245ad470b3fe5e9a73c [term 2 FOLLOWER]: Starting forced leader election with config: opid_index: -1 OBSOLETE_local: false peers { permanent_uuid: "212050be53324245ad470b3fe5e9a73c" member_type: VOTER last_known_addr { host: "127.0.107.196" port: 45981 } } peers { permanent_uuid: "9505bdca95bc43d7a8e47513d3cc86f4" member_type: VOTER last_known_addr { host: "127.0.107.193" port: 34641 } } peers { permanent_uuid: "71f5f2c25aae484392505a09730059c8" member_type: VOTER last_known_addr { host: "127.0.107.194" port: 35745 } }
I20260608 12:41:32.793037  3719 leader_election.cc:290] T 7b2af7abb9fb4d22b7c7b97227c7e02d P 212050be53324245ad470b3fe5e9a73c [CANDIDATE]: Term 2 election: Requested vote from peers 9505bdca95bc43d7a8e47513d3cc86f4 (127.0.107.193:34641), 71f5f2c25aae484392505a09730059c8 (127.0.107.194:35745)
I20260608 12:41:32.793759  3419 tablet_service.cc:1917] Received RequestConsensusVote() RPC: tablet_id: "7b2af7abb9fb4d22b7c7b97227c7e02d" candidate_uuid: "212050be53324245ad470b3fe5e9a73c" candidate_term: 2 candidate_status { last_received { term: 1 index: 1 } } ignore_live_leader: true dest_uuid: "9505bdca95bc43d7a8e47513d3cc86f4"
I20260608 12:41:32.794050  3493 tablet_service.cc:1917] Received RequestConsensusVote() RPC: tablet_id: "7b2af7abb9fb4d22b7c7b97227c7e02d" candidate_uuid: "212050be53324245ad470b3fe5e9a73c" candidate_term: 2 candidate_status { last_received { term: 1 index: 1 } } ignore_live_leader: true dest_uuid: "71f5f2c25aae484392505a09730059c8"
I20260608 12:41:32.794234  3419 raft_consensus.cc:3055] T 7b2af7abb9fb4d22b7c7b97227c7e02d P 9505bdca95bc43d7a8e47513d3cc86f4 [term 1 LEADER]: Stepping down as leader of term 1
I20260608 12:41:32.794579  3419 raft_consensus.cc:740] T 7b2af7abb9fb4d22b7c7b97227c7e02d P 9505bdca95bc43d7a8e47513d3cc86f4 [term 1 LEADER]: Becoming Follower/Learner. State: Replica: 9505bdca95bc43d7a8e47513d3cc86f4, State: Running, Role: LEADER
I20260608 12:41:32.794615  3493 raft_consensus.cc:3060] T 7b2af7abb9fb4d22b7c7b97227c7e02d P 71f5f2c25aae484392505a09730059c8 [term 1 FOLLOWER]: Advancing to term 2
I20260608 12:41:32.795284  3419 consensus_queue.cc:260] T 7b2af7abb9fb4d22b7c7b97227c7e02d P 9505bdca95bc43d7a8e47513d3cc86f4 [NON_LEADER]: Queue going to NON_LEADER mode. State: All replicated index: 0, Majority replicated index: 1, Committed index: 1, Last appended: 1.1, Last appended by leader: 1, Current term: 1, Majority size: -1, State: 0, Mode: NON_LEADER, active raft config: opid_index: -1 OBSOLETE_local: false peers { permanent_uuid: "212050be53324245ad470b3fe5e9a73c" member_type: VOTER last_known_addr { host: "127.0.107.196" port: 45981 } } peers { permanent_uuid: "9505bdca95bc43d7a8e47513d3cc86f4" member_type: VOTER last_known_addr { host: "127.0.107.193" port: 34641 } } peers { permanent_uuid: "71f5f2c25aae484392505a09730059c8" member_type: VOTER last_known_addr { host: "127.0.107.194" port: 35745 } }
I20260608 12:41:32.796105  3419 raft_consensus.cc:3060] T 7b2af7abb9fb4d22b7c7b97227c7e02d P 9505bdca95bc43d7a8e47513d3cc86f4 [term 1 FOLLOWER]: Advancing to term 2
I20260608 12:41:32.799101  3493 raft_consensus.cc:2468] T 7b2af7abb9fb4d22b7c7b97227c7e02d P 71f5f2c25aae484392505a09730059c8 [term 2 FOLLOWER]: Leader election vote request: Granting yes vote for candidate 212050be53324245ad470b3fe5e9a73c in term 2.
I20260608 12:41:32.800134  3685 leader_election.cc:304] T 7b2af7abb9fb4d22b7c7b97227c7e02d P 212050be53324245ad470b3fe5e9a73c [CANDIDATE]: Term 2 election: Election decided. Result: candidate won. Election summary: received 2 responses out of 3 voters: 2 yes votes; 0 no votes. yes voters: 212050be53324245ad470b3fe5e9a73c, 71f5f2c25aae484392505a09730059c8; no voters: 
I20260608 12:41:32.800400  3419 raft_consensus.cc:2468] T 7b2af7abb9fb4d22b7c7b97227c7e02d P 9505bdca95bc43d7a8e47513d3cc86f4 [term 2 FOLLOWER]: Leader election vote request: Granting yes vote for candidate 212050be53324245ad470b3fe5e9a73c in term 2.
I20260608 12:41:32.800922  3899 raft_consensus.cc:2804] T 7b2af7abb9fb4d22b7c7b97227c7e02d P 212050be53324245ad470b3fe5e9a73c [term 2 FOLLOWER]: Leader election won for term 2
I20260608 12:41:32.801421  3899 raft_consensus.cc:697] T 7b2af7abb9fb4d22b7c7b97227c7e02d P 212050be53324245ad470b3fe5e9a73c [term 2 LEADER]: Becoming Leader. State: Replica: 212050be53324245ad470b3fe5e9a73c, State: Running, Role: LEADER
I20260608 12:41:32.802145  3899 consensus_queue.cc:237] T 7b2af7abb9fb4d22b7c7b97227c7e02d P 212050be53324245ad470b3fe5e9a73c [LEADER]: Queue going to LEADER mode. State: All replicated index: 0, Majority replicated index: 1, Committed index: 1, Last appended: 1.1, Last appended by leader: 1, Current term: 2, Majority size: 2, State: 0, Mode: LEADER, active raft config: opid_index: -1 OBSOLETE_local: false peers { permanent_uuid: "212050be53324245ad470b3fe5e9a73c" member_type: VOTER last_known_addr { host: "127.0.107.196" port: 45981 } } peers { permanent_uuid: "9505bdca95bc43d7a8e47513d3cc86f4" member_type: VOTER last_known_addr { host: "127.0.107.193" port: 34641 } } peers { permanent_uuid: "71f5f2c25aae484392505a09730059c8" member_type: VOTER last_known_addr { host: "127.0.107.194" port: 35745 } }
I20260608 12:41:32.808807  3315 catalog_manager.cc:5696] T 7b2af7abb9fb4d22b7c7b97227c7e02d P 212050be53324245ad470b3fe5e9a73c reported cstate change: term changed from 1 to 2, leader changed from 9505bdca95bc43d7a8e47513d3cc86f4 (127.0.107.193) to 212050be53324245ad470b3fe5e9a73c (127.0.107.196). New cstate: current_term: 2 leader_uuid: "212050be53324245ad470b3fe5e9a73c" committed_config { opid_index: -1 OBSOLETE_local: false peers { permanent_uuid: "212050be53324245ad470b3fe5e9a73c" member_type: VOTER last_known_addr { host: "127.0.107.196" port: 45981 } health_report { overall_health: HEALTHY } } peers { permanent_uuid: "9505bdca95bc43d7a8e47513d3cc86f4" member_type: VOTER last_known_addr { host: "127.0.107.193" port: 34641 } health_report { overall_health: UNKNOWN } } peers { permanent_uuid: "71f5f2c25aae484392505a09730059c8" member_type: VOTER last_known_addr { host: "127.0.107.194" port: 35745 } health_report { overall_health: UNKNOWN } } }
I20260608 12:41:33.223831  3493 raft_consensus.cc:1275] T 7b2af7abb9fb4d22b7c7b97227c7e02d P 71f5f2c25aae484392505a09730059c8 [term 2 FOLLOWER]: Refusing update from remote peer 212050be53324245ad470b3fe5e9a73c: Log matching property violated. Preceding OpId in replica: term: 1 index: 1. Preceding OpId from leader: term: 2 index: 2. (index mismatch)
I20260608 12:41:33.224968  3899 consensus_queue.cc:1048] T 7b2af7abb9fb4d22b7c7b97227c7e02d P 212050be53324245ad470b3fe5e9a73c [LEADER]: Connected to new peer: Peer: permanent_uuid: "71f5f2c25aae484392505a09730059c8" member_type: VOTER last_known_addr { host: "127.0.107.194" port: 35745 }, Status: LMP_MISMATCH, Last received: 0.0, Next index: 2, Last known committed idx: 1, Time since last communication: 0.000s
I20260608 12:41:33.236241  3418 raft_consensus.cc:1275] T 7b2af7abb9fb4d22b7c7b97227c7e02d P 9505bdca95bc43d7a8e47513d3cc86f4 [term 2 FOLLOWER]: Refusing update from remote peer 212050be53324245ad470b3fe5e9a73c: Log matching property violated. Preceding OpId in replica: term: 1 index: 1. Preceding OpId from leader: term: 2 index: 2. (index mismatch)
I20260608 12:41:33.238536  3905 consensus_queue.cc:1048] T 7b2af7abb9fb4d22b7c7b97227c7e02d P 212050be53324245ad470b3fe5e9a73c [LEADER]: Connected to new peer: Peer: permanent_uuid: "9505bdca95bc43d7a8e47513d3cc86f4" member_type: VOTER last_known_addr { host: "127.0.107.193" port: 34641 }, Status: LMP_MISMATCH, Last received: 0.0, Next index: 2, Last known committed idx: 1, Time since last communication: 0.000s
I20260608 12:41:33.582629  3418 consensus_queue.cc:237] T ca36467801334601a0e8d86e8ed93a81 P 9505bdca95bc43d7a8e47513d3cc86f4 [LEADER]: Queue going to LEADER mode. State: All replicated index: 0, Majority replicated index: 1, Committed index: 1, Last appended: 1.1, Last appended by leader: 0, Current term: 1, Majority size: 2, State: 0, Mode: LEADER, active raft config: opid_index: 2 OBSOLETE_local: false peers { permanent_uuid: "71f5f2c25aae484392505a09730059c8" member_type: VOTER last_known_addr { host: "127.0.107.194" port: 35745 } } peers { permanent_uuid: "212050be53324245ad470b3fe5e9a73c" member_type: VOTER last_known_addr { host: "127.0.107.196" port: 45981 } attrs { replace: true } } peers { permanent_uuid: "9505bdca95bc43d7a8e47513d3cc86f4" member_type: VOTER last_known_addr { host: "127.0.107.193" port: 34641 } } peers { permanent_uuid: "bddf92f1a59240c7b8e15b8594292765" member_type: NON_VOTER last_known_addr { host: "127.0.107.195" port: 45677 } attrs { promote: true } }
W20260608 12:41:33.589591  3383 consensus_peers.cc:597] T ca36467801334601a0e8d86e8ed93a81 P 9505bdca95bc43d7a8e47513d3cc86f4 -> Peer bddf92f1a59240c7b8e15b8594292765 (127.0.107.195:45677): Couldn't send request to peer bddf92f1a59240c7b8e15b8594292765. Error code: TABLET_NOT_FOUND (6). Status: Not found: Tablet not found: ca36467801334601a0e8d86e8ed93a81. This is attempt 1: this message will repeat every 5th retry.
I20260608 12:41:33.590129  3493 raft_consensus.cc:1275] T ca36467801334601a0e8d86e8ed93a81 P 71f5f2c25aae484392505a09730059c8 [term 1 FOLLOWER]: Refusing update from remote peer 9505bdca95bc43d7a8e47513d3cc86f4: Log matching property violated. Preceding OpId in replica: term: 1 index: 1. Preceding OpId from leader: term: 1 index: 2. (index mismatch)
I20260608 12:41:33.590178  3719 raft_consensus.cc:1275] T ca36467801334601a0e8d86e8ed93a81 P 212050be53324245ad470b3fe5e9a73c [term 1 FOLLOWER]: Refusing update from remote peer 9505bdca95bc43d7a8e47513d3cc86f4: Log matching property violated. Preceding OpId in replica: term: 1 index: 1. Preceding OpId from leader: term: 1 index: 2. (index mismatch)
I20260608 12:41:33.591604  3912 consensus_queue.cc:1048] T ca36467801334601a0e8d86e8ed93a81 P 9505bdca95bc43d7a8e47513d3cc86f4 [LEADER]: Connected to new peer: Peer: permanent_uuid: "71f5f2c25aae484392505a09730059c8" member_type: VOTER last_known_addr { host: "127.0.107.194" port: 35745 }, Status: LMP_MISMATCH, Last received: 0.0, Next index: 2, Last known committed idx: 1, Time since last communication: 0.000s
I20260608 12:41:33.592403  3788 consensus_queue.cc:1048] T ca36467801334601a0e8d86e8ed93a81 P 9505bdca95bc43d7a8e47513d3cc86f4 [LEADER]: Connected to new peer: Peer: permanent_uuid: "212050be53324245ad470b3fe5e9a73c" member_type: VOTER last_known_addr { host: "127.0.107.196" port: 45981 } attrs { replace: true }, Status: LMP_MISMATCH, Last received: 0.0, Next index: 2, Last known committed idx: 1, Time since last communication: 0.000s
I20260608 12:41:33.600085  3911 raft_consensus.cc:2955] T ca36467801334601a0e8d86e8ed93a81 P 9505bdca95bc43d7a8e47513d3cc86f4 [term 1 LEADER]: Committing config change with OpId 1.2: config changed from index -1 to 2, NON_VOTER bddf92f1a59240c7b8e15b8594292765 (127.0.107.195) added. New config: { opid_index: 2 OBSOLETE_local: false peers { permanent_uuid: "71f5f2c25aae484392505a09730059c8" member_type: VOTER last_known_addr { host: "127.0.107.194" port: 35745 } } peers { permanent_uuid: "212050be53324245ad470b3fe5e9a73c" member_type: VOTER last_known_addr { host: "127.0.107.196" port: 45981 } attrs { replace: true } } peers { permanent_uuid: "9505bdca95bc43d7a8e47513d3cc86f4" member_type: VOTER last_known_addr { host: "127.0.107.193" port: 34641 } } peers { permanent_uuid: "bddf92f1a59240c7b8e15b8594292765" member_type: NON_VOTER last_known_addr { host: "127.0.107.195" port: 45677 } attrs { promote: true } } }
I20260608 12:41:33.601855  3719 raft_consensus.cc:2955] T ca36467801334601a0e8d86e8ed93a81 P 212050be53324245ad470b3fe5e9a73c [term 1 FOLLOWER]: Committing config change with OpId 1.2: config changed from index -1 to 2, NON_VOTER bddf92f1a59240c7b8e15b8594292765 (127.0.107.195) added. New config: { opid_index: 2 OBSOLETE_local: false peers { permanent_uuid: "71f5f2c25aae484392505a09730059c8" member_type: VOTER last_known_addr { host: "127.0.107.194" port: 35745 } } peers { permanent_uuid: "212050be53324245ad470b3fe5e9a73c" member_type: VOTER last_known_addr { host: "127.0.107.196" port: 45981 } attrs { replace: true } } peers { permanent_uuid: "9505bdca95bc43d7a8e47513d3cc86f4" member_type: VOTER last_known_addr { host: "127.0.107.193" port: 34641 } } peers { permanent_uuid: "bddf92f1a59240c7b8e15b8594292765" member_type: NON_VOTER last_known_addr { host: "127.0.107.195" port: 45677 } attrs { promote: true } } }
I20260608 12:41:33.602108  3493 raft_consensus.cc:2955] T ca36467801334601a0e8d86e8ed93a81 P 71f5f2c25aae484392505a09730059c8 [term 1 FOLLOWER]: Committing config change with OpId 1.2: config changed from index -1 to 2, NON_VOTER bddf92f1a59240c7b8e15b8594292765 (127.0.107.195) added. New config: { opid_index: 2 OBSOLETE_local: false peers { permanent_uuid: "71f5f2c25aae484392505a09730059c8" member_type: VOTER last_known_addr { host: "127.0.107.194" port: 35745 } } peers { permanent_uuid: "212050be53324245ad470b3fe5e9a73c" member_type: VOTER last_known_addr { host: "127.0.107.196" port: 45981 } attrs { replace: true } } peers { permanent_uuid: "9505bdca95bc43d7a8e47513d3cc86f4" member_type: VOTER last_known_addr { host: "127.0.107.193" port: 34641 } } peers { permanent_uuid: "bddf92f1a59240c7b8e15b8594292765" member_type: NON_VOTER last_known_addr { host: "127.0.107.195" port: 45677 } attrs { promote: true } } }
I20260608 12:41:33.614008  3315 catalog_manager.cc:5696] T ca36467801334601a0e8d86e8ed93a81 P 212050be53324245ad470b3fe5e9a73c reported cstate change: config changed from index -1 to 2, NON_VOTER bddf92f1a59240c7b8e15b8594292765 (127.0.107.195) added. New cstate: current_term: 1 leader_uuid: "9505bdca95bc43d7a8e47513d3cc86f4" committed_config { opid_index: 2 OBSOLETE_local: false peers { permanent_uuid: "71f5f2c25aae484392505a09730059c8" member_type: VOTER last_known_addr { host: "127.0.107.194" port: 35745 } } peers { permanent_uuid: "212050be53324245ad470b3fe5e9a73c" member_type: VOTER last_known_addr { host: "127.0.107.196" port: 45981 } attrs { replace: true } } peers { permanent_uuid: "9505bdca95bc43d7a8e47513d3cc86f4" member_type: VOTER last_known_addr { host: "127.0.107.193" port: 34641 } } peers { permanent_uuid: "bddf92f1a59240c7b8e15b8594292765" member_type: NON_VOTER last_known_addr { host: "127.0.107.195" port: 45677 } attrs { promote: true } } }
I20260608 12:41:33.614521  3494 consensus_queue.cc:237] T f9d5c58c29a84d15ad509a910ef2f566 P 71f5f2c25aae484392505a09730059c8 [LEADER]: Queue going to LEADER mode. State: All replicated index: 0, Majority replicated index: 1, Committed index: 1, Last appended: 1.1, Last appended by leader: 0, Current term: 1, Majority size: 2, State: 0, Mode: LEADER, active raft config: opid_index: 2 OBSOLETE_local: false peers { permanent_uuid: "9505bdca95bc43d7a8e47513d3cc86f4" member_type: VOTER last_known_addr { host: "127.0.107.193" port: 34641 } } peers { permanent_uuid: "71f5f2c25aae484392505a09730059c8" member_type: VOTER last_known_addr { host: "127.0.107.194" port: 35745 } } peers { permanent_uuid: "bddf92f1a59240c7b8e15b8594292765" member_type: VOTER last_known_addr { host: "127.0.107.195" port: 45677 } attrs { replace: true } } peers { permanent_uuid: "212050be53324245ad470b3fe5e9a73c" member_type: NON_VOTER last_known_addr { host: "127.0.107.196" port: 45981 } attrs { promote: true } }
I20260608 12:41:33.625054  3568 raft_consensus.cc:1275] T f9d5c58c29a84d15ad509a910ef2f566 P bddf92f1a59240c7b8e15b8594292765 [term 1 FOLLOWER]: Refusing update from remote peer 71f5f2c25aae484392505a09730059c8: Log matching property violated. Preceding OpId in replica: term: 1 index: 1. Preceding OpId from leader: term: 1 index: 2. (index mismatch)
I20260608 12:41:33.625449  3418 raft_consensus.cc:1275] T f9d5c58c29a84d15ad509a910ef2f566 P 9505bdca95bc43d7a8e47513d3cc86f4 [term 1 FOLLOWER]: Refusing update from remote peer 71f5f2c25aae484392505a09730059c8: Log matching property violated. Preceding OpId in replica: term: 1 index: 1. Preceding OpId from leader: term: 1 index: 2. (index mismatch)
I20260608 12:41:33.627877  3890 consensus_queue.cc:1048] T f9d5c58c29a84d15ad509a910ef2f566 P 71f5f2c25aae484392505a09730059c8 [LEADER]: Connected to new peer: Peer: permanent_uuid: "9505bdca95bc43d7a8e47513d3cc86f4" member_type: VOTER last_known_addr { host: "127.0.107.193" port: 34641 }, Status: LMP_MISMATCH, Last received: 0.0, Next index: 2, Last known committed idx: 1, Time since last communication: 0.000s
W20260608 12:41:33.628943  3460 consensus_peers.cc:597] T f9d5c58c29a84d15ad509a910ef2f566 P 71f5f2c25aae484392505a09730059c8 -> Peer 212050be53324245ad470b3fe5e9a73c (127.0.107.196:45981): Couldn't send request to peer 212050be53324245ad470b3fe5e9a73c. Error code: TABLET_NOT_FOUND (6). Status: Not found: Tablet not found: f9d5c58c29a84d15ad509a910ef2f566. This is attempt 1: this message will repeat every 5th retry.
I20260608 12:41:33.630633  3909 consensus_queue.cc:1048] T f9d5c58c29a84d15ad509a910ef2f566 P 71f5f2c25aae484392505a09730059c8 [LEADER]: Connected to new peer: Peer: permanent_uuid: "bddf92f1a59240c7b8e15b8594292765" member_type: VOTER last_known_addr { host: "127.0.107.195" port: 45677 } attrs { replace: true }, Status: LMP_MISMATCH, Last received: 0.0, Next index: 2, Last known committed idx: 1, Time since last communication: 0.000s
I20260608 12:41:33.649394  3909 raft_consensus.cc:2955] T f9d5c58c29a84d15ad509a910ef2f566 P 71f5f2c25aae484392505a09730059c8 [term 1 LEADER]: Committing config change with OpId 1.2: config changed from index -1 to 2, NON_VOTER 212050be53324245ad470b3fe5e9a73c (127.0.107.196) added. New config: { opid_index: 2 OBSOLETE_local: false peers { permanent_uuid: "9505bdca95bc43d7a8e47513d3cc86f4" member_type: VOTER last_known_addr { host: "127.0.107.193" port: 34641 } } peers { permanent_uuid: "71f5f2c25aae484392505a09730059c8" member_type: VOTER last_known_addr { host: "127.0.107.194" port: 35745 } } peers { permanent_uuid: "bddf92f1a59240c7b8e15b8594292765" member_type: VOTER last_known_addr { host: "127.0.107.195" port: 45677 } attrs { replace: true } } peers { permanent_uuid: "212050be53324245ad470b3fe5e9a73c" member_type: NON_VOTER last_known_addr { host: "127.0.107.196" port: 45981 } attrs { promote: true } } }
I20260608 12:41:33.661705  3568 raft_consensus.cc:2955] T f9d5c58c29a84d15ad509a910ef2f566 P bddf92f1a59240c7b8e15b8594292765 [term 1 FOLLOWER]: Committing config change with OpId 1.2: config changed from index -1 to 2, NON_VOTER 212050be53324245ad470b3fe5e9a73c (127.0.107.196) added. New config: { opid_index: 2 OBSOLETE_local: false peers { permanent_uuid: "9505bdca95bc43d7a8e47513d3cc86f4" member_type: VOTER last_known_addr { host: "127.0.107.193" port: 34641 } } peers { permanent_uuid: "71f5f2c25aae484392505a09730059c8" member_type: VOTER last_known_addr { host: "127.0.107.194" port: 35745 } } peers { permanent_uuid: "bddf92f1a59240c7b8e15b8594292765" member_type: VOTER last_known_addr { host: "127.0.107.195" port: 45677 } attrs { replace: true } } peers { permanent_uuid: "212050be53324245ad470b3fe5e9a73c" member_type: NON_VOTER last_known_addr { host: "127.0.107.196" port: 45981 } attrs { promote: true } } }
I20260608 12:41:33.663409  3418 raft_consensus.cc:2955] T f9d5c58c29a84d15ad509a910ef2f566 P 9505bdca95bc43d7a8e47513d3cc86f4 [term 1 FOLLOWER]: Committing config change with OpId 1.2: config changed from index -1 to 2, NON_VOTER 212050be53324245ad470b3fe5e9a73c (127.0.107.196) added. New config: { opid_index: 2 OBSOLETE_local: false peers { permanent_uuid: "9505bdca95bc43d7a8e47513d3cc86f4" member_type: VOTER last_known_addr { host: "127.0.107.193" port: 34641 } } peers { permanent_uuid: "71f5f2c25aae484392505a09730059c8" member_type: VOTER last_known_addr { host: "127.0.107.194" port: 35745 } } peers { permanent_uuid: "bddf92f1a59240c7b8e15b8594292765" member_type: VOTER last_known_addr { host: "127.0.107.195" port: 45677 } attrs { replace: true } } peers { permanent_uuid: "212050be53324245ad470b3fe5e9a73c" member_type: NON_VOTER last_known_addr { host: "127.0.107.196" port: 45981 } attrs { promote: true } } }
I20260608 12:41:33.665351  3419 consensus_queue.cc:237] T 16e7e23c56e14aee802e380de27dc770 P 9505bdca95bc43d7a8e47513d3cc86f4 [LEADER]: Queue going to LEADER mode. State: All replicated index: 0, Majority replicated index: 1, Committed index: 1, Last appended: 1.1, Last appended by leader: 0, Current term: 1, Majority size: 2, State: 0, Mode: LEADER, active raft config: opid_index: 2 OBSOLETE_local: false peers { permanent_uuid: "9505bdca95bc43d7a8e47513d3cc86f4" member_type: VOTER last_known_addr { host: "127.0.107.193" port: 34641 } } peers { permanent_uuid: "bddf92f1a59240c7b8e15b8594292765" member_type: VOTER last_known_addr { host: "127.0.107.195" port: 45677 } } peers { permanent_uuid: "212050be53324245ad470b3fe5e9a73c" member_type: VOTER last_known_addr { host: "127.0.107.196" port: 45981 } attrs { replace: true } } peers { permanent_uuid: "71f5f2c25aae484392505a09730059c8" member_type: NON_VOTER last_known_addr { host: "127.0.107.194" port: 35745 } attrs { promote: true } }
W20260608 12:41:33.675453  3384 consensus_peers.cc:597] T 16e7e23c56e14aee802e380de27dc770 P 9505bdca95bc43d7a8e47513d3cc86f4 -> Peer 71f5f2c25aae484392505a09730059c8 (127.0.107.194:35745): Couldn't send request to peer 71f5f2c25aae484392505a09730059c8. Error code: TABLET_NOT_FOUND (6). Status: Not found: Tablet not found: 16e7e23c56e14aee802e380de27dc770. This is attempt 1: this message will repeat every 5th retry.
I20260608 12:41:33.678133  3719 raft_consensus.cc:1275] T 16e7e23c56e14aee802e380de27dc770 P 212050be53324245ad470b3fe5e9a73c [term 1 FOLLOWER]: Refusing update from remote peer 9505bdca95bc43d7a8e47513d3cc86f4: Log matching property violated. Preceding OpId in replica: term: 1 index: 1. Preceding OpId from leader: term: 1 index: 2. (index mismatch)
I20260608 12:41:33.679013  3568 raft_consensus.cc:1275] T 16e7e23c56e14aee802e380de27dc770 P bddf92f1a59240c7b8e15b8594292765 [term 1 FOLLOWER]: Refusing update from remote peer 9505bdca95bc43d7a8e47513d3cc86f4: Log matching property violated. Preceding OpId in replica: term: 1 index: 1. Preceding OpId from leader: term: 1 index: 2. (index mismatch)
I20260608 12:41:33.679426  3911 consensus_queue.cc:1048] T 16e7e23c56e14aee802e380de27dc770 P 9505bdca95bc43d7a8e47513d3cc86f4 [LEADER]: Connected to new peer: Peer: permanent_uuid: "212050be53324245ad470b3fe5e9a73c" member_type: VOTER last_known_addr { host: "127.0.107.196" port: 45981 } attrs { replace: true }, Status: LMP_MISMATCH, Last received: 0.0, Next index: 2, Last known committed idx: 1, Time since last communication: 0.000s
I20260608 12:41:33.679066  3317 catalog_manager.cc:5696] T f9d5c58c29a84d15ad509a910ef2f566 P 71f5f2c25aae484392505a09730059c8 reported cstate change: config changed from index -1 to 2, NON_VOTER 212050be53324245ad470b3fe5e9a73c (127.0.107.196) added. New cstate: current_term: 1 leader_uuid: "71f5f2c25aae484392505a09730059c8" committed_config { opid_index: 2 OBSOLETE_local: false peers { permanent_uuid: "9505bdca95bc43d7a8e47513d3cc86f4" member_type: VOTER last_known_addr { host: "127.0.107.193" port: 34641 } health_report { overall_health: HEALTHY } } peers { permanent_uuid: "71f5f2c25aae484392505a09730059c8" member_type: VOTER last_known_addr { host: "127.0.107.194" port: 35745 } health_report { overall_health: HEALTHY } } peers { permanent_uuid: "bddf92f1a59240c7b8e15b8594292765" member_type: VOTER last_known_addr { host: "127.0.107.195" port: 45677 } attrs { replace: true } health_report { overall_health: HEALTHY } } peers { permanent_uuid: "212050be53324245ad470b3fe5e9a73c" member_type: NON_VOTER last_known_addr { host: "127.0.107.196" port: 45981 } attrs { promote: true } health_report { overall_health: UNKNOWN } } }
I20260608 12:41:33.680750  3788 consensus_queue.cc:1048] T 16e7e23c56e14aee802e380de27dc770 P 9505bdca95bc43d7a8e47513d3cc86f4 [LEADER]: Connected to new peer: Peer: permanent_uuid: "bddf92f1a59240c7b8e15b8594292765" member_type: VOTER last_known_addr { host: "127.0.107.195" port: 45677 }, Status: LMP_MISMATCH, Last received: 0.0, Next index: 2, Last known committed idx: 1, Time since last communication: 0.000s
I20260608 12:41:33.689241  3911 raft_consensus.cc:2955] T 16e7e23c56e14aee802e380de27dc770 P 9505bdca95bc43d7a8e47513d3cc86f4 [term 1 LEADER]: Committing config change with OpId 1.2: config changed from index -1 to 2, NON_VOTER 71f5f2c25aae484392505a09730059c8 (127.0.107.194) added. New config: { opid_index: 2 OBSOLETE_local: false peers { permanent_uuid: "9505bdca95bc43d7a8e47513d3cc86f4" member_type: VOTER last_known_addr { host: "127.0.107.193" port: 34641 } } peers { permanent_uuid: "bddf92f1a59240c7b8e15b8594292765" member_type: VOTER last_known_addr { host: "127.0.107.195" port: 45677 } } peers { permanent_uuid: "212050be53324245ad470b3fe5e9a73c" member_type: VOTER last_known_addr { host: "127.0.107.196" port: 45981 } attrs { replace: true } } peers { permanent_uuid: "71f5f2c25aae484392505a09730059c8" member_type: NON_VOTER last_known_addr { host: "127.0.107.194" port: 35745 } attrs { promote: true } } }
I20260608 12:41:33.691138  3568 raft_consensus.cc:2955] T 16e7e23c56e14aee802e380de27dc770 P bddf92f1a59240c7b8e15b8594292765 [term 1 FOLLOWER]: Committing config change with OpId 1.2: config changed from index -1 to 2, NON_VOTER 71f5f2c25aae484392505a09730059c8 (127.0.107.194) added. New config: { opid_index: 2 OBSOLETE_local: false peers { permanent_uuid: "9505bdca95bc43d7a8e47513d3cc86f4" member_type: VOTER last_known_addr { host: "127.0.107.193" port: 34641 } } peers { permanent_uuid: "bddf92f1a59240c7b8e15b8594292765" member_type: VOTER last_known_addr { host: "127.0.107.195" port: 45677 } } peers { permanent_uuid: "212050be53324245ad470b3fe5e9a73c" member_type: VOTER last_known_addr { host: "127.0.107.196" port: 45981 } attrs { replace: true } } peers { permanent_uuid: "71f5f2c25aae484392505a09730059c8" member_type: NON_VOTER last_known_addr { host: "127.0.107.194" port: 35745 } attrs { promote: true } } }
I20260608 12:41:33.692027  3719 raft_consensus.cc:2955] T 16e7e23c56e14aee802e380de27dc770 P 212050be53324245ad470b3fe5e9a73c [term 1 FOLLOWER]: Committing config change with OpId 1.2: config changed from index -1 to 2, NON_VOTER 71f5f2c25aae484392505a09730059c8 (127.0.107.194) added. New config: { opid_index: 2 OBSOLETE_local: false peers { permanent_uuid: "9505bdca95bc43d7a8e47513d3cc86f4" member_type: VOTER last_known_addr { host: "127.0.107.193" port: 34641 } } peers { permanent_uuid: "bddf92f1a59240c7b8e15b8594292765" member_type: VOTER last_known_addr { host: "127.0.107.195" port: 45677 } } peers { permanent_uuid: "212050be53324245ad470b3fe5e9a73c" member_type: VOTER last_known_addr { host: "127.0.107.196" port: 45981 } attrs { replace: true } } peers { permanent_uuid: "71f5f2c25aae484392505a09730059c8" member_type: NON_VOTER last_known_addr { host: "127.0.107.194" port: 35745 } attrs { promote: true } } }
I20260608 12:41:33.704041  3567 consensus_queue.cc:237] T f9445f276ef0471894583af7a389567d P bddf92f1a59240c7b8e15b8594292765 [LEADER]: Queue going to LEADER mode. State: All replicated index: 0, Majority replicated index: 1, Committed index: 1, Last appended: 1.1, Last appended by leader: 0, Current term: 1, Majority size: 2, State: 0, Mode: LEADER, active raft config: opid_index: 2 OBSOLETE_local: false peers { permanent_uuid: "71f5f2c25aae484392505a09730059c8" member_type: VOTER last_known_addr { host: "127.0.107.194" port: 35745 } attrs { replace: true } } peers { permanent_uuid: "9505bdca95bc43d7a8e47513d3cc86f4" member_type: VOTER last_known_addr { host: "127.0.107.193" port: 34641 } } peers { permanent_uuid: "bddf92f1a59240c7b8e15b8594292765" member_type: VOTER last_known_addr { host: "127.0.107.195" port: 45677 } } peers { permanent_uuid: "212050be53324245ad470b3fe5e9a73c" member_type: NON_VOTER last_known_addr { host: "127.0.107.196" port: 45981 } attrs { promote: true } }
I20260608 12:41:33.704223  3316 catalog_manager.cc:5696] T 16e7e23c56e14aee802e380de27dc770 P 212050be53324245ad470b3fe5e9a73c reported cstate change: config changed from index -1 to 2, NON_VOTER 71f5f2c25aae484392505a09730059c8 (127.0.107.194) added. New cstate: current_term: 1 leader_uuid: "9505bdca95bc43d7a8e47513d3cc86f4" committed_config { opid_index: 2 OBSOLETE_local: false peers { permanent_uuid: "9505bdca95bc43d7a8e47513d3cc86f4" member_type: VOTER last_known_addr { host: "127.0.107.193" port: 34641 } } peers { permanent_uuid: "bddf92f1a59240c7b8e15b8594292765" member_type: VOTER last_known_addr { host: "127.0.107.195" port: 45677 } } peers { permanent_uuid: "212050be53324245ad470b3fe5e9a73c" member_type: VOTER last_known_addr { host: "127.0.107.196" port: 45981 } attrs { replace: true } } peers { permanent_uuid: "71f5f2c25aae484392505a09730059c8" member_type: NON_VOTER last_known_addr { host: "127.0.107.194" port: 35745 } attrs { promote: true } } }
I20260608 12:41:33.715710  3494 raft_consensus.cc:1275] T f9445f276ef0471894583af7a389567d P 71f5f2c25aae484392505a09730059c8 [term 1 FOLLOWER]: Refusing update from remote peer bddf92f1a59240c7b8e15b8594292765: Log matching property violated. Preceding OpId in replica: term: 1 index: 1. Preceding OpId from leader: term: 1 index: 2. (index mismatch)
I20260608 12:41:33.716650  3419 raft_consensus.cc:1275] T f9445f276ef0471894583af7a389567d P 9505bdca95bc43d7a8e47513d3cc86f4 [term 1 FOLLOWER]: Refusing update from remote peer bddf92f1a59240c7b8e15b8594292765: Log matching property violated. Preceding OpId in replica: term: 1 index: 1. Preceding OpId from leader: term: 1 index: 2. (index mismatch)
I20260608 12:41:33.717425  3902 consensus_queue.cc:1048] T f9445f276ef0471894583af7a389567d P bddf92f1a59240c7b8e15b8594292765 [LEADER]: Connected to new peer: Peer: permanent_uuid: "71f5f2c25aae484392505a09730059c8" member_type: VOTER last_known_addr { host: "127.0.107.194" port: 35745 } attrs { replace: true }, Status: LMP_MISMATCH, Last received: 0.0, Next index: 2, Last known committed idx: 1, Time since last communication: 0.000s
I20260608 12:41:33.719205  3869 consensus_queue.cc:1048] T f9445f276ef0471894583af7a389567d P bddf92f1a59240c7b8e15b8594292765 [LEADER]: Connected to new peer: Peer: permanent_uuid: "9505bdca95bc43d7a8e47513d3cc86f4" member_type: VOTER last_known_addr { host: "127.0.107.193" port: 34641 }, Status: LMP_MISMATCH, Last received: 0.0, Next index: 2, Last known committed idx: 1, Time since last communication: 0.001s
W20260608 12:41:33.722332  3534 consensus_peers.cc:597] T f9445f276ef0471894583af7a389567d P bddf92f1a59240c7b8e15b8594292765 -> Peer 212050be53324245ad470b3fe5e9a73c (127.0.107.196:45981): Couldn't send request to peer 212050be53324245ad470b3fe5e9a73c. Error code: TABLET_NOT_FOUND (6). Status: Not found: Tablet not found: f9445f276ef0471894583af7a389567d. This is attempt 1: this message will repeat every 5th retry.
I20260608 12:41:33.727888  3928 raft_consensus.cc:2955] T f9445f276ef0471894583af7a389567d P bddf92f1a59240c7b8e15b8594292765 [term 1 LEADER]: Committing config change with OpId 1.2: config changed from index -1 to 2, NON_VOTER 212050be53324245ad470b3fe5e9a73c (127.0.107.196) added. New config: { opid_index: 2 OBSOLETE_local: false peers { permanent_uuid: "71f5f2c25aae484392505a09730059c8" member_type: VOTER last_known_addr { host: "127.0.107.194" port: 35745 } attrs { replace: true } } peers { permanent_uuid: "9505bdca95bc43d7a8e47513d3cc86f4" member_type: VOTER last_known_addr { host: "127.0.107.193" port: 34641 } } peers { permanent_uuid: "bddf92f1a59240c7b8e15b8594292765" member_type: VOTER last_known_addr { host: "127.0.107.195" port: 45677 } } peers { permanent_uuid: "212050be53324245ad470b3fe5e9a73c" member_type: NON_VOTER last_known_addr { host: "127.0.107.196" port: 45981 } attrs { promote: true } } }
I20260608 12:41:33.730108  3493 raft_consensus.cc:2955] T f9445f276ef0471894583af7a389567d P 71f5f2c25aae484392505a09730059c8 [term 1 FOLLOWER]: Committing config change with OpId 1.2: config changed from index -1 to 2, NON_VOTER 212050be53324245ad470b3fe5e9a73c (127.0.107.196) added. New config: { opid_index: 2 OBSOLETE_local: false peers { permanent_uuid: "71f5f2c25aae484392505a09730059c8" member_type: VOTER last_known_addr { host: "127.0.107.194" port: 35745 } attrs { replace: true } } peers { permanent_uuid: "9505bdca95bc43d7a8e47513d3cc86f4" member_type: VOTER last_known_addr { host: "127.0.107.193" port: 34641 } } peers { permanent_uuid: "bddf92f1a59240c7b8e15b8594292765" member_type: VOTER last_known_addr { host: "127.0.107.195" port: 45677 } } peers { permanent_uuid: "212050be53324245ad470b3fe5e9a73c" member_type: NON_VOTER last_known_addr { host: "127.0.107.196" port: 45981 } attrs { promote: true } } }
I20260608 12:41:33.739373  3419 raft_consensus.cc:2955] T f9445f276ef0471894583af7a389567d P 9505bdca95bc43d7a8e47513d3cc86f4 [term 1 FOLLOWER]: Committing config change with OpId 1.2: config changed from index -1 to 2, NON_VOTER 212050be53324245ad470b3fe5e9a73c (127.0.107.196) added. New config: { opid_index: 2 OBSOLETE_local: false peers { permanent_uuid: "71f5f2c25aae484392505a09730059c8" member_type: VOTER last_known_addr { host: "127.0.107.194" port: 35745 } attrs { replace: true } } peers { permanent_uuid: "9505bdca95bc43d7a8e47513d3cc86f4" member_type: VOTER last_known_addr { host: "127.0.107.193" port: 34641 } } peers { permanent_uuid: "bddf92f1a59240c7b8e15b8594292765" member_type: VOTER last_known_addr { host: "127.0.107.195" port: 45677 } } peers { permanent_uuid: "212050be53324245ad470b3fe5e9a73c" member_type: NON_VOTER last_known_addr { host: "127.0.107.196" port: 45981 } attrs { promote: true } } }
I20260608 12:41:33.749963  3317 catalog_manager.cc:5696] T f9445f276ef0471894583af7a389567d P 71f5f2c25aae484392505a09730059c8 reported cstate change: config changed from index -1 to 2, NON_VOTER 212050be53324245ad470b3fe5e9a73c (127.0.107.196) added. New cstate: current_term: 1 leader_uuid: "bddf92f1a59240c7b8e15b8594292765" committed_config { opid_index: 2 OBSOLETE_local: false peers { permanent_uuid: "71f5f2c25aae484392505a09730059c8" member_type: VOTER last_known_addr { host: "127.0.107.194" port: 35745 } attrs { replace: true } } peers { permanent_uuid: "9505bdca95bc43d7a8e47513d3cc86f4" member_type: VOTER last_known_addr { host: "127.0.107.193" port: 34641 } } peers { permanent_uuid: "bddf92f1a59240c7b8e15b8594292765" member_type: VOTER last_known_addr { host: "127.0.107.195" port: 45677 } } peers { permanent_uuid: "212050be53324245ad470b3fe5e9a73c" member_type: NON_VOTER last_known_addr { host: "127.0.107.196" port: 45981 } attrs { promote: true } } }
I20260608 12:41:34.110731  3932 ts_tablet_manager.cc:933] T 16e7e23c56e14aee802e380de27dc770 P 71f5f2c25aae484392505a09730059c8: Initiating tablet copy from peer 9505bdca95bc43d7a8e47513d3cc86f4 (127.0.107.193:34641)
I20260608 12:41:34.112483  3932 tablet_copy_client.cc:323] T 16e7e23c56e14aee802e380de27dc770 P 71f5f2c25aae484392505a09730059c8: tablet copy: Beginning tablet copy session from remote peer at address 127.0.107.193:34641
I20260608 12:41:34.114367  3429 tablet_copy_service.cc:140] P 9505bdca95bc43d7a8e47513d3cc86f4: Received BeginTabletCopySession request for tablet 16e7e23c56e14aee802e380de27dc770 from peer 71f5f2c25aae484392505a09730059c8 ({username='slave'} at 127.0.0.1:48568)
I20260608 12:41:34.115031  3934 ts_tablet_manager.cc:933] T ca36467801334601a0e8d86e8ed93a81 P bddf92f1a59240c7b8e15b8594292765: Initiating tablet copy from peer 9505bdca95bc43d7a8e47513d3cc86f4 (127.0.107.193:34641)
I20260608 12:41:34.114934  3429 tablet_copy_service.cc:161] P 9505bdca95bc43d7a8e47513d3cc86f4: Beginning new tablet copy session on tablet 16e7e23c56e14aee802e380de27dc770 from peer 71f5f2c25aae484392505a09730059c8 at {username='slave'} at 127.0.0.1:48568: session id = 71f5f2c25aae484392505a09730059c8-16e7e23c56e14aee802e380de27dc770
I20260608 12:41:34.117123  3934 tablet_copy_client.cc:323] T ca36467801334601a0e8d86e8ed93a81 P bddf92f1a59240c7b8e15b8594292765: tablet copy: Beginning tablet copy session from remote peer at address 127.0.107.193:34641
I20260608 12:41:34.119262  3428 tablet_copy_service.cc:140] P 9505bdca95bc43d7a8e47513d3cc86f4: Received BeginTabletCopySession request for tablet ca36467801334601a0e8d86e8ed93a81 from peer bddf92f1a59240c7b8e15b8594292765 ({username='slave'} at 127.0.0.1:48576)
I20260608 12:41:34.119853  3428 tablet_copy_service.cc:161] P 9505bdca95bc43d7a8e47513d3cc86f4: Beginning new tablet copy session on tablet ca36467801334601a0e8d86e8ed93a81 from peer bddf92f1a59240c7b8e15b8594292765 at {username='slave'} at 127.0.0.1:48576: session id = bddf92f1a59240c7b8e15b8594292765-ca36467801334601a0e8d86e8ed93a81
I20260608 12:41:34.123181  3429 tablet_copy_source_session.cc:215] T 16e7e23c56e14aee802e380de27dc770 P 9505bdca95bc43d7a8e47513d3cc86f4: Tablet Copy: opened 0 blocks and 1 log segments
I20260608 12:41:34.126305  3932 data_dirs.cc:400] Could only allocate 1 dirs of requested 3 for tablet 16e7e23c56e14aee802e380de27dc770. 1 dirs total, 0 dirs full, 0 dirs failed
I20260608 12:41:34.126794  3428 tablet_copy_source_session.cc:215] T ca36467801334601a0e8d86e8ed93a81 P 9505bdca95bc43d7a8e47513d3cc86f4: Tablet Copy: opened 0 blocks and 1 log segments
I20260608 12:41:34.130242  3934 data_dirs.cc:400] Could only allocate 1 dirs of requested 3 for tablet ca36467801334601a0e8d86e8ed93a81. 1 dirs total, 0 dirs full, 0 dirs failed
I20260608 12:41:34.138409  3932 tablet_copy_client.cc:806] T 16e7e23c56e14aee802e380de27dc770 P 71f5f2c25aae484392505a09730059c8: tablet copy: Starting download of 0 data blocks...
I20260608 12:41:34.138965  3932 tablet_copy_client.cc:670] T 16e7e23c56e14aee802e380de27dc770 P 71f5f2c25aae484392505a09730059c8: tablet copy: Starting download of 1 WAL segments...
I20260608 12:41:34.145252  3932 tablet_copy_client.cc:538] T 16e7e23c56e14aee802e380de27dc770 P 71f5f2c25aae484392505a09730059c8: tablet copy: Tablet Copy complete. Replacing tablet superblock.
I20260608 12:41:34.147571  3934 tablet_copy_client.cc:806] T ca36467801334601a0e8d86e8ed93a81 P bddf92f1a59240c7b8e15b8594292765: tablet copy: Starting download of 0 data blocks...
I20260608 12:41:34.148113  3934 tablet_copy_client.cc:670] T ca36467801334601a0e8d86e8ed93a81 P bddf92f1a59240c7b8e15b8594292765: tablet copy: Starting download of 1 WAL segments...
I20260608 12:41:34.157080  3934 tablet_copy_client.cc:538] T ca36467801334601a0e8d86e8ed93a81 P bddf92f1a59240c7b8e15b8594292765: tablet copy: Tablet Copy complete. Replacing tablet superblock.
I20260608 12:41:34.158022  3932 tablet_bootstrap.cc:492] T 16e7e23c56e14aee802e380de27dc770 P 71f5f2c25aae484392505a09730059c8: Bootstrap starting.
I20260608 12:41:34.158334  3936 ts_tablet_manager.cc:933] T f9445f276ef0471894583af7a389567d P 212050be53324245ad470b3fe5e9a73c: Initiating tablet copy from peer bddf92f1a59240c7b8e15b8594292765 (127.0.107.195:45677)
I20260608 12:41:34.165750  3934 tablet_bootstrap.cc:492] T ca36467801334601a0e8d86e8ed93a81 P bddf92f1a59240c7b8e15b8594292765: Bootstrap starting.
I20260608 12:41:34.172082  3936 tablet_copy_client.cc:323] T f9445f276ef0471894583af7a389567d P 212050be53324245ad470b3fe5e9a73c: tablet copy: Beginning tablet copy session from remote peer at address 127.0.107.195:45677
I20260608 12:41:34.173949  3578 tablet_copy_service.cc:140] P bddf92f1a59240c7b8e15b8594292765: Received BeginTabletCopySession request for tablet f9445f276ef0471894583af7a389567d from peer 212050be53324245ad470b3fe5e9a73c ({username='slave'} at 127.0.0.1:60726)
I20260608 12:41:34.174494  3578 tablet_copy_service.cc:161] P bddf92f1a59240c7b8e15b8594292765: Beginning new tablet copy session on tablet f9445f276ef0471894583af7a389567d from peer 212050be53324245ad470b3fe5e9a73c at {username='slave'} at 127.0.0.1:60726: session id = 212050be53324245ad470b3fe5e9a73c-f9445f276ef0471894583af7a389567d
I20260608 12:41:34.182183  3578 tablet_copy_source_session.cc:215] T f9445f276ef0471894583af7a389567d P bddf92f1a59240c7b8e15b8594292765: Tablet Copy: opened 0 blocks and 1 log segments
I20260608 12:41:34.189560  3936 data_dirs.cc:400] Could only allocate 1 dirs of requested 3 for tablet f9445f276ef0471894583af7a389567d. 1 dirs total, 0 dirs full, 0 dirs failed
I20260608 12:41:34.197609  3932 tablet_bootstrap.cc:492] T 16e7e23c56e14aee802e380de27dc770 P 71f5f2c25aae484392505a09730059c8: Bootstrap replayed 1/1 log segments. Stats: ops{read=2 overwritten=0 applied=2 ignored=0} inserts{seen=0 ignored=0} mutations{seen=0 ignored=0} orphaned_commits=0. Pending: 0 replicates
I20260608 12:41:34.207428  3932 tablet_bootstrap.cc:492] T 16e7e23c56e14aee802e380de27dc770 P 71f5f2c25aae484392505a09730059c8: Bootstrap complete.
I20260608 12:41:34.208279  3932 ts_tablet_manager.cc:1403] T 16e7e23c56e14aee802e380de27dc770 P 71f5f2c25aae484392505a09730059c8: Time spent bootstrapping tablet: real 0.050s	user 0.027s	sys 0.008s
I20260608 12:41:34.206413  3934 tablet_bootstrap.cc:492] T ca36467801334601a0e8d86e8ed93a81 P bddf92f1a59240c7b8e15b8594292765: Bootstrap replayed 1/1 log segments. Stats: ops{read=2 overwritten=0 applied=2 ignored=0} inserts{seen=0 ignored=0} mutations{seen=0 ignored=0} orphaned_commits=0. Pending: 0 replicates
I20260608 12:41:34.208683  3940 ts_tablet_manager.cc:933] T f9d5c58c29a84d15ad509a910ef2f566 P 212050be53324245ad470b3fe5e9a73c: Initiating tablet copy from peer 71f5f2c25aae484392505a09730059c8 (127.0.107.194:35745)
I20260608 12:41:34.209364  3934 tablet_bootstrap.cc:492] T ca36467801334601a0e8d86e8ed93a81 P bddf92f1a59240c7b8e15b8594292765: Bootstrap complete.
I20260608 12:41:34.210083  3934 ts_tablet_manager.cc:1403] T ca36467801334601a0e8d86e8ed93a81 P bddf92f1a59240c7b8e15b8594292765: Time spent bootstrapping tablet: real 0.045s	user 0.018s	sys 0.012s
I20260608 12:41:34.213619  3934 raft_consensus.cc:359] T ca36467801334601a0e8d86e8ed93a81 P bddf92f1a59240c7b8e15b8594292765 [term 1 LEARNER]: Replica starting. Triggering 0 pending ops. Active config: opid_index: 2 OBSOLETE_local: false peers { permanent_uuid: "71f5f2c25aae484392505a09730059c8" member_type: VOTER last_known_addr { host: "127.0.107.194" port: 35745 } } peers { permanent_uuid: "212050be53324245ad470b3fe5e9a73c" member_type: VOTER last_known_addr { host: "127.0.107.196" port: 45981 } attrs { replace: true } } peers { permanent_uuid: "9505bdca95bc43d7a8e47513d3cc86f4" member_type: VOTER last_known_addr { host: "127.0.107.193" port: 34641 } } peers { permanent_uuid: "bddf92f1a59240c7b8e15b8594292765" member_type: NON_VOTER last_known_addr { host: "127.0.107.195" port: 45677 } attrs { promote: true } }
I20260608 12:41:34.214433  3934 raft_consensus.cc:740] T ca36467801334601a0e8d86e8ed93a81 P bddf92f1a59240c7b8e15b8594292765 [term 1 LEARNER]: Becoming Follower/Learner. State: Replica: bddf92f1a59240c7b8e15b8594292765, State: Initialized, Role: LEARNER
I20260608 12:41:34.215091  3934 consensus_queue.cc:260] T ca36467801334601a0e8d86e8ed93a81 P bddf92f1a59240c7b8e15b8594292765 [NON_LEADER]: Queue going to NON_LEADER mode. State: All replicated index: 0, Majority replicated index: 0, Committed index: 2, Last appended: 1.2, Last appended by leader: 2, Current term: 0, Majority size: -1, State: 0, Mode: NON_LEADER, active raft config: opid_index: 2 OBSOLETE_local: false peers { permanent_uuid: "71f5f2c25aae484392505a09730059c8" member_type: VOTER last_known_addr { host: "127.0.107.194" port: 35745 } } peers { permanent_uuid: "212050be53324245ad470b3fe5e9a73c" member_type: VOTER last_known_addr { host: "127.0.107.196" port: 45981 } attrs { replace: true } } peers { permanent_uuid: "9505bdca95bc43d7a8e47513d3cc86f4" member_type: VOTER last_known_addr { host: "127.0.107.193" port: 34641 } } peers { permanent_uuid: "bddf92f1a59240c7b8e15b8594292765" member_type: NON_VOTER last_known_addr { host: "127.0.107.195" port: 45677 } attrs { promote: true } }
I20260608 12:41:34.217572  3934 ts_tablet_manager.cc:1434] T ca36467801334601a0e8d86e8ed93a81 P bddf92f1a59240c7b8e15b8594292765: Time spent starting tablet: real 0.007s	user 0.008s	sys 0.000s
I20260608 12:41:34.219256  3940 tablet_copy_client.cc:323] T f9d5c58c29a84d15ad509a910ef2f566 P 212050be53324245ad470b3fe5e9a73c: tablet copy: Beginning tablet copy session from remote peer at address 127.0.107.194:35745
I20260608 12:41:34.219376  3428 tablet_copy_service.cc:342] P 9505bdca95bc43d7a8e47513d3cc86f4: Request end of tablet copy session bddf92f1a59240c7b8e15b8594292765-ca36467801334601a0e8d86e8ed93a81 received from {username='slave'} at 127.0.0.1:48576
I20260608 12:41:34.219889  3428 tablet_copy_service.cc:434] P 9505bdca95bc43d7a8e47513d3cc86f4: ending tablet copy session bddf92f1a59240c7b8e15b8594292765-ca36467801334601a0e8d86e8ed93a81 on tablet ca36467801334601a0e8d86e8ed93a81 with peer bddf92f1a59240c7b8e15b8594292765
I20260608 12:41:34.221186  3504 tablet_copy_service.cc:140] P 71f5f2c25aae484392505a09730059c8: Received BeginTabletCopySession request for tablet f9d5c58c29a84d15ad509a910ef2f566 from peer 212050be53324245ad470b3fe5e9a73c ({username='slave'} at 127.0.0.1:35506)
I20260608 12:41:34.221843  3504 tablet_copy_service.cc:161] P 71f5f2c25aae484392505a09730059c8: Beginning new tablet copy session on tablet f9d5c58c29a84d15ad509a910ef2f566 from peer 212050be53324245ad470b3fe5e9a73c at {username='slave'} at 127.0.0.1:35506: session id = 212050be53324245ad470b3fe5e9a73c-f9d5c58c29a84d15ad509a910ef2f566
I20260608 12:41:34.226387  3936 tablet_copy_client.cc:806] T f9445f276ef0471894583af7a389567d P 212050be53324245ad470b3fe5e9a73c: tablet copy: Starting download of 0 data blocks...
I20260608 12:41:34.226970  3936 tablet_copy_client.cc:670] T f9445f276ef0471894583af7a389567d P 212050be53324245ad470b3fe5e9a73c: tablet copy: Starting download of 1 WAL segments...
I20260608 12:41:34.228778  3504 tablet_copy_source_session.cc:215] T f9d5c58c29a84d15ad509a910ef2f566 P 71f5f2c25aae484392505a09730059c8: Tablet Copy: opened 0 blocks and 1 log segments
I20260608 12:41:34.227897  3932 raft_consensus.cc:359] T 16e7e23c56e14aee802e380de27dc770 P 71f5f2c25aae484392505a09730059c8 [term 1 LEARNER]: Replica starting. Triggering 0 pending ops. Active config: opid_index: 2 OBSOLETE_local: false peers { permanent_uuid: "9505bdca95bc43d7a8e47513d3cc86f4" member_type: VOTER last_known_addr { host: "127.0.107.193" port: 34641 } } peers { permanent_uuid: "bddf92f1a59240c7b8e15b8594292765" member_type: VOTER last_known_addr { host: "127.0.107.195" port: 45677 } } peers { permanent_uuid: "212050be53324245ad470b3fe5e9a73c" member_type: VOTER last_known_addr { host: "127.0.107.196" port: 45981 } attrs { replace: true } } peers { permanent_uuid: "71f5f2c25aae484392505a09730059c8" member_type: NON_VOTER last_known_addr { host: "127.0.107.194" port: 35745 } attrs { promote: true } }
I20260608 12:41:34.230842  3932 raft_consensus.cc:740] T 16e7e23c56e14aee802e380de27dc770 P 71f5f2c25aae484392505a09730059c8 [term 1 LEARNER]: Becoming Follower/Learner. State: Replica: 71f5f2c25aae484392505a09730059c8, State: Initialized, Role: LEARNER
I20260608 12:41:34.231537  3932 consensus_queue.cc:260] T 16e7e23c56e14aee802e380de27dc770 P 71f5f2c25aae484392505a09730059c8 [NON_LEADER]: Queue going to NON_LEADER mode. State: All replicated index: 0, Majority replicated index: 0, Committed index: 2, Last appended: 1.2, Last appended by leader: 2, Current term: 0, Majority size: -1, State: 0, Mode: NON_LEADER, active raft config: opid_index: 2 OBSOLETE_local: false peers { permanent_uuid: "9505bdca95bc43d7a8e47513d3cc86f4" member_type: VOTER last_known_addr { host: "127.0.107.193" port: 34641 } } peers { permanent_uuid: "bddf92f1a59240c7b8e15b8594292765" member_type: VOTER last_known_addr { host: "127.0.107.195" port: 45677 } } peers { permanent_uuid: "212050be53324245ad470b3fe5e9a73c" member_type: VOTER last_known_addr { host: "127.0.107.196" port: 45981 } attrs { replace: true } } peers { permanent_uuid: "71f5f2c25aae484392505a09730059c8" member_type: NON_VOTER last_known_addr { host: "127.0.107.194" port: 35745 } attrs { promote: true } }
I20260608 12:41:34.232259  3936 tablet_copy_client.cc:538] T f9445f276ef0471894583af7a389567d P 212050be53324245ad470b3fe5e9a73c: tablet copy: Tablet Copy complete. Replacing tablet superblock.
I20260608 12:41:34.232906  3940 data_dirs.cc:400] Could only allocate 1 dirs of requested 3 for tablet f9d5c58c29a84d15ad509a910ef2f566. 1 dirs total, 0 dirs full, 0 dirs failed
I20260608 12:41:34.238286  3932 ts_tablet_manager.cc:1434] T 16e7e23c56e14aee802e380de27dc770 P 71f5f2c25aae484392505a09730059c8: Time spent starting tablet: real 0.020s	user 0.001s	sys 0.004s
