I20260608 12:42:15.328459  4810 catalog_manager.cc:5696] T da3dcad5e9b443c7964789128c16bd74 P 82ea1bee2af741a483f4fa39d0752d45 reported cstate change: term changed from 0 to 1, leader changed from <none> to 82ea1bee2af741a483f4fa39d0752d45 (127.0.107.195). New cstate: current_term: 1 leader_uuid: "82ea1bee2af741a483f4fa39d0752d45" committed_config { opid_index: -1 OBSOLETE_local: false peers { permanent_uuid: "7d5ce24fce52404c9a6b0c6c34b0d46e" member_type: VOTER last_known_addr { host: "127.0.107.193" port: 42289 } health_report { overall_health: UNKNOWN } } peers { permanent_uuid: "fc3ae7cf00d8445cb8134187bb230106" member_type: VOTER last_known_addr { host: "127.0.107.194" port: 36955 } health_report { overall_health: UNKNOWN } } peers { permanent_uuid: "82ea1bee2af741a483f4fa39d0752d45" member_type: VOTER last_known_addr { host: "127.0.107.195" port: 34447 } health_report { overall_health: HEALTHY } } }
I20260608 12:42:15.330475  5149 raft_consensus.cc:2804] T b6172d965c23413faf14982e11da19e7 P 7d5ce24fce52404c9a6b0c6c34b0d46e [term 0 FOLLOWER]: Leader pre-election won for term 1
I20260608 12:42:15.330953  5149 raft_consensus.cc:493] T b6172d965c23413faf14982e11da19e7 P 7d5ce24fce52404c9a6b0c6c34b0d46e [term 0 FOLLOWER]: Starting leader election (no leader contacted us within the election timeout)
I20260608 12:42:15.331341  5149 raft_consensus.cc:3060] T b6172d965c23413faf14982e11da19e7 P 7d5ce24fce52404c9a6b0c6c34b0d46e [term 0 FOLLOWER]: Advancing to term 1
I20260608 12:42:15.331766  5147 raft_consensus.cc:515] T bfb27851d1e243959fa12956b38471e4 P 82ea1bee2af741a483f4fa39d0752d45 [term 1 FOLLOWER]: Starting leader election with config: opid_index: -1 OBSOLETE_local: false peers { permanent_uuid: "7d5ce24fce52404c9a6b0c6c34b0d46e" member_type: VOTER last_known_addr { host: "127.0.107.193" port: 42289 } } peers { permanent_uuid: "fc3ae7cf00d8445cb8134187bb230106" member_type: VOTER last_known_addr { host: "127.0.107.194" port: 36955 } } peers { permanent_uuid: "82ea1bee2af741a483f4fa39d0752d45" member_type: VOTER last_known_addr { host: "127.0.107.195" port: 34447 } }
I20260608 12:42:15.337234  4912 tablet_service.cc:1917] Received RequestConsensusVote() RPC: tablet_id: "bfb27851d1e243959fa12956b38471e4" candidate_uuid: "82ea1bee2af741a483f4fa39d0752d45" candidate_term: 1 candidate_status { last_received { term: 0 index: 0 } } ignore_live_leader: false dest_uuid: "7d5ce24fce52404c9a6b0c6c34b0d46e"
I20260608 12:42:15.338131  4912 raft_consensus.cc:3060] T bfb27851d1e243959fa12956b38471e4 P 7d5ce24fce52404c9a6b0c6c34b0d46e [term 0 FOLLOWER]: Advancing to term 1
W20260608 12:42:15.339488  4881 leader_election.cc:343] T 820a8278e09e41fb822e67a64f18620b P 7d5ce24fce52404c9a6b0c6c34b0d46e [CANDIDATE]: Term 1 election: Tablet error from VoteRequest() call to peer fc3ae7cf00d8445cb8134187bb230106 (127.0.107.194:36955): Illegal state: must be running to vote when last-logged opid is not known
I20260608 12:42:15.342171  5149 raft_consensus.cc:515] T b6172d965c23413faf14982e11da19e7 P 7d5ce24fce52404c9a6b0c6c34b0d46e [term 1 FOLLOWER]: Starting leader election with config: opid_index: -1 OBSOLETE_local: false peers { permanent_uuid: "7d5ce24fce52404c9a6b0c6c34b0d46e" member_type: VOTER last_known_addr { host: "127.0.107.193" port: 42289 } } peers { permanent_uuid: "fc3ae7cf00d8445cb8134187bb230106" member_type: VOTER last_known_addr { host: "127.0.107.194" port: 36955 } } peers { permanent_uuid: "82ea1bee2af741a483f4fa39d0752d45" member_type: VOTER last_known_addr { host: "127.0.107.195" port: 34447 } }
I20260608 12:42:15.345191  4989 tablet_service.cc:1917] Received RequestConsensusVote() RPC: tablet_id: "b6172d965c23413faf14982e11da19e7" candidate_uuid: "7d5ce24fce52404c9a6b0c6c34b0d46e" candidate_term: 1 candidate_status { last_received { term: 0 index: 0 } } ignore_live_leader: false dest_uuid: "fc3ae7cf00d8445cb8134187bb230106"
I20260608 12:42:15.345371  5063 raft_consensus.cc:2468] T 820a8278e09e41fb822e67a64f18620b P 82ea1bee2af741a483f4fa39d0752d45 [term 1 FOLLOWER]: Leader election vote request: Granting yes vote for candidate 7d5ce24fce52404c9a6b0c6c34b0d46e in term 1.
I20260608 12:42:15.345827  4989 raft_consensus.cc:3060] T b6172d965c23413faf14982e11da19e7 P fc3ae7cf00d8445cb8134187bb230106 [term 0 FOLLOWER]: Advancing to term 1
I20260608 12:42:15.346632  4878 leader_election.cc:304] T 820a8278e09e41fb822e67a64f18620b P 7d5ce24fce52404c9a6b0c6c34b0d46e [CANDIDATE]: Term 1 election: Election decided. Result: candidate won. Election summary: received 3 responses out of 3 voters: 2 yes votes; 1 no votes. yes voters: 7d5ce24fce52404c9a6b0c6c34b0d46e, 82ea1bee2af741a483f4fa39d0752d45; no voters: fc3ae7cf00d8445cb8134187bb230106
I20260608 12:42:15.347615  5150 raft_consensus.cc:2804] T 820a8278e09e41fb822e67a64f18620b P 7d5ce24fce52404c9a6b0c6c34b0d46e [term 1 FOLLOWER]: Leader election won for term 1
I20260608 12:42:15.348214  5150 raft_consensus.cc:697] T 820a8278e09e41fb822e67a64f18620b P 7d5ce24fce52404c9a6b0c6c34b0d46e [term 1 LEADER]: Becoming Leader. State: Replica: 7d5ce24fce52404c9a6b0c6c34b0d46e, State: Running, Role: LEADER
I20260608 12:42:15.349099  5150 consensus_queue.cc:237] T 820a8278e09e41fb822e67a64f18620b P 7d5ce24fce52404c9a6b0c6c34b0d46e [LEADER]: Queue going to LEADER mode. State: All replicated index: 0, Majority replicated index: 0, Committed index: 0, Last appended: 0.0, Last appended by leader: 0, Current term: 1, Majority size: 2, State: 0, Mode: LEADER, active raft config: opid_index: -1 OBSOLETE_local: false peers { permanent_uuid: "7d5ce24fce52404c9a6b0c6c34b0d46e" member_type: VOTER last_known_addr { host: "127.0.107.193" port: 42289 } } peers { permanent_uuid: "fc3ae7cf00d8445cb8134187bb230106" member_type: VOTER last_known_addr { host: "127.0.107.194" port: 36955 } } peers { permanent_uuid: "82ea1bee2af741a483f4fa39d0752d45" member_type: VOTER last_known_addr { host: "127.0.107.195" port: 34447 } }
I20260608 12:42:15.349974  5147 leader_election.cc:290] T bfb27851d1e243959fa12956b38471e4 P 82ea1bee2af741a483f4fa39d0752d45 [CANDIDATE]: Term 1 election: Requested vote from peers 7d5ce24fce52404c9a6b0c6c34b0d46e (127.0.107.193:42289), fc3ae7cf00d8445cb8134187bb230106 (127.0.107.194:36955)
I20260608 12:42:15.348209  4990 tablet_service.cc:1917] Received RequestConsensusVote() RPC: tablet_id: "bfb27851d1e243959fa12956b38471e4" candidate_uuid: "82ea1bee2af741a483f4fa39d0752d45" candidate_term: 1 candidate_status { last_received { term: 0 index: 0 } } ignore_live_leader: false dest_uuid: "fc3ae7cf00d8445cb8134187bb230106"
I20260608 12:42:15.351791  4990 raft_consensus.cc:3060] T bfb27851d1e243959fa12956b38471e4 P fc3ae7cf00d8445cb8134187bb230106 [term 0 FOLLOWER]: Advancing to term 1
I20260608 12:42:15.358893  5149 leader_election.cc:290] T b6172d965c23413faf14982e11da19e7 P 7d5ce24fce52404c9a6b0c6c34b0d46e [CANDIDATE]: Term 1 election: Requested vote from peers fc3ae7cf00d8445cb8134187bb230106 (127.0.107.194:36955), 82ea1bee2af741a483f4fa39d0752d45 (127.0.107.195:34447)
I20260608 12:42:15.364043  4912 raft_consensus.cc:2468] T bfb27851d1e243959fa12956b38471e4 P 7d5ce24fce52404c9a6b0c6c34b0d46e [term 1 FOLLOWER]: Leader election vote request: Granting yes vote for candidate 82ea1bee2af741a483f4fa39d0752d45 in term 1.
I20260608 12:42:15.365451  5029 leader_election.cc:304] T bfb27851d1e243959fa12956b38471e4 P 82ea1bee2af741a483f4fa39d0752d45 [CANDIDATE]: Term 1 election: Election decided. Result: candidate won. Election summary: received 2 responses out of 3 voters: 2 yes votes; 0 no votes. yes voters: 7d5ce24fce52404c9a6b0c6c34b0d46e, 82ea1bee2af741a483f4fa39d0752d45; no voters: 
I20260608 12:42:15.366044  5109 tablet_bootstrap.cc:492] T b113a5bb34b14444b21cbcf8fe021d5a P 7d5ce24fce52404c9a6b0c6c34b0d46e: No bootstrap required, opened a new log
I20260608 12:42:15.366508  5147 raft_consensus.cc:2804] T bfb27851d1e243959fa12956b38471e4 P 82ea1bee2af741a483f4fa39d0752d45 [term 1 FOLLOWER]: Leader election won for term 1
I20260608 12:42:15.366742  5109 ts_tablet_manager.cc:1403] T b113a5bb34b14444b21cbcf8fe021d5a P 7d5ce24fce52404c9a6b0c6c34b0d46e: Time spent bootstrapping tablet: real 0.152s	user 0.013s	sys 0.004s
I20260608 12:42:15.367416  5147 raft_consensus.cc:697] T bfb27851d1e243959fa12956b38471e4 P 82ea1bee2af741a483f4fa39d0752d45 [term 1 LEADER]: Becoming Leader. State: Replica: 82ea1bee2af741a483f4fa39d0752d45, State: Running, Role: LEADER
I20260608 12:42:15.368393  5147 consensus_queue.cc:237] T bfb27851d1e243959fa12956b38471e4 P 82ea1bee2af741a483f4fa39d0752d45 [LEADER]: Queue going to LEADER mode. State: All replicated index: 0, Majority replicated index: 0, Committed index: 0, Last appended: 0.0, Last appended by leader: 0, Current term: 1, Majority size: 2, State: 0, Mode: LEADER, active raft config: opid_index: -1 OBSOLETE_local: false peers { permanent_uuid: "7d5ce24fce52404c9a6b0c6c34b0d46e" member_type: VOTER last_known_addr { host: "127.0.107.193" port: 42289 } } peers { permanent_uuid: "fc3ae7cf00d8445cb8134187bb230106" member_type: VOTER last_known_addr { host: "127.0.107.194" port: 36955 } } peers { permanent_uuid: "82ea1bee2af741a483f4fa39d0752d45" member_type: VOTER last_known_addr { host: "127.0.107.195" port: 34447 } }
I20260608 12:42:15.370777  5109 raft_consensus.cc:359] T b113a5bb34b14444b21cbcf8fe021d5a P 7d5ce24fce52404c9a6b0c6c34b0d46e [term 0 FOLLOWER]: Replica starting. Triggering 0 pending ops. Active config: opid_index: -1 OBSOLETE_local: false peers { permanent_uuid: "7d5ce24fce52404c9a6b0c6c34b0d46e" member_type: VOTER last_known_addr { host: "127.0.107.193" port: 42289 } } peers { permanent_uuid: "fc3ae7cf00d8445cb8134187bb230106" member_type: VOTER last_known_addr { host: "127.0.107.194" port: 36955 } } peers { permanent_uuid: "82ea1bee2af741a483f4fa39d0752d45" member_type: VOTER last_known_addr { host: "127.0.107.195" port: 34447 } }
I20260608 12:42:15.371747  5109 raft_consensus.cc:385] T b113a5bb34b14444b21cbcf8fe021d5a P 7d5ce24fce52404c9a6b0c6c34b0d46e [term 0 FOLLOWER]: Consensus starting up: Expiring failure detector timer to make a prompt election more likely
I20260608 12:42:15.372109  5109 raft_consensus.cc:740] T b113a5bb34b14444b21cbcf8fe021d5a P 7d5ce24fce52404c9a6b0c6c34b0d46e [term 0 FOLLOWER]: Becoming Follower/Learner. State: Replica: 7d5ce24fce52404c9a6b0c6c34b0d46e, State: Initialized, Role: FOLLOWER
I20260608 12:42:15.373562  5109 consensus_queue.cc:260] T b113a5bb34b14444b21cbcf8fe021d5a P 7d5ce24fce52404c9a6b0c6c34b0d46e [NON_LEADER]: Queue going to NON_LEADER mode. State: All replicated index: 0, Majority replicated index: 0, Committed index: 0, Last appended: 0.0, Last appended by leader: 0, Current term: 0, Majority size: -1, State: 0, Mode: NON_LEADER, active raft config: opid_index: -1 OBSOLETE_local: false peers { permanent_uuid: "7d5ce24fce52404c9a6b0c6c34b0d46e" member_type: VOTER last_known_addr { host: "127.0.107.193" port: 42289 } } peers { permanent_uuid: "fc3ae7cf00d8445cb8134187bb230106" member_type: VOTER last_known_addr { host: "127.0.107.194" port: 36955 } } peers { permanent_uuid: "82ea1bee2af741a483f4fa39d0752d45" member_type: VOTER last_known_addr { host: "127.0.107.195" port: 34447 } }
I20260608 12:42:15.376559  5109 ts_tablet_manager.cc:1434] T b113a5bb34b14444b21cbcf8fe021d5a P 7d5ce24fce52404c9a6b0c6c34b0d46e: Time spent starting tablet: real 0.009s	user 0.008s	sys 0.000s
I20260608 12:42:15.377887  5109 tablet_bootstrap.cc:492] T 04a413b0297649a7bce6d00b89bc1a2e P 7d5ce24fce52404c9a6b0c6c34b0d46e: Bootstrap starting.
I20260608 12:42:15.378538  5111 tablet_bootstrap.cc:654] T 820a8278e09e41fb822e67a64f18620b P fc3ae7cf00d8445cb8134187bb230106: Neither blocks nor log segments found. Creating new log.
I20260608 12:42:15.380386  4989 raft_consensus.cc:2468] T b6172d965c23413faf14982e11da19e7 P fc3ae7cf00d8445cb8134187bb230106 [term 1 FOLLOWER]: Leader election vote request: Granting yes vote for candidate 7d5ce24fce52404c9a6b0c6c34b0d46e in term 1.
I20260608 12:42:15.373497  4990 raft_consensus.cc:2468] T bfb27851d1e243959fa12956b38471e4 P fc3ae7cf00d8445cb8134187bb230106 [term 1 FOLLOWER]: Leader election vote request: Granting yes vote for candidate 82ea1bee2af741a483f4fa39d0752d45 in term 1.
I20260608 12:42:15.381824  4881 leader_election.cc:304] T b6172d965c23413faf14982e11da19e7 P 7d5ce24fce52404c9a6b0c6c34b0d46e [CANDIDATE]: Term 1 election: Election decided. Result: candidate won. Election summary: received 2 responses out of 3 voters: 2 yes votes; 0 no votes. yes voters: 7d5ce24fce52404c9a6b0c6c34b0d46e, fc3ae7cf00d8445cb8134187bb230106; no voters: 
I20260608 12:42:15.382759  5063 tablet_service.cc:1917] Received RequestConsensusVote() RPC: tablet_id: "b6172d965c23413faf14982e11da19e7" candidate_uuid: "7d5ce24fce52404c9a6b0c6c34b0d46e" candidate_term: 1 candidate_status { last_received { term: 0 index: 0 } } ignore_live_leader: false dest_uuid: "82ea1bee2af741a483f4fa39d0752d45"
I20260608 12:42:15.383045  5149 raft_consensus.cc:2804] T b6172d965c23413faf14982e11da19e7 P 7d5ce24fce52404c9a6b0c6c34b0d46e [term 1 FOLLOWER]: Leader election won for term 1
I20260608 12:42:15.383555  5063 raft_consensus.cc:3060] T b6172d965c23413faf14982e11da19e7 P 82ea1bee2af741a483f4fa39d0752d45 [term 0 FOLLOWER]: Advancing to term 1
I20260608 12:42:15.383628  5149 raft_consensus.cc:697] T b6172d965c23413faf14982e11da19e7 P 7d5ce24fce52404c9a6b0c6c34b0d46e [term 1 LEADER]: Becoming Leader. State: Replica: 7d5ce24fce52404c9a6b0c6c34b0d46e, State: Running, Role: LEADER
I20260608 12:42:15.384948  5149 consensus_queue.cc:237] T b6172d965c23413faf14982e11da19e7 P 7d5ce24fce52404c9a6b0c6c34b0d46e [LEADER]: Queue going to LEADER mode. State: All replicated index: 0, Majority replicated index: 0, Committed index: 0, Last appended: 0.0, Last appended by leader: 0, Current term: 1, Majority size: 2, State: 0, Mode: LEADER, active raft config: opid_index: -1 OBSOLETE_local: false peers { permanent_uuid: "7d5ce24fce52404c9a6b0c6c34b0d46e" member_type: VOTER last_known_addr { host: "127.0.107.193" port: 42289 } } peers { permanent_uuid: "fc3ae7cf00d8445cb8134187bb230106" member_type: VOTER last_known_addr { host: "127.0.107.194" port: 36955 } } peers { permanent_uuid: "82ea1bee2af741a483f4fa39d0752d45" member_type: VOTER last_known_addr { host: "127.0.107.195" port: 34447 } }
I20260608 12:42:15.386370  5109 tablet_bootstrap.cc:654] T 04a413b0297649a7bce6d00b89bc1a2e P 7d5ce24fce52404c9a6b0c6c34b0d46e: Neither blocks nor log segments found. Creating new log.
I20260608 12:42:15.389101  5112 tablet_bootstrap.cc:492] T b113a5bb34b14444b21cbcf8fe021d5a P 82ea1bee2af741a483f4fa39d0752d45: No bootstrap required, opened a new log
I20260608 12:42:15.389703  5112 ts_tablet_manager.cc:1403] T b113a5bb34b14444b21cbcf8fe021d5a P 82ea1bee2af741a483f4fa39d0752d45: Time spent bootstrapping tablet: real 0.179s	user 0.014s	sys 0.005s
I20260608 12:42:15.394162  5111 tablet_bootstrap.cc:492] T 820a8278e09e41fb822e67a64f18620b P fc3ae7cf00d8445cb8134187bb230106: No bootstrap required, opened a new log
I20260608 12:42:15.394688  5111 ts_tablet_manager.cc:1403] T 820a8278e09e41fb822e67a64f18620b P fc3ae7cf00d8445cb8134187bb230106: Time spent bootstrapping tablet: real 0.069s	user 0.015s	sys 0.000s
I20260608 12:42:15.396524  5112 raft_consensus.cc:359] T b113a5bb34b14444b21cbcf8fe021d5a P 82ea1bee2af741a483f4fa39d0752d45 [term 0 FOLLOWER]: Replica starting. Triggering 0 pending ops. Active config: opid_index: -1 OBSOLETE_local: false peers { permanent_uuid: "7d5ce24fce52404c9a6b0c6c34b0d46e" member_type: VOTER last_known_addr { host: "127.0.107.193" port: 42289 } } peers { permanent_uuid: "fc3ae7cf00d8445cb8134187bb230106" member_type: VOTER last_known_addr { host: "127.0.107.194" port: 36955 } } peers { permanent_uuid: "82ea1bee2af741a483f4fa39d0752d45" member_type: VOTER last_known_addr { host: "127.0.107.195" port: 34447 } }
I20260608 12:42:15.396950  5063 raft_consensus.cc:2468] T b6172d965c23413faf14982e11da19e7 P 82ea1bee2af741a483f4fa39d0752d45 [term 1 FOLLOWER]: Leader election vote request: Granting yes vote for candidate 7d5ce24fce52404c9a6b0c6c34b0d46e in term 1.
I20260608 12:42:15.397219  5112 raft_consensus.cc:385] T b113a5bb34b14444b21cbcf8fe021d5a P 82ea1bee2af741a483f4fa39d0752d45 [term 0 FOLLOWER]: Consensus starting up: Expiring failure detector timer to make a prompt election more likely
I20260608 12:42:15.397419  5111 raft_consensus.cc:359] T 820a8278e09e41fb822e67a64f18620b P fc3ae7cf00d8445cb8134187bb230106 [term 0 FOLLOWER]: Replica starting. Triggering 0 pending ops. Active config: opid_index: -1 OBSOLETE_local: false peers { permanent_uuid: "7d5ce24fce52404c9a6b0c6c34b0d46e" member_type: VOTER last_known_addr { host: "127.0.107.193" port: 42289 } } peers { permanent_uuid: "fc3ae7cf00d8445cb8134187bb230106" member_type: VOTER last_known_addr { host: "127.0.107.194" port: 36955 } } peers { permanent_uuid: "82ea1bee2af741a483f4fa39d0752d45" member_type: VOTER last_known_addr { host: "127.0.107.195" port: 34447 } }
I20260608 12:42:15.397637  5112 raft_consensus.cc:740] T b113a5bb34b14444b21cbcf8fe021d5a P 82ea1bee2af741a483f4fa39d0752d45 [term 0 FOLLOWER]: Becoming Follower/Learner. State: Replica: 82ea1bee2af741a483f4fa39d0752d45, State: Initialized, Role: FOLLOWER
I20260608 12:42:15.398069  5111 raft_consensus.cc:385] T 820a8278e09e41fb822e67a64f18620b P fc3ae7cf00d8445cb8134187bb230106 [term 0 FOLLOWER]: Consensus starting up: Expiring failure detector timer to make a prompt election more likely
I20260608 12:42:15.398356  5111 raft_consensus.cc:740] T 820a8278e09e41fb822e67a64f18620b P fc3ae7cf00d8445cb8134187bb230106 [term 0 FOLLOWER]: Becoming Follower/Learner. State: Replica: fc3ae7cf00d8445cb8134187bb230106, State: Initialized, Role: FOLLOWER
I20260608 12:42:15.398679  5112 consensus_queue.cc:260] T b113a5bb34b14444b21cbcf8fe021d5a P 82ea1bee2af741a483f4fa39d0752d45 [NON_LEADER]: Queue going to NON_LEADER mode. State: All replicated index: 0, Majority replicated index: 0, Committed index: 0, Last appended: 0.0, Last appended by leader: 0, Current term: 0, Majority size: -1, State: 0, Mode: NON_LEADER, active raft config: opid_index: -1 OBSOLETE_local: false peers { permanent_uuid: "7d5ce24fce52404c9a6b0c6c34b0d46e" member_type: VOTER last_known_addr { host: "127.0.107.193" port: 42289 } } peers { permanent_uuid: "fc3ae7cf00d8445cb8134187bb230106" member_type: VOTER last_known_addr { host: "127.0.107.194" port: 36955 } } peers { permanent_uuid: "82ea1bee2af741a483f4fa39d0752d45" member_type: VOTER last_known_addr { host: "127.0.107.195" port: 34447 } }
I20260608 12:42:15.399200  5111 consensus_queue.cc:260] T 820a8278e09e41fb822e67a64f18620b P fc3ae7cf00d8445cb8134187bb230106 [NON_LEADER]: Queue going to NON_LEADER mode. State: All replicated index: 0, Majority replicated index: 0, Committed index: 0, Last appended: 0.0, Last appended by leader: 0, Current term: 0, Majority size: -1, State: 0, Mode: NON_LEADER, active raft config: opid_index: -1 OBSOLETE_local: false peers { permanent_uuid: "7d5ce24fce52404c9a6b0c6c34b0d46e" member_type: VOTER last_known_addr { host: "127.0.107.193" port: 42289 } } peers { permanent_uuid: "fc3ae7cf00d8445cb8134187bb230106" member_type: VOTER last_known_addr { host: "127.0.107.194" port: 36955 } } peers { permanent_uuid: "82ea1bee2af741a483f4fa39d0752d45" member_type: VOTER last_known_addr { host: "127.0.107.195" port: 34447 } }
I20260608 12:42:15.401154  5111 ts_tablet_manager.cc:1434] T 820a8278e09e41fb822e67a64f18620b P fc3ae7cf00d8445cb8134187bb230106: Time spent starting tablet: real 0.006s	user 0.006s	sys 0.000s
I20260608 12:42:15.401487  5112 ts_tablet_manager.cc:1434] T b113a5bb34b14444b21cbcf8fe021d5a P 82ea1bee2af741a483f4fa39d0752d45: Time spent starting tablet: real 0.011s	user 0.006s	sys 0.000s
I20260608 12:42:15.402110  5111 tablet_bootstrap.cc:492] T b113a5bb34b14444b21cbcf8fe021d5a P fc3ae7cf00d8445cb8134187bb230106: Bootstrap starting.
I20260608 12:42:15.402838  5112 tablet_bootstrap.cc:492] T d69d1324b3b747b6b6d8c3eb589a9fd3 P 82ea1bee2af741a483f4fa39d0752d45: Bootstrap starting.
I20260608 12:42:15.415503  5109 tablet_bootstrap.cc:492] T 04a413b0297649a7bce6d00b89bc1a2e P 7d5ce24fce52404c9a6b0c6c34b0d46e: No bootstrap required, opened a new log
I20260608 12:42:15.416102  5109 ts_tablet_manager.cc:1403] T 04a413b0297649a7bce6d00b89bc1a2e P 7d5ce24fce52404c9a6b0c6c34b0d46e: Time spent bootstrapping tablet: real 0.039s	user 0.009s	sys 0.007s
I20260608 12:42:15.418960  5111 tablet_bootstrap.cc:654] T b113a5bb34b14444b21cbcf8fe021d5a P fc3ae7cf00d8445cb8134187bb230106: Neither blocks nor log segments found. Creating new log.
I20260608 12:42:15.419359  5109 raft_consensus.cc:359] T 04a413b0297649a7bce6d00b89bc1a2e P 7d5ce24fce52404c9a6b0c6c34b0d46e [term 0 FOLLOWER]: Replica starting. Triggering 0 pending ops. Active config: opid_index: -1 OBSOLETE_local: false peers { permanent_uuid: "7d5ce24fce52404c9a6b0c6c34b0d46e" member_type: VOTER last_known_addr { host: "127.0.107.193" port: 42289 } } peers { permanent_uuid: "fc3ae7cf00d8445cb8134187bb230106" member_type: VOTER last_known_addr { host: "127.0.107.194" port: 36955 } } peers { permanent_uuid: "82ea1bee2af741a483f4fa39d0752d45" member_type: VOTER last_known_addr { host: "127.0.107.195" port: 34447 } }
I20260608 12:42:15.420104  5109 raft_consensus.cc:385] T 04a413b0297649a7bce6d00b89bc1a2e P 7d5ce24fce52404c9a6b0c6c34b0d46e [term 0 FOLLOWER]: Consensus starting up: Expiring failure detector timer to make a prompt election more likely
I20260608 12:42:15.420400  5109 raft_consensus.cc:740] T 04a413b0297649a7bce6d00b89bc1a2e P 7d5ce24fce52404c9a6b0c6c34b0d46e [term 0 FOLLOWER]: Becoming Follower/Learner. State: Replica: 7d5ce24fce52404c9a6b0c6c34b0d46e, State: Initialized, Role: FOLLOWER
I20260608 12:42:15.421271  5109 consensus_queue.cc:260] T 04a413b0297649a7bce6d00b89bc1a2e P 7d5ce24fce52404c9a6b0c6c34b0d46e [NON_LEADER]: Queue going to NON_LEADER mode. State: All replicated index: 0, Majority replicated index: 0, Committed index: 0, Last appended: 0.0, Last appended by leader: 0, Current term: 0, Majority size: -1, State: 0, Mode: NON_LEADER, active raft config: opid_index: -1 OBSOLETE_local: false peers { permanent_uuid: "7d5ce24fce52404c9a6b0c6c34b0d46e" member_type: VOTER last_known_addr { host: "127.0.107.193" port: 42289 } } peers { permanent_uuid: "fc3ae7cf00d8445cb8134187bb230106" member_type: VOTER last_known_addr { host: "127.0.107.194" port: 36955 } } peers { permanent_uuid: "82ea1bee2af741a483f4fa39d0752d45" member_type: VOTER last_known_addr { host: "127.0.107.195" port: 34447 } }
I20260608 12:42:15.421913  5112 tablet_bootstrap.cc:654] T d69d1324b3b747b6b6d8c3eb589a9fd3 P 82ea1bee2af741a483f4fa39d0752d45: Neither blocks nor log segments found. Creating new log.
I20260608 12:42:15.423717  5109 ts_tablet_manager.cc:1434] T 04a413b0297649a7bce6d00b89bc1a2e P 7d5ce24fce52404c9a6b0c6c34b0d46e: Time spent starting tablet: real 0.007s	user 0.007s	sys 0.001s
I20260608 12:42:15.424726  5109 tablet_bootstrap.cc:492] T d69d1324b3b747b6b6d8c3eb589a9fd3 P 7d5ce24fce52404c9a6b0c6c34b0d46e: Bootstrap starting.
I20260608 12:42:15.430625  5109 tablet_bootstrap.cc:654] T d69d1324b3b747b6b6d8c3eb589a9fd3 P 7d5ce24fce52404c9a6b0c6c34b0d46e: Neither blocks nor log segments found. Creating new log.
I20260608 12:42:15.436946  4811 catalog_manager.cc:5696] T 7187d129e03c4df6bb2458093de9e84f P fc3ae7cf00d8445cb8134187bb230106 reported cstate change: term changed from 0 to 1, leader changed from <none> to fc3ae7cf00d8445cb8134187bb230106 (127.0.107.194). New cstate: current_term: 1 leader_uuid: "fc3ae7cf00d8445cb8134187bb230106" committed_config { opid_index: -1 OBSOLETE_local: false peers { permanent_uuid: "7d5ce24fce52404c9a6b0c6c34b0d46e" member_type: VOTER last_known_addr { host: "127.0.107.193" port: 42289 } health_report { overall_health: UNKNOWN } } peers { permanent_uuid: "fc3ae7cf00d8445cb8134187bb230106" member_type: VOTER last_known_addr { host: "127.0.107.194" port: 36955 } health_report { overall_health: HEALTHY } } peers { permanent_uuid: "82ea1bee2af741a483f4fa39d0752d45" member_type: VOTER last_known_addr { host: "127.0.107.195" port: 34447 } health_report { overall_health: UNKNOWN } } }
I20260608 12:42:15.437999  5112 tablet_bootstrap.cc:492] T d69d1324b3b747b6b6d8c3eb589a9fd3 P 82ea1bee2af741a483f4fa39d0752d45: No bootstrap required, opened a new log
I20260608 12:42:15.438424  5112 ts_tablet_manager.cc:1403] T d69d1324b3b747b6b6d8c3eb589a9fd3 P 82ea1bee2af741a483f4fa39d0752d45: Time spent bootstrapping tablet: real 0.036s	user 0.014s	sys 0.007s
I20260608 12:42:15.438910  5109 tablet_bootstrap.cc:492] T d69d1324b3b747b6b6d8c3eb589a9fd3 P 7d5ce24fce52404c9a6b0c6c34b0d46e: No bootstrap required, opened a new log
I20260608 12:42:15.439380  5109 ts_tablet_manager.cc:1403] T d69d1324b3b747b6b6d8c3eb589a9fd3 P 7d5ce24fce52404c9a6b0c6c34b0d46e: Time spent bootstrapping tablet: real 0.015s	user 0.011s	sys 0.003s
I20260608 12:42:15.440812  5112 raft_consensus.cc:359] T d69d1324b3b747b6b6d8c3eb589a9fd3 P 82ea1bee2af741a483f4fa39d0752d45 [term 0 FOLLOWER]: Replica starting. Triggering 0 pending ops. Active config: opid_index: -1 OBSOLETE_local: false peers { permanent_uuid: "7d5ce24fce52404c9a6b0c6c34b0d46e" member_type: VOTER last_known_addr { host: "127.0.107.193" port: 42289 } } peers { permanent_uuid: "fc3ae7cf00d8445cb8134187bb230106" member_type: VOTER last_known_addr { host: "127.0.107.194" port: 36955 } } peers { permanent_uuid: "82ea1bee2af741a483f4fa39d0752d45" member_type: VOTER last_known_addr { host: "127.0.107.195" port: 34447 } }
I20260608 12:42:15.441411  5112 raft_consensus.cc:385] T d69d1324b3b747b6b6d8c3eb589a9fd3 P 82ea1bee2af741a483f4fa39d0752d45 [term 0 FOLLOWER]: Consensus starting up: Expiring failure detector timer to make a prompt election more likely
I20260608 12:42:15.441655  5112 raft_consensus.cc:740] T d69d1324b3b747b6b6d8c3eb589a9fd3 P 82ea1bee2af741a483f4fa39d0752d45 [term 0 FOLLOWER]: Becoming Follower/Learner. State: Replica: 82ea1bee2af741a483f4fa39d0752d45, State: Initialized, Role: FOLLOWER
I20260608 12:42:15.442111  5109 raft_consensus.cc:359] T d69d1324b3b747b6b6d8c3eb589a9fd3 P 7d5ce24fce52404c9a6b0c6c34b0d46e [term 0 FOLLOWER]: Replica starting. Triggering 0 pending ops. Active config: opid_index: -1 OBSOLETE_local: false peers { permanent_uuid: "7d5ce24fce52404c9a6b0c6c34b0d46e" member_type: VOTER last_known_addr { host: "127.0.107.193" port: 42289 } } peers { permanent_uuid: "fc3ae7cf00d8445cb8134187bb230106" member_type: VOTER last_known_addr { host: "127.0.107.194" port: 36955 } } peers { permanent_uuid: "82ea1bee2af741a483f4fa39d0752d45" member_type: VOTER last_known_addr { host: "127.0.107.195" port: 34447 } }
I20260608 12:42:15.442319  5112 consensus_queue.cc:260] T d69d1324b3b747b6b6d8c3eb589a9fd3 P 82ea1bee2af741a483f4fa39d0752d45 [NON_LEADER]: Queue going to NON_LEADER mode. State: All replicated index: 0, Majority replicated index: 0, Committed index: 0, Last appended: 0.0, Last appended by leader: 0, Current term: 0, Majority size: -1, State: 0, Mode: NON_LEADER, active raft config: opid_index: -1 OBSOLETE_local: false peers { permanent_uuid: "7d5ce24fce52404c9a6b0c6c34b0d46e" member_type: VOTER last_known_addr { host: "127.0.107.193" port: 42289 } } peers { permanent_uuid: "fc3ae7cf00d8445cb8134187bb230106" member_type: VOTER last_known_addr { host: "127.0.107.194" port: 36955 } } peers { permanent_uuid: "82ea1bee2af741a483f4fa39d0752d45" member_type: VOTER last_known_addr { host: "127.0.107.195" port: 34447 } }
I20260608 12:42:15.442791  5109 raft_consensus.cc:385] T d69d1324b3b747b6b6d8c3eb589a9fd3 P 7d5ce24fce52404c9a6b0c6c34b0d46e [term 0 FOLLOWER]: Consensus starting up: Expiring failure detector timer to make a prompt election more likely
I20260608 12:42:15.443138  5109 raft_consensus.cc:740] T d69d1324b3b747b6b6d8c3eb589a9fd3 P 7d5ce24fce52404c9a6b0c6c34b0d46e [term 0 FOLLOWER]: Becoming Follower/Learner. State: Replica: 7d5ce24fce52404c9a6b0c6c34b0d46e, State: Initialized, Role: FOLLOWER
I20260608 12:42:15.443966  5149 raft_consensus.cc:493] T 04a413b0297649a7bce6d00b89bc1a2e P 7d5ce24fce52404c9a6b0c6c34b0d46e [term 0 FOLLOWER]: Starting pre-election (no leader contacted us within the election timeout)
I20260608 12:42:15.444268  5109 consensus_queue.cc:260] T d69d1324b3b747b6b6d8c3eb589a9fd3 P 7d5ce24fce52404c9a6b0c6c34b0d46e [NON_LEADER]: Queue going to NON_LEADER mode. State: All replicated index: 0, Majority replicated index: 0, Committed index: 0, Last appended: 0.0, Last appended by leader: 0, Current term: 0, Majority size: -1, State: 0, Mode: NON_LEADER, active raft config: opid_index: -1 OBSOLETE_local: false peers { permanent_uuid: "7d5ce24fce52404c9a6b0c6c34b0d46e" member_type: VOTER last_known_addr { host: "127.0.107.193" port: 42289 } } peers { permanent_uuid: "fc3ae7cf00d8445cb8134187bb230106" member_type: VOTER last_known_addr { host: "127.0.107.194" port: 36955 } } peers { permanent_uuid: "82ea1bee2af741a483f4fa39d0752d45" member_type: VOTER last_known_addr { host: "127.0.107.195" port: 34447 } }
I20260608 12:42:15.444422  5149 raft_consensus.cc:515] T 04a413b0297649a7bce6d00b89bc1a2e P 7d5ce24fce52404c9a6b0c6c34b0d46e [term 0 FOLLOWER]: Starting pre-election with config: opid_index: -1 OBSOLETE_local: false peers { permanent_uuid: "7d5ce24fce52404c9a6b0c6c34b0d46e" member_type: VOTER last_known_addr { host: "127.0.107.193" port: 42289 } } peers { permanent_uuid: "fc3ae7cf00d8445cb8134187bb230106" member_type: VOTER last_known_addr { host: "127.0.107.194" port: 36955 } } peers { permanent_uuid: "82ea1bee2af741a483f4fa39d0752d45" member_type: VOTER last_known_addr { host: "127.0.107.195" port: 34447 } }
I20260608 12:42:15.444829  5112 ts_tablet_manager.cc:1434] T d69d1324b3b747b6b6d8c3eb589a9fd3 P 82ea1bee2af741a483f4fa39d0752d45: Time spent starting tablet: real 0.006s	user 0.007s	sys 0.001s
I20260608 12:42:15.445863  5112 tablet_bootstrap.cc:492] T 04a413b0297649a7bce6d00b89bc1a2e P 82ea1bee2af741a483f4fa39d0752d45: Bootstrap starting.
I20260608 12:42:15.446683  5109 ts_tablet_manager.cc:1434] T d69d1324b3b747b6b6d8c3eb589a9fd3 P 7d5ce24fce52404c9a6b0c6c34b0d46e: Time spent starting tablet: real 0.007s	user 0.006s	sys 0.000s
I20260608 12:42:15.447844  5109 tablet_bootstrap.cc:492] T e2fbe808293f4e9788c9893711219545 P 7d5ce24fce52404c9a6b0c6c34b0d46e: Bootstrap starting.
I20260608 12:42:15.449308  4990 tablet_service.cc:1917] Received RequestConsensusVote() RPC: tablet_id: "04a413b0297649a7bce6d00b89bc1a2e" candidate_uuid: "7d5ce24fce52404c9a6b0c6c34b0d46e" candidate_term: 1 candidate_status { last_received { term: 0 index: 0 } } ignore_live_leader: false dest_uuid: "fc3ae7cf00d8445cb8134187bb230106" is_pre_election: true
I20260608 12:42:15.450757  5063 tablet_service.cc:1917] Received RequestConsensusVote() RPC: tablet_id: "04a413b0297649a7bce6d00b89bc1a2e" candidate_uuid: "7d5ce24fce52404c9a6b0c6c34b0d46e" candidate_term: 1 candidate_status { last_received { term: 0 index: 0 } } ignore_live_leader: false dest_uuid: "82ea1bee2af741a483f4fa39d0752d45" is_pre_election: true
I20260608 12:42:15.452200  5112 tablet_bootstrap.cc:654] T 04a413b0297649a7bce6d00b89bc1a2e P 82ea1bee2af741a483f4fa39d0752d45: Neither blocks nor log segments found. Creating new log.
W20260608 12:42:15.452652  4881 leader_election.cc:343] T 04a413b0297649a7bce6d00b89bc1a2e P 7d5ce24fce52404c9a6b0c6c34b0d46e [CANDIDATE]: Term 1 pre-election: Tablet error from VoteRequest() call to peer fc3ae7cf00d8445cb8134187bb230106 (127.0.107.194:36955): Illegal state: must be running to vote when last-logged opid is not known
I20260608 12:42:15.453508  5109 tablet_bootstrap.cc:654] T e2fbe808293f4e9788c9893711219545 P 7d5ce24fce52404c9a6b0c6c34b0d46e: Neither blocks nor log segments found. Creating new log.
W20260608 12:42:15.453938  4878 leader_election.cc:343] T 04a413b0297649a7bce6d00b89bc1a2e P 7d5ce24fce52404c9a6b0c6c34b0d46e [CANDIDATE]: Term 1 pre-election: Tablet error from VoteRequest() call to peer 82ea1bee2af741a483f4fa39d0752d45 (127.0.107.195:34447): Illegal state: must be running to vote when last-logged opid is not known
I20260608 12:42:15.454447  4878 leader_election.cc:304] T 04a413b0297649a7bce6d00b89bc1a2e P 7d5ce24fce52404c9a6b0c6c34b0d46e [CANDIDATE]: Term 1 pre-election: Election decided. Result: candidate lost. Election summary: received 3 responses out of 3 voters: 1 yes votes; 2 no votes. yes voters: 7d5ce24fce52404c9a6b0c6c34b0d46e; no voters: 82ea1bee2af741a483f4fa39d0752d45, fc3ae7cf00d8445cb8134187bb230106
I20260608 12:42:15.455660  5150 raft_consensus.cc:2749] T 04a413b0297649a7bce6d00b89bc1a2e P 7d5ce24fce52404c9a6b0c6c34b0d46e [term 0 FOLLOWER]: Leader pre-election lost for term 1. Reason: could not achieve majority
I20260608 12:42:15.446723  5149 leader_election.cc:290] T 04a413b0297649a7bce6d00b89bc1a2e P 7d5ce24fce52404c9a6b0c6c34b0d46e [CANDIDATE]: Term 1 pre-election: Requested pre-vote from peers fc3ae7cf00d8445cb8134187bb230106 (127.0.107.194:36955), 82ea1bee2af741a483f4fa39d0752d45 (127.0.107.195:34447)
I20260608 12:42:15.463559  5112 tablet_bootstrap.cc:492] T 04a413b0297649a7bce6d00b89bc1a2e P 82ea1bee2af741a483f4fa39d0752d45: No bootstrap required, opened a new log
I20260608 12:42:15.464087  5112 ts_tablet_manager.cc:1403] T 04a413b0297649a7bce6d00b89bc1a2e P 82ea1bee2af741a483f4fa39d0752d45: Time spent bootstrapping tablet: real 0.018s	user 0.012s	sys 0.004s
I20260608 12:42:15.466050  5160 raft_consensus.cc:493] T 820a8278e09e41fb822e67a64f18620b P fc3ae7cf00d8445cb8134187bb230106 [term 0 FOLLOWER]: Starting pre-election (no leader contacted us within the election timeout)
I20260608 12:42:15.466593  5160 raft_consensus.cc:515] T 820a8278e09e41fb822e67a64f18620b P fc3ae7cf00d8445cb8134187bb230106 [term 0 FOLLOWER]: Starting pre-election with config: opid_index: -1 OBSOLETE_local: false peers { permanent_uuid: "7d5ce24fce52404c9a6b0c6c34b0d46e" member_type: VOTER last_known_addr { host: "127.0.107.193" port: 42289 } } peers { permanent_uuid: "fc3ae7cf00d8445cb8134187bb230106" member_type: VOTER last_known_addr { host: "127.0.107.194" port: 36955 } } peers { permanent_uuid: "82ea1bee2af741a483f4fa39d0752d45" member_type: VOTER last_known_addr { host: "127.0.107.195" port: 34447 } }
I20260608 12:42:15.468925  5160 leader_election.cc:290] T 820a8278e09e41fb822e67a64f18620b P fc3ae7cf00d8445cb8134187bb230106 [CANDIDATE]: Term 1 pre-election: Requested pre-vote from peers 7d5ce24fce52404c9a6b0c6c34b0d46e (127.0.107.193:42289), 82ea1bee2af741a483f4fa39d0752d45 (127.0.107.195:34447)
I20260608 12:42:15.469182  5112 raft_consensus.cc:359] T 04a413b0297649a7bce6d00b89bc1a2e P 82ea1bee2af741a483f4fa39d0752d45 [term 0 FOLLOWER]: Replica starting. Triggering 0 pending ops. Active config: opid_index: -1 OBSOLETE_local: false peers { permanent_uuid: "7d5ce24fce52404c9a6b0c6c34b0d46e" member_type: VOTER last_known_addr { host: "127.0.107.193" port: 42289 } } peers { permanent_uuid: "fc3ae7cf00d8445cb8134187bb230106" member_type: VOTER last_known_addr { host: "127.0.107.194" port: 36955 } } peers { permanent_uuid: "82ea1bee2af741a483f4fa39d0752d45" member_type: VOTER last_known_addr { host: "127.0.107.195" port: 34447 } }
I20260608 12:42:15.469869  5112 raft_consensus.cc:385] T 04a413b0297649a7bce6d00b89bc1a2e P 82ea1bee2af741a483f4fa39d0752d45 [term 0 FOLLOWER]: Consensus starting up: Expiring failure detector timer to make a prompt election more likely
I20260608 12:42:15.470153  5112 raft_consensus.cc:740] T 04a413b0297649a7bce6d00b89bc1a2e P 82ea1bee2af741a483f4fa39d0752d45 [term 0 FOLLOWER]: Becoming Follower/Learner. State: Replica: 82ea1bee2af741a483f4fa39d0752d45, State: Initialized, Role: FOLLOWER
I20260608 12:42:15.469539  4813 catalog_manager.cc:5696] T 0e7b1545e8cb45caaba0979b39c356bb P 7d5ce24fce52404c9a6b0c6c34b0d46e reported cstate change: term changed from 0 to 1, leader changed from <none> to 7d5ce24fce52404c9a6b0c6c34b0d46e (127.0.107.193). New cstate: current_term: 1 leader_uuid: "7d5ce24fce52404c9a6b0c6c34b0d46e" committed_config { opid_index: -1 OBSOLETE_local: false peers { permanent_uuid: "7d5ce24fce52404c9a6b0c6c34b0d46e" member_type: VOTER last_known_addr { host: "127.0.107.193" port: 42289 } health_report { overall_health: HEALTHY } } peers { permanent_uuid: "fc3ae7cf00d8445cb8134187bb230106" member_type: VOTER last_known_addr { host: "127.0.107.194" port: 36955 } health_report { overall_health: UNKNOWN } } peers { permanent_uuid: "82ea1bee2af741a483f4fa39d0752d45" member_type: VOTER last_known_addr { host: "127.0.107.195" port: 34447 } health_report { overall_health: UNKNOWN } } }
I20260608 12:42:15.471081  4912 tablet_service.cc:1917] Received RequestConsensusVote() RPC: tablet_id: "820a8278e09e41fb822e67a64f18620b" candidate_uuid: "fc3ae7cf00d8445cb8134187bb230106" candidate_term: 1 candidate_status { last_received { term: 0 index: 0 } } ignore_live_leader: false dest_uuid: "7d5ce24fce52404c9a6b0c6c34b0d46e" is_pre_election: true
I20260608 12:42:15.473055  5063 tablet_service.cc:1917] Received RequestConsensusVote() RPC: tablet_id: "820a8278e09e41fb822e67a64f18620b" candidate_uuid: "fc3ae7cf00d8445cb8134187bb230106" candidate_term: 1 candidate_status { last_received { term: 0 index: 0 } } ignore_live_leader: false dest_uuid: "82ea1bee2af741a483f4fa39d0752d45" is_pre_election: true
I20260608 12:42:15.472234  4813 catalog_manager.cc:5696] T 820a8278e09e41fb822e67a64f18620b P 7d5ce24fce52404c9a6b0c6c34b0d46e reported cstate change: term changed from 0 to 1, leader changed from <none> to 7d5ce24fce52404c9a6b0c6c34b0d46e (127.0.107.193). New cstate: current_term: 1 leader_uuid: "7d5ce24fce52404c9a6b0c6c34b0d46e" committed_config { opid_index: -1 OBSOLETE_local: false peers { permanent_uuid: "7d5ce24fce52404c9a6b0c6c34b0d46e" member_type: VOTER last_known_addr { host: "127.0.107.193" port: 42289 } health_report { overall_health: HEALTHY } } peers { permanent_uuid: "fc3ae7cf00d8445cb8134187bb230106" member_type: VOTER last_known_addr { host: "127.0.107.194" port: 36955 } health_report { overall_health: UNKNOWN } } peers { permanent_uuid: "82ea1bee2af741a483f4fa39d0752d45" member_type: VOTER last_known_addr { host: "127.0.107.195" port: 34447 } health_report { overall_health: UNKNOWN } } }
I20260608 12:42:15.473764  5063 raft_consensus.cc:2393] T 820a8278e09e41fb822e67a64f18620b P 82ea1bee2af741a483f4fa39d0752d45 [term 1 FOLLOWER]: Leader pre-election vote request: Denying vote to candidate fc3ae7cf00d8445cb8134187bb230106 in current term 1: Already voted for candidate 7d5ce24fce52404c9a6b0c6c34b0d46e in this term.
I20260608 12:42:15.471060  5112 consensus_queue.cc:260] T 04a413b0297649a7bce6d00b89bc1a2e P 82ea1bee2af741a483f4fa39d0752d45 [NON_LEADER]: Queue going to NON_LEADER mode. State: All replicated index: 0, Majority replicated index: 0, Committed index: 0, Last appended: 0.0, Last appended by leader: 0, Current term: 0, Majority size: -1, State: 0, Mode: NON_LEADER, active raft config: opid_index: -1 OBSOLETE_local: false peers { permanent_uuid: "7d5ce24fce52404c9a6b0c6c34b0d46e" member_type: VOTER last_known_addr { host: "127.0.107.193" port: 42289 } } peers { permanent_uuid: "fc3ae7cf00d8445cb8134187bb230106" member_type: VOTER last_known_addr { host: "127.0.107.194" port: 36955 } } peers { permanent_uuid: "82ea1bee2af741a483f4fa39d0752d45" member_type: VOTER last_known_addr { host: "127.0.107.195" port: 34447 } }
I20260608 12:42:15.475039  4953 leader_election.cc:304] T 820a8278e09e41fb822e67a64f18620b P fc3ae7cf00d8445cb8134187bb230106 [CANDIDATE]: Term 1 pre-election: Election decided. Result: candidate lost. Election summary: received 3 responses out of 3 voters: 1 yes votes; 2 no votes. yes voters: fc3ae7cf00d8445cb8134187bb230106; no voters: 7d5ce24fce52404c9a6b0c6c34b0d46e, 82ea1bee2af741a483f4fa39d0752d45
I20260608 12:42:15.476343  5160 raft_consensus.cc:3060] T 820a8278e09e41fb822e67a64f18620b P fc3ae7cf00d8445cb8134187bb230106 [term 0 FOLLOWER]: Advancing to term 1
I20260608 12:42:15.476953  5112 ts_tablet_manager.cc:1434] T 04a413b0297649a7bce6d00b89bc1a2e P 82ea1bee2af741a483f4fa39d0752d45: Time spent starting tablet: real 0.013s	user 0.004s	sys 0.003s
I20260608 12:42:15.478003  5112 tablet_bootstrap.cc:492] T e2fbe808293f4e9788c9893711219545 P 82ea1bee2af741a483f4fa39d0752d45: Bootstrap starting.
I20260608 12:42:15.474788  4813 catalog_manager.cc:5696] T b6172d965c23413faf14982e11da19e7 P 7d5ce24fce52404c9a6b0c6c34b0d46e reported cstate change: term changed from 0 to 1, leader changed from <none> to 7d5ce24fce52404c9a6b0c6c34b0d46e (127.0.107.193). New cstate: current_term: 1 leader_uuid: "7d5ce24fce52404c9a6b0c6c34b0d46e" committed_config { opid_index: -1 OBSOLETE_local: false peers { permanent_uuid: "7d5ce24fce52404c9a6b0c6c34b0d46e" member_type: VOTER last_known_addr { host: "127.0.107.193" port: 42289 } health_report { overall_health: HEALTHY } } peers { permanent_uuid: "fc3ae7cf00d8445cb8134187bb230106" member_type: VOTER last_known_addr { host: "127.0.107.194" port: 36955 } health_report { overall_health: UNKNOWN } } peers { permanent_uuid: "82ea1bee2af741a483f4fa39d0752d45" member_type: VOTER last_known_addr { host: "127.0.107.195" port: 34447 } health_report { overall_health: UNKNOWN } } }
I20260608 12:42:15.484153  5160 raft_consensus.cc:2749] T 820a8278e09e41fb822e67a64f18620b P fc3ae7cf00d8445cb8134187bb230106 [term 1 FOLLOWER]: Leader pre-election lost for term 1. Reason: could not achieve majority
I20260608 12:42:15.484531  5112 tablet_bootstrap.cc:654] T e2fbe808293f4e9788c9893711219545 P 82ea1bee2af741a483f4fa39d0752d45: Neither blocks nor log segments found. Creating new log.
I20260608 12:42:15.493005  5112 tablet_bootstrap.cc:492] T e2fbe808293f4e9788c9893711219545 P 82ea1bee2af741a483f4fa39d0752d45: No bootstrap required, opened a new log
I20260608 12:42:15.493162  5111 tablet_bootstrap.cc:492] T b113a5bb34b14444b21cbcf8fe021d5a P fc3ae7cf00d8445cb8134187bb230106: No bootstrap required, opened a new log
I20260608 12:42:15.493449  5112 ts_tablet_manager.cc:1403] T e2fbe808293f4e9788c9893711219545 P 82ea1bee2af741a483f4fa39d0752d45: Time spent bootstrapping tablet: real 0.016s	user 0.010s	sys 0.003s
I20260608 12:42:15.493871  5111 ts_tablet_manager.cc:1403] T b113a5bb34b14444b21cbcf8fe021d5a P fc3ae7cf00d8445cb8134187bb230106: Time spent bootstrapping tablet: real 0.092s	user 0.010s	sys 0.000s
I20260608 12:42:15.495788  5112 raft_consensus.cc:359] T e2fbe808293f4e9788c9893711219545 P 82ea1bee2af741a483f4fa39d0752d45 [term 0 FOLLOWER]: Replica starting. Triggering 0 pending ops. Active config: opid_index: -1 OBSOLETE_local: false peers { permanent_uuid: "7d5ce24fce52404c9a6b0c6c34b0d46e" member_type: VOTER last_known_addr { host: "127.0.107.193" port: 42289 } } peers { permanent_uuid: "fc3ae7cf00d8445cb8134187bb230106" member_type: VOTER last_known_addr { host: "127.0.107.194" port: 36955 } } peers { permanent_uuid: "82ea1bee2af741a483f4fa39d0752d45" member_type: VOTER last_known_addr { host: "127.0.107.195" port: 34447 } }
I20260608 12:42:15.496368  5112 raft_consensus.cc:385] T e2fbe808293f4e9788c9893711219545 P 82ea1bee2af741a483f4fa39d0752d45 [term 0 FOLLOWER]: Consensus starting up: Expiring failure detector timer to make a prompt election more likely
I20260608 12:42:15.496600  5112 raft_consensus.cc:740] T e2fbe808293f4e9788c9893711219545 P 82ea1bee2af741a483f4fa39d0752d45 [term 0 FOLLOWER]: Becoming Follower/Learner. State: Replica: 82ea1bee2af741a483f4fa39d0752d45, State: Initialized, Role: FOLLOWER
I20260608 12:42:15.497264  5112 consensus_queue.cc:260] T e2fbe808293f4e9788c9893711219545 P 82ea1bee2af741a483f4fa39d0752d45 [NON_LEADER]: Queue going to NON_LEADER mode. State: All replicated index: 0, Majority replicated index: 0, Committed index: 0, Last appended: 0.0, Last appended by leader: 0, Current term: 0, Majority size: -1, State: 0, Mode: NON_LEADER, active raft config: opid_index: -1 OBSOLETE_local: false peers { permanent_uuid: "7d5ce24fce52404c9a6b0c6c34b0d46e" member_type: VOTER last_known_addr { host: "127.0.107.193" port: 42289 } } peers { permanent_uuid: "fc3ae7cf00d8445cb8134187bb230106" member_type: VOTER last_known_addr { host: "127.0.107.194" port: 36955 } } peers { permanent_uuid: "82ea1bee2af741a483f4fa39d0752d45" member_type: VOTER last_known_addr { host: "127.0.107.195" port: 34447 } }
I20260608 12:42:15.497685  5111 raft_consensus.cc:359] T b113a5bb34b14444b21cbcf8fe021d5a P fc3ae7cf00d8445cb8134187bb230106 [term 0 FOLLOWER]: Replica starting. Triggering 0 pending ops. Active config: opid_index: -1 OBSOLETE_local: false peers { permanent_uuid: "7d5ce24fce52404c9a6b0c6c34b0d46e" member_type: VOTER last_known_addr { host: "127.0.107.193" port: 42289 } } peers { permanent_uuid: "fc3ae7cf00d8445cb8134187bb230106" member_type: VOTER last_known_addr { host: "127.0.107.194" port: 36955 } } peers { permanent_uuid: "82ea1bee2af741a483f4fa39d0752d45" member_type: VOTER last_known_addr { host: "127.0.107.195" port: 34447 } }
I20260608 12:42:15.498611  5111 raft_consensus.cc:385] T b113a5bb34b14444b21cbcf8fe021d5a P fc3ae7cf00d8445cb8134187bb230106 [term 0 FOLLOWER]: Consensus starting up: Expiring failure detector timer to make a prompt election more likely
I20260608 12:42:15.498965  5112 ts_tablet_manager.cc:1434] T e2fbe808293f4e9788c9893711219545 P 82ea1bee2af741a483f4fa39d0752d45: Time spent starting tablet: real 0.005s	user 0.003s	sys 0.000s
I20260608 12:42:15.498955  5111 raft_consensus.cc:740] T b113a5bb34b14444b21cbcf8fe021d5a P fc3ae7cf00d8445cb8134187bb230106 [term 0 FOLLOWER]: Becoming Follower/Learner. State: Replica: fc3ae7cf00d8445cb8134187bb230106, State: Initialized, Role: FOLLOWER
I20260608 12:42:15.505319  5111 consensus_queue.cc:260] T b113a5bb34b14444b21cbcf8fe021d5a P fc3ae7cf00d8445cb8134187bb230106 [NON_LEADER]: Queue going to NON_LEADER mode. State: All replicated index: 0, Majority replicated index: 0, Committed index: 0, Last appended: 0.0, Last appended by leader: 0, Current term: 0, Majority size: -1, State: 0, Mode: NON_LEADER, active raft config: opid_index: -1 OBSOLETE_local: false peers { permanent_uuid: "7d5ce24fce52404c9a6b0c6c34b0d46e" member_type: VOTER last_known_addr { host: "127.0.107.193" port: 42289 } } peers { permanent_uuid: "fc3ae7cf00d8445cb8134187bb230106" member_type: VOTER last_known_addr { host: "127.0.107.194" port: 36955 } } peers { permanent_uuid: "82ea1bee2af741a483f4fa39d0752d45" member_type: VOTER last_known_addr { host: "127.0.107.195" port: 34447 } }
I20260608 12:42:15.505815  5109 tablet_bootstrap.cc:492] T e2fbe808293f4e9788c9893711219545 P 7d5ce24fce52404c9a6b0c6c34b0d46e: No bootstrap required, opened a new log
I20260608 12:42:15.506464  5109 ts_tablet_manager.cc:1403] T e2fbe808293f4e9788c9893711219545 P 7d5ce24fce52404c9a6b0c6c34b0d46e: Time spent bootstrapping tablet: real 0.059s	user 0.009s	sys 0.048s
I20260608 12:42:15.507619  5111 ts_tablet_manager.cc:1434] T b113a5bb34b14444b21cbcf8fe021d5a P fc3ae7cf00d8445cb8134187bb230106: Time spent starting tablet: real 0.013s	user 0.011s	sys 0.000s
I20260608 12:42:15.508774  5111 tablet_bootstrap.cc:492] T 04a413b0297649a7bce6d00b89bc1a2e P fc3ae7cf00d8445cb8134187bb230106: Bootstrap starting.
I20260608 12:42:15.509496  5109 raft_consensus.cc:359] T e2fbe808293f4e9788c9893711219545 P 7d5ce24fce52404c9a6b0c6c34b0d46e [term 0 FOLLOWER]: Replica starting. Triggering 0 pending ops. Active config: opid_index: -1 OBSOLETE_local: false peers { permanent_uuid: "7d5ce24fce52404c9a6b0c6c34b0d46e" member_type: VOTER last_known_addr { host: "127.0.107.193" port: 42289 } } peers { permanent_uuid: "fc3ae7cf00d8445cb8134187bb230106" member_type: VOTER last_known_addr { host: "127.0.107.194" port: 36955 } } peers { permanent_uuid: "82ea1bee2af741a483f4fa39d0752d45" member_type: VOTER last_known_addr { host: "127.0.107.195" port: 34447 } }
I20260608 12:42:15.510242  5109 raft_consensus.cc:385] T e2fbe808293f4e9788c9893711219545 P 7d5ce24fce52404c9a6b0c6c34b0d46e [term 0 FOLLOWER]: Consensus starting up: Expiring failure detector timer to make a prompt election more likely
I20260608 12:42:15.510519  5109 raft_consensus.cc:740] T e2fbe808293f4e9788c9893711219545 P 7d5ce24fce52404c9a6b0c6c34b0d46e [term 0 FOLLOWER]: Becoming Follower/Learner. State: Replica: 7d5ce24fce52404c9a6b0c6c34b0d46e, State: Initialized, Role: FOLLOWER
I20260608 12:42:15.511402  5109 consensus_queue.cc:260] T e2fbe808293f4e9788c9893711219545 P 7d5ce24fce52404c9a6b0c6c34b0d46e [NON_LEADER]: Queue going to NON_LEADER mode. State: All replicated index: 0, Majority replicated index: 0, Committed index: 0, Last appended: 0.0, Last appended by leader: 0, Current term: 0, Majority size: -1, State: 0, Mode: NON_LEADER, active raft config: opid_index: -1 OBSOLETE_local: false peers { permanent_uuid: "7d5ce24fce52404c9a6b0c6c34b0d46e" member_type: VOTER last_known_addr { host: "127.0.107.193" port: 42289 } } peers { permanent_uuid: "fc3ae7cf00d8445cb8134187bb230106" member_type: VOTER last_known_addr { host: "127.0.107.194" port: 36955 } } peers { permanent_uuid: "82ea1bee2af741a483f4fa39d0752d45" member_type: VOTER last_known_addr { host: "127.0.107.195" port: 34447 } }
I20260608 12:42:15.513615  5109 ts_tablet_manager.cc:1434] T e2fbe808293f4e9788c9893711219545 P 7d5ce24fce52404c9a6b0c6c34b0d46e: Time spent starting tablet: real 0.007s	user 0.000s	sys 0.005s
I20260608 12:42:15.514518  5111 tablet_bootstrap.cc:654] T 04a413b0297649a7bce6d00b89bc1a2e P fc3ae7cf00d8445cb8134187bb230106: Neither blocks nor log segments found. Creating new log.
