I20260608 12:42:05.853904  5001 tablet_service.cc:1917] Received RequestConsensusVote() RPC: tablet_id: "5c1147b7799b47d5a194b031ca2f6c6d" candidate_uuid: "0eacb4c6e125482d93d7182659c0ac53" candidate_term: 1 candidate_status { last_received { term: 0 index: 0 } } ignore_live_leader: false dest_uuid: "01c9d8b5cf274c7f93ead98c443ac494"
I20260608 12:42:05.855209  5123 tablet_bootstrap.cc:492] T 949be57bc31749bd94f98d8a329aa5aa P 01c9d8b5cf274c7f93ead98c443ac494: Bootstrap starting.
I20260608 12:42:05.855175  5001 raft_consensus.cc:3060] T 5c1147b7799b47d5a194b031ca2f6c6d P 01c9d8b5cf274c7f93ead98c443ac494 [term 0 FOLLOWER]: Advancing to term 1
W20260608 12:42:05.855655  4892 leader_election.cc:343] T 5c1147b7799b47d5a194b031ca2f6c6d P 0eacb4c6e125482d93d7182659c0ac53 [CANDIDATE]: Term 1 election: Tablet error from VoteRequest() call to peer f436a0fa419d46f7aeee165bde3728a2 (127.0.107.195:35143): Illegal state: must be running to vote when last-logged opid is not known
I20260608 12:42:05.856122  5122 tablet_bootstrap.cc:492] T 78d45ba015bf416ab3e4d92b985e75d7 P 0eacb4c6e125482d93d7182659c0ac53: No bootstrap required, opened a new log
I20260608 12:42:05.856575  5122 ts_tablet_manager.cc:1403] T 78d45ba015bf416ab3e4d92b985e75d7 P 0eacb4c6e125482d93d7182659c0ac53: Time spent bootstrapping tablet: real 0.052s	user 0.015s	sys 0.019s
I20260608 12:42:05.859027  5122 raft_consensus.cc:359] T 78d45ba015bf416ab3e4d92b985e75d7 P 0eacb4c6e125482d93d7182659c0ac53 [term 0 FOLLOWER]: Replica starting. Triggering 0 pending ops. Active config: opid_index: -1 OBSOLETE_local: false peers { permanent_uuid: "0eacb4c6e125482d93d7182659c0ac53" member_type: VOTER last_known_addr { host: "127.0.107.193" port: 39585 } } peers { permanent_uuid: "01c9d8b5cf274c7f93ead98c443ac494" member_type: VOTER last_known_addr { host: "127.0.107.194" port: 46163 } } peers { permanent_uuid: "f436a0fa419d46f7aeee165bde3728a2" member_type: VOTER last_known_addr { host: "127.0.107.195" port: 35143 } }
I20260608 12:42:05.859694  5122 raft_consensus.cc:385] T 78d45ba015bf416ab3e4d92b985e75d7 P 0eacb4c6e125482d93d7182659c0ac53 [term 0 FOLLOWER]: Consensus starting up: Expiring failure detector timer to make a prompt election more likely
I20260608 12:42:05.860019  5122 raft_consensus.cc:740] T 78d45ba015bf416ab3e4d92b985e75d7 P 0eacb4c6e125482d93d7182659c0ac53 [term 0 FOLLOWER]: Becoming Follower/Learner. State: Replica: 0eacb4c6e125482d93d7182659c0ac53, State: Initialized, Role: FOLLOWER
I20260608 12:42:05.860741  5122 consensus_queue.cc:260] T 78d45ba015bf416ab3e4d92b985e75d7 P 0eacb4c6e125482d93d7182659c0ac53 [NON_LEADER]: Queue going to NON_LEADER mode. State: All replicated index: 0, Majority replicated index: 0, Committed index: 0, Last appended: 0.0, Last appended by leader: 0, Current term: 0, Majority size: -1, State: 0, Mode: NON_LEADER, active raft config: opid_index: -1 OBSOLETE_local: false peers { permanent_uuid: "0eacb4c6e125482d93d7182659c0ac53" member_type: VOTER last_known_addr { host: "127.0.107.193" port: 39585 } } peers { permanent_uuid: "01c9d8b5cf274c7f93ead98c443ac494" member_type: VOTER last_known_addr { host: "127.0.107.194" port: 46163 } } peers { permanent_uuid: "f436a0fa419d46f7aeee165bde3728a2" member_type: VOTER last_known_addr { host: "127.0.107.195" port: 35143 } }
I20260608 12:42:05.862978  5122 ts_tablet_manager.cc:1434] T 78d45ba015bf416ab3e4d92b985e75d7 P 0eacb4c6e125482d93d7182659c0ac53: Time spent starting tablet: real 0.006s	user 0.006s	sys 0.000s
I20260608 12:42:05.862875  5001 raft_consensus.cc:2468] T 5c1147b7799b47d5a194b031ca2f6c6d P 01c9d8b5cf274c7f93ead98c443ac494 [term 1 FOLLOWER]: Leader election vote request: Granting yes vote for candidate 0eacb4c6e125482d93d7182659c0ac53 in term 1.
I20260608 12:42:05.863963  5121 tablet_bootstrap.cc:492] T e8420d84eecb452f80f79c4c2b6a5fab P f436a0fa419d46f7aeee165bde3728a2: No bootstrap required, opened a new log
I20260608 12:42:05.864339  4893 leader_election.cc:304] T 5c1147b7799b47d5a194b031ca2f6c6d P 0eacb4c6e125482d93d7182659c0ac53 [CANDIDATE]: Term 1 election: Election decided. Result: candidate won. Election summary: received 3 responses out of 3 voters: 2 yes votes; 1 no votes. yes voters: 01c9d8b5cf274c7f93ead98c443ac494, 0eacb4c6e125482d93d7182659c0ac53; no voters: f436a0fa419d46f7aeee165bde3728a2
I20260608 12:42:05.864794  5123 tablet_bootstrap.cc:654] T 949be57bc31749bd94f98d8a329aa5aa P 01c9d8b5cf274c7f93ead98c443ac494: Neither blocks nor log segments found. Creating new log.
I20260608 12:42:05.864959  5121 ts_tablet_manager.cc:1403] T e8420d84eecb452f80f79c4c2b6a5fab P f436a0fa419d46f7aeee165bde3728a2: Time spent bootstrapping tablet: real 0.053s	user 0.013s	sys 0.024s
I20260608 12:42:05.866679  5155 raft_consensus.cc:2804] T 5c1147b7799b47d5a194b031ca2f6c6d P 0eacb4c6e125482d93d7182659c0ac53 [term 1 FOLLOWER]: Leader election won for term 1
I20260608 12:42:05.867404  5155 raft_consensus.cc:697] T 5c1147b7799b47d5a194b031ca2f6c6d P 0eacb4c6e125482d93d7182659c0ac53 [term 1 LEADER]: Becoming Leader. State: Replica: 0eacb4c6e125482d93d7182659c0ac53, State: Running, Role: LEADER
I20260608 12:42:05.868235  5155 consensus_queue.cc:237] T 5c1147b7799b47d5a194b031ca2f6c6d P 0eacb4c6e125482d93d7182659c0ac53 [LEADER]: Queue going to LEADER mode. State: All replicated index: 0, Majority replicated index: 0, Committed index: 0, Last appended: 0.0, Last appended by leader: 0, Current term: 1, Majority size: 2, State: 0, Mode: LEADER, active raft config: opid_index: -1 OBSOLETE_local: false peers { permanent_uuid: "0eacb4c6e125482d93d7182659c0ac53" member_type: VOTER last_known_addr { host: "127.0.107.193" port: 39585 } } peers { permanent_uuid: "01c9d8b5cf274c7f93ead98c443ac494" member_type: VOTER last_known_addr { host: "127.0.107.194" port: 46163 } } peers { permanent_uuid: "f436a0fa419d46f7aeee165bde3728a2" member_type: VOTER last_known_addr { host: "127.0.107.195" port: 35143 } }
I20260608 12:42:05.868544  5121 raft_consensus.cc:359] T e8420d84eecb452f80f79c4c2b6a5fab P f436a0fa419d46f7aeee165bde3728a2 [term 0 FOLLOWER]: Replica starting. Triggering 0 pending ops. Active config: opid_index: -1 OBSOLETE_local: false peers { permanent_uuid: "0eacb4c6e125482d93d7182659c0ac53" member_type: VOTER last_known_addr { host: "127.0.107.193" port: 39585 } } peers { permanent_uuid: "01c9d8b5cf274c7f93ead98c443ac494" member_type: VOTER last_known_addr { host: "127.0.107.194" port: 46163 } } peers { permanent_uuid: "f436a0fa419d46f7aeee165bde3728a2" member_type: VOTER last_known_addr { host: "127.0.107.195" port: 35143 } }
I20260608 12:42:05.864099  5122 tablet_bootstrap.cc:492] T 5fd7b9b2be344488a92937ddddc983eb P 0eacb4c6e125482d93d7182659c0ac53: Bootstrap starting.
I20260608 12:42:05.869194  5121 raft_consensus.cc:385] T e8420d84eecb452f80f79c4c2b6a5fab P f436a0fa419d46f7aeee165bde3728a2 [term 0 FOLLOWER]: Consensus starting up: Expiring failure detector timer to make a prompt election more likely
I20260608 12:42:05.869550  5121 raft_consensus.cc:740] T e8420d84eecb452f80f79c4c2b6a5fab P f436a0fa419d46f7aeee165bde3728a2 [term 0 FOLLOWER]: Becoming Follower/Learner. State: Replica: f436a0fa419d46f7aeee165bde3728a2, State: Initialized, Role: FOLLOWER
I20260608 12:42:05.870499  5121 consensus_queue.cc:260] T e8420d84eecb452f80f79c4c2b6a5fab P f436a0fa419d46f7aeee165bde3728a2 [NON_LEADER]: Queue going to NON_LEADER mode. State: All replicated index: 0, Majority replicated index: 0, Committed index: 0, Last appended: 0.0, Last appended by leader: 0, Current term: 0, Majority size: -1, State: 0, Mode: NON_LEADER, active raft config: opid_index: -1 OBSOLETE_local: false peers { permanent_uuid: "0eacb4c6e125482d93d7182659c0ac53" member_type: VOTER last_known_addr { host: "127.0.107.193" port: 39585 } } peers { permanent_uuid: "01c9d8b5cf274c7f93ead98c443ac494" member_type: VOTER last_known_addr { host: "127.0.107.194" port: 46163 } } peers { permanent_uuid: "f436a0fa419d46f7aeee165bde3728a2" member_type: VOTER last_known_addr { host: "127.0.107.195" port: 35143 } }
I20260608 12:42:05.875308  5158 raft_consensus.cc:493] T 949be57bc31749bd94f98d8a329aa5aa P 0eacb4c6e125482d93d7182659c0ac53 [term 0 FOLLOWER]: Starting pre-election (no leader contacted us within the election timeout)
I20260608 12:42:05.875860  5158 raft_consensus.cc:515] T 949be57bc31749bd94f98d8a329aa5aa P 0eacb4c6e125482d93d7182659c0ac53 [term 0 FOLLOWER]: Starting pre-election with config: opid_index: -1 OBSOLETE_local: false peers { permanent_uuid: "0eacb4c6e125482d93d7182659c0ac53" member_type: VOTER last_known_addr { host: "127.0.107.193" port: 39585 } } peers { permanent_uuid: "01c9d8b5cf274c7f93ead98c443ac494" member_type: VOTER last_known_addr { host: "127.0.107.194" port: 46163 } } peers { permanent_uuid: "f436a0fa419d46f7aeee165bde3728a2" member_type: VOTER last_known_addr { host: "127.0.107.195" port: 35143 } }
I20260608 12:42:05.878713  5122 tablet_bootstrap.cc:654] T 5fd7b9b2be344488a92937ddddc983eb P 0eacb4c6e125482d93d7182659c0ac53: Neither blocks nor log segments found. Creating new log.
I20260608 12:42:05.879508  5076 tablet_service.cc:1917] Received RequestConsensusVote() RPC: tablet_id: "949be57bc31749bd94f98d8a329aa5aa" candidate_uuid: "0eacb4c6e125482d93d7182659c0ac53" candidate_term: 1 candidate_status { last_received { term: 0 index: 0 } } ignore_live_leader: false dest_uuid: "f436a0fa419d46f7aeee165bde3728a2" is_pre_election: true
I20260608 12:42:05.880218  5076 raft_consensus.cc:2468] T 949be57bc31749bd94f98d8a329aa5aa P f436a0fa419d46f7aeee165bde3728a2 [term 0 FOLLOWER]: Leader pre-election vote request: Granting yes vote for candidate 0eacb4c6e125482d93d7182659c0ac53 in term 0.
I20260608 12:42:05.880753  5121 ts_tablet_manager.cc:1434] T e8420d84eecb452f80f79c4c2b6a5fab P f436a0fa419d46f7aeee165bde3728a2: Time spent starting tablet: real 0.015s	user 0.004s	sys 0.001s
I20260608 12:42:05.881516  4892 leader_election.cc:304] T 949be57bc31749bd94f98d8a329aa5aa P 0eacb4c6e125482d93d7182659c0ac53 [CANDIDATE]: Term 1 pre-election: Election decided. Result: candidate won. Election summary: received 2 responses out of 3 voters: 2 yes votes; 0 no votes. yes voters: 0eacb4c6e125482d93d7182659c0ac53, f436a0fa419d46f7aeee165bde3728a2; no voters: 
I20260608 12:42:05.882440  5129 raft_consensus.cc:2804] T 949be57bc31749bd94f98d8a329aa5aa P 0eacb4c6e125482d93d7182659c0ac53 [term 0 FOLLOWER]: Leader pre-election won for term 1
I20260608 12:42:05.882622  5142 raft_consensus.cc:493] T 78d45ba015bf416ab3e4d92b985e75d7 P 01c9d8b5cf274c7f93ead98c443ac494 [term 0 FOLLOWER]: Starting pre-election (no leader contacted us within the election timeout)
I20260608 12:42:05.882982  5129 raft_consensus.cc:493] T 949be57bc31749bd94f98d8a329aa5aa P 0eacb4c6e125482d93d7182659c0ac53 [term 0 FOLLOWER]: Starting leader election (no leader contacted us within the election timeout)
I20260608 12:42:05.883203  5142 raft_consensus.cc:515] T 78d45ba015bf416ab3e4d92b985e75d7 P 01c9d8b5cf274c7f93ead98c443ac494 [term 0 FOLLOWER]: Starting pre-election with config: opid_index: -1 OBSOLETE_local: false peers { permanent_uuid: "0eacb4c6e125482d93d7182659c0ac53" member_type: VOTER last_known_addr { host: "127.0.107.193" port: 39585 } } peers { permanent_uuid: "01c9d8b5cf274c7f93ead98c443ac494" member_type: VOTER last_known_addr { host: "127.0.107.194" port: 46163 } } peers { permanent_uuid: "f436a0fa419d46f7aeee165bde3728a2" member_type: VOTER last_known_addr { host: "127.0.107.195" port: 35143 } }
I20260608 12:42:05.883525  5129 raft_consensus.cc:3060] T 949be57bc31749bd94f98d8a329aa5aa P 0eacb4c6e125482d93d7182659c0ac53 [term 0 FOLLOWER]: Advancing to term 1
I20260608 12:42:05.887972  5076 tablet_service.cc:1917] Received RequestConsensusVote() RPC: tablet_id: "78d45ba015bf416ab3e4d92b985e75d7" candidate_uuid: "01c9d8b5cf274c7f93ead98c443ac494" candidate_term: 1 candidate_status { last_received { term: 0 index: 0 } } ignore_live_leader: false dest_uuid: "f436a0fa419d46f7aeee165bde3728a2" is_pre_election: true
I20260608 12:42:05.888722  5076 raft_consensus.cc:2468] T 78d45ba015bf416ab3e4d92b985e75d7 P f436a0fa419d46f7aeee165bde3728a2 [term 0 FOLLOWER]: Leader pre-election vote request: Granting yes vote for candidate 01c9d8b5cf274c7f93ead98c443ac494 in term 0.
I20260608 12:42:05.890172  4925 tablet_service.cc:1917] Received RequestConsensusVote() RPC: tablet_id: "78d45ba015bf416ab3e4d92b985e75d7" candidate_uuid: "01c9d8b5cf274c7f93ead98c443ac494" candidate_term: 1 candidate_status { last_received { term: 0 index: 0 } } ignore_live_leader: false dest_uuid: "0eacb4c6e125482d93d7182659c0ac53" is_pre_election: true
I20260608 12:42:05.890298  4967 leader_election.cc:304] T 78d45ba015bf416ab3e4d92b985e75d7 P 01c9d8b5cf274c7f93ead98c443ac494 [CANDIDATE]: Term 1 pre-election: Election decided. Result: candidate won. Election summary: received 2 responses out of 3 voters: 2 yes votes; 0 no votes. yes voters: 01c9d8b5cf274c7f93ead98c443ac494, f436a0fa419d46f7aeee165bde3728a2; no voters: 
I20260608 12:42:05.890934  4925 raft_consensus.cc:2468] T 78d45ba015bf416ab3e4d92b985e75d7 P 0eacb4c6e125482d93d7182659c0ac53 [term 0 FOLLOWER]: Leader pre-election vote request: Granting yes vote for candidate 01c9d8b5cf274c7f93ead98c443ac494 in term 0.
I20260608 12:42:05.891448  5173 raft_consensus.cc:2804] T 78d45ba015bf416ab3e4d92b985e75d7 P 01c9d8b5cf274c7f93ead98c443ac494 [term 0 FOLLOWER]: Leader pre-election won for term 1
I20260608 12:42:05.891907  5173 raft_consensus.cc:493] T 78d45ba015bf416ab3e4d92b985e75d7 P 01c9d8b5cf274c7f93ead98c443ac494 [term 0 FOLLOWER]: Starting leader election (no leader contacted us within the election timeout)
I20260608 12:42:05.892287  5173 raft_consensus.cc:3060] T 78d45ba015bf416ab3e4d92b985e75d7 P 01c9d8b5cf274c7f93ead98c443ac494 [term 0 FOLLOWER]: Advancing to term 1
I20260608 12:42:05.893743  5129 raft_consensus.cc:515] T 949be57bc31749bd94f98d8a329aa5aa P 0eacb4c6e125482d93d7182659c0ac53 [term 1 FOLLOWER]: Starting leader election with config: opid_index: -1 OBSOLETE_local: false peers { permanent_uuid: "0eacb4c6e125482d93d7182659c0ac53" member_type: VOTER last_known_addr { host: "127.0.107.193" port: 39585 } } peers { permanent_uuid: "01c9d8b5cf274c7f93ead98c443ac494" member_type: VOTER last_known_addr { host: "127.0.107.194" port: 46163 } } peers { permanent_uuid: "f436a0fa419d46f7aeee165bde3728a2" member_type: VOTER last_known_addr { host: "127.0.107.195" port: 35143 } }
I20260608 12:42:05.895489  5002 tablet_service.cc:1917] Received RequestConsensusVote() RPC: tablet_id: "949be57bc31749bd94f98d8a329aa5aa" candidate_uuid: "0eacb4c6e125482d93d7182659c0ac53" candidate_term: 1 candidate_status { last_received { term: 0 index: 0 } } ignore_live_leader: false dest_uuid: "01c9d8b5cf274c7f93ead98c443ac494" is_pre_election: true
I20260608 12:42:05.896883  5121 tablet_bootstrap.cc:492] T b7cec5637de14f6284f4a3e8867eaa12 P f436a0fa419d46f7aeee165bde3728a2: Bootstrap starting.
W20260608 12:42:05.897060  4893 leader_election.cc:343] T 949be57bc31749bd94f98d8a329aa5aa P 0eacb4c6e125482d93d7182659c0ac53 [CANDIDATE]: Term 1 pre-election: Tablet error from VoteRequest() call to peer 01c9d8b5cf274c7f93ead98c443ac494 (127.0.107.194:46163): Illegal state: must be running to vote when last-logged opid is not known
I20260608 12:42:05.897589  5002 tablet_service.cc:1917] Received RequestConsensusVote() RPC: tablet_id: "949be57bc31749bd94f98d8a329aa5aa" candidate_uuid: "0eacb4c6e125482d93d7182659c0ac53" candidate_term: 1 candidate_status { last_received { term: 0 index: 0 } } ignore_live_leader: false dest_uuid: "01c9d8b5cf274c7f93ead98c443ac494"
I20260608 12:42:05.901690  5129 leader_election.cc:290] T 949be57bc31749bd94f98d8a329aa5aa P 0eacb4c6e125482d93d7182659c0ac53 [CANDIDATE]: Term 1 election: Requested vote from peers 01c9d8b5cf274c7f93ead98c443ac494 (127.0.107.194:46163), f436a0fa419d46f7aeee165bde3728a2 (127.0.107.195:35143)
I20260608 12:42:05.903914  5121 tablet_bootstrap.cc:654] T b7cec5637de14f6284f4a3e8867eaa12 P f436a0fa419d46f7aeee165bde3728a2: Neither blocks nor log segments found. Creating new log.
I20260608 12:42:05.905956  5158 leader_election.cc:290] T 949be57bc31749bd94f98d8a329aa5aa P 0eacb4c6e125482d93d7182659c0ac53 [CANDIDATE]: Term 1 pre-election: Requested pre-vote from peers 01c9d8b5cf274c7f93ead98c443ac494 (127.0.107.194:46163), f436a0fa419d46f7aeee165bde3728a2 (127.0.107.195:35143)
W20260608 12:42:05.908126  4893 leader_election.cc:343] T 949be57bc31749bd94f98d8a329aa5aa P 0eacb4c6e125482d93d7182659c0ac53 [CANDIDATE]: Term 1 election: Tablet error from VoteRequest() call to peer 01c9d8b5cf274c7f93ead98c443ac494 (127.0.107.194:46163): Illegal state: must be running to vote when last-logged opid is not known
I20260608 12:42:05.908653  5123 tablet_bootstrap.cc:492] T 949be57bc31749bd94f98d8a329aa5aa P 01c9d8b5cf274c7f93ead98c443ac494: No bootstrap required, opened a new log
I20260608 12:42:05.908651  5122 tablet_bootstrap.cc:492] T 5fd7b9b2be344488a92937ddddc983eb P 0eacb4c6e125482d93d7182659c0ac53: No bootstrap required, opened a new log
I20260608 12:42:05.909261  5123 ts_tablet_manager.cc:1403] T 949be57bc31749bd94f98d8a329aa5aa P 01c9d8b5cf274c7f93ead98c443ac494: Time spent bootstrapping tablet: real 0.054s	user 0.016s	sys 0.031s
I20260608 12:42:05.885622  5142 leader_election.cc:290] T 78d45ba015bf416ab3e4d92b985e75d7 P 01c9d8b5cf274c7f93ead98c443ac494 [CANDIDATE]: Term 1 pre-election: Requested pre-vote from peers 0eacb4c6e125482d93d7182659c0ac53 (127.0.107.193:39585), f436a0fa419d46f7aeee165bde3728a2 (127.0.107.195:35143)
I20260608 12:42:05.909744  5122 ts_tablet_manager.cc:1403] T 5fd7b9b2be344488a92937ddddc983eb P 0eacb4c6e125482d93d7182659c0ac53: Time spent bootstrapping tablet: real 0.046s	user 0.020s	sys 0.001s
I20260608 12:42:05.911207  5076 tablet_service.cc:1917] Received RequestConsensusVote() RPC: tablet_id: "949be57bc31749bd94f98d8a329aa5aa" candidate_uuid: "0eacb4c6e125482d93d7182659c0ac53" candidate_term: 1 candidate_status { last_received { term: 0 index: 0 } } ignore_live_leader: false dest_uuid: "f436a0fa419d46f7aeee165bde3728a2"
I20260608 12:42:05.912113  5076 raft_consensus.cc:3060] T 949be57bc31749bd94f98d8a329aa5aa P f436a0fa419d46f7aeee165bde3728a2 [term 0 FOLLOWER]: Advancing to term 1
I20260608 12:42:05.912456  5123 raft_consensus.cc:359] T 949be57bc31749bd94f98d8a329aa5aa P 01c9d8b5cf274c7f93ead98c443ac494 [term 0 FOLLOWER]: Replica starting. Triggering 0 pending ops. Active config: opid_index: -1 OBSOLETE_local: false peers { permanent_uuid: "0eacb4c6e125482d93d7182659c0ac53" member_type: VOTER last_known_addr { host: "127.0.107.193" port: 39585 } } peers { permanent_uuid: "01c9d8b5cf274c7f93ead98c443ac494" member_type: VOTER last_known_addr { host: "127.0.107.194" port: 46163 } } peers { permanent_uuid: "f436a0fa419d46f7aeee165bde3728a2" member_type: VOTER last_known_addr { host: "127.0.107.195" port: 35143 } }
I20260608 12:42:05.913236  5123 raft_consensus.cc:385] T 949be57bc31749bd94f98d8a329aa5aa P 01c9d8b5cf274c7f93ead98c443ac494 [term 0 FOLLOWER]: Consensus starting up: Expiring failure detector timer to make a prompt election more likely
I20260608 12:42:05.913518  5123 raft_consensus.cc:740] T 949be57bc31749bd94f98d8a329aa5aa P 01c9d8b5cf274c7f93ead98c443ac494 [term 0 FOLLOWER]: Becoming Follower/Learner. State: Replica: 01c9d8b5cf274c7f93ead98c443ac494, State: Initialized, Role: FOLLOWER
I20260608 12:42:05.913552  5122 raft_consensus.cc:359] T 5fd7b9b2be344488a92937ddddc983eb P 0eacb4c6e125482d93d7182659c0ac53 [term 0 FOLLOWER]: Replica starting. Triggering 0 pending ops. Active config: opid_index: -1 OBSOLETE_local: false peers { permanent_uuid: "0eacb4c6e125482d93d7182659c0ac53" member_type: VOTER last_known_addr { host: "127.0.107.193" port: 39585 } } peers { permanent_uuid: "01c9d8b5cf274c7f93ead98c443ac494" member_type: VOTER last_known_addr { host: "127.0.107.194" port: 46163 } } peers { permanent_uuid: "f436a0fa419d46f7aeee165bde3728a2" member_type: VOTER last_known_addr { host: "127.0.107.195" port: 35143 } }
I20260608 12:42:05.914448  5122 raft_consensus.cc:385] T 5fd7b9b2be344488a92937ddddc983eb P 0eacb4c6e125482d93d7182659c0ac53 [term 0 FOLLOWER]: Consensus starting up: Expiring failure detector timer to make a prompt election more likely
I20260608 12:42:05.914844  5122 raft_consensus.cc:740] T 5fd7b9b2be344488a92937ddddc983eb P 0eacb4c6e125482d93d7182659c0ac53 [term 0 FOLLOWER]: Becoming Follower/Learner. State: Replica: 0eacb4c6e125482d93d7182659c0ac53, State: Initialized, Role: FOLLOWER
I20260608 12:42:05.914525  5123 consensus_queue.cc:260] T 949be57bc31749bd94f98d8a329aa5aa P 01c9d8b5cf274c7f93ead98c443ac494 [NON_LEADER]: Queue going to NON_LEADER mode. State: All replicated index: 0, Majority replicated index: 0, Committed index: 0, Last appended: 0.0, Last appended by leader: 0, Current term: 0, Majority size: -1, State: 0, Mode: NON_LEADER, active raft config: opid_index: -1 OBSOLETE_local: false peers { permanent_uuid: "0eacb4c6e125482d93d7182659c0ac53" member_type: VOTER last_known_addr { host: "127.0.107.193" port: 39585 } } peers { permanent_uuid: "01c9d8b5cf274c7f93ead98c443ac494" member_type: VOTER last_known_addr { host: "127.0.107.194" port: 46163 } } peers { permanent_uuid: "f436a0fa419d46f7aeee165bde3728a2" member_type: VOTER last_known_addr { host: "127.0.107.195" port: 35143 } }
I20260608 12:42:05.915740  5122 consensus_queue.cc:260] T 5fd7b9b2be344488a92937ddddc983eb P 0eacb4c6e125482d93d7182659c0ac53 [NON_LEADER]: Queue going to NON_LEADER mode. State: All replicated index: 0, Majority replicated index: 0, Committed index: 0, Last appended: 0.0, Last appended by leader: 0, Current term: 0, Majority size: -1, State: 0, Mode: NON_LEADER, active raft config: opid_index: -1 OBSOLETE_local: false peers { permanent_uuid: "0eacb4c6e125482d93d7182659c0ac53" member_type: VOTER last_known_addr { host: "127.0.107.193" port: 39585 } } peers { permanent_uuid: "01c9d8b5cf274c7f93ead98c443ac494" member_type: VOTER last_known_addr { host: "127.0.107.194" port: 46163 } } peers { permanent_uuid: "f436a0fa419d46f7aeee165bde3728a2" member_type: VOTER last_known_addr { host: "127.0.107.195" port: 35143 } }
I20260608 12:42:05.916689  5123 ts_tablet_manager.cc:1434] T 949be57bc31749bd94f98d8a329aa5aa P 01c9d8b5cf274c7f93ead98c443ac494: Time spent starting tablet: real 0.007s	user 0.006s	sys 0.000s
I20260608 12:42:05.918401  5122 ts_tablet_manager.cc:1434] T 5fd7b9b2be344488a92937ddddc983eb P 0eacb4c6e125482d93d7182659c0ac53: Time spent starting tablet: real 0.008s	user 0.006s	sys 0.000s
I20260608 12:42:05.924105  5122 tablet_bootstrap.cc:492] T 171a8f9c7085462d993ce1bbb0fe1ef8 P 0eacb4c6e125482d93d7182659c0ac53: Bootstrap starting.
I20260608 12:42:05.928607  5076 raft_consensus.cc:2468] T 949be57bc31749bd94f98d8a329aa5aa P f436a0fa419d46f7aeee165bde3728a2 [term 1 FOLLOWER]: Leader election vote request: Granting yes vote for candidate 0eacb4c6e125482d93d7182659c0ac53 in term 1.
I20260608 12:42:05.930300  5122 tablet_bootstrap.cc:654] T 171a8f9c7085462d993ce1bbb0fe1ef8 P 0eacb4c6e125482d93d7182659c0ac53: Neither blocks nor log segments found. Creating new log.
I20260608 12:42:05.930804  4892 leader_election.cc:304] T 949be57bc31749bd94f98d8a329aa5aa P 0eacb4c6e125482d93d7182659c0ac53 [CANDIDATE]: Term 1 election: Election decided. Result: candidate won. Election summary: received 3 responses out of 3 voters: 2 yes votes; 1 no votes. yes voters: 0eacb4c6e125482d93d7182659c0ac53, f436a0fa419d46f7aeee165bde3728a2; no voters: 01c9d8b5cf274c7f93ead98c443ac494
I20260608 12:42:05.931999  5158 raft_consensus.cc:2804] T 949be57bc31749bd94f98d8a329aa5aa P 0eacb4c6e125482d93d7182659c0ac53 [term 1 FOLLOWER]: Leader election won for term 1
I20260608 12:42:05.905696  5173 raft_consensus.cc:515] T 78d45ba015bf416ab3e4d92b985e75d7 P 01c9d8b5cf274c7f93ead98c443ac494 [term 1 FOLLOWER]: Starting leader election with config: opid_index: -1 OBSOLETE_local: false peers { permanent_uuid: "0eacb4c6e125482d93d7182659c0ac53" member_type: VOTER last_known_addr { host: "127.0.107.193" port: 39585 } } peers { permanent_uuid: "01c9d8b5cf274c7f93ead98c443ac494" member_type: VOTER last_known_addr { host: "127.0.107.194" port: 46163 } } peers { permanent_uuid: "f436a0fa419d46f7aeee165bde3728a2" member_type: VOTER last_known_addr { host: "127.0.107.195" port: 35143 } }
I20260608 12:42:05.932518  5158 raft_consensus.cc:697] T 949be57bc31749bd94f98d8a329aa5aa P 0eacb4c6e125482d93d7182659c0ac53 [term 1 LEADER]: Becoming Leader. State: Replica: 0eacb4c6e125482d93d7182659c0ac53, State: Running, Role: LEADER
I20260608 12:42:05.933394  5158 consensus_queue.cc:237] T 949be57bc31749bd94f98d8a329aa5aa P 0eacb4c6e125482d93d7182659c0ac53 [LEADER]: Queue going to LEADER mode. State: All replicated index: 0, Majority replicated index: 0, Committed index: 0, Last appended: 0.0, Last appended by leader: 0, Current term: 1, Majority size: 2, State: 0, Mode: LEADER, active raft config: opid_index: -1 OBSOLETE_local: false peers { permanent_uuid: "0eacb4c6e125482d93d7182659c0ac53" member_type: VOTER last_known_addr { host: "127.0.107.193" port: 39585 } } peers { permanent_uuid: "01c9d8b5cf274c7f93ead98c443ac494" member_type: VOTER last_known_addr { host: "127.0.107.194" port: 46163 } } peers { permanent_uuid: "f436a0fa419d46f7aeee165bde3728a2" member_type: VOTER last_known_addr { host: "127.0.107.195" port: 35143 } }
I20260608 12:42:05.934209  5173 leader_election.cc:290] T 78d45ba015bf416ab3e4d92b985e75d7 P 01c9d8b5cf274c7f93ead98c443ac494 [CANDIDATE]: Term 1 election: Requested vote from peers 0eacb4c6e125482d93d7182659c0ac53 (127.0.107.193:39585), f436a0fa419d46f7aeee165bde3728a2 (127.0.107.195:35143)
I20260608 12:42:05.935978  4925 tablet_service.cc:1917] Received RequestConsensusVote() RPC: tablet_id: "78d45ba015bf416ab3e4d92b985e75d7" candidate_uuid: "01c9d8b5cf274c7f93ead98c443ac494" candidate_term: 1 candidate_status { last_received { term: 0 index: 0 } } ignore_live_leader: false dest_uuid: "0eacb4c6e125482d93d7182659c0ac53"
I20260608 12:42:05.936591  4925 raft_consensus.cc:3060] T 78d45ba015bf416ab3e4d92b985e75d7 P 0eacb4c6e125482d93d7182659c0ac53 [term 0 FOLLOWER]: Advancing to term 1
I20260608 12:42:05.944332  4925 raft_consensus.cc:2468] T 78d45ba015bf416ab3e4d92b985e75d7 P 0eacb4c6e125482d93d7182659c0ac53 [term 1 FOLLOWER]: Leader election vote request: Granting yes vote for candidate 01c9d8b5cf274c7f93ead98c443ac494 in term 1.
I20260608 12:42:05.945633  4968 leader_election.cc:304] T 78d45ba015bf416ab3e4d92b985e75d7 P 01c9d8b5cf274c7f93ead98c443ac494 [CANDIDATE]: Term 1 election: Election decided. Result: candidate won. Election summary: received 2 responses out of 3 voters: 2 yes votes; 0 no votes. yes voters: 01c9d8b5cf274c7f93ead98c443ac494, 0eacb4c6e125482d93d7182659c0ac53; no voters: 
I20260608 12:42:05.947594  5121 tablet_bootstrap.cc:492] T b7cec5637de14f6284f4a3e8867eaa12 P f436a0fa419d46f7aeee165bde3728a2: No bootstrap required, opened a new log
I20260608 12:42:05.947945  5173 raft_consensus.cc:2804] T 78d45ba015bf416ab3e4d92b985e75d7 P 01c9d8b5cf274c7f93ead98c443ac494 [term 1 FOLLOWER]: Leader election won for term 1
I20260608 12:42:05.948184  5121 ts_tablet_manager.cc:1403] T b7cec5637de14f6284f4a3e8867eaa12 P f436a0fa419d46f7aeee165bde3728a2: Time spent bootstrapping tablet: real 0.052s	user 0.009s	sys 0.030s
I20260608 12:42:05.948589  5173 raft_consensus.cc:697] T 78d45ba015bf416ab3e4d92b985e75d7 P 01c9d8b5cf274c7f93ead98c443ac494 [term 1 LEADER]: Becoming Leader. State: Replica: 01c9d8b5cf274c7f93ead98c443ac494, State: Running, Role: LEADER
I20260608 12:42:05.949532  5173 consensus_queue.cc:237] T 78d45ba015bf416ab3e4d92b985e75d7 P 01c9d8b5cf274c7f93ead98c443ac494 [LEADER]: Queue going to LEADER mode. State: All replicated index: 0, Majority replicated index: 0, Committed index: 0, Last appended: 0.0, Last appended by leader: 0, Current term: 1, Majority size: 2, State: 0, Mode: LEADER, active raft config: opid_index: -1 OBSOLETE_local: false peers { permanent_uuid: "0eacb4c6e125482d93d7182659c0ac53" member_type: VOTER last_known_addr { host: "127.0.107.193" port: 39585 } } peers { permanent_uuid: "01c9d8b5cf274c7f93ead98c443ac494" member_type: VOTER last_known_addr { host: "127.0.107.194" port: 46163 } } peers { permanent_uuid: "f436a0fa419d46f7aeee165bde3728a2" member_type: VOTER last_known_addr { host: "127.0.107.195" port: 35143 } }
I20260608 12:42:05.951310  5121 raft_consensus.cc:359] T b7cec5637de14f6284f4a3e8867eaa12 P f436a0fa419d46f7aeee165bde3728a2 [term 0 FOLLOWER]: Replica starting. Triggering 0 pending ops. Active config: opid_index: -1 OBSOLETE_local: false peers { permanent_uuid: "0eacb4c6e125482d93d7182659c0ac53" member_type: VOTER last_known_addr { host: "127.0.107.193" port: 39585 } } peers { permanent_uuid: "01c9d8b5cf274c7f93ead98c443ac494" member_type: VOTER last_known_addr { host: "127.0.107.194" port: 46163 } } peers { permanent_uuid: "f436a0fa419d46f7aeee165bde3728a2" member_type: VOTER last_known_addr { host: "127.0.107.195" port: 35143 } }
I20260608 12:42:05.952004  5121 raft_consensus.cc:385] T b7cec5637de14f6284f4a3e8867eaa12 P f436a0fa419d46f7aeee165bde3728a2 [term 0 FOLLOWER]: Consensus starting up: Expiring failure detector timer to make a prompt election more likely
I20260608 12:42:05.952271  5121 raft_consensus.cc:740] T b7cec5637de14f6284f4a3e8867eaa12 P f436a0fa419d46f7aeee165bde3728a2 [term 0 FOLLOWER]: Becoming Follower/Learner. State: Replica: f436a0fa419d46f7aeee165bde3728a2, State: Initialized, Role: FOLLOWER
I20260608 12:42:05.954268  5121 consensus_queue.cc:260] T b7cec5637de14f6284f4a3e8867eaa12 P f436a0fa419d46f7aeee165bde3728a2 [NON_LEADER]: Queue going to NON_LEADER mode. State: All replicated index: 0, Majority replicated index: 0, Committed index: 0, Last appended: 0.0, Last appended by leader: 0, Current term: 0, Majority size: -1, State: 0, Mode: NON_LEADER, active raft config: opid_index: -1 OBSOLETE_local: false peers { permanent_uuid: "0eacb4c6e125482d93d7182659c0ac53" member_type: VOTER last_known_addr { host: "127.0.107.193" port: 39585 } } peers { permanent_uuid: "01c9d8b5cf274c7f93ead98c443ac494" member_type: VOTER last_known_addr { host: "127.0.107.194" port: 46163 } } peers { permanent_uuid: "f436a0fa419d46f7aeee165bde3728a2" member_type: VOTER last_known_addr { host: "127.0.107.195" port: 35143 } }
I20260608 12:42:05.956223  5122 tablet_bootstrap.cc:492] T 171a8f9c7085462d993ce1bbb0fe1ef8 P 0eacb4c6e125482d93d7182659c0ac53: No bootstrap required, opened a new log
I20260608 12:42:05.956651  5122 ts_tablet_manager.cc:1403] T 171a8f9c7085462d993ce1bbb0fe1ef8 P 0eacb4c6e125482d93d7182659c0ac53: Time spent bootstrapping tablet: real 0.033s	user 0.012s	sys 0.003s
I20260608 12:42:05.960427  5121 ts_tablet_manager.cc:1434] T b7cec5637de14f6284f4a3e8867eaa12 P f436a0fa419d46f7aeee165bde3728a2: Time spent starting tablet: real 0.012s	user 0.005s	sys 0.001s
I20260608 12:42:05.960572  5076 tablet_service.cc:1917] Received RequestConsensusVote() RPC: tablet_id: "78d45ba015bf416ab3e4d92b985e75d7" candidate_uuid: "01c9d8b5cf274c7f93ead98c443ac494" candidate_term: 1 candidate_status { last_received { term: 0 index: 0 } } ignore_live_leader: false dest_uuid: "f436a0fa419d46f7aeee165bde3728a2"
I20260608 12:42:05.965106  5076 raft_consensus.cc:3060] T 78d45ba015bf416ab3e4d92b985e75d7 P f436a0fa419d46f7aeee165bde3728a2 [term 0 FOLLOWER]: Advancing to term 1
I20260608 12:42:05.965685  5121 tablet_bootstrap.cc:492] T 5c1147b7799b47d5a194b031ca2f6c6d P f436a0fa419d46f7aeee165bde3728a2: Bootstrap starting.
I20260608 12:42:05.966034  4825 catalog_manager.cc:5696] T 5c1147b7799b47d5a194b031ca2f6c6d P 0eacb4c6e125482d93d7182659c0ac53 reported cstate change: term changed from 0 to 1, leader changed from <none> to 0eacb4c6e125482d93d7182659c0ac53 (127.0.107.193). New cstate: current_term: 1 leader_uuid: "0eacb4c6e125482d93d7182659c0ac53" committed_config { opid_index: -1 OBSOLETE_local: false peers { permanent_uuid: "0eacb4c6e125482d93d7182659c0ac53" member_type: VOTER last_known_addr { host: "127.0.107.193" port: 39585 } health_report { overall_health: HEALTHY } } peers { permanent_uuid: "01c9d8b5cf274c7f93ead98c443ac494" member_type: VOTER last_known_addr { host: "127.0.107.194" port: 46163 } health_report { overall_health: UNKNOWN } } peers { permanent_uuid: "f436a0fa419d46f7aeee165bde3728a2" member_type: VOTER last_known_addr { host: "127.0.107.195" port: 35143 } health_report { overall_health: UNKNOWN } } }
I20260608 12:42:05.961740  5122 raft_consensus.cc:359] T 171a8f9c7085462d993ce1bbb0fe1ef8 P 0eacb4c6e125482d93d7182659c0ac53 [term 0 FOLLOWER]: Replica starting. Triggering 0 pending ops. Active config: opid_index: -1 OBSOLETE_local: false peers { permanent_uuid: "0eacb4c6e125482d93d7182659c0ac53" member_type: VOTER last_known_addr { host: "127.0.107.193" port: 39585 } } peers { permanent_uuid: "01c9d8b5cf274c7f93ead98c443ac494" member_type: VOTER last_known_addr { host: "127.0.107.194" port: 46163 } } peers { permanent_uuid: "f436a0fa419d46f7aeee165bde3728a2" member_type: VOTER last_known_addr { host: "127.0.107.195" port: 35143 } }
I20260608 12:42:05.972185  5122 raft_consensus.cc:385] T 171a8f9c7085462d993ce1bbb0fe1ef8 P 0eacb4c6e125482d93d7182659c0ac53 [term 0 FOLLOWER]: Consensus starting up: Expiring failure detector timer to make a prompt election more likely
I20260608 12:42:05.972522  5122 raft_consensus.cc:740] T 171a8f9c7085462d993ce1bbb0fe1ef8 P 0eacb4c6e125482d93d7182659c0ac53 [term 0 FOLLOWER]: Becoming Follower/Learner. State: Replica: 0eacb4c6e125482d93d7182659c0ac53, State: Initialized, Role: FOLLOWER
I20260608 12:42:05.973263  5122 consensus_queue.cc:260] T 171a8f9c7085462d993ce1bbb0fe1ef8 P 0eacb4c6e125482d93d7182659c0ac53 [NON_LEADER]: Queue going to NON_LEADER mode. State: All replicated index: 0, Majority replicated index: 0, Committed index: 0, Last appended: 0.0, Last appended by leader: 0, Current term: 0, Majority size: -1, State: 0, Mode: NON_LEADER, active raft config: opid_index: -1 OBSOLETE_local: false peers { permanent_uuid: "0eacb4c6e125482d93d7182659c0ac53" member_type: VOTER last_known_addr { host: "127.0.107.193" port: 39585 } } peers { permanent_uuid: "01c9d8b5cf274c7f93ead98c443ac494" member_type: VOTER last_known_addr { host: "127.0.107.194" port: 46163 } } peers { permanent_uuid: "f436a0fa419d46f7aeee165bde3728a2" member_type: VOTER last_known_addr { host: "127.0.107.195" port: 35143 } }
I20260608 12:42:05.975124  5121 tablet_bootstrap.cc:654] T 5c1147b7799b47d5a194b031ca2f6c6d P f436a0fa419d46f7aeee165bde3728a2: Neither blocks nor log segments found. Creating new log.
I20260608 12:42:05.975234  5122 ts_tablet_manager.cc:1434] T 171a8f9c7085462d993ce1bbb0fe1ef8 P 0eacb4c6e125482d93d7182659c0ac53: Time spent starting tablet: real 0.018s	user 0.005s	sys 0.002s
I20260608 12:42:05.978782  5154 raft_consensus.cc:493] T 171a8f9c7085462d993ce1bbb0fe1ef8 P f436a0fa419d46f7aeee165bde3728a2 [term 0 FOLLOWER]: Starting pre-election (no leader contacted us within the election timeout)
I20260608 12:42:05.979347  5154 raft_consensus.cc:515] T 171a8f9c7085462d993ce1bbb0fe1ef8 P f436a0fa419d46f7aeee165bde3728a2 [term 0 FOLLOWER]: Starting pre-election with config: opid_index: -1 OBSOLETE_local: false peers { permanent_uuid: "0eacb4c6e125482d93d7182659c0ac53" member_type: VOTER last_known_addr { host: "127.0.107.193" port: 39585 } } peers { permanent_uuid: "01c9d8b5cf274c7f93ead98c443ac494" member_type: VOTER last_known_addr { host: "127.0.107.194" port: 46163 } } peers { permanent_uuid: "f436a0fa419d46f7aeee165bde3728a2" member_type: VOTER last_known_addr { host: "127.0.107.195" port: 35143 } }
I20260608 12:42:05.981653  5154 leader_election.cc:290] T 171a8f9c7085462d993ce1bbb0fe1ef8 P f436a0fa419d46f7aeee165bde3728a2 [CANDIDATE]: Term 1 pre-election: Requested pre-vote from peers 0eacb4c6e125482d93d7182659c0ac53 (127.0.107.193:39585), 01c9d8b5cf274c7f93ead98c443ac494 (127.0.107.194:46163)
I20260608 12:42:05.981950  5142 consensus_queue.cc:1048] T df49a7dc15aa4f50b4e26ce43b38cd4c P 01c9d8b5cf274c7f93ead98c443ac494 [LEADER]: Connected to new peer: Peer: permanent_uuid: "0eacb4c6e125482d93d7182659c0ac53" member_type: VOTER last_known_addr { host: "127.0.107.193" port: 39585 }, Status: LMP_MISMATCH, Last received: 0.0, Next index: 1, Last known committed idx: 0, Time since last communication: 0.001s
I20260608 12:42:05.984153  5001 tablet_service.cc:1917] Received RequestConsensusVote() RPC: tablet_id: "171a8f9c7085462d993ce1bbb0fe1ef8" candidate_uuid: "f436a0fa419d46f7aeee165bde3728a2" candidate_term: 1 candidate_status { last_received { term: 0 index: 0 } } ignore_live_leader: false dest_uuid: "01c9d8b5cf274c7f93ead98c443ac494" is_pre_election: true
I20260608 12:42:05.984653  5001 raft_consensus.cc:2468] T 171a8f9c7085462d993ce1bbb0fe1ef8 P 01c9d8b5cf274c7f93ead98c443ac494 [term 0 FOLLOWER]: Leader pre-election vote request: Granting yes vote for candidate f436a0fa419d46f7aeee165bde3728a2 in term 0.
I20260608 12:42:05.986475  4927 tablet_service.cc:1917] Received RequestConsensusVote() RPC: tablet_id: "171a8f9c7085462d993ce1bbb0fe1ef8" candidate_uuid: "f436a0fa419d46f7aeee165bde3728a2" candidate_term: 1 candidate_status { last_received { term: 0 index: 0 } } ignore_live_leader: false dest_uuid: "0eacb4c6e125482d93d7182659c0ac53" is_pre_election: true
I20260608 12:42:05.987151  4927 raft_consensus.cc:2468] T 171a8f9c7085462d993ce1bbb0fe1ef8 P 0eacb4c6e125482d93d7182659c0ac53 [term 0 FOLLOWER]: Leader pre-election vote request: Granting yes vote for candidate f436a0fa419d46f7aeee165bde3728a2 in term 0.
I20260608 12:42:05.988763  5042 leader_election.cc:304] T 171a8f9c7085462d993ce1bbb0fe1ef8 P f436a0fa419d46f7aeee165bde3728a2 [CANDIDATE]: Term 1 pre-election: Election decided. Result: candidate won. Election summary: received 2 responses out of 3 voters: 2 yes votes; 0 no votes. yes voters: 0eacb4c6e125482d93d7182659c0ac53, f436a0fa419d46f7aeee165bde3728a2; no voters: 
I20260608 12:42:05.989826  5154 raft_consensus.cc:2804] T 171a8f9c7085462d993ce1bbb0fe1ef8 P f436a0fa419d46f7aeee165bde3728a2 [term 0 FOLLOWER]: Leader pre-election won for term 1
I20260608 12:42:05.990190  5154 raft_consensus.cc:493] T 171a8f9c7085462d993ce1bbb0fe1ef8 P f436a0fa419d46f7aeee165bde3728a2 [term 0 FOLLOWER]: Starting leader election (no leader contacted us within the election timeout)
I20260608 12:42:05.990517  5154 raft_consensus.cc:3060] T 171a8f9c7085462d993ce1bbb0fe1ef8 P f436a0fa419d46f7aeee165bde3728a2 [term 0 FOLLOWER]: Advancing to term 1
I20260608 12:42:05.993109  4825 catalog_manager.cc:5696] T 78d45ba015bf416ab3e4d92b985e75d7 P 01c9d8b5cf274c7f93ead98c443ac494 reported cstate change: term changed from 0 to 1, leader changed from <none> to 01c9d8b5cf274c7f93ead98c443ac494 (127.0.107.194). New cstate: current_term: 1 leader_uuid: "01c9d8b5cf274c7f93ead98c443ac494" committed_config { opid_index: -1 OBSOLETE_local: false peers { permanent_uuid: "0eacb4c6e125482d93d7182659c0ac53" member_type: VOTER last_known_addr { host: "127.0.107.193" port: 39585 } health_report { overall_health: UNKNOWN } } peers { permanent_uuid: "01c9d8b5cf274c7f93ead98c443ac494" member_type: VOTER last_known_addr { host: "127.0.107.194" port: 46163 } health_report { overall_health: HEALTHY } } peers { permanent_uuid: "f436a0fa419d46f7aeee165bde3728a2" member_type: VOTER last_known_addr { host: "127.0.107.195" port: 35143 } health_report { overall_health: UNKNOWN } } }
I20260608 12:42:05.995687  5125 raft_consensus.cc:493] T b7cec5637de14f6284f4a3e8867eaa12 P f436a0fa419d46f7aeee165bde3728a2 [term 0 FOLLOWER]: Starting pre-election (no leader contacted us within the election timeout)
I20260608 12:42:05.996204  5125 raft_consensus.cc:515] T b7cec5637de14f6284f4a3e8867eaa12 P f436a0fa419d46f7aeee165bde3728a2 [term 0 FOLLOWER]: Starting pre-election with config: opid_index: -1 OBSOLETE_local: false peers { permanent_uuid: "0eacb4c6e125482d93d7182659c0ac53" member_type: VOTER last_known_addr { host: "127.0.107.193" port: 39585 } } peers { permanent_uuid: "01c9d8b5cf274c7f93ead98c443ac494" member_type: VOTER last_known_addr { host: "127.0.107.194" port: 46163 } } peers { permanent_uuid: "f436a0fa419d46f7aeee165bde3728a2" member_type: VOTER last_known_addr { host: "127.0.107.195" port: 35143 } }
I20260608 12:42:05.998430  5125 leader_election.cc:290] T b7cec5637de14f6284f4a3e8867eaa12 P f436a0fa419d46f7aeee165bde3728a2 [CANDIDATE]: Term 1 pre-election: Requested pre-vote from peers 0eacb4c6e125482d93d7182659c0ac53 (127.0.107.193:39585), 01c9d8b5cf274c7f93ead98c443ac494 (127.0.107.194:46163)
I20260608 12:42:05.999881  4927 tablet_service.cc:1917] Received RequestConsensusVote() RPC: tablet_id: "b7cec5637de14f6284f4a3e8867eaa12" candidate_uuid: "f436a0fa419d46f7aeee165bde3728a2" candidate_term: 1 candidate_status { last_received { term: 0 index: 0 } } ignore_live_leader: false dest_uuid: "0eacb4c6e125482d93d7182659c0ac53" is_pre_election: true
I20260608 12:42:06.004957  4823 catalog_manager.cc:5696] T 949be57bc31749bd94f98d8a329aa5aa P 0eacb4c6e125482d93d7182659c0ac53 reported cstate change: term changed from 0 to 1, leader changed from <none> to 0eacb4c6e125482d93d7182659c0ac53 (127.0.107.193). New cstate: current_term: 1 leader_uuid: "0eacb4c6e125482d93d7182659c0ac53" committed_config { opid_index: -1 OBSOLETE_local: false peers { permanent_uuid: "0eacb4c6e125482d93d7182659c0ac53" member_type: VOTER last_known_addr { host: "127.0.107.193" port: 39585 } health_report { overall_health: HEALTHY } } peers { permanent_uuid: "01c9d8b5cf274c7f93ead98c443ac494" member_type: VOTER last_known_addr { host: "127.0.107.194" port: 46163 } health_report { overall_health: UNKNOWN } } peers { permanent_uuid: "f436a0fa419d46f7aeee165bde3728a2" member_type: VOTER last_known_addr { host: "127.0.107.195" port: 35143 } health_report { overall_health: UNKNOWN } } }
I20260608 12:42:06.007464  5001 tablet_service.cc:1917] Received RequestConsensusVote() RPC: tablet_id: "b7cec5637de14f6284f4a3e8867eaa12" candidate_uuid: "f436a0fa419d46f7aeee165bde3728a2" candidate_term: 1 candidate_status { last_received { term: 0 index: 0 } } ignore_live_leader: false dest_uuid: "01c9d8b5cf274c7f93ead98c443ac494" is_pre_election: true
I20260608 12:42:06.008330  5001 raft_consensus.cc:2393] T b7cec5637de14f6284f4a3e8867eaa12 P 01c9d8b5cf274c7f93ead98c443ac494 [term 1 FOLLOWER]: Leader pre-election vote request: Denying vote to candidate f436a0fa419d46f7aeee165bde3728a2 in current term 1: Already voted for candidate 0eacb4c6e125482d93d7182659c0ac53 in this term.
I20260608 12:42:06.010136  5042 leader_election.cc:304] T b7cec5637de14f6284f4a3e8867eaa12 P f436a0fa419d46f7aeee165bde3728a2 [CANDIDATE]: Term 1 pre-election: Election decided. Result: candidate lost. Election summary: received 3 responses out of 3 voters: 1 yes votes; 2 no votes. yes voters: f436a0fa419d46f7aeee165bde3728a2; no voters: 01c9d8b5cf274c7f93ead98c443ac494, 0eacb4c6e125482d93d7182659c0ac53
I20260608 12:42:06.012466  5125 raft_consensus.cc:3060] T b7cec5637de14f6284f4a3e8867eaa12 P f436a0fa419d46f7aeee165bde3728a2 [term 0 FOLLOWER]: Advancing to term 1
I20260608 12:42:06.012277  5154 raft_consensus.cc:515] T 171a8f9c7085462d993ce1bbb0fe1ef8 P f436a0fa419d46f7aeee165bde3728a2 [term 1 FOLLOWER]: Starting leader election with config: opid_index: -1 OBSOLETE_local: false peers { permanent_uuid: "0eacb4c6e125482d93d7182659c0ac53" member_type: VOTER last_known_addr { host: "127.0.107.193" port: 39585 } } peers { permanent_uuid: "01c9d8b5cf274c7f93ead98c443ac494" member_type: VOTER last_known_addr { host: "127.0.107.194" port: 46163 } } peers { permanent_uuid: "f436a0fa419d46f7aeee165bde3728a2" member_type: VOTER last_known_addr { host: "127.0.107.195" port: 35143 } }
I20260608 12:42:06.015179  5154 leader_election.cc:290] T 171a8f9c7085462d993ce1bbb0fe1ef8 P f436a0fa419d46f7aeee165bde3728a2 [CANDIDATE]: Term 1 election: Requested vote from peers 0eacb4c6e125482d93d7182659c0ac53 (127.0.107.193:39585), 01c9d8b5cf274c7f93ead98c443ac494 (127.0.107.194:46163)
I20260608 12:42:06.021740  5076 raft_consensus.cc:2468] T 78d45ba015bf416ab3e4d92b985e75d7 P f436a0fa419d46f7aeee165bde3728a2 [term 1 FOLLOWER]: Leader election vote request: Granting yes vote for candidate 01c9d8b5cf274c7f93ead98c443ac494 in term 1.
I20260608 12:42:06.023826  4925 tablet_service.cc:1917] Received RequestConsensusVote() RPC: tablet_id: "171a8f9c7085462d993ce1bbb0fe1ef8" candidate_uuid: "f436a0fa419d46f7aeee165bde3728a2" candidate_term: 1 candidate_status { last_received { term: 0 index: 0 } } ignore_live_leader: false dest_uuid: "0eacb4c6e125482d93d7182659c0ac53"
I20260608 12:42:06.024456  4925 raft_consensus.cc:3060] T 171a8f9c7085462d993ce1bbb0fe1ef8 P 0eacb4c6e125482d93d7182659c0ac53 [term 0 FOLLOWER]: Advancing to term 1
I20260608 12:42:06.025122  5173 consensus_queue.cc:1048] T df49a7dc15aa4f50b4e26ce43b38cd4c P 01c9d8b5cf274c7f93ead98c443ac494 [LEADER]: Connected to new peer: Peer: permanent_uuid: "f436a0fa419d46f7aeee165bde3728a2" member_type: VOTER last_known_addr { host: "127.0.107.195" port: 35143 }, Status: LMP_MISMATCH, Last received: 0.0, Next index: 1, Last known committed idx: 0, Time since last communication: 0.000s
I20260608 12:42:06.026850  5125 raft_consensus.cc:2749] T b7cec5637de14f6284f4a3e8867eaa12 P f436a0fa419d46f7aeee165bde3728a2 [term 1 FOLLOWER]: Leader pre-election lost for term 1. Reason: could not achieve majority
I20260608 12:42:06.027880  5001 tablet_service.cc:1917] Received RequestConsensusVote() RPC: tablet_id: "171a8f9c7085462d993ce1bbb0fe1ef8" candidate_uuid: "f436a0fa419d46f7aeee165bde3728a2" candidate_term: 1 candidate_status { last_received { term: 0 index: 0 } } ignore_live_leader: false dest_uuid: "01c9d8b5cf274c7f93ead98c443ac494"
I20260608 12:42:06.028453  5001 raft_consensus.cc:3060] T 171a8f9c7085462d993ce1bbb0fe1ef8 P 01c9d8b5cf274c7f93ead98c443ac494 [term 0 FOLLOWER]: Advancing to term 1
I20260608 12:42:06.040302  5158 consensus_queue.cc:1048] T b7cec5637de14f6284f4a3e8867eaa12 P 0eacb4c6e125482d93d7182659c0ac53 [LEADER]: Connected to new peer: Peer: permanent_uuid: "01c9d8b5cf274c7f93ead98c443ac494" member_type: VOTER last_known_addr { host: "127.0.107.194" port: 46163 }, Status: LMP_MISMATCH, Last received: 0.0, Next index: 1, Last known committed idx: 0, Time since last communication: 0.000s
I20260608 12:42:06.044754  5001 raft_consensus.cc:2468] T 171a8f9c7085462d993ce1bbb0fe1ef8 P 01c9d8b5cf274c7f93ead98c443ac494 [term 1 FOLLOWER]: Leader election vote request: Granting yes vote for candidate f436a0fa419d46f7aeee165bde3728a2 in term 1.
I20260608 12:42:06.047039  4925 raft_consensus.cc:2468] T 171a8f9c7085462d993ce1bbb0fe1ef8 P 0eacb4c6e125482d93d7182659c0ac53 [term 1 FOLLOWER]: Leader election vote request: Granting yes vote for candidate f436a0fa419d46f7aeee165bde3728a2 in term 1.
I20260608 12:42:06.048707  5042 leader_election.cc:304] T 171a8f9c7085462d993ce1bbb0fe1ef8 P f436a0fa419d46f7aeee165bde3728a2 [CANDIDATE]: Term 1 election: Election decided. Result: candidate won. Election summary: received 2 responses out of 3 voters: 2 yes votes; 0 no votes. yes voters: 0eacb4c6e125482d93d7182659c0ac53, f436a0fa419d46f7aeee165bde3728a2; no voters: 
I20260608 12:42:06.051076  5125 raft_consensus.cc:2804] T 171a8f9c7085462d993ce1bbb0fe1ef8 P f436a0fa419d46f7aeee165bde3728a2 [term 1 FOLLOWER]: Leader election won for term 1
I20260608 12:42:06.051420  5121 tablet_bootstrap.cc:492] T 5c1147b7799b47d5a194b031ca2f6c6d P f436a0fa419d46f7aeee165bde3728a2: No bootstrap required, opened a new log
I20260608 12:42:06.051801  5125 raft_consensus.cc:697] T 171a8f9c7085462d993ce1bbb0fe1ef8 P f436a0fa419d46f7aeee165bde3728a2 [term 1 LEADER]: Becoming Leader. State: Replica: f436a0fa419d46f7aeee165bde3728a2, State: Running, Role: LEADER
I20260608 12:42:06.052009  5121 ts_tablet_manager.cc:1403] T 5c1147b7799b47d5a194b031ca2f6c6d P f436a0fa419d46f7aeee165bde3728a2: Time spent bootstrapping tablet: real 0.087s	user 0.021s	sys 0.024s
I20260608 12:42:06.052093  5158 consensus_queue.cc:1048] T 80a4e48c83c94fca929cc1b58d37f164 P 0eacb4c6e125482d93d7182659c0ac53 [LEADER]: Connected to new peer: Peer: permanent_uuid: "01c9d8b5cf274c7f93ead98c443ac494" member_type: VOTER last_known_addr { host: "127.0.107.194" port: 46163 }, Status: LMP_MISMATCH, Last received: 0.0, Next index: 1, Last known committed idx: 0, Time since last communication: 0.000s
I20260608 12:42:06.052727  5125 consensus_queue.cc:237] T 171a8f9c7085462d993ce1bbb0fe1ef8 P f436a0fa419d46f7aeee165bde3728a2 [LEADER]: Queue going to LEADER mode. State: All replicated index: 0, Majority replicated index: 0, Committed index: 0, Last appended: 0.0, Last appended by leader: 0, Current term: 1, Majority size: 2, State: 0, Mode: LEADER, active raft config: opid_index: -1 OBSOLETE_local: false peers { permanent_uuid: "0eacb4c6e125482d93d7182659c0ac53" member_type: VOTER last_known_addr { host: "127.0.107.193" port: 39585 } } peers { permanent_uuid: "01c9d8b5cf274c7f93ead98c443ac494" member_type: VOTER last_known_addr { host: "127.0.107.194" port: 46163 } } peers { permanent_uuid: "f436a0fa419d46f7aeee165bde3728a2" member_type: VOTER last_known_addr { host: "127.0.107.195" port: 35143 } }
I20260608 12:42:06.055903  5121 raft_consensus.cc:359] T 5c1147b7799b47d5a194b031ca2f6c6d P f436a0fa419d46f7aeee165bde3728a2 [term 0 FOLLOWER]: Replica starting. Triggering 0 pending ops. Active config: opid_index: -1 OBSOLETE_local: false peers { permanent_uuid: "0eacb4c6e125482d93d7182659c0ac53" member_type: VOTER last_known_addr { host: "127.0.107.193" port: 39585 } } peers { permanent_uuid: "01c9d8b5cf274c7f93ead98c443ac494" member_type: VOTER last_known_addr { host: "127.0.107.194" port: 46163 } } peers { permanent_uuid: "f436a0fa419d46f7aeee165bde3728a2" member_type: VOTER last_known_addr { host: "127.0.107.195" port: 35143 } }
