I20260608 12:37:53.827461  3268 consensus_queue.cc:260] T a9f036fa08634b798f027060948b05b0 P 37c9fa293c184293b1e003d913ad6d3f [NON_LEADER]: Queue going to NON_LEADER mode. State: All replicated index: 0, Majority replicated index: 0, Committed index: 0, Last appended: 0.0, Last appended by leader: 0, Current term: 0, Majority size: -1, State: 0, Mode: NON_LEADER, active raft config: opid_index: -1 OBSOLETE_local: false peers { permanent_uuid: "da4450cbe6074692b70506a25bccae60" member_type: VOTER last_known_addr { host: "127.0.107.193" port: 36465 } } peers { permanent_uuid: "4d1012637beb45e59b68d011827e50b3" member_type: VOTER last_known_addr { host: "127.0.107.194" port: 41729 } } peers { permanent_uuid: "37c9fa293c184293b1e003d913ad6d3f" member_type: VOTER last_known_addr { host: "127.0.107.195" port: 44455 } }
I20260608 12:37:53.830013  3270 tablet_bootstrap.cc:492] T a9f036fa08634b798f027060948b05b0 P da4450cbe6074692b70506a25bccae60: No bootstrap required, opened a new log
I20260608 12:37:53.830708  3270 ts_tablet_manager.cc:1403] T a9f036fa08634b798f027060948b05b0 P da4450cbe6074692b70506a25bccae60: Time spent bootstrapping tablet: real 0.027s	user 0.007s	sys 0.008s
I20260608 12:37:53.831156  3223 tablet_service.cc:1917] Received RequestConsensusVote() RPC: tablet_id: "f9b904e63e7e4c3eae4a0c47216d4308" candidate_uuid: "da4450cbe6074692b70506a25bccae60" candidate_term: 1 candidate_status { last_received { term: 0 index: 0 } } ignore_live_leader: false dest_uuid: "37c9fa293c184293b1e003d913ad6d3f" is_pre_election: true
I20260608 12:37:53.831960  3223 raft_consensus.cc:2468] T f9b904e63e7e4c3eae4a0c47216d4308 P 37c9fa293c184293b1e003d913ad6d3f [term 0 FOLLOWER]: Leader pre-election vote request: Granting yes vote for candidate da4450cbe6074692b70506a25bccae60 in term 0.
I20260608 12:37:53.833551  3040 leader_election.cc:304] T f9b904e63e7e4c3eae4a0c47216d4308 P da4450cbe6074692b70506a25bccae60 [CANDIDATE]: Term 1 pre-election: Election decided. Result: candidate won. Election summary: received 2 responses out of 3 voters: 2 yes votes; 0 no votes. yes voters: 37c9fa293c184293b1e003d913ad6d3f, da4450cbe6074692b70506a25bccae60; no voters: 
I20260608 12:37:53.834376  3273 raft_consensus.cc:2804] T f9b904e63e7e4c3eae4a0c47216d4308 P da4450cbe6074692b70506a25bccae60 [term 0 FOLLOWER]: Leader pre-election won for term 1
I20260608 12:37:53.834774  3273 raft_consensus.cc:493] T f9b904e63e7e4c3eae4a0c47216d4308 P da4450cbe6074692b70506a25bccae60 [term 0 FOLLOWER]: Starting leader election (no leader contacted us within the election timeout)
I20260608 12:37:53.834741  3149 tablet_service.cc:1917] Received RequestConsensusVote() RPC: tablet_id: "f9b904e63e7e4c3eae4a0c47216d4308" candidate_uuid: "da4450cbe6074692b70506a25bccae60" candidate_term: 1 candidate_status { last_received { term: 0 index: 0 } } ignore_live_leader: false dest_uuid: "4d1012637beb45e59b68d011827e50b3" is_pre_election: true
I20260608 12:37:53.834076  3270 raft_consensus.cc:359] T a9f036fa08634b798f027060948b05b0 P da4450cbe6074692b70506a25bccae60 [term 0 FOLLOWER]: Replica starting. Triggering 0 pending ops. Active config: opid_index: -1 OBSOLETE_local: false peers { permanent_uuid: "da4450cbe6074692b70506a25bccae60" member_type: VOTER last_known_addr { host: "127.0.107.193" port: 36465 } } peers { permanent_uuid: "4d1012637beb45e59b68d011827e50b3" member_type: VOTER last_known_addr { host: "127.0.107.194" port: 41729 } } peers { permanent_uuid: "37c9fa293c184293b1e003d913ad6d3f" member_type: VOTER last_known_addr { host: "127.0.107.195" port: 44455 } }
I20260608 12:37:53.835371  3273 raft_consensus.cc:3060] T f9b904e63e7e4c3eae4a0c47216d4308 P da4450cbe6074692b70506a25bccae60 [term 0 FOLLOWER]: Advancing to term 1
I20260608 12:37:53.837008  3270 raft_consensus.cc:385] T a9f036fa08634b798f027060948b05b0 P da4450cbe6074692b70506a25bccae60 [term 0 FOLLOWER]: Consensus starting up: Expiring failure detector timer to make a prompt election more likely
W20260608 12:37:53.837088  3037 leader_election.cc:343] T f9b904e63e7e4c3eae4a0c47216d4308 P da4450cbe6074692b70506a25bccae60 [CANDIDATE]: Term 1 pre-election: Tablet error from VoteRequest() call to peer 4d1012637beb45e59b68d011827e50b3 (127.0.107.194:41729): Illegal state: must be running to vote when last-logged opid is not known
I20260608 12:37:53.837458  3270 raft_consensus.cc:740] T a9f036fa08634b798f027060948b05b0 P da4450cbe6074692b70506a25bccae60 [term 0 FOLLOWER]: Becoming Follower/Learner. State: Replica: da4450cbe6074692b70506a25bccae60, State: Initialized, Role: FOLLOWER
I20260608 12:37:53.838439  3270 consensus_queue.cc:260] T a9f036fa08634b798f027060948b05b0 P da4450cbe6074692b70506a25bccae60 [NON_LEADER]: Queue going to NON_LEADER mode. State: All replicated index: 0, Majority replicated index: 0, Committed index: 0, Last appended: 0.0, Last appended by leader: 0, Current term: 0, Majority size: -1, State: 0, Mode: NON_LEADER, active raft config: opid_index: -1 OBSOLETE_local: false peers { permanent_uuid: "da4450cbe6074692b70506a25bccae60" member_type: VOTER last_known_addr { host: "127.0.107.193" port: 36465 } } peers { permanent_uuid: "4d1012637beb45e59b68d011827e50b3" member_type: VOTER last_known_addr { host: "127.0.107.194" port: 41729 } } peers { permanent_uuid: "37c9fa293c184293b1e003d913ad6d3f" member_type: VOTER last_known_addr { host: "127.0.107.195" port: 44455 } }
I20260608 12:37:53.836585  3268 ts_tablet_manager.cc:1434] T a9f036fa08634b798f027060948b05b0 P 37c9fa293c184293b1e003d913ad6d3f: Time spent starting tablet: real 0.014s	user 0.007s	sys 0.000s
I20260608 12:37:53.840967  3268 tablet_bootstrap.cc:492] T f4bed4dceb6142c588060d95de77ec47 P 37c9fa293c184293b1e003d913ad6d3f: Bootstrap starting.
I20260608 12:37:53.841450  3272 tablet_bootstrap.cc:492] T f9b904e63e7e4c3eae4a0c47216d4308 P 4d1012637beb45e59b68d011827e50b3: No bootstrap required, opened a new log
I20260608 12:37:53.841933  3272 ts_tablet_manager.cc:1403] T f9b904e63e7e4c3eae4a0c47216d4308 P 4d1012637beb45e59b68d011827e50b3: Time spent bootstrapping tablet: real 0.031s	user 0.020s	sys 0.008s
I20260608 12:37:53.845089  3272 raft_consensus.cc:359] T f9b904e63e7e4c3eae4a0c47216d4308 P 4d1012637beb45e59b68d011827e50b3 [term 0 FOLLOWER]: Replica starting. Triggering 0 pending ops. Active config: opid_index: -1 OBSOLETE_local: false peers { permanent_uuid: "4d1012637beb45e59b68d011827e50b3" member_type: VOTER last_known_addr { host: "127.0.107.194" port: 41729 } } peers { permanent_uuid: "da4450cbe6074692b70506a25bccae60" member_type: VOTER last_known_addr { host: "127.0.107.193" port: 36465 } } peers { permanent_uuid: "37c9fa293c184293b1e003d913ad6d3f" member_type: VOTER last_known_addr { host: "127.0.107.195" port: 44455 } }
I20260608 12:37:53.845831  3272 raft_consensus.cc:385] T f9b904e63e7e4c3eae4a0c47216d4308 P 4d1012637beb45e59b68d011827e50b3 [term 0 FOLLOWER]: Consensus starting up: Expiring failure detector timer to make a prompt election more likely
I20260608 12:37:53.846138  3272 raft_consensus.cc:740] T f9b904e63e7e4c3eae4a0c47216d4308 P 4d1012637beb45e59b68d011827e50b3 [term 0 FOLLOWER]: Becoming Follower/Learner. State: Replica: 4d1012637beb45e59b68d011827e50b3, State: Initialized, Role: FOLLOWER
I20260608 12:37:53.847018  3272 consensus_queue.cc:260] T f9b904e63e7e4c3eae4a0c47216d4308 P 4d1012637beb45e59b68d011827e50b3 [NON_LEADER]: Queue going to NON_LEADER mode. State: All replicated index: 0, Majority replicated index: 0, Committed index: 0, Last appended: 0.0, Last appended by leader: 0, Current term: 0, Majority size: -1, State: 0, Mode: NON_LEADER, active raft config: opid_index: -1 OBSOLETE_local: false peers { permanent_uuid: "4d1012637beb45e59b68d011827e50b3" member_type: VOTER last_known_addr { host: "127.0.107.194" port: 41729 } } peers { permanent_uuid: "da4450cbe6074692b70506a25bccae60" member_type: VOTER last_known_addr { host: "127.0.107.193" port: 36465 } } peers { permanent_uuid: "37c9fa293c184293b1e003d913ad6d3f" member_type: VOTER last_known_addr { host: "127.0.107.195" port: 44455 } }
I20260608 12:37:53.847678  3268 tablet_bootstrap.cc:654] T f4bed4dceb6142c588060d95de77ec47 P 37c9fa293c184293b1e003d913ad6d3f: Neither blocks nor log segments found. Creating new log.
I20260608 12:37:53.854888  3272 ts_tablet_manager.cc:1434] T f9b904e63e7e4c3eae4a0c47216d4308 P 4d1012637beb45e59b68d011827e50b3: Time spent starting tablet: real 0.013s	user 0.008s	sys 0.000s
I20260608 12:37:53.857622  3272 tablet_bootstrap.cc:492] T a9f036fa08634b798f027060948b05b0 P 4d1012637beb45e59b68d011827e50b3: Bootstrap starting.
I20260608 12:37:53.868255  3272 tablet_bootstrap.cc:654] T a9f036fa08634b798f027060948b05b0 P 4d1012637beb45e59b68d011827e50b3: Neither blocks nor log segments found. Creating new log.
I20260608 12:37:53.870780  3273 raft_consensus.cc:515] T f9b904e63e7e4c3eae4a0c47216d4308 P da4450cbe6074692b70506a25bccae60 [term 1 FOLLOWER]: Starting leader election with config: opid_index: -1 OBSOLETE_local: false peers { permanent_uuid: "4d1012637beb45e59b68d011827e50b3" member_type: VOTER last_known_addr { host: "127.0.107.194" port: 41729 } } peers { permanent_uuid: "da4450cbe6074692b70506a25bccae60" member_type: VOTER last_known_addr { host: "127.0.107.193" port: 36465 } } peers { permanent_uuid: "37c9fa293c184293b1e003d913ad6d3f" member_type: VOTER last_known_addr { host: "127.0.107.195" port: 44455 } }
I20260608 12:37:53.874478  3277 raft_consensus.cc:493] T 95320451316e465a817203c08ce7acfc P 4d1012637beb45e59b68d011827e50b3 [term 0 FOLLOWER]: Starting pre-election (no leader contacted us within the election timeout)
I20260608 12:37:53.875188  3277 raft_consensus.cc:515] T 95320451316e465a817203c08ce7acfc P 4d1012637beb45e59b68d011827e50b3 [term 0 FOLLOWER]: Starting pre-election with config: opid_index: -1 OBSOLETE_local: false peers { permanent_uuid: "da4450cbe6074692b70506a25bccae60" member_type: VOTER last_known_addr { host: "127.0.107.193" port: 36465 } } peers { permanent_uuid: "4d1012637beb45e59b68d011827e50b3" member_type: VOTER last_known_addr { host: "127.0.107.194" port: 41729 } } peers { permanent_uuid: "37c9fa293c184293b1e003d913ad6d3f" member_type: VOTER last_known_addr { host: "127.0.107.195" port: 44455 } }
I20260608 12:37:53.881374  3223 tablet_service.cc:1917] Received RequestConsensusVote() RPC: tablet_id: "f9b904e63e7e4c3eae4a0c47216d4308" candidate_uuid: "da4450cbe6074692b70506a25bccae60" candidate_term: 1 candidate_status { last_received { term: 0 index: 0 } } ignore_live_leader: false dest_uuid: "37c9fa293c184293b1e003d913ad6d3f"
I20260608 12:37:53.882205  3223 raft_consensus.cc:3060] T f9b904e63e7e4c3eae4a0c47216d4308 P 37c9fa293c184293b1e003d913ad6d3f [term 0 FOLLOWER]: Advancing to term 1
I20260608 12:37:53.882997  3149 tablet_service.cc:1917] Received RequestConsensusVote() RPC: tablet_id: "f9b904e63e7e4c3eae4a0c47216d4308" candidate_uuid: "da4450cbe6074692b70506a25bccae60" candidate_term: 1 candidate_status { last_received { term: 0 index: 0 } } ignore_live_leader: false dest_uuid: "4d1012637beb45e59b68d011827e50b3"
I20260608 12:37:53.884465  3149 raft_consensus.cc:3060] T f9b904e63e7e4c3eae4a0c47216d4308 P 4d1012637beb45e59b68d011827e50b3 [term 0 FOLLOWER]: Advancing to term 1
I20260608 12:37:53.892320  3273 leader_election.cc:290] T f9b904e63e7e4c3eae4a0c47216d4308 P da4450cbe6074692b70506a25bccae60 [CANDIDATE]: Term 1 election: Requested vote from peers 4d1012637beb45e59b68d011827e50b3 (127.0.107.194:41729), 37c9fa293c184293b1e003d913ad6d3f (127.0.107.195:44455)
I20260608 12:37:53.895041  3223 raft_consensus.cc:2468] T f9b904e63e7e4c3eae4a0c47216d4308 P 37c9fa293c184293b1e003d913ad6d3f [term 1 FOLLOWER]: Leader election vote request: Granting yes vote for candidate da4450cbe6074692b70506a25bccae60 in term 1.
I20260608 12:37:53.896673  3040 leader_election.cc:304] T f9b904e63e7e4c3eae4a0c47216d4308 P da4450cbe6074692b70506a25bccae60 [CANDIDATE]: Term 1 election: Election decided. Result: candidate won. Election summary: received 2 responses out of 3 voters: 2 yes votes; 0 no votes. yes voters: 37c9fa293c184293b1e003d913ad6d3f, da4450cbe6074692b70506a25bccae60; no voters: 
I20260608 12:37:53.898063  3273 raft_consensus.cc:2804] T f9b904e63e7e4c3eae4a0c47216d4308 P da4450cbe6074692b70506a25bccae60 [term 1 FOLLOWER]: Leader election won for term 1
I20260608 12:37:53.898799  3273 raft_consensus.cc:697] T f9b904e63e7e4c3eae4a0c47216d4308 P da4450cbe6074692b70506a25bccae60 [term 1 LEADER]: Becoming Leader. State: Replica: da4450cbe6074692b70506a25bccae60, State: Running, Role: LEADER
I20260608 12:37:53.899907  3273 consensus_queue.cc:237] T f9b904e63e7e4c3eae4a0c47216d4308 P da4450cbe6074692b70506a25bccae60 [LEADER]: Queue going to LEADER mode. State: All replicated index: 0, Majority replicated index: 0, Committed index: 0, Last appended: 0.0, Last appended by leader: 0, Current term: 1, Majority size: 2, State: 0, Mode: LEADER, active raft config: opid_index: -1 OBSOLETE_local: false peers { permanent_uuid: "4d1012637beb45e59b68d011827e50b3" member_type: VOTER last_known_addr { host: "127.0.107.194" port: 41729 } } peers { permanent_uuid: "da4450cbe6074692b70506a25bccae60" member_type: VOTER last_known_addr { host: "127.0.107.193" port: 36465 } } peers { permanent_uuid: "37c9fa293c184293b1e003d913ad6d3f" member_type: VOTER last_known_addr { host: "127.0.107.195" port: 44455 } }
I20260608 12:37:53.904433  3270 ts_tablet_manager.cc:1434] T a9f036fa08634b798f027060948b05b0 P da4450cbe6074692b70506a25bccae60: Time spent starting tablet: real 0.073s	user 0.044s	sys 0.026s
I20260608 12:37:53.906461  3268 tablet_bootstrap.cc:492] T f4bed4dceb6142c588060d95de77ec47 P 37c9fa293c184293b1e003d913ad6d3f: No bootstrap required, opened a new log
I20260608 12:37:53.906934  3268 ts_tablet_manager.cc:1403] T f4bed4dceb6142c588060d95de77ec47 P 37c9fa293c184293b1e003d913ad6d3f: Time spent bootstrapping tablet: real 0.066s	user 0.024s	sys 0.038s
I20260608 12:37:53.908308  3277 leader_election.cc:290] T 95320451316e465a817203c08ce7acfc P 4d1012637beb45e59b68d011827e50b3 [CANDIDATE]: Term 1 pre-election: Requested pre-vote from peers da4450cbe6074692b70506a25bccae60 (127.0.107.193:36465), 37c9fa293c184293b1e003d913ad6d3f (127.0.107.195:44455)
I20260608 12:37:53.909703  3268 raft_consensus.cc:359] T f4bed4dceb6142c588060d95de77ec47 P 37c9fa293c184293b1e003d913ad6d3f [term 0 FOLLOWER]: Replica starting. Triggering 0 pending ops. Active config: opid_index: -1 OBSOLETE_local: false peers { permanent_uuid: "da4450cbe6074692b70506a25bccae60" member_type: VOTER last_known_addr { host: "127.0.107.193" port: 36465 } } peers { permanent_uuid: "4d1012637beb45e59b68d011827e50b3" member_type: VOTER last_known_addr { host: "127.0.107.194" port: 41729 } } peers { permanent_uuid: "37c9fa293c184293b1e003d913ad6d3f" member_type: VOTER last_known_addr { host: "127.0.107.195" port: 44455 } }
I20260608 12:37:53.910688  3268 raft_consensus.cc:385] T f4bed4dceb6142c588060d95de77ec47 P 37c9fa293c184293b1e003d913ad6d3f [term 0 FOLLOWER]: Consensus starting up: Expiring failure detector timer to make a prompt election more likely
I20260608 12:37:53.911062  3268 raft_consensus.cc:740] T f4bed4dceb6142c588060d95de77ec47 P 37c9fa293c184293b1e003d913ad6d3f [term 0 FOLLOWER]: Becoming Follower/Learner. State: Replica: 37c9fa293c184293b1e003d913ad6d3f, State: Initialized, Role: FOLLOWER
I20260608 12:37:53.912110  3268 consensus_queue.cc:260] T f4bed4dceb6142c588060d95de77ec47 P 37c9fa293c184293b1e003d913ad6d3f [NON_LEADER]: Queue going to NON_LEADER mode. State: All replicated index: 0, Majority replicated index: 0, Committed index: 0, Last appended: 0.0, Last appended by leader: 0, Current term: 0, Majority size: -1, State: 0, Mode: NON_LEADER, active raft config: opid_index: -1 OBSOLETE_local: false peers { permanent_uuid: "da4450cbe6074692b70506a25bccae60" member_type: VOTER last_known_addr { host: "127.0.107.193" port: 36465 } } peers { permanent_uuid: "4d1012637beb45e59b68d011827e50b3" member_type: VOTER last_known_addr { host: "127.0.107.194" port: 41729 } } peers { permanent_uuid: "37c9fa293c184293b1e003d913ad6d3f" member_type: VOTER last_known_addr { host: "127.0.107.195" port: 44455 } }
I20260608 12:37:53.918500  3268 ts_tablet_manager.cc:1434] T f4bed4dceb6142c588060d95de77ec47 P 37c9fa293c184293b1e003d913ad6d3f: Time spent starting tablet: real 0.011s	user 0.008s	sys 0.000s
I20260608 12:37:53.916178  3149 raft_consensus.cc:2468] T f9b904e63e7e4c3eae4a0c47216d4308 P 4d1012637beb45e59b68d011827e50b3 [term 1 FOLLOWER]: Leader election vote request: Granting yes vote for candidate da4450cbe6074692b70506a25bccae60 in term 1.
I20260608 12:37:53.926400  2970 catalog_manager.cc:5696] T f9b904e63e7e4c3eae4a0c47216d4308 P da4450cbe6074692b70506a25bccae60 reported cstate change: term changed from 0 to 1, leader changed from <none> to da4450cbe6074692b70506a25bccae60 (127.0.107.193). New cstate: current_term: 1 leader_uuid: "da4450cbe6074692b70506a25bccae60" committed_config { opid_index: -1 OBSOLETE_local: false peers { permanent_uuid: "4d1012637beb45e59b68d011827e50b3" member_type: VOTER last_known_addr { host: "127.0.107.194" port: 41729 } health_report { overall_health: UNKNOWN } } peers { permanent_uuid: "da4450cbe6074692b70506a25bccae60" member_type: VOTER last_known_addr { host: "127.0.107.193" port: 36465 } health_report { overall_health: HEALTHY } } peers { permanent_uuid: "37c9fa293c184293b1e003d913ad6d3f" member_type: VOTER last_known_addr { host: "127.0.107.195" port: 44455 } health_report { overall_health: UNKNOWN } } }
I20260608 12:37:53.934831  3272 tablet_bootstrap.cc:492] T a9f036fa08634b798f027060948b05b0 P 4d1012637beb45e59b68d011827e50b3: No bootstrap required, opened a new log
I20260608 12:37:53.935341  3272 ts_tablet_manager.cc:1403] T a9f036fa08634b798f027060948b05b0 P 4d1012637beb45e59b68d011827e50b3: Time spent bootstrapping tablet: real 0.078s	user 0.002s	sys 0.014s
I20260608 12:37:53.935235  3223 tablet_service.cc:1917] Received RequestConsensusVote() RPC: tablet_id: "95320451316e465a817203c08ce7acfc" candidate_uuid: "4d1012637beb45e59b68d011827e50b3" candidate_term: 1 candidate_status { last_received { term: 0 index: 0 } } ignore_live_leader: false dest_uuid: "37c9fa293c184293b1e003d913ad6d3f" is_pre_election: true
I20260608 12:37:53.935958  3223 raft_consensus.cc:2468] T 95320451316e465a817203c08ce7acfc P 37c9fa293c184293b1e003d913ad6d3f [term 0 FOLLOWER]: Leader pre-election vote request: Granting yes vote for candidate 4d1012637beb45e59b68d011827e50b3 in term 0.
I20260608 12:37:53.936693  3074 tablet_service.cc:1917] Received RequestConsensusVote() RPC: tablet_id: "95320451316e465a817203c08ce7acfc" candidate_uuid: "4d1012637beb45e59b68d011827e50b3" candidate_term: 1 candidate_status { last_received { term: 0 index: 0 } } ignore_live_leader: false dest_uuid: "da4450cbe6074692b70506a25bccae60" is_pre_election: true
I20260608 12:37:53.937387  3074 raft_consensus.cc:2468] T 95320451316e465a817203c08ce7acfc P da4450cbe6074692b70506a25bccae60 [term 0 FOLLOWER]: Leader pre-election vote request: Granting yes vote for candidate 4d1012637beb45e59b68d011827e50b3 in term 0.
I20260608 12:37:53.937495  3115 leader_election.cc:304] T 95320451316e465a817203c08ce7acfc P 4d1012637beb45e59b68d011827e50b3 [CANDIDATE]: Term 1 pre-election: Election decided. Result: candidate won. Election summary: received 2 responses out of 3 voters: 2 yes votes; 0 no votes. yes voters: 37c9fa293c184293b1e003d913ad6d3f, 4d1012637beb45e59b68d011827e50b3; no voters: 
I20260608 12:37:53.938361  3277 raft_consensus.cc:2804] T 95320451316e465a817203c08ce7acfc P 4d1012637beb45e59b68d011827e50b3 [term 0 FOLLOWER]: Leader pre-election won for term 1
I20260608 12:37:53.938719  3277 raft_consensus.cc:493] T 95320451316e465a817203c08ce7acfc P 4d1012637beb45e59b68d011827e50b3 [term 0 FOLLOWER]: Starting leader election (no leader contacted us within the election timeout)
I20260608 12:37:53.938659  3272 raft_consensus.cc:359] T a9f036fa08634b798f027060948b05b0 P 4d1012637beb45e59b68d011827e50b3 [term 0 FOLLOWER]: Replica starting. Triggering 0 pending ops. Active config: opid_index: -1 OBSOLETE_local: false peers { permanent_uuid: "da4450cbe6074692b70506a25bccae60" member_type: VOTER last_known_addr { host: "127.0.107.193" port: 36465 } } peers { permanent_uuid: "4d1012637beb45e59b68d011827e50b3" member_type: VOTER last_known_addr { host: "127.0.107.194" port: 41729 } } peers { permanent_uuid: "37c9fa293c184293b1e003d913ad6d3f" member_type: VOTER last_known_addr { host: "127.0.107.195" port: 44455 } }
I20260608 12:37:53.939230  3277 raft_consensus.cc:3060] T 95320451316e465a817203c08ce7acfc P 4d1012637beb45e59b68d011827e50b3 [term 0 FOLLOWER]: Advancing to term 1
I20260608 12:37:53.939500  3272 raft_consensus.cc:385] T a9f036fa08634b798f027060948b05b0 P 4d1012637beb45e59b68d011827e50b3 [term 0 FOLLOWER]: Consensus starting up: Expiring failure detector timer to make a prompt election more likely
I20260608 12:37:53.939826  3272 raft_consensus.cc:740] T a9f036fa08634b798f027060948b05b0 P 4d1012637beb45e59b68d011827e50b3 [term 0 FOLLOWER]: Becoming Follower/Learner. State: Replica: 4d1012637beb45e59b68d011827e50b3, State: Initialized, Role: FOLLOWER
I20260608 12:37:53.940663  3272 consensus_queue.cc:260] T a9f036fa08634b798f027060948b05b0 P 4d1012637beb45e59b68d011827e50b3 [NON_LEADER]: Queue going to NON_LEADER mode. State: All replicated index: 0, Majority replicated index: 0, Committed index: 0, Last appended: 0.0, Last appended by leader: 0, Current term: 0, Majority size: -1, State: 0, Mode: NON_LEADER, active raft config: opid_index: -1 OBSOLETE_local: false peers { permanent_uuid: "da4450cbe6074692b70506a25bccae60" member_type: VOTER last_known_addr { host: "127.0.107.193" port: 36465 } } peers { permanent_uuid: "4d1012637beb45e59b68d011827e50b3" member_type: VOTER last_known_addr { host: "127.0.107.194" port: 41729 } } peers { permanent_uuid: "37c9fa293c184293b1e003d913ad6d3f" member_type: VOTER last_known_addr { host: "127.0.107.195" port: 44455 } }
I20260608 12:37:53.945374  3272 ts_tablet_manager.cc:1434] T a9f036fa08634b798f027060948b05b0 P 4d1012637beb45e59b68d011827e50b3: Time spent starting tablet: real 0.010s	user 0.005s	sys 0.005s
I20260608 12:37:53.946718  3277 raft_consensus.cc:515] T 95320451316e465a817203c08ce7acfc P 4d1012637beb45e59b68d011827e50b3 [term 1 FOLLOWER]: Starting leader election with config: opid_index: -1 OBSOLETE_local: false peers { permanent_uuid: "da4450cbe6074692b70506a25bccae60" member_type: VOTER last_known_addr { host: "127.0.107.193" port: 36465 } } peers { permanent_uuid: "4d1012637beb45e59b68d011827e50b3" member_type: VOTER last_known_addr { host: "127.0.107.194" port: 41729 } } peers { permanent_uuid: "37c9fa293c184293b1e003d913ad6d3f" member_type: VOTER last_known_addr { host: "127.0.107.195" port: 44455 } }
I20260608 12:37:53.949123  3074 tablet_service.cc:1917] Received RequestConsensusVote() RPC: tablet_id: "95320451316e465a817203c08ce7acfc" candidate_uuid: "4d1012637beb45e59b68d011827e50b3" candidate_term: 1 candidate_status { last_received { term: 0 index: 0 } } ignore_live_leader: false dest_uuid: "da4450cbe6074692b70506a25bccae60"
I20260608 12:37:53.949307  3277 leader_election.cc:290] T 95320451316e465a817203c08ce7acfc P 4d1012637beb45e59b68d011827e50b3 [CANDIDATE]: Term 1 election: Requested vote from peers da4450cbe6074692b70506a25bccae60 (127.0.107.193:36465), 37c9fa293c184293b1e003d913ad6d3f (127.0.107.195:44455)
I20260608 12:37:53.949436  3223 tablet_service.cc:1917] Received RequestConsensusVote() RPC: tablet_id: "95320451316e465a817203c08ce7acfc" candidate_uuid: "4d1012637beb45e59b68d011827e50b3" candidate_term: 1 candidate_status { last_received { term: 0 index: 0 } } ignore_live_leader: false dest_uuid: "37c9fa293c184293b1e003d913ad6d3f"
I20260608 12:37:53.949704  3074 raft_consensus.cc:3060] T 95320451316e465a817203c08ce7acfc P da4450cbe6074692b70506a25bccae60 [term 0 FOLLOWER]: Advancing to term 1
I20260608 12:37:53.950099  3223 raft_consensus.cc:3060] T 95320451316e465a817203c08ce7acfc P 37c9fa293c184293b1e003d913ad6d3f [term 0 FOLLOWER]: Advancing to term 1
I20260608 12:37:53.951889  3275 raft_consensus.cc:493] T f4bed4dceb6142c588060d95de77ec47 P 37c9fa293c184293b1e003d913ad6d3f [term 0 FOLLOWER]: Starting pre-election (no leader contacted us within the election timeout)
I20260608 12:37:53.952435  3275 raft_consensus.cc:515] T f4bed4dceb6142c588060d95de77ec47 P 37c9fa293c184293b1e003d913ad6d3f [term 0 FOLLOWER]: Starting pre-election with config: opid_index: -1 OBSOLETE_local: false peers { permanent_uuid: "da4450cbe6074692b70506a25bccae60" member_type: VOTER last_known_addr { host: "127.0.107.193" port: 36465 } } peers { permanent_uuid: "4d1012637beb45e59b68d011827e50b3" member_type: VOTER last_known_addr { host: "127.0.107.194" port: 41729 } } peers { permanent_uuid: "37c9fa293c184293b1e003d913ad6d3f" member_type: VOTER last_known_addr { host: "127.0.107.195" port: 44455 } }
I20260608 12:37:53.955317  3275 leader_election.cc:290] T f4bed4dceb6142c588060d95de77ec47 P 37c9fa293c184293b1e003d913ad6d3f [CANDIDATE]: Term 1 pre-election: Requested pre-vote from peers da4450cbe6074692b70506a25bccae60 (127.0.107.193:36465), 4d1012637beb45e59b68d011827e50b3 (127.0.107.194:41729)
I20260608 12:37:53.957016  3074 raft_consensus.cc:2468] T 95320451316e465a817203c08ce7acfc P da4450cbe6074692b70506a25bccae60 [term 1 FOLLOWER]: Leader election vote request: Granting yes vote for candidate 4d1012637beb45e59b68d011827e50b3 in term 1.
I20260608 12:37:53.957034  3223 raft_consensus.cc:2468] T 95320451316e465a817203c08ce7acfc P 37c9fa293c184293b1e003d913ad6d3f [term 1 FOLLOWER]: Leader election vote request: Granting yes vote for candidate 4d1012637beb45e59b68d011827e50b3 in term 1.
I20260608 12:37:53.958684  3115 leader_election.cc:304] T 95320451316e465a817203c08ce7acfc P 4d1012637beb45e59b68d011827e50b3 [CANDIDATE]: Term 1 election: Election decided. Result: candidate won. Election summary: received 2 responses out of 3 voters: 2 yes votes; 0 no votes. yes voters: 37c9fa293c184293b1e003d913ad6d3f, 4d1012637beb45e59b68d011827e50b3; no voters: 
I20260608 12:37:53.959503  3277 raft_consensus.cc:2804] T 95320451316e465a817203c08ce7acfc P 4d1012637beb45e59b68d011827e50b3 [term 1 FOLLOWER]: Leader election won for term 1
I20260608 12:37:53.960008  3277 raft_consensus.cc:697] T 95320451316e465a817203c08ce7acfc P 4d1012637beb45e59b68d011827e50b3 [term 1 LEADER]: Becoming Leader. State: Replica: 4d1012637beb45e59b68d011827e50b3, State: Running, Role: LEADER
I20260608 12:37:53.960853  3277 consensus_queue.cc:237] T 95320451316e465a817203c08ce7acfc P 4d1012637beb45e59b68d011827e50b3 [LEADER]: Queue going to LEADER mode. State: All replicated index: 0, Majority replicated index: 0, Committed index: 0, Last appended: 0.0, Last appended by leader: 0, Current term: 1, Majority size: 2, State: 0, Mode: LEADER, active raft config: opid_index: -1 OBSOLETE_local: false peers { permanent_uuid: "da4450cbe6074692b70506a25bccae60" member_type: VOTER last_known_addr { host: "127.0.107.193" port: 36465 } } peers { permanent_uuid: "4d1012637beb45e59b68d011827e50b3" member_type: VOTER last_known_addr { host: "127.0.107.194" port: 41729 } } peers { permanent_uuid: "37c9fa293c184293b1e003d913ad6d3f" member_type: VOTER last_known_addr { host: "127.0.107.195" port: 44455 } }
I20260608 12:37:53.969808  3149 tablet_service.cc:1917] Received RequestConsensusVote() RPC: tablet_id: "f4bed4dceb6142c588060d95de77ec47" candidate_uuid: "37c9fa293c184293b1e003d913ad6d3f" candidate_term: 1 candidate_status { last_received { term: 0 index: 0 } } ignore_live_leader: false dest_uuid: "4d1012637beb45e59b68d011827e50b3" is_pre_election: true
I20260608 12:37:53.969769  3074 tablet_service.cc:1917] Received RequestConsensusVote() RPC: tablet_id: "f4bed4dceb6142c588060d95de77ec47" candidate_uuid: "37c9fa293c184293b1e003d913ad6d3f" candidate_term: 1 candidate_status { last_received { term: 0 index: 0 } } ignore_live_leader: false dest_uuid: "da4450cbe6074692b70506a25bccae60" is_pre_election: true
I20260608 12:37:53.969686  2970 catalog_manager.cc:5696] T 95320451316e465a817203c08ce7acfc P 4d1012637beb45e59b68d011827e50b3 reported cstate change: term changed from 0 to 1, leader changed from <none> to 4d1012637beb45e59b68d011827e50b3 (127.0.107.194). New cstate: current_term: 1 leader_uuid: "4d1012637beb45e59b68d011827e50b3" committed_config { opid_index: -1 OBSOLETE_local: false peers { permanent_uuid: "da4450cbe6074692b70506a25bccae60" member_type: VOTER last_known_addr { host: "127.0.107.193" port: 36465 } health_report { overall_health: UNKNOWN } } peers { permanent_uuid: "4d1012637beb45e59b68d011827e50b3" member_type: VOTER last_known_addr { host: "127.0.107.194" port: 41729 } health_report { overall_health: HEALTHY } } peers { permanent_uuid: "37c9fa293c184293b1e003d913ad6d3f" member_type: VOTER last_known_addr { host: "127.0.107.195" port: 44455 } health_report { overall_health: UNKNOWN } } }
I20260608 12:37:53.970600  3149 raft_consensus.cc:2468] T f4bed4dceb6142c588060d95de77ec47 P 4d1012637beb45e59b68d011827e50b3 [term 0 FOLLOWER]: Leader pre-election vote request: Granting yes vote for candidate 37c9fa293c184293b1e003d913ad6d3f in term 0.
I20260608 12:37:53.970659  3074 raft_consensus.cc:2468] T f4bed4dceb6142c588060d95de77ec47 P da4450cbe6074692b70506a25bccae60 [term 0 FOLLOWER]: Leader pre-election vote request: Granting yes vote for candidate 37c9fa293c184293b1e003d913ad6d3f in term 0.
I20260608 12:37:53.972007  3186 leader_election.cc:304] T f4bed4dceb6142c588060d95de77ec47 P 37c9fa293c184293b1e003d913ad6d3f [CANDIDATE]: Term 1 pre-election: Election decided. Result: candidate won. Election summary: received 2 responses out of 3 voters: 2 yes votes; 0 no votes. yes voters: 37c9fa293c184293b1e003d913ad6d3f, 4d1012637beb45e59b68d011827e50b3; no voters: 
I20260608 12:37:53.972759  3275 raft_consensus.cc:2804] T f4bed4dceb6142c588060d95de77ec47 P 37c9fa293c184293b1e003d913ad6d3f [term 0 FOLLOWER]: Leader pre-election won for term 1
I20260608 12:37:53.973131  3275 raft_consensus.cc:493] T f4bed4dceb6142c588060d95de77ec47 P 37c9fa293c184293b1e003d913ad6d3f [term 0 FOLLOWER]: Starting leader election (no leader contacted us within the election timeout)
I20260608 12:37:53.973446  3275 raft_consensus.cc:3060] T f4bed4dceb6142c588060d95de77ec47 P 37c9fa293c184293b1e003d913ad6d3f [term 0 FOLLOWER]: Advancing to term 1
I20260608 12:37:53.978473  3275 raft_consensus.cc:515] T f4bed4dceb6142c588060d95de77ec47 P 37c9fa293c184293b1e003d913ad6d3f [term 1 FOLLOWER]: Starting leader election with config: opid_index: -1 OBSOLETE_local: false peers { permanent_uuid: "da4450cbe6074692b70506a25bccae60" member_type: VOTER last_known_addr { host: "127.0.107.193" port: 36465 } } peers { permanent_uuid: "4d1012637beb45e59b68d011827e50b3" member_type: VOTER last_known_addr { host: "127.0.107.194" port: 41729 } } peers { permanent_uuid: "37c9fa293c184293b1e003d913ad6d3f" member_type: VOTER last_known_addr { host: "127.0.107.195" port: 44455 } }
I20260608 12:37:53.980298  3275 leader_election.cc:290] T f4bed4dceb6142c588060d95de77ec47 P 37c9fa293c184293b1e003d913ad6d3f [CANDIDATE]: Term 1 election: Requested vote from peers da4450cbe6074692b70506a25bccae60 (127.0.107.193:36465), 4d1012637beb45e59b68d011827e50b3 (127.0.107.194:41729)
I20260608 12:37:53.980897  3074 tablet_service.cc:1917] Received RequestConsensusVote() RPC: tablet_id: "f4bed4dceb6142c588060d95de77ec47" candidate_uuid: "37c9fa293c184293b1e003d913ad6d3f" candidate_term: 1 candidate_status { last_received { term: 0 index: 0 } } ignore_live_leader: false dest_uuid: "da4450cbe6074692b70506a25bccae60"
I20260608 12:37:53.981455  3074 raft_consensus.cc:3060] T f4bed4dceb6142c588060d95de77ec47 P da4450cbe6074692b70506a25bccae60 [term 0 FOLLOWER]: Advancing to term 1
I20260608 12:37:53.981349  3149 tablet_service.cc:1917] Received RequestConsensusVote() RPC: tablet_id: "f4bed4dceb6142c588060d95de77ec47" candidate_uuid: "37c9fa293c184293b1e003d913ad6d3f" candidate_term: 1 candidate_status { last_received { term: 0 index: 0 } } ignore_live_leader: false dest_uuid: "4d1012637beb45e59b68d011827e50b3"
I20260608 12:37:53.982043  3149 raft_consensus.cc:3060] T f4bed4dceb6142c588060d95de77ec47 P 4d1012637beb45e59b68d011827e50b3 [term 0 FOLLOWER]: Advancing to term 1
I20260608 12:37:53.988051  3074 raft_consensus.cc:2468] T f4bed4dceb6142c588060d95de77ec47 P da4450cbe6074692b70506a25bccae60 [term 1 FOLLOWER]: Leader election vote request: Granting yes vote for candidate 37c9fa293c184293b1e003d913ad6d3f in term 1.
I20260608 12:37:53.989104  3186 leader_election.cc:304] T f4bed4dceb6142c588060d95de77ec47 P 37c9fa293c184293b1e003d913ad6d3f [CANDIDATE]: Term 1 election: Election decided. Result: candidate won. Election summary: received 2 responses out of 3 voters: 2 yes votes; 0 no votes. yes voters: 37c9fa293c184293b1e003d913ad6d3f, da4450cbe6074692b70506a25bccae60; no voters: 
I20260608 12:37:53.989250  3149 raft_consensus.cc:2468] T f4bed4dceb6142c588060d95de77ec47 P 4d1012637beb45e59b68d011827e50b3 [term 1 FOLLOWER]: Leader election vote request: Granting yes vote for candidate 37c9fa293c184293b1e003d913ad6d3f in term 1.
I20260608 12:37:53.989825  3275 raft_consensus.cc:2804] T f4bed4dceb6142c588060d95de77ec47 P 37c9fa293c184293b1e003d913ad6d3f [term 1 FOLLOWER]: Leader election won for term 1
I20260608 12:37:53.990897  3275 raft_consensus.cc:697] T f4bed4dceb6142c588060d95de77ec47 P 37c9fa293c184293b1e003d913ad6d3f [term 1 LEADER]: Becoming Leader. State: Replica: 37c9fa293c184293b1e003d913ad6d3f, State: Running, Role: LEADER
I20260608 12:37:53.991576  3275 consensus_queue.cc:237] T f4bed4dceb6142c588060d95de77ec47 P 37c9fa293c184293b1e003d913ad6d3f [LEADER]: Queue going to LEADER mode. State: All replicated index: 0, Majority replicated index: 0, Committed index: 0, Last appended: 0.0, Last appended by leader: 0, Current term: 1, Majority size: 2, State: 0, Mode: LEADER, active raft config: opid_index: -1 OBSOLETE_local: false peers { permanent_uuid: "da4450cbe6074692b70506a25bccae60" member_type: VOTER last_known_addr { host: "127.0.107.193" port: 36465 } } peers { permanent_uuid: "4d1012637beb45e59b68d011827e50b3" member_type: VOTER last_known_addr { host: "127.0.107.194" port: 41729 } } peers { permanent_uuid: "37c9fa293c184293b1e003d913ad6d3f" member_type: VOTER last_known_addr { host: "127.0.107.195" port: 44455 } }
I20260608 12:37:53.998639  2970 catalog_manager.cc:5696] T f4bed4dceb6142c588060d95de77ec47 P 37c9fa293c184293b1e003d913ad6d3f reported cstate change: term changed from 0 to 1, leader changed from <none> to 37c9fa293c184293b1e003d913ad6d3f (127.0.107.195). New cstate: current_term: 1 leader_uuid: "37c9fa293c184293b1e003d913ad6d3f" committed_config { opid_index: -1 OBSOLETE_local: false peers { permanent_uuid: "da4450cbe6074692b70506a25bccae60" member_type: VOTER last_known_addr { host: "127.0.107.193" port: 36465 } health_report { overall_health: UNKNOWN } } peers { permanent_uuid: "4d1012637beb45e59b68d011827e50b3" member_type: VOTER last_known_addr { host: "127.0.107.194" port: 41729 } health_report { overall_health: UNKNOWN } } peers { permanent_uuid: "37c9fa293c184293b1e003d913ad6d3f" member_type: VOTER last_known_addr { host: "127.0.107.195" port: 44455 } health_report { overall_health: HEALTHY } } }
W20260608 12:37:54.125636  3020 auto_rebalancer.cc:259] Could not retrieve cluster info: Service unavailable: Tablet not running
I20260608 12:37:54.127142  3025 auto_leader_rebalancer.cc:140] leader rebalance for table range_aware_auto_rebalancer_test
W20260608 12:37:54.129390  3025 auto_leader_rebalancer.cc:460] the master instance isn't leader: Service unavailable: Tablet not running
I20260608 12:37:54.212477  3275 raft_consensus.cc:493] T a9f036fa08634b798f027060948b05b0 P 37c9fa293c184293b1e003d913ad6d3f [term 0 FOLLOWER]: Starting pre-election (no leader contacted us within the election timeout)
I20260608 12:37:54.212998  3275 raft_consensus.cc:515] T a9f036fa08634b798f027060948b05b0 P 37c9fa293c184293b1e003d913ad6d3f [term 0 FOLLOWER]: Starting pre-election with config: opid_index: -1 OBSOLETE_local: false peers { permanent_uuid: "da4450cbe6074692b70506a25bccae60" member_type: VOTER last_known_addr { host: "127.0.107.193" port: 36465 } } peers { permanent_uuid: "4d1012637beb45e59b68d011827e50b3" member_type: VOTER last_known_addr { host: "127.0.107.194" port: 41729 } } peers { permanent_uuid: "37c9fa293c184293b1e003d913ad6d3f" member_type: VOTER last_known_addr { host: "127.0.107.195" port: 44455 } }
I20260608 12:37:54.214836  3275 leader_election.cc:290] T a9f036fa08634b798f027060948b05b0 P 37c9fa293c184293b1e003d913ad6d3f [CANDIDATE]: Term 1 pre-election: Requested pre-vote from peers da4450cbe6074692b70506a25bccae60 (127.0.107.193:36465), 4d1012637beb45e59b68d011827e50b3 (127.0.107.194:41729)
I20260608 12:37:54.215576  3074 tablet_service.cc:1917] Received RequestConsensusVote() RPC: tablet_id: "a9f036fa08634b798f027060948b05b0" candidate_uuid: "37c9fa293c184293b1e003d913ad6d3f" candidate_term: 1 candidate_status { last_received { term: 0 index: 0 } } ignore_live_leader: false dest_uuid: "da4450cbe6074692b70506a25bccae60" is_pre_election: true
I20260608 12:37:54.215952  3149 tablet_service.cc:1917] Received RequestConsensusVote() RPC: tablet_id: "a9f036fa08634b798f027060948b05b0" candidate_uuid: "37c9fa293c184293b1e003d913ad6d3f" candidate_term: 1 candidate_status { last_received { term: 0 index: 0 } } ignore_live_leader: false dest_uuid: "4d1012637beb45e59b68d011827e50b3" is_pre_election: true
I20260608 12:37:54.216305  3074 raft_consensus.cc:2468] T a9f036fa08634b798f027060948b05b0 P da4450cbe6074692b70506a25bccae60 [term 0 FOLLOWER]: Leader pre-election vote request: Granting yes vote for candidate 37c9fa293c184293b1e003d913ad6d3f in term 0.
I20260608 12:37:54.216646  3149 raft_consensus.cc:2468] T a9f036fa08634b798f027060948b05b0 P 4d1012637beb45e59b68d011827e50b3 [term 0 FOLLOWER]: Leader pre-election vote request: Granting yes vote for candidate 37c9fa293c184293b1e003d913ad6d3f in term 0.
I20260608 12:37:54.217489  3186 leader_election.cc:304] T a9f036fa08634b798f027060948b05b0 P 37c9fa293c184293b1e003d913ad6d3f [CANDIDATE]: Term 1 pre-election: Election decided. Result: candidate won. Election summary: received 2 responses out of 3 voters: 2 yes votes; 0 no votes. yes voters: 37c9fa293c184293b1e003d913ad6d3f, da4450cbe6074692b70506a25bccae60; no voters: 
I20260608 12:37:54.218122  3275 raft_consensus.cc:2804] T a9f036fa08634b798f027060948b05b0 P 37c9fa293c184293b1e003d913ad6d3f [term 0 FOLLOWER]: Leader pre-election won for term 1
I20260608 12:37:54.218524  3275 raft_consensus.cc:493] T a9f036fa08634b798f027060948b05b0 P 37c9fa293c184293b1e003d913ad6d3f [term 0 FOLLOWER]: Starting leader election (no leader contacted us within the election timeout)
I20260608 12:37:54.218873  3275 raft_consensus.cc:3060] T a9f036fa08634b798f027060948b05b0 P 37c9fa293c184293b1e003d913ad6d3f [term 0 FOLLOWER]: Advancing to term 1
I20260608 12:37:54.223544  3275 raft_consensus.cc:515] T a9f036fa08634b798f027060948b05b0 P 37c9fa293c184293b1e003d913ad6d3f [term 1 FOLLOWER]: Starting leader election with config: opid_index: -1 OBSOLETE_local: false peers { permanent_uuid: "da4450cbe6074692b70506a25bccae60" member_type: VOTER last_known_addr { host: "127.0.107.193" port: 36465 } } peers { permanent_uuid: "4d1012637beb45e59b68d011827e50b3" member_type: VOTER last_known_addr { host: "127.0.107.194" port: 41729 } } peers { permanent_uuid: "37c9fa293c184293b1e003d913ad6d3f" member_type: VOTER last_known_addr { host: "127.0.107.195" port: 44455 } }
I20260608 12:37:54.225361  3275 leader_election.cc:290] T a9f036fa08634b798f027060948b05b0 P 37c9fa293c184293b1e003d913ad6d3f [CANDIDATE]: Term 1 election: Requested vote from peers da4450cbe6074692b70506a25bccae60 (127.0.107.193:36465), 4d1012637beb45e59b68d011827e50b3 (127.0.107.194:41729)
I20260608 12:37:54.226045  3074 tablet_service.cc:1917] Received RequestConsensusVote() RPC: tablet_id: "a9f036fa08634b798f027060948b05b0" candidate_uuid: "37c9fa293c184293b1e003d913ad6d3f" candidate_term: 1 candidate_status { last_received { term: 0 index: 0 } } ignore_live_leader: false dest_uuid: "da4450cbe6074692b70506a25bccae60"
I20260608 12:37:54.226478  3149 tablet_service.cc:1917] Received RequestConsensusVote() RPC: tablet_id: "a9f036fa08634b798f027060948b05b0" candidate_uuid: "37c9fa293c184293b1e003d913ad6d3f" candidate_term: 1 candidate_status { last_received { term: 0 index: 0 } } ignore_live_leader: false dest_uuid: "4d1012637beb45e59b68d011827e50b3"
I20260608 12:37:54.226655  3074 raft_consensus.cc:3060] T a9f036fa08634b798f027060948b05b0 P da4450cbe6074692b70506a25bccae60 [term 0 FOLLOWER]: Advancing to term 1
I20260608 12:37:54.227056  3149 raft_consensus.cc:3060] T a9f036fa08634b798f027060948b05b0 P 4d1012637beb45e59b68d011827e50b3 [term 0 FOLLOWER]: Advancing to term 1
I20260608 12:37:54.233479  3074 raft_consensus.cc:2468] T a9f036fa08634b798f027060948b05b0 P da4450cbe6074692b70506a25bccae60 [term 1 FOLLOWER]: Leader election vote request: Granting yes vote for candidate 37c9fa293c184293b1e003d913ad6d3f in term 1.
I20260608 12:37:54.233479  3149 raft_consensus.cc:2468] T a9f036fa08634b798f027060948b05b0 P 4d1012637beb45e59b68d011827e50b3 [term 1 FOLLOWER]: Leader election vote request: Granting yes vote for candidate 37c9fa293c184293b1e003d913ad6d3f in term 1.
I20260608 12:37:54.234918  3186 leader_election.cc:304] T a9f036fa08634b798f027060948b05b0 P 37c9fa293c184293b1e003d913ad6d3f [CANDIDATE]: Term 1 election: Election decided. Result: candidate won. Election summary: received 2 responses out of 3 voters: 2 yes votes; 0 no votes. yes voters: 37c9fa293c184293b1e003d913ad6d3f, da4450cbe6074692b70506a25bccae60; no voters: 
I20260608 12:37:54.235724  3275 raft_consensus.cc:2804] T a9f036fa08634b798f027060948b05b0 P 37c9fa293c184293b1e003d913ad6d3f [term 1 FOLLOWER]: Leader election won for term 1
I20260608 12:37:54.236166  3275 raft_consensus.cc:697] T a9f036fa08634b798f027060948b05b0 P 37c9fa293c184293b1e003d913ad6d3f [term 1 LEADER]: Becoming Leader. State: Replica: 37c9fa293c184293b1e003d913ad6d3f, State: Running, Role: LEADER
I20260608 12:37:54.236932  3275 consensus_queue.cc:237] T a9f036fa08634b798f027060948b05b0 P 37c9fa293c184293b1e003d913ad6d3f [LEADER]: Queue going to LEADER mode. State: All replicated index: 0, Majority replicated index: 0, Committed index: 0, Last appended: 0.0, Last appended by leader: 0, Current term: 1, Majority size: 2, State: 0, Mode: LEADER, active raft config: opid_index: -1 OBSOLETE_local: false peers { permanent_uuid: "da4450cbe6074692b70506a25bccae60" member_type: VOTER last_known_addr { host: "127.0.107.193" port: 36465 } } peers { permanent_uuid: "4d1012637beb45e59b68d011827e50b3" member_type: VOTER last_known_addr { host: "127.0.107.194" port: 41729 } } peers { permanent_uuid: "37c9fa293c184293b1e003d913ad6d3f" member_type: VOTER last_known_addr { host: "127.0.107.195" port: 44455 } }
I20260608 12:37:54.243530  2970 catalog_manager.cc:5696] T a9f036fa08634b798f027060948b05b0 P 37c9fa293c184293b1e003d913ad6d3f reported cstate change: term changed from 0 to 1, leader changed from <none> to 37c9fa293c184293b1e003d913ad6d3f (127.0.107.195). New cstate: current_term: 1 leader_uuid: "37c9fa293c184293b1e003d913ad6d3f" committed_config { opid_index: -1 OBSOLETE_local: false peers { permanent_uuid: "da4450cbe6074692b70506a25bccae60" member_type: VOTER last_known_addr { host: "127.0.107.193" port: 36465 } health_report { overall_health: UNKNOWN } } peers { permanent_uuid: "4d1012637beb45e59b68d011827e50b3" member_type: VOTER last_known_addr { host: "127.0.107.194" port: 41729 } health_report { overall_health: UNKNOWN } } peers { permanent_uuid: "37c9fa293c184293b1e003d913ad6d3f" member_type: VOTER last_known_addr { host: "127.0.107.195" port: 44455 } health_report { overall_health: HEALTHY } } }
I20260608 12:37:54.272276   431 tablet_server.cc:179] TabletServer@127.0.107.193:0 shutting down...
I20260608 12:37:54.289640   431 ts_tablet_manager.cc:1507] Shutting down tablet manager...
I20260608 12:37:54.290436   431 tablet_replica.cc:333] T 95320451316e465a817203c08ce7acfc P da4450cbe6074692b70506a25bccae60: stopping tablet replica
I20260608 12:37:54.290997   431 raft_consensus.cc:2243] T 95320451316e465a817203c08ce7acfc P da4450cbe6074692b70506a25bccae60 [term 1 FOLLOWER]: Raft consensus shutting down.
I20260608 12:37:54.291402   431 raft_consensus.cc:2272] T 95320451316e465a817203c08ce7acfc P da4450cbe6074692b70506a25bccae60 [term 1 FOLLOWER]: Raft consensus is shut down!
I20260608 12:37:54.293134   431 tablet_replica.cc:333] T a9f036fa08634b798f027060948b05b0 P da4450cbe6074692b70506a25bccae60: stopping tablet replica
I20260608 12:37:54.293642   431 raft_consensus.cc:2243] T a9f036fa08634b798f027060948b05b0 P da4450cbe6074692b70506a25bccae60 [term 1 FOLLOWER]: Raft consensus shutting down.
I20260608 12:37:54.294000   431 raft_consensus.cc:2272] T a9f036fa08634b798f027060948b05b0 P da4450cbe6074692b70506a25bccae60 [term 1 FOLLOWER]: Raft consensus is shut down!
I20260608 12:37:54.295786   431 tablet_replica.cc:333] T f9b904e63e7e4c3eae4a0c47216d4308 P da4450cbe6074692b70506a25bccae60: stopping tablet replica
I20260608 12:37:54.296355   431 raft_consensus.cc:2243] T f9b904e63e7e4c3eae4a0c47216d4308 P da4450cbe6074692b70506a25bccae60 [term 1 LEADER]: Raft consensus shutting down.
I20260608 12:37:54.296909   431 pending_rounds.cc:70] T f9b904e63e7e4c3eae4a0c47216d4308 P da4450cbe6074692b70506a25bccae60: Trying to abort 1 pending ops.
I20260608 12:37:54.297152   431 pending_rounds.cc:77] T f9b904e63e7e4c3eae4a0c47216d4308 P da4450cbe6074692b70506a25bccae60: Aborting op as it isn't in flight: id { term: 1 index: 1 } timestamp: 7294657633928585216 op_type: NO_OP noop_request { }
I20260608 12:37:54.297488   431 raft_consensus.cc:2889] T f9b904e63e7e4c3eae4a0c47216d4308 P da4450cbe6074692b70506a25bccae60 [term 1 LEADER]: NO_OP replication failed: Aborted: Op aborted
I20260608 12:37:54.297762   431 raft_consensus.cc:2272] T f9b904e63e7e4c3eae4a0c47216d4308 P da4450cbe6074692b70506a25bccae60 [term 1 FOLLOWER]: Raft consensus is shut down!
I20260608 12:37:54.299865   431 tablet_replica.cc:333] T f4bed4dceb6142c588060d95de77ec47 P da4450cbe6074692b70506a25bccae60: stopping tablet replica
I20260608 12:37:54.300403   431 raft_consensus.cc:2243] T f4bed4dceb6142c588060d95de77ec47 P da4450cbe6074692b70506a25bccae60 [term 1 FOLLOWER]: Raft consensus shutting down.
I20260608 12:37:54.300761   431 raft_consensus.cc:2272] T f4bed4dceb6142c588060d95de77ec47 P da4450cbe6074692b70506a25bccae60 [term 1 FOLLOWER]: Raft consensus is shut down!
I20260608 12:37:54.323405   431 tablet_server.cc:196] TabletServer@127.0.107.193:0 shutdown complete.
I20260608 12:37:54.334106   431 tablet_server.cc:179] TabletServer@127.0.107.194:0 shutting down...
I20260608 12:37:54.350426  3277 consensus_queue.cc:1048] T 95320451316e465a817203c08ce7acfc P 4d1012637beb45e59b68d011827e50b3 [LEADER]: Connected to new peer: Peer: permanent_uuid: "37c9fa293c184293b1e003d913ad6d3f" member_type: VOTER last_known_addr { host: "127.0.107.195" port: 44455 }, Status: LMP_MISMATCH, Last received: 0.0, Next index: 1, Last known committed idx: 0, Time since last communication: 0.000s
I20260608 12:37:54.355381   431 ts_tablet_manager.cc:1507] Shutting down tablet manager...
I20260608 12:37:54.357614   431 tablet_replica.cc:333] T a9f036fa08634b798f027060948b05b0 P 4d1012637beb45e59b68d011827e50b3: stopping tablet replica
I20260608 12:37:54.358388   431 raft_consensus.cc:2243] T a9f036fa08634b798f027060948b05b0 P 4d1012637beb45e59b68d011827e50b3 [term 1 FOLLOWER]: Raft consensus shutting down.
I20260608 12:37:54.358811   431 raft_consensus.cc:2272] T a9f036fa08634b798f027060948b05b0 P 4d1012637beb45e59b68d011827e50b3 [term 1 FOLLOWER]: Raft consensus is shut down!
I20260608 12:37:54.361222   431 tablet_replica.cc:333] T f9b904e63e7e4c3eae4a0c47216d4308 P 4d1012637beb45e59b68d011827e50b3: stopping tablet replica
I20260608 12:37:54.361954   431 raft_consensus.cc:2243] T f9b904e63e7e4c3eae4a0c47216d4308 P 4d1012637beb45e59b68d011827e50b3 [term 1 FOLLOWER]: Raft consensus shutting down.
I20260608 12:37:54.362427   431 raft_consensus.cc:2272] T f9b904e63e7e4c3eae4a0c47216d4308 P 4d1012637beb45e59b68d011827e50b3 [term 1 FOLLOWER]: Raft consensus is shut down!
I20260608 12:37:54.364161   431 tablet_replica.cc:333] T 95320451316e465a817203c08ce7acfc P 4d1012637beb45e59b68d011827e50b3: stopping tablet replica
W20260608 12:37:54.364398  3112 proxy.cc:239] Call had error, refreshing address and retrying: Network error: Client connection negotiation failed: client connection to 127.0.107.193:36465: connect: Connection refused (error 111) [suppressed 1 similar messages]
I20260608 12:37:54.365001   431 raft_consensus.cc:2243] T 95320451316e465a817203c08ce7acfc P 4d1012637beb45e59b68d011827e50b3 [term 1 LEADER]: Raft consensus shutting down.
I20260608 12:37:54.365489   431 raft_consensus.cc:2272] T 95320451316e465a817203c08ce7acfc P 4d1012637beb45e59b68d011827e50b3 [term 1 FOLLOWER]: Raft consensus is shut down!
I20260608 12:37:54.367476   431 tablet_replica.cc:333] T f4bed4dceb6142c588060d95de77ec47 P 4d1012637beb45e59b68d011827e50b3: stopping tablet replica
I20260608 12:37:54.368000   431 raft_consensus.cc:2243] T f4bed4dceb6142c588060d95de77ec47 P 4d1012637beb45e59b68d011827e50b3 [term 1 FOLLOWER]: Raft consensus shutting down.
I20260608 12:37:54.368395   431 raft_consensus.cc:2272] T f4bed4dceb6142c588060d95de77ec47 P 4d1012637beb45e59b68d011827e50b3 [term 1 FOLLOWER]: Raft consensus is shut down!
I20260608 12:37:54.382275   431 tablet_server.cc:196] TabletServer@127.0.107.194:0 shutdown complete.
I20260608 12:37:54.392617   431 tablet_server.cc:179] TabletServer@127.0.107.195:0 shutting down...
