I20260608 12:40:57.126493  3617 raft_consensus.cc:697] T 4c09a3b29a284e66baf31ea3990b7426 P 65dc572d8e5f4b5da5938f9e5cf61aec [term 1 LEADER]: Becoming Leader. State: Replica: 65dc572d8e5f4b5da5938f9e5cf61aec, State: Running, Role: LEADER
I20260608 12:40:57.127455  3617 consensus_queue.cc:237] T 4c09a3b29a284e66baf31ea3990b7426 P 65dc572d8e5f4b5da5938f9e5cf61aec [LEADER]: Queue going to LEADER mode. State: All replicated index: 0, Majority replicated index: 0, Committed index: 0, Last appended: 0.0, Last appended by leader: 0, Current term: 1, Majority size: 2, State: 0, Mode: LEADER, active raft config: opid_index: -1 OBSOLETE_local: false peers { permanent_uuid: "5b1ccef5f835425fb917d2bd0a1c1658" member_type: VOTER last_known_addr { host: "127.0.107.193" port: 37169 } } peers { permanent_uuid: "c75463f83aef4f648d3e4baf27ddff2c" member_type: VOTER last_known_addr { host: "127.0.107.194" port: 43865 } } peers { permanent_uuid: "65dc572d8e5f4b5da5938f9e5cf61aec" member_type: VOTER last_known_addr { host: "127.0.107.195" port: 44757 } }
I20260608 12:40:57.129725  3414 raft_consensus.cc:2468] T 4c09a3b29a284e66baf31ea3990b7426 P 5b1ccef5f835425fb917d2bd0a1c1658 [term 1 FOLLOWER]: Leader election vote request: Granting yes vote for candidate 65dc572d8e5f4b5da5938f9e5cf61aec in term 1.
I20260608 12:40:57.132766  3313 catalog_manager.cc:5696] T b69670458480468eb57b2034778db698 P 5b1ccef5f835425fb917d2bd0a1c1658 reported cstate change: term changed from 0 to 1, leader changed from <none> to 5b1ccef5f835425fb917d2bd0a1c1658 (127.0.107.193). New cstate: current_term: 1 leader_uuid: "5b1ccef5f835425fb917d2bd0a1c1658" committed_config { opid_index: -1 OBSOLETE_local: false peers { permanent_uuid: "5b1ccef5f835425fb917d2bd0a1c1658" member_type: VOTER last_known_addr { host: "127.0.107.193" port: 37169 } health_report { overall_health: HEALTHY } } peers { permanent_uuid: "c75463f83aef4f648d3e4baf27ddff2c" member_type: VOTER last_known_addr { host: "127.0.107.194" port: 43865 } health_report { overall_health: UNKNOWN } } peers { permanent_uuid: "65dc572d8e5f4b5da5938f9e5cf61aec" member_type: VOTER last_known_addr { host: "127.0.107.195" port: 44757 } health_report { overall_health: UNKNOWN } } }
I20260608 12:40:57.153120  3310 catalog_manager.cc:5696] T 4c09a3b29a284e66baf31ea3990b7426 P 65dc572d8e5f4b5da5938f9e5cf61aec reported cstate change: term changed from 0 to 1, leader changed from <none> to 65dc572d8e5f4b5da5938f9e5cf61aec (127.0.107.195). New cstate: current_term: 1 leader_uuid: "65dc572d8e5f4b5da5938f9e5cf61aec" committed_config { opid_index: -1 OBSOLETE_local: false peers { permanent_uuid: "5b1ccef5f835425fb917d2bd0a1c1658" member_type: VOTER last_known_addr { host: "127.0.107.193" port: 37169 } health_report { overall_health: UNKNOWN } } peers { permanent_uuid: "c75463f83aef4f648d3e4baf27ddff2c" member_type: VOTER last_known_addr { host: "127.0.107.194" port: 43865 } health_report { overall_health: UNKNOWN } } peers { permanent_uuid: "65dc572d8e5f4b5da5938f9e5cf61aec" member_type: VOTER last_known_addr { host: "127.0.107.195" port: 44757 } health_report { overall_health: HEALTHY } } }
I20260608 12:40:57.163450  3621 consensus_queue.cc:1048] T 03803a3e1ba84de5979afbc7c82e3488 P c75463f83aef4f648d3e4baf27ddff2c [LEADER]: Connected to new peer: Peer: permanent_uuid: "5b1ccef5f835425fb917d2bd0a1c1658" member_type: VOTER last_known_addr { host: "127.0.107.193" port: 37169 }, Status: LMP_MISMATCH, Last received: 0.0, Next index: 1, Last known committed idx: 0, Time since last communication: 0.000s
I20260608 12:40:57.175956  3617 raft_consensus.cc:493] T 8157c82f9b44485db9472270b4dc5f98 P 65dc572d8e5f4b5da5938f9e5cf61aec [term 0 FOLLOWER]: Starting pre-election (no leader contacted us within the election timeout)
I20260608 12:40:57.176647  3617 raft_consensus.cc:515] T 8157c82f9b44485db9472270b4dc5f98 P 65dc572d8e5f4b5da5938f9e5cf61aec [term 0 FOLLOWER]: Starting pre-election with config: opid_index: -1 OBSOLETE_local: false peers { permanent_uuid: "5b1ccef5f835425fb917d2bd0a1c1658" member_type: VOTER last_known_addr { host: "127.0.107.193" port: 37169 } } peers { permanent_uuid: "c75463f83aef4f648d3e4baf27ddff2c" member_type: VOTER last_known_addr { host: "127.0.107.194" port: 43865 } } peers { permanent_uuid: "65dc572d8e5f4b5da5938f9e5cf61aec" member_type: VOTER last_known_addr { host: "127.0.107.195" port: 44757 } }
I20260608 12:40:57.180102  3617 leader_election.cc:290] T 8157c82f9b44485db9472270b4dc5f98 P 65dc572d8e5f4b5da5938f9e5cf61aec [CANDIDATE]: Term 1 pre-election: Requested pre-vote from peers 5b1ccef5f835425fb917d2bd0a1c1658 (127.0.107.193:37169), c75463f83aef4f648d3e4baf27ddff2c (127.0.107.194:43865)
I20260608 12:40:57.181778  3490 tablet_service.cc:1917] Received RequestConsensusVote() RPC: tablet_id: "8157c82f9b44485db9472270b4dc5f98" candidate_uuid: "65dc572d8e5f4b5da5938f9e5cf61aec" candidate_term: 1 candidate_status { last_received { term: 0 index: 0 } } ignore_live_leader: false dest_uuid: "c75463f83aef4f648d3e4baf27ddff2c" is_pre_election: true
I20260608 12:40:57.182930  3414 tablet_service.cc:1917] Received RequestConsensusVote() RPC: tablet_id: "8157c82f9b44485db9472270b4dc5f98" candidate_uuid: "65dc572d8e5f4b5da5938f9e5cf61aec" candidate_term: 1 candidate_status { last_received { term: 0 index: 0 } } ignore_live_leader: false dest_uuid: "5b1ccef5f835425fb917d2bd0a1c1658" is_pre_election: true
I20260608 12:40:57.183737  3414 raft_consensus.cc:2393] T 8157c82f9b44485db9472270b4dc5f98 P 5b1ccef5f835425fb917d2bd0a1c1658 [term 1 FOLLOWER]: Leader pre-election vote request: Denying vote to candidate 65dc572d8e5f4b5da5938f9e5cf61aec in current term 1: Already voted for candidate c75463f83aef4f648d3e4baf27ddff2c in this term.
I20260608 12:40:57.184782  3529 leader_election.cc:304] T 8157c82f9b44485db9472270b4dc5f98 P 65dc572d8e5f4b5da5938f9e5cf61aec [CANDIDATE]: Term 1 pre-election: Election decided. Result: candidate lost. Election summary: received 3 responses out of 3 voters: 1 yes votes; 2 no votes. yes voters: 65dc572d8e5f4b5da5938f9e5cf61aec; no voters: 5b1ccef5f835425fb917d2bd0a1c1658, c75463f83aef4f648d3e4baf27ddff2c
I20260608 12:40:57.185658  3617 raft_consensus.cc:3060] T 8157c82f9b44485db9472270b4dc5f98 P 65dc572d8e5f4b5da5938f9e5cf61aec [term 0 FOLLOWER]: Advancing to term 1
I20260608 12:40:57.193748  3617 raft_consensus.cc:2749] T 8157c82f9b44485db9472270b4dc5f98 P 65dc572d8e5f4b5da5938f9e5cf61aec [term 1 FOLLOWER]: Leader pre-election lost for term 1. Reason: could not achieve majority
I20260608 12:40:57.218690  3635 consensus_queue.cc:1048] T bea04ec1877441fe937978bbea40efa0 P 5b1ccef5f835425fb917d2bd0a1c1658 [LEADER]: Connected to new peer: Peer: permanent_uuid: "65dc572d8e5f4b5da5938f9e5cf61aec" member_type: VOTER last_known_addr { host: "127.0.107.195" port: 44757 }, Status: LMP_MISMATCH, Last received: 0.0, Next index: 1, Last known committed idx: 0, Time since last communication: 0.000s
I20260608 12:40:57.228989  3613 consensus_queue.cc:1048] T bea04ec1877441fe937978bbea40efa0 P 5b1ccef5f835425fb917d2bd0a1c1658 [LEADER]: Connected to new peer: Peer: permanent_uuid: "c75463f83aef4f648d3e4baf27ddff2c" member_type: VOTER last_known_addr { host: "127.0.107.194" port: 43865 }, Status: LMP_MISMATCH, Last received: 0.0, Next index: 1, Last known committed idx: 0, Time since last communication: 0.001s
I20260608 12:40:57.299638  3621 consensus_queue.cc:1048] T 8157c82f9b44485db9472270b4dc5f98 P c75463f83aef4f648d3e4baf27ddff2c [LEADER]: Connected to new peer: Peer: permanent_uuid: "5b1ccef5f835425fb917d2bd0a1c1658" member_type: VOTER last_known_addr { host: "127.0.107.193" port: 37169 }, Status: LMP_MISMATCH, Last received: 0.0, Next index: 1, Last known committed idx: 0, Time since last communication: 0.000s
I20260608 12:40:57.318305  3671 consensus_queue.cc:1048] T 8157c82f9b44485db9472270b4dc5f98 P c75463f83aef4f648d3e4baf27ddff2c [LEADER]: Connected to new peer: Peer: permanent_uuid: "65dc572d8e5f4b5da5938f9e5cf61aec" member_type: VOTER last_known_addr { host: "127.0.107.195" port: 44757 }, Status: LMP_MISMATCH, Last received: 0.0, Next index: 1, Last known committed idx: 0, Time since last communication: 0.001s
I20260608 12:40:57.335510  3613 consensus_queue.cc:1048] T f7872506c3564d65ada6c22cc8512536 P 5b1ccef5f835425fb917d2bd0a1c1658 [LEADER]: Connected to new peer: Peer: permanent_uuid: "65dc572d8e5f4b5da5938f9e5cf61aec" member_type: VOTER last_known_addr { host: "127.0.107.195" port: 44757 }, Status: LMP_MISMATCH, Last received: 0.0, Next index: 1, Last known committed idx: 0, Time since last communication: 0.001s
I20260608 12:40:57.349088  3635 consensus_queue.cc:1048] T f7872506c3564d65ada6c22cc8512536 P 5b1ccef5f835425fb917d2bd0a1c1658 [LEADER]: Connected to new peer: Peer: permanent_uuid: "c75463f83aef4f648d3e4baf27ddff2c" member_type: VOTER last_known_addr { host: "127.0.107.194" port: 43865 }, Status: LMP_MISMATCH, Last received: 0.0, Next index: 1, Last known committed idx: 0, Time since last communication: 0.001s
I20260608 12:40:57.371022   431 file_cache.cc:492] Constructed file cache file cache with capacity 419430
W20260608 12:40:57.380030  3675 instance_detector.cc:116] could not retrieve AWS instance metadata: Network error: curl error: HTTP response code said error: The requested URL returned error: 404
W20260608 12:40:57.381742  3676 instance_detector.cc:116] could not retrieve Azure instance metadata: Network error: curl error: HTTP response code said error: The requested URL returned error: 404
I20260608 12:40:57.385299   431 server_base.cc:1061] running on GCE node
W20260608 12:40:57.385757  3678 instance_detector.cc:116] could not retrieve OpenStack instance metadata: Network error: curl error: HTTP response code said error: The requested URL returned error: 404
I20260608 12:40:57.387156   431 hybrid_clock.cc:584] initializing the hybrid clock with 'system_unsync' time source
W20260608 12:40:57.387475   431 system_unsync_time.cc:38] NTP support is disabled. Clock error bounds will not be accurate. This configuration is not suitable for distributed clusters.
I20260608 12:40:57.387720   431 hybrid_clock.cc:648] HybridClock initialized: now 1780922457387702 us; error 0 us; skew 500 ppm
I20260608 12:40:57.388690   431 server_base.cc:861] Flag tcmalloc_max_total_thread_cache_bytes is not working since tcmalloc is not enabled.
I20260608 12:40:57.392593   431 webserver.cc:533] Webserver started at http://127.0.107.196:37803/ using document root <none> and password file <none>
I20260608 12:40:57.393383   431 fs_manager.cc:362] Metadata directory not provided
I20260608 12:40:57.393656   431 fs_manager.cc:368] Using write-ahead log directory (fs_wal_dir) as metadata directory
I20260608 12:40:57.394090   431 server_base.cc:909] This appears to be a new deployment of Kudu; creating new FS layout
I20260608 12:40:57.395902   431 fs_manager.cc:1068] Generated new instance metadata in path /tmp/dist-test-taskuTZJmR/test-tmp/auto_rebalancer-test.0.AutoRebalancerTest.RangeAwareRebalancesNewRangeReplicas.1780922375354602-431-0/minicluster-data/ts-3-root/instance:
uuid: "d2732cb8436543acac5ee01faaccdc4a"
format_stamp: "Formatted at 2026-06-08 12:40:57 on dist-test-slave-3x5b"
I20260608 12:40:57.403208   431 fs_manager.cc:696] Time spent creating directory manager: real 0.006s	user 0.006s	sys 0.000s
I20260608 12:40:57.408644  3683 log_block_manager.cc:4031] Time spent loading block containers with low live blocks: real 0.000s	user 0.000s	sys 0.000s
I20260608 12:40:57.409773   431 fs_manager.cc:730] Time spent opening block manager: real 0.003s	user 0.003s	sys 0.001s
I20260608 12:40:57.410228   431 fs_manager.cc:647] Opened local filesystem: /tmp/dist-test-taskuTZJmR/test-tmp/auto_rebalancer-test.0.AutoRebalancerTest.RangeAwareRebalancesNewRangeReplicas.1780922375354602-431-0/minicluster-data/ts-3-root
uuid: "d2732cb8436543acac5ee01faaccdc4a"
format_stamp: "Formatted at 2026-06-08 12:40:57 on dist-test-slave-3x5b"
I20260608 12:40:57.410650   431 fs_report.cc:389] FS layout report
--------------------
wal directory: /tmp/dist-test-taskuTZJmR/test-tmp/auto_rebalancer-test.0.AutoRebalancerTest.RangeAwareRebalancesNewRangeReplicas.1780922375354602-431-0/minicluster-data/ts-3-root
metadata directory: /tmp/dist-test-taskuTZJmR/test-tmp/auto_rebalancer-test.0.AutoRebalancerTest.RangeAwareRebalancesNewRangeReplicas.1780922375354602-431-0/minicluster-data/ts-3-root
1 data directories: /tmp/dist-test-taskuTZJmR/test-tmp/auto_rebalancer-test.0.AutoRebalancerTest.RangeAwareRebalancesNewRangeReplicas.1780922375354602-431-0/minicluster-data/ts-3-root/data
Total live blocks: 0
Total live bytes: 0
Total live bytes (after alignment): 0
Total number of LBM containers: 0 (0 full)
Did not check for missing blocks
Did not check for orphaned blocks
Total full LBM containers with extra space: 0 (0 repaired)
Total full LBM container extra space in bytes: 0 (0 repaired)
Total incomplete LBM containers: 0 (0 repaired)
Total LBM partial records: 0 (0 repaired)
Total corrupted LBM metadata records in RocksDB: 0 (0 repaired)
I20260608 12:40:57.419145  3671 consensus_queue.cc:1048] T efd24e20cab84d8aadc63b6defcbb13b P c75463f83aef4f648d3e4baf27ddff2c [LEADER]: Connected to new peer: Peer: permanent_uuid: "5b1ccef5f835425fb917d2bd0a1c1658" member_type: VOTER last_known_addr { host: "127.0.107.193" port: 37169 }, Status: LMP_MISMATCH, Last received: 0.0, Next index: 1, Last known committed idx: 0, Time since last communication: 0.000s
I20260608 12:40:57.433967   431 rpc_server.cc:225] running with OpenSSL 1.1.1  11 Sep 2018
I20260608 12:40:57.435336  3627 consensus_queue.cc:1048] T efd24e20cab84d8aadc63b6defcbb13b P c75463f83aef4f648d3e4baf27ddff2c [LEADER]: Connected to new peer: Peer: permanent_uuid: "65dc572d8e5f4b5da5938f9e5cf61aec" member_type: VOTER last_known_addr { host: "127.0.107.195" port: 44757 }, Status: LMP_MISMATCH, Last received: 0.0, Next index: 1, Last known committed idx: 0, Time since last communication: 0.000s
I20260608 12:40:57.436129   431 kserver.cc:163] Server-wide thread pool size limit: 3276
I20260608 12:40:57.448915   431 txn_system_client.cc:432] TxnSystemClient initialization is disabled...
I20260608 12:40:57.456780   431 ts_tablet_manager.cc:585] Loaded tablet metadata (0 total tablets, 0 live tablets)
I20260608 12:40:57.457090   431 ts_tablet_manager.cc:531] Time spent load tablet metadata: real 0.000s	user 0.000s	sys 0.000s
I20260608 12:40:57.457412   431 ts_tablet_manager.cc:616] Registered 0 tablets
I20260608 12:40:57.457628   431 ts_tablet_manager.cc:595] Time spent register tablets: real 0.000s	user 0.000s	sys 0.000s
I20260608 12:40:57.457954  3627 raft_consensus.cc:493] T a448c171c5ff416291f80e6c4ed0d591 P c75463f83aef4f648d3e4baf27ddff2c [term 0 FOLLOWER]: Starting pre-election (no leader contacted us within the election timeout)
I20260608 12:40:57.458509  3627 raft_consensus.cc:515] T a448c171c5ff416291f80e6c4ed0d591 P c75463f83aef4f648d3e4baf27ddff2c [term 0 FOLLOWER]: Starting pre-election with config: opid_index: -1 OBSOLETE_local: false peers { permanent_uuid: "c75463f83aef4f648d3e4baf27ddff2c" member_type: VOTER last_known_addr { host: "127.0.107.194" port: 43865 } } peers { permanent_uuid: "5b1ccef5f835425fb917d2bd0a1c1658" member_type: VOTER last_known_addr { host: "127.0.107.193" port: 37169 } } peers { permanent_uuid: "65dc572d8e5f4b5da5938f9e5cf61aec" member_type: VOTER last_known_addr { host: "127.0.107.195" port: 44757 } }
I20260608 12:40:57.460812  3627 leader_election.cc:290] T a448c171c5ff416291f80e6c4ed0d591 P c75463f83aef4f648d3e4baf27ddff2c [CANDIDATE]: Term 1 pre-election: Requested pre-vote from peers 5b1ccef5f835425fb917d2bd0a1c1658 (127.0.107.193:37169), 65dc572d8e5f4b5da5938f9e5cf61aec (127.0.107.195:44757)
I20260608 12:40:57.462878  3414 tablet_service.cc:1917] Received RequestConsensusVote() RPC: tablet_id: "a448c171c5ff416291f80e6c4ed0d591" candidate_uuid: "c75463f83aef4f648d3e4baf27ddff2c" candidate_term: 1 candidate_status { last_received { term: 0 index: 0 } } ignore_live_leader: false dest_uuid: "5b1ccef5f835425fb917d2bd0a1c1658" is_pre_election: true
I20260608 12:40:57.463721  3414 raft_consensus.cc:2393] T a448c171c5ff416291f80e6c4ed0d591 P 5b1ccef5f835425fb917d2bd0a1c1658 [term 1 FOLLOWER]: Leader pre-election vote request: Denying vote to candidate c75463f83aef4f648d3e4baf27ddff2c in current term 1: Already voted for candidate 65dc572d8e5f4b5da5938f9e5cf61aec in this term.
I20260608 12:40:57.463721  3564 tablet_service.cc:1917] Received RequestConsensusVote() RPC: tablet_id: "a448c171c5ff416291f80e6c4ed0d591" candidate_uuid: "c75463f83aef4f648d3e4baf27ddff2c" candidate_term: 1 candidate_status { last_received { term: 0 index: 0 } } ignore_live_leader: false dest_uuid: "65dc572d8e5f4b5da5938f9e5cf61aec" is_pre_election: true
I20260608 12:40:57.465744  3455 leader_election.cc:304] T a448c171c5ff416291f80e6c4ed0d591 P c75463f83aef4f648d3e4baf27ddff2c [CANDIDATE]: Term 1 pre-election: Election decided. Result: candidate lost. Election summary: received 3 responses out of 3 voters: 1 yes votes; 2 no votes. yes voters: c75463f83aef4f648d3e4baf27ddff2c; no voters: 5b1ccef5f835425fb917d2bd0a1c1658, 65dc572d8e5f4b5da5938f9e5cf61aec
I20260608 12:40:57.467064  3627 raft_consensus.cc:3060] T a448c171c5ff416291f80e6c4ed0d591 P c75463f83aef4f648d3e4baf27ddff2c [term 0 FOLLOWER]: Advancing to term 1
I20260608 12:40:57.472505  3627 raft_consensus.cc:2749] T a448c171c5ff416291f80e6c4ed0d591 P c75463f83aef4f648d3e4baf27ddff2c [term 1 FOLLOWER]: Leader pre-election lost for term 1. Reason: could not achieve majority
I20260608 12:40:57.516207  3617 consensus_queue.cc:1048] T a448c171c5ff416291f80e6c4ed0d591 P 65dc572d8e5f4b5da5938f9e5cf61aec [LEADER]: Connected to new peer: Peer: permanent_uuid: "c75463f83aef4f648d3e4baf27ddff2c" member_type: VOTER last_known_addr { host: "127.0.107.194" port: 43865 }, Status: LMP_MISMATCH, Last received: 0.0, Next index: 1, Last known committed idx: 0, Time since last communication: 0.000s
I20260608 12:40:57.533257  3654 consensus_queue.cc:1048] T a448c171c5ff416291f80e6c4ed0d591 P 65dc572d8e5f4b5da5938f9e5cf61aec [LEADER]: Connected to new peer: Peer: permanent_uuid: "5b1ccef5f835425fb917d2bd0a1c1658" member_type: VOTER last_known_addr { host: "127.0.107.193" port: 37169 }, Status: LMP_MISMATCH, Last received: 0.0, Next index: 1, Last known committed idx: 0, Time since last communication: 0.000s
I20260608 12:40:57.560518   431 rpc_server.cc:307] RPC server started. Bound to: 127.0.107.196:35659
I20260608 12:40:57.565542  3654 consensus_queue.cc:1048] T 4c09a3b29a284e66baf31ea3990b7426 P 65dc572d8e5f4b5da5938f9e5cf61aec [LEADER]: Connected to new peer: Peer: permanent_uuid: "c75463f83aef4f648d3e4baf27ddff2c" member_type: VOTER last_known_addr { host: "127.0.107.194" port: 43865 }, Status: LMP_MISMATCH, Last received: 0.0, Next index: 1, Last known committed idx: 0, Time since last communication: 0.001s
I20260608 12:40:57.560635  3750 acceptor_pool.cc:272] collecting diagnostics on the listening RPC socket 127.0.107.196:35659 every 8 connection(s)
I20260608 12:40:57.596369  3617 consensus_queue.cc:1048] T 4c09a3b29a284e66baf31ea3990b7426 P 65dc572d8e5f4b5da5938f9e5cf61aec [LEADER]: Connected to new peer: Peer: permanent_uuid: "5b1ccef5f835425fb917d2bd0a1c1658" member_type: VOTER last_known_addr { host: "127.0.107.193" port: 37169 }, Status: LMP_MISMATCH, Last received: 0.0, Next index: 1, Last known committed idx: 0, Time since last communication: 0.001s
I20260608 12:40:57.599884  3310 catalog_manager.cc:3569] Servicing AlterTable request from {username='slave'} at 127.0.0.1:39940:
table { table_name: "range_aware_rebalance_new_range" } alter_schema_steps { type: ADD_RANGE_PARTITION add_range_partition { range_bounds { rows: "\006\001\n\000\000\000\007\001\024\000\000\000""\006\001\n\000\000\000\007\001\024\000\000\000" indirect_data: """" } } } schema { columns { name: "key" type: INT32 is_key: true is_nullable: false encoding: AUTO_ENCODING compression: DEFAULT_COMPRESSION cfile_block_size: 0 immutable: false } } modify_external_catalogs: true
I20260608 12:40:57.616847  3751 heartbeater.cc:344] Connected to a master server at 127.0.107.254:40939
I20260608 12:40:57.617352  3751 heartbeater.cc:461] Registering TS with master...
I20260608 12:40:57.618367  3751 heartbeater.cc:507] Master 127.0.107.254:40939 requested a full tablet report, sending...
I20260608 12:40:57.621899  3309 ts_manager.cc:194] Registered new tserver with Master: d2732cb8436543acac5ee01faaccdc4a (127.0.107.196:35659)
I20260608 12:40:57.624155  3309 master_service.cc:502] Signed X509 certificate for tserver {username='slave'} at 127.0.0.1:39946
W20260608 12:40:57.641299  3310 catalog_manager.cc:5956] Failed to send alter table request: Not found: failed to reset TS proxy: No leader found: Tablet 8e2159c5e5f243e595563bf59053e537 has no consensus state
W20260608 12:40:57.643323  3310 catalog_manager.cc:5956] Failed to send alter table request: Not found: failed to reset TS proxy: No leader found: Tablet 34fafab3823943d0b95d9a5454e9877d has no consensus state
W20260608 12:40:57.646131  3310 catalog_manager.cc:5956] Failed to send alter table request: Not found: failed to reset TS proxy: No leader found: Tablet df09a0e0fbc447a6a177569c640c429e has no consensus state
W20260608 12:40:57.649943  3310 catalog_manager.cc:5956] Failed to send alter table request: Not found: failed to reset TS proxy: No leader found: Tablet cf7236d233ca4038a026bee84b059120 has no consensus state
W20260608 12:40:57.651585  3310 catalog_manager.cc:5956] Failed to send alter table request: Not found: failed to reset TS proxy: No leader found: Tablet 37bce16c55c44f7ea56c4f7c76481c67 has no consensus state
W20260608 12:40:57.653167  3310 catalog_manager.cc:5956] Failed to send alter table request: Not found: failed to reset TS proxy: No leader found: Tablet 476385b9d43947fe874dbb523fb33f26 has no consensus state
W20260608 12:40:57.654713  3310 catalog_manager.cc:5956] Failed to send alter table request: Not found: failed to reset TS proxy: No leader found: Tablet 4491c78d88bf4d5ca4530c5b5d3b1ed1 has no consensus state
W20260608 12:40:57.656296  3310 catalog_manager.cc:5956] Failed to send alter table request: Not found: failed to reset TS proxy: No leader found: Tablet 1a985a1aeb88455b99f31ce17eef5ae5 has no consensus state
W20260608 12:40:57.671307  3300 catalog_manager.cc:4809] Async tablet task AlterTable RPC for tablet 34fafab3823943d0b95d9a5454e9877d (table range_aware_rebalance_new_range [id=f3baf6f60b384730a3e086988cc2ab61], current schema version=0) failed: Not found: failed to reset TS proxy: No leader found: Tablet 34fafab3823943d0b95d9a5454e9877d has no consensus state
I20260608 12:40:57.671654  3642 consensus_queue.cc:1048] T b69670458480468eb57b2034778db698 P 5b1ccef5f835425fb917d2bd0a1c1658 [LEADER]: Connected to new peer: Peer: permanent_uuid: "65dc572d8e5f4b5da5938f9e5cf61aec" member_type: VOTER last_known_addr { host: "127.0.107.195" port: 44757 }, Status: LMP_MISMATCH, Last received: 0.0, Next index: 1, Last known committed idx: 0, Time since last communication: 0.001s
I20260608 12:40:57.673264  3642 consensus_queue.cc:1048] T b69670458480468eb57b2034778db698 P 5b1ccef5f835425fb917d2bd0a1c1658 [LEADER]: Connected to new peer: Peer: permanent_uuid: "c75463f83aef4f648d3e4baf27ddff2c" member_type: VOTER last_known_addr { host: "127.0.107.194" port: 43865 }, Status: LMP_MISMATCH, Last received: 0.0, Next index: 1, Last known committed idx: 0, Time since last communication: 0.000s
I20260608 12:40:57.705119  3476 tablet_service.cc:1511] Processing CreateTablet for tablet 8e2159c5e5f243e595563bf59053e537 (DEFAULT_TABLE table=range_aware_rebalance_new_range [id=f3baf6f60b384730a3e086988cc2ab61]), partition=HASH (key) PARTITION 0, RANGE (key) PARTITION 10 <= VALUES < 20
I20260608 12:40:57.706766  3476 data_dirs.cc:400] Could only allocate 1 dirs of requested 3 for tablet 8e2159c5e5f243e595563bf59053e537. 1 dirs total, 0 dirs full, 0 dirs failed
I20260608 12:40:57.730667  3404 tablet_service.cc:1511] Processing CreateTablet for tablet 8e2159c5e5f243e595563bf59053e537 (DEFAULT_TABLE table=range_aware_rebalance_new_range [id=f3baf6f60b384730a3e086988cc2ab61]), partition=HASH (key) PARTITION 0, RANGE (key) PARTITION 10 <= VALUES < 20
I20260608 12:40:57.732285  3404 data_dirs.cc:400] Could only allocate 1 dirs of requested 3 for tablet 8e2159c5e5f243e595563bf59053e537. 1 dirs total, 0 dirs full, 0 dirs failed
I20260608 12:40:57.733100  3554 tablet_service.cc:1511] Processing CreateTablet for tablet 34fafab3823943d0b95d9a5454e9877d (DEFAULT_TABLE table=range_aware_rebalance_new_range [id=f3baf6f60b384730a3e086988cc2ab61]), partition=HASH (key) PARTITION 1, RANGE (key) PARTITION 10 <= VALUES < 20
I20260608 12:40:57.734561  3554 data_dirs.cc:400] Could only allocate 1 dirs of requested 3 for tablet 34fafab3823943d0b95d9a5454e9877d. 1 dirs total, 0 dirs full, 0 dirs failed
I20260608 12:40:57.738209  3401 tablet_service.cc:1511] Processing CreateTablet for tablet 34fafab3823943d0b95d9a5454e9877d (DEFAULT_TABLE table=range_aware_rebalance_new_range [id=f3baf6f60b384730a3e086988cc2ab61]), partition=HASH (key) PARTITION 1, RANGE (key) PARTITION 10 <= VALUES < 20
I20260608 12:40:57.739684  3401 data_dirs.cc:400] Could only allocate 1 dirs of requested 3 for tablet 34fafab3823943d0b95d9a5454e9877d. 1 dirs total, 0 dirs full, 0 dirs failed
I20260608 12:40:57.748102  3477 tablet_service.cc:1511] Processing CreateTablet for tablet df09a0e0fbc447a6a177569c640c429e (DEFAULT_TABLE table=range_aware_rebalance_new_range [id=f3baf6f60b384730a3e086988cc2ab61]), partition=HASH (key) PARTITION 2, RANGE (key) PARTITION 10 <= VALUES < 20
I20260608 12:40:57.748289  3551 tablet_service.cc:1511] Processing CreateTablet for tablet df09a0e0fbc447a6a177569c640c429e (DEFAULT_TABLE table=range_aware_rebalance_new_range [id=f3baf6f60b384730a3e086988cc2ab61]), partition=HASH (key) PARTITION 2, RANGE (key) PARTITION 10 <= VALUES < 20
I20260608 12:40:57.749925  3551 data_dirs.cc:400] Could only allocate 1 dirs of requested 3 for tablet df09a0e0fbc447a6a177569c640c429e. 1 dirs total, 0 dirs full, 0 dirs failed
I20260608 12:40:57.753731  3477 data_dirs.cc:400] Could only allocate 1 dirs of requested 3 for tablet df09a0e0fbc447a6a177569c640c429e. 1 dirs total, 0 dirs full, 0 dirs failed
I20260608 12:40:57.753496  3403 tablet_service.cc:1511] Processing CreateTablet for tablet cf7236d233ca4038a026bee84b059120 (DEFAULT_TABLE table=range_aware_rebalance_new_range [id=f3baf6f60b384730a3e086988cc2ab61]), partition=HASH (key) PARTITION 3, RANGE (key) PARTITION 10 <= VALUES < 20
I20260608 12:40:57.755048  3403 data_dirs.cc:400] Could only allocate 1 dirs of requested 3 for tablet cf7236d233ca4038a026bee84b059120. 1 dirs total, 0 dirs full, 0 dirs failed
I20260608 12:40:57.760941  3553 tablet_service.cc:1511] Processing CreateTablet for tablet 37bce16c55c44f7ea56c4f7c76481c67 (DEFAULT_TABLE table=range_aware_rebalance_new_range [id=f3baf6f60b384730a3e086988cc2ab61]), partition=HASH (key) PARTITION 4, RANGE (key) PARTITION 10 <= VALUES < 20
I20260608 12:40:57.762458  3553 data_dirs.cc:400] Could only allocate 1 dirs of requested 3 for tablet 37bce16c55c44f7ea56c4f7c76481c67. 1 dirs total, 0 dirs full, 0 dirs failed
I20260608 12:40:57.762786  3402 tablet_service.cc:1511] Processing CreateTablet for tablet 37bce16c55c44f7ea56c4f7c76481c67 (DEFAULT_TABLE table=range_aware_rebalance_new_range [id=f3baf6f60b384730a3e086988cc2ab61]), partition=HASH (key) PARTITION 4, RANGE (key) PARTITION 10 <= VALUES < 20
I20260608 12:40:57.764192  3402 data_dirs.cc:400] Could only allocate 1 dirs of requested 3 for tablet 37bce16c55c44f7ea56c4f7c76481c67. 1 dirs total, 0 dirs full, 0 dirs failed
I20260608 12:40:57.764793  3475 tablet_service.cc:1511] Processing CreateTablet for tablet cf7236d233ca4038a026bee84b059120 (DEFAULT_TABLE table=range_aware_rebalance_new_range [id=f3baf6f60b384730a3e086988cc2ab61]), partition=HASH (key) PARTITION 3, RANGE (key) PARTITION 10 <= VALUES < 20
I20260608 12:40:57.766165  3475 data_dirs.cc:400] Could only allocate 1 dirs of requested 3 for tablet cf7236d233ca4038a026bee84b059120. 1 dirs total, 0 dirs full, 0 dirs failed
I20260608 12:40:57.767175  3549 tablet_service.cc:1511] Processing CreateTablet for tablet 476385b9d43947fe874dbb523fb33f26 (DEFAULT_TABLE table=range_aware_rebalance_new_range [id=f3baf6f60b384730a3e086988cc2ab61]), partition=HASH (key) PARTITION 5, RANGE (key) PARTITION 10 <= VALUES < 20
I20260608 12:40:57.768586  3549 data_dirs.cc:400] Could only allocate 1 dirs of requested 3 for tablet 476385b9d43947fe874dbb523fb33f26. 1 dirs total, 0 dirs full, 0 dirs failed
I20260608 12:40:57.809752  3366 auto_leader_rebalancer.cc:140] leader rebalance for table range_aware_rebalance_new_range
I20260608 12:40:57.809684  3474 tablet_service.cc:1511] Processing CreateTablet for tablet 476385b9d43947fe874dbb523fb33f26 (DEFAULT_TABLE table=range_aware_rebalance_new_range [id=f3baf6f60b384730a3e086988cc2ab61]), partition=HASH (key) PARTITION 5, RANGE (key) PARTITION 10 <= VALUES < 20
I20260608 12:40:57.811780  3474 data_dirs.cc:400] Could only allocate 1 dirs of requested 3 for tablet 476385b9d43947fe874dbb523fb33f26. 1 dirs total, 0 dirs full, 0 dirs failed
W20260608 12:40:57.812350  3366 auto_leader_rebalancer.cc:460] the master instance isn't leader: Service unavailable: Tablet not running
W20260608 12:40:57.815383  3361 auto_rebalancer.cc:259] Could not retrieve cluster info: Service unavailable: Tablet not running
I20260608 12:40:57.864173  3764 tablet_bootstrap.cc:492] T 8e2159c5e5f243e595563bf59053e537 P 5b1ccef5f835425fb917d2bd0a1c1658: Bootstrap starting.
I20260608 12:40:57.867638  3763 tablet_bootstrap.cc:492] T 8e2159c5e5f243e595563bf59053e537 P c75463f83aef4f648d3e4baf27ddff2c: Bootstrap starting.
I20260608 12:40:57.877929  3763 tablet_bootstrap.cc:654] T 8e2159c5e5f243e595563bf59053e537 P c75463f83aef4f648d3e4baf27ddff2c: Neither blocks nor log segments found. Creating new log.
I20260608 12:40:57.882205  3712 tablet_service.cc:1511] Processing CreateTablet for tablet 34fafab3823943d0b95d9a5454e9877d (DEFAULT_TABLE table=range_aware_rebalance_new_range [id=f3baf6f60b384730a3e086988cc2ab61]), partition=HASH (key) PARTITION 1, RANGE (key) PARTITION 10 <= VALUES < 20
I20260608 12:40:57.891572  3708 tablet_service.cc:1511] Processing CreateTablet for tablet 476385b9d43947fe874dbb523fb33f26 (DEFAULT_TABLE table=range_aware_rebalance_new_range [id=f3baf6f60b384730a3e086988cc2ab61]), partition=HASH (key) PARTITION 5, RANGE (key) PARTITION 10 <= VALUES < 20
I20260608 12:40:57.894312  3710 tablet_service.cc:1511] Processing CreateTablet for tablet cf7236d233ca4038a026bee84b059120 (DEFAULT_TABLE table=range_aware_rebalance_new_range [id=f3baf6f60b384730a3e086988cc2ab61]), partition=HASH (key) PARTITION 3, RANGE (key) PARTITION 10 <= VALUES < 20
I20260608 12:40:57.897614  3764 tablet_bootstrap.cc:654] T 8e2159c5e5f243e595563bf59053e537 P 5b1ccef5f835425fb917d2bd0a1c1658: Neither blocks nor log segments found. Creating new log.
I20260608 12:40:57.897507  3713 tablet_service.cc:1511] Processing CreateTablet for tablet 8e2159c5e5f243e595563bf59053e537 (DEFAULT_TABLE table=range_aware_rebalance_new_range [id=f3baf6f60b384730a3e086988cc2ab61]), partition=HASH (key) PARTITION 0, RANGE (key) PARTITION 10 <= VALUES < 20
I20260608 12:40:57.897576  3475 tablet_service.cc:1511] Processing CreateTablet for tablet 4491c78d88bf4d5ca4530c5b5d3b1ed1 (DEFAULT_TABLE table=range_aware_rebalance_new_range [id=f3baf6f60b384730a3e086988cc2ab61]), partition=HASH (key) PARTITION 6, RANGE (key) PARTITION 10 <= VALUES < 20
I20260608 12:40:57.894055  3712 data_dirs.cc:400] Could only allocate 1 dirs of requested 3 for tablet 34fafab3823943d0b95d9a5454e9877d. 1 dirs total, 0 dirs full, 0 dirs failed
I20260608 12:40:57.899034  3711 tablet_service.cc:1511] Processing CreateTablet for tablet df09a0e0fbc447a6a177569c640c429e (DEFAULT_TABLE table=range_aware_rebalance_new_range [id=f3baf6f60b384730a3e086988cc2ab61]), partition=HASH (key) PARTITION 2, RANGE (key) PARTITION 10 <= VALUES < 20
I20260608 12:40:57.891665  3707 tablet_service.cc:1511] Processing CreateTablet for tablet 4491c78d88bf4d5ca4530c5b5d3b1ed1 (DEFAULT_TABLE table=range_aware_rebalance_new_range [id=f3baf6f60b384730a3e086988cc2ab61]), partition=HASH (key) PARTITION 6, RANGE (key) PARTITION 10 <= VALUES < 20
I20260608 12:40:57.899636  3475 data_dirs.cc:400] Could only allocate 1 dirs of requested 3 for tablet 4491c78d88bf4d5ca4530c5b5d3b1ed1. 1 dirs total, 0 dirs full, 0 dirs failed
I20260608 12:40:57.887097  3709 tablet_service.cc:1511] Processing CreateTablet for tablet 37bce16c55c44f7ea56c4f7c76481c67 (DEFAULT_TABLE table=range_aware_rebalance_new_range [id=f3baf6f60b384730a3e086988cc2ab61]), partition=HASH (key) PARTITION 4, RANGE (key) PARTITION 10 <= VALUES < 20
I20260608 12:40:57.905145  3403 tablet_service.cc:1511] Processing CreateTablet for tablet 4491c78d88bf4d5ca4530c5b5d3b1ed1 (DEFAULT_TABLE table=range_aware_rebalance_new_range [id=f3baf6f60b384730a3e086988cc2ab61]), partition=HASH (key) PARTITION 6, RANGE (key) PARTITION 10 <= VALUES < 20
I20260608 12:40:57.907344  3403 data_dirs.cc:400] Could only allocate 1 dirs of requested 3 for tablet 4491c78d88bf4d5ca4530c5b5d3b1ed1. 1 dirs total, 0 dirs full, 0 dirs failed
I20260608 12:40:57.908862  3710 data_dirs.cc:400] Could only allocate 1 dirs of requested 3 for tablet cf7236d233ca4038a026bee84b059120. 1 dirs total, 0 dirs full, 0 dirs failed
I20260608 12:40:57.912357  3707 data_dirs.cc:400] Could only allocate 1 dirs of requested 3 for tablet 4491c78d88bf4d5ca4530c5b5d3b1ed1. 1 dirs total, 0 dirs full, 0 dirs failed
I20260608 12:40:57.914628  3709 data_dirs.cc:400] Could only allocate 1 dirs of requested 3 for tablet 37bce16c55c44f7ea56c4f7c76481c67. 1 dirs total, 0 dirs full, 0 dirs failed
I20260608 12:40:57.916805  3708 data_dirs.cc:400] Could only allocate 1 dirs of requested 3 for tablet 476385b9d43947fe874dbb523fb33f26. 1 dirs total, 0 dirs full, 0 dirs failed
I20260608 12:40:57.923383  3713 data_dirs.cc:400] Could only allocate 1 dirs of requested 3 for tablet 8e2159c5e5f243e595563bf59053e537. 1 dirs total, 0 dirs full, 0 dirs failed
I20260608 12:40:57.923552  3765 tablet_bootstrap.cc:492] T 34fafab3823943d0b95d9a5454e9877d P 65dc572d8e5f4b5da5938f9e5cf61aec: Bootstrap starting.
I20260608 12:40:57.926633  3706 tablet_service.cc:1511] Processing CreateTablet for tablet 1a985a1aeb88455b99f31ce17eef5ae5 (DEFAULT_TABLE table=range_aware_rebalance_new_range [id=f3baf6f60b384730a3e086988cc2ab61]), partition=HASH (key) PARTITION 7, RANGE (key) PARTITION 10 <= VALUES < 20
I20260608 12:40:57.926813  3554 tablet_service.cc:1511] Processing CreateTablet for tablet 1a985a1aeb88455b99f31ce17eef5ae5 (DEFAULT_TABLE table=range_aware_rebalance_new_range [id=f3baf6f60b384730a3e086988cc2ab61]), partition=HASH (key) PARTITION 7, RANGE (key) PARTITION 10 <= VALUES < 20
I20260608 12:40:57.928006  3711 data_dirs.cc:400] Could only allocate 1 dirs of requested 3 for tablet df09a0e0fbc447a6a177569c640c429e. 1 dirs total, 0 dirs full, 0 dirs failed
I20260608 12:40:57.929005  3554 data_dirs.cc:400] Could only allocate 1 dirs of requested 3 for tablet 1a985a1aeb88455b99f31ce17eef5ae5. 1 dirs total, 0 dirs full, 0 dirs failed
I20260608 12:40:57.931488  3706 data_dirs.cc:400] Could only allocate 1 dirs of requested 3 for tablet 1a985a1aeb88455b99f31ce17eef5ae5. 1 dirs total, 0 dirs full, 0 dirs failed
I20260608 12:40:57.935017  3401 tablet_service.cc:1511] Processing CreateTablet for tablet 1a985a1aeb88455b99f31ce17eef5ae5 (DEFAULT_TABLE table=range_aware_rebalance_new_range [id=f3baf6f60b384730a3e086988cc2ab61]), partition=HASH (key) PARTITION 7, RANGE (key) PARTITION 10 <= VALUES < 20
I20260608 12:40:57.936491  3401 data_dirs.cc:400] Could only allocate 1 dirs of requested 3 for tablet 1a985a1aeb88455b99f31ce17eef5ae5. 1 dirs total, 0 dirs full, 0 dirs failed
I20260608 12:40:57.955636  3763 tablet_bootstrap.cc:492] T 8e2159c5e5f243e595563bf59053e537 P c75463f83aef4f648d3e4baf27ddff2c: No bootstrap required, opened a new log
I20260608 12:40:57.956247  3763 ts_tablet_manager.cc:1403] T 8e2159c5e5f243e595563bf59053e537 P c75463f83aef4f648d3e4baf27ddff2c: Time spent bootstrapping tablet: real 0.089s	user 0.010s	sys 0.010s
I20260608 12:40:57.988951  3765 tablet_bootstrap.cc:654] T 34fafab3823943d0b95d9a5454e9877d P 65dc572d8e5f4b5da5938f9e5cf61aec: Neither blocks nor log segments found. Creating new log.
I20260608 12:40:57.994964  3764 tablet_bootstrap.cc:492] T 8e2159c5e5f243e595563bf59053e537 P 5b1ccef5f835425fb917d2bd0a1c1658: No bootstrap required, opened a new log
I20260608 12:40:57.996024  3764 ts_tablet_manager.cc:1403] T 8e2159c5e5f243e595563bf59053e537 P 5b1ccef5f835425fb917d2bd0a1c1658: Time spent bootstrapping tablet: real 0.141s	user 0.022s	sys 0.023s
I20260608 12:40:58.001724  3764 raft_consensus.cc:359] T 8e2159c5e5f243e595563bf59053e537 P 5b1ccef5f835425fb917d2bd0a1c1658 [term 0 FOLLOWER]: Replica starting. Triggering 0 pending ops. Active config: opid_index: -1 OBSOLETE_local: false peers { permanent_uuid: "c75463f83aef4f648d3e4baf27ddff2c" member_type: VOTER last_known_addr { host: "127.0.107.194" port: 43865 } } peers { permanent_uuid: "d2732cb8436543acac5ee01faaccdc4a" member_type: VOTER last_known_addr { host: "127.0.107.196" port: 35659 } } peers { permanent_uuid: "5b1ccef5f835425fb917d2bd0a1c1658" member_type: VOTER last_known_addr { host: "127.0.107.193" port: 37169 } }
I20260608 12:40:58.002604  3764 raft_consensus.cc:385] T 8e2159c5e5f243e595563bf59053e537 P 5b1ccef5f835425fb917d2bd0a1c1658 [term 0 FOLLOWER]: Consensus starting up: Expiring failure detector timer to make a prompt election more likely
I20260608 12:40:58.002934  3764 raft_consensus.cc:740] T 8e2159c5e5f243e595563bf59053e537 P 5b1ccef5f835425fb917d2bd0a1c1658 [term 0 FOLLOWER]: Becoming Follower/Learner. State: Replica: 5b1ccef5f835425fb917d2bd0a1c1658, State: Initialized, Role: FOLLOWER
I20260608 12:40:58.003978  3764 consensus_queue.cc:260] T 8e2159c5e5f243e595563bf59053e537 P 5b1ccef5f835425fb917d2bd0a1c1658 [NON_LEADER]: Queue going to NON_LEADER mode. State: All replicated index: 0, Majority replicated index: 0, Committed index: 0, Last appended: 0.0, Last appended by leader: 0, Current term: 0, Majority size: -1, State: 0, Mode: NON_LEADER, active raft config: opid_index: -1 OBSOLETE_local: false peers { permanent_uuid: "c75463f83aef4f648d3e4baf27ddff2c" member_type: VOTER last_known_addr { host: "127.0.107.194" port: 43865 } } peers { permanent_uuid: "d2732cb8436543acac5ee01faaccdc4a" member_type: VOTER last_known_addr { host: "127.0.107.196" port: 35659 } } peers { permanent_uuid: "5b1ccef5f835425fb917d2bd0a1c1658" member_type: VOTER last_known_addr { host: "127.0.107.193" port: 37169 } }
I20260608 12:40:58.038066  3764 ts_tablet_manager.cc:1434] T 8e2159c5e5f243e595563bf59053e537 P 5b1ccef5f835425fb917d2bd0a1c1658: Time spent starting tablet: real 0.041s	user 0.006s	sys 0.000s
I20260608 12:40:58.039324  3764 tablet_bootstrap.cc:492] T cf7236d233ca4038a026bee84b059120 P 5b1ccef5f835425fb917d2bd0a1c1658: Bootstrap starting.
I20260608 12:40:58.044943  3763 raft_consensus.cc:359] T 8e2159c5e5f243e595563bf59053e537 P c75463f83aef4f648d3e4baf27ddff2c [term 0 FOLLOWER]: Replica starting. Triggering 0 pending ops. Active config: opid_index: -1 OBSOLETE_local: false peers { permanent_uuid: "c75463f83aef4f648d3e4baf27ddff2c" member_type: VOTER last_known_addr { host: "127.0.107.194" port: 43865 } } peers { permanent_uuid: "d2732cb8436543acac5ee01faaccdc4a" member_type: VOTER last_known_addr { host: "127.0.107.196" port: 35659 } } peers { permanent_uuid: "5b1ccef5f835425fb917d2bd0a1c1658" member_type: VOTER last_known_addr { host: "127.0.107.193" port: 37169 } }
I20260608 12:40:58.045787  3763 raft_consensus.cc:385] T 8e2159c5e5f243e595563bf59053e537 P c75463f83aef4f648d3e4baf27ddff2c [term 0 FOLLOWER]: Consensus starting up: Expiring failure detector timer to make a prompt election more likely
I20260608 12:40:58.046103  3763 raft_consensus.cc:740] T 8e2159c5e5f243e595563bf59053e537 P c75463f83aef4f648d3e4baf27ddff2c [term 0 FOLLOWER]: Becoming Follower/Learner. State: Replica: c75463f83aef4f648d3e4baf27ddff2c, State: Initialized, Role: FOLLOWER
I20260608 12:40:58.046993  3763 consensus_queue.cc:260] T 8e2159c5e5f243e595563bf59053e537 P c75463f83aef4f648d3e4baf27ddff2c [NON_LEADER]: Queue going to NON_LEADER mode. State: All replicated index: 0, Majority replicated index: 0, Committed index: 0, Last appended: 0.0, Last appended by leader: 0, Current term: 0, Majority size: -1, State: 0, Mode: NON_LEADER, active raft config: opid_index: -1 OBSOLETE_local: false peers { permanent_uuid: "c75463f83aef4f648d3e4baf27ddff2c" member_type: VOTER last_known_addr { host: "127.0.107.194" port: 43865 } } peers { permanent_uuid: "d2732cb8436543acac5ee01faaccdc4a" member_type: VOTER last_known_addr { host: "127.0.107.196" port: 35659 } } peers { permanent_uuid: "5b1ccef5f835425fb917d2bd0a1c1658" member_type: VOTER last_known_addr { host: "127.0.107.193" port: 37169 } }
I20260608 12:40:58.062355  3765 tablet_bootstrap.cc:492] T 34fafab3823943d0b95d9a5454e9877d P 65dc572d8e5f4b5da5938f9e5cf61aec: No bootstrap required, opened a new log
I20260608 12:40:58.062952  3765 ts_tablet_manager.cc:1403] T 34fafab3823943d0b95d9a5454e9877d P 65dc572d8e5f4b5da5938f9e5cf61aec: Time spent bootstrapping tablet: real 0.152s	user 0.006s	sys 0.020s
I20260608 12:40:58.064932  3763 ts_tablet_manager.cc:1434] T 8e2159c5e5f243e595563bf59053e537 P c75463f83aef4f648d3e4baf27ddff2c: Time spent starting tablet: real 0.108s	user 0.006s	sys 0.010s
I20260608 12:40:58.066519  3765 raft_consensus.cc:359] T 34fafab3823943d0b95d9a5454e9877d P 65dc572d8e5f4b5da5938f9e5cf61aec [term 0 FOLLOWER]: Replica starting. Triggering 0 pending ops. Active config: opid_index: -1 OBSOLETE_local: false peers { permanent_uuid: "d2732cb8436543acac5ee01faaccdc4a" member_type: VOTER last_known_addr { host: "127.0.107.196" port: 35659 } } peers { permanent_uuid: "65dc572d8e5f4b5da5938f9e5cf61aec" member_type: VOTER last_known_addr { host: "127.0.107.195" port: 44757 } } peers { permanent_uuid: "5b1ccef5f835425fb917d2bd0a1c1658" member_type: VOTER last_known_addr { host: "127.0.107.193" port: 37169 } }
I20260608 12:40:58.070039  3765 raft_consensus.cc:385] T 34fafab3823943d0b95d9a5454e9877d P 65dc572d8e5f4b5da5938f9e5cf61aec [term 0 FOLLOWER]: Consensus starting up: Expiring failure detector timer to make a prompt election more likely
I20260608 12:40:58.070448  3765 raft_consensus.cc:740] T 34fafab3823943d0b95d9a5454e9877d P 65dc572d8e5f4b5da5938f9e5cf61aec [term 0 FOLLOWER]: Becoming Follower/Learner. State: Replica: 65dc572d8e5f4b5da5938f9e5cf61aec, State: Initialized, Role: FOLLOWER
I20260608 12:40:58.071558  3764 tablet_bootstrap.cc:654] T cf7236d233ca4038a026bee84b059120 P 5b1ccef5f835425fb917d2bd0a1c1658: Neither blocks nor log segments found. Creating new log.
I20260608 12:40:58.071462  3765 consensus_queue.cc:260] T 34fafab3823943d0b95d9a5454e9877d P 65dc572d8e5f4b5da5938f9e5cf61aec [NON_LEADER]: Queue going to NON_LEADER mode. State: All replicated index: 0, Majority replicated index: 0, Committed index: 0, Last appended: 0.0, Last appended by leader: 0, Current term: 0, Majority size: -1, State: 0, Mode: NON_LEADER, active raft config: opid_index: -1 OBSOLETE_local: false peers { permanent_uuid: "d2732cb8436543acac5ee01faaccdc4a" member_type: VOTER last_known_addr { host: "127.0.107.196" port: 35659 } } peers { permanent_uuid: "65dc572d8e5f4b5da5938f9e5cf61aec" member_type: VOTER last_known_addr { host: "127.0.107.195" port: 44757 } } peers { permanent_uuid: "5b1ccef5f835425fb917d2bd0a1c1658" member_type: VOTER last_known_addr { host: "127.0.107.193" port: 37169 } }
I20260608 12:40:58.074661  3765 ts_tablet_manager.cc:1434] T 34fafab3823943d0b95d9a5454e9877d P 65dc572d8e5f4b5da5938f9e5cf61aec: Time spent starting tablet: real 0.011s	user 0.004s	sys 0.004s
I20260608 12:40:58.069530  3769 tablet_bootstrap.cc:492] T 34fafab3823943d0b95d9a5454e9877d P d2732cb8436543acac5ee01faaccdc4a: Bootstrap starting.
I20260608 12:40:58.083330  3769 tablet_bootstrap.cc:654] T 34fafab3823943d0b95d9a5454e9877d P d2732cb8436543acac5ee01faaccdc4a: Neither blocks nor log segments found. Creating new log.
I20260608 12:40:58.084360  3764 tablet_bootstrap.cc:492] T cf7236d233ca4038a026bee84b059120 P 5b1ccef5f835425fb917d2bd0a1c1658: No bootstrap required, opened a new log
I20260608 12:40:58.084995  3764 ts_tablet_manager.cc:1403] T cf7236d233ca4038a026bee84b059120 P 5b1ccef5f835425fb917d2bd0a1c1658: Time spent bootstrapping tablet: real 0.046s	user 0.008s	sys 0.011s
I20260608 12:40:58.087460  3765 tablet_bootstrap.cc:492] T 476385b9d43947fe874dbb523fb33f26 P 65dc572d8e5f4b5da5938f9e5cf61aec: Bootstrap starting.
I20260608 12:40:58.088593  3764 raft_consensus.cc:359] T cf7236d233ca4038a026bee84b059120 P 5b1ccef5f835425fb917d2bd0a1c1658 [term 0 FOLLOWER]: Replica starting. Triggering 0 pending ops. Active config: opid_index: -1 OBSOLETE_local: false peers { permanent_uuid: "5b1ccef5f835425fb917d2bd0a1c1658" member_type: VOTER last_known_addr { host: "127.0.107.193" port: 37169 } } peers { permanent_uuid: "d2732cb8436543acac5ee01faaccdc4a" member_type: VOTER last_known_addr { host: "127.0.107.196" port: 35659 } } peers { permanent_uuid: "c75463f83aef4f648d3e4baf27ddff2c" member_type: VOTER last_known_addr { host: "127.0.107.194" port: 43865 } }
I20260608 12:40:58.089509  3764 raft_consensus.cc:385] T cf7236d233ca4038a026bee84b059120 P 5b1ccef5f835425fb917d2bd0a1c1658 [term 0 FOLLOWER]: Consensus starting up: Expiring failure detector timer to make a prompt election more likely
I20260608 12:40:58.089874  3764 raft_consensus.cc:740] T cf7236d233ca4038a026bee84b059120 P 5b1ccef5f835425fb917d2bd0a1c1658 [term 0 FOLLOWER]: Becoming Follower/Learner. State: Replica: 5b1ccef5f835425fb917d2bd0a1c1658, State: Initialized, Role: FOLLOWER
I20260608 12:40:58.091344  3764 consensus_queue.cc:260] T cf7236d233ca4038a026bee84b059120 P 5b1ccef5f835425fb917d2bd0a1c1658 [NON_LEADER]: Queue going to NON_LEADER mode. State: All replicated index: 0, Majority replicated index: 0, Committed index: 0, Last appended: 0.0, Last appended by leader: 0, Current term: 0, Majority size: -1, State: 0, Mode: NON_LEADER, active raft config: opid_index: -1 OBSOLETE_local: false peers { permanent_uuid: "5b1ccef5f835425fb917d2bd0a1c1658" member_type: VOTER last_known_addr { host: "127.0.107.193" port: 37169 } } peers { permanent_uuid: "d2732cb8436543acac5ee01faaccdc4a" member_type: VOTER last_known_addr { host: "127.0.107.196" port: 35659 } } peers { permanent_uuid: "c75463f83aef4f648d3e4baf27ddff2c" member_type: VOTER last_known_addr { host: "127.0.107.194" port: 43865 } }
I20260608 12:40:58.087445  3763 tablet_bootstrap.cc:492] T df09a0e0fbc447a6a177569c640c429e P c75463f83aef4f648d3e4baf27ddff2c: Bootstrap starting.
I20260608 12:40:58.102048  3765 tablet_bootstrap.cc:654] T 476385b9d43947fe874dbb523fb33f26 P 65dc572d8e5f4b5da5938f9e5cf61aec: Neither blocks nor log segments found. Creating new log.
I20260608 12:40:58.103533  3764 ts_tablet_manager.cc:1434] T cf7236d233ca4038a026bee84b059120 P 5b1ccef5f835425fb917d2bd0a1c1658: Time spent starting tablet: real 0.018s	user 0.005s	sys 0.002s
I20260608 12:40:58.104033  3769 tablet_bootstrap.cc:492] T 34fafab3823943d0b95d9a5454e9877d P d2732cb8436543acac5ee01faaccdc4a: No bootstrap required, opened a new log
I20260608 12:40:58.105023  3769 ts_tablet_manager.cc:1403] T 34fafab3823943d0b95d9a5454e9877d P d2732cb8436543acac5ee01faaccdc4a: Time spent bootstrapping tablet: real 0.036s	user 0.004s	sys 0.022s
I20260608 12:40:58.108619  3769 raft_consensus.cc:359] T 34fafab3823943d0b95d9a5454e9877d P d2732cb8436543acac5ee01faaccdc4a [term 0 FOLLOWER]: Replica starting. Triggering 0 pending ops. Active config: opid_index: -1 OBSOLETE_local: false peers { permanent_uuid: "d2732cb8436543acac5ee01faaccdc4a" member_type: VOTER last_known_addr { host: "127.0.107.196" port: 35659 } } peers { permanent_uuid: "65dc572d8e5f4b5da5938f9e5cf61aec" member_type: VOTER last_known_addr { host: "127.0.107.195" port: 44757 } } peers { permanent_uuid: "5b1ccef5f835425fb917d2bd0a1c1658" member_type: VOTER last_known_addr { host: "127.0.107.193" port: 37169 } }
I20260608 12:40:58.109475  3769 raft_consensus.cc:385] T 34fafab3823943d0b95d9a5454e9877d P d2732cb8436543acac5ee01faaccdc4a [term 0 FOLLOWER]: Consensus starting up: Expiring failure detector timer to make a prompt election more likely
I20260608 12:40:58.109822  3769 raft_consensus.cc:740] T 34fafab3823943d0b95d9a5454e9877d P d2732cb8436543acac5ee01faaccdc4a [term 0 FOLLOWER]: Becoming Follower/Learner. State: Replica: d2732cb8436543acac5ee01faaccdc4a, State: Initialized, Role: FOLLOWER
I20260608 12:40:58.110555  3764 tablet_bootstrap.cc:492] T 37bce16c55c44f7ea56c4f7c76481c67 P 5b1ccef5f835425fb917d2bd0a1c1658: Bootstrap starting.
I20260608 12:40:58.110755  3769 consensus_queue.cc:260] T 34fafab3823943d0b95d9a5454e9877d P d2732cb8436543acac5ee01faaccdc4a [NON_LEADER]: Queue going to NON_LEADER mode. State: All replicated index: 0, Majority replicated index: 0, Committed index: 0, Last appended: 0.0, Last appended by leader: 0, Current term: 0, Majority size: -1, State: 0, Mode: NON_LEADER, active raft config: opid_index: -1 OBSOLETE_local: false peers { permanent_uuid: "d2732cb8436543acac5ee01faaccdc4a" member_type: VOTER last_known_addr { host: "127.0.107.196" port: 35659 } } peers { permanent_uuid: "65dc572d8e5f4b5da5938f9e5cf61aec" member_type: VOTER last_known_addr { host: "127.0.107.195" port: 44757 } } peers { permanent_uuid: "5b1ccef5f835425fb917d2bd0a1c1658" member_type: VOTER last_known_addr { host: "127.0.107.193" port: 37169 } }
