I20260608 12:38:04.449131  3839 ts_tablet_manager.cc:1403] T 76b118dff70e4eb49ceec2ed1e080989 P f14202f42d904240a1c22d8928bab703: Time spent bootstrapping tablet: real 0.035s	user 0.014s	sys 0.009s
I20260608 12:38:04.449923  3836 tablet_bootstrap.cc:492] T 2f53c825e18b4e16b74ebbbf050c072d P 87140d2b76bc477aaed59663658b196d: Bootstrap starting.
I20260608 12:38:04.448913  3837 consensus_queue.cc:260] T ae9a8ba4341d4c529ec2e1027319b147 P 7bf732da69154ca8a055894f232dea28 [NON_LEADER]: Queue going to NON_LEADER mode. State: All replicated index: 0, Majority replicated index: 0, Committed index: 0, Last appended: 0.0, Last appended by leader: 0, Current term: 0, Majority size: -1, State: 0, Mode: NON_LEADER, active raft config: opid_index: -1 OBSOLETE_local: false peers { permanent_uuid: "f14202f42d904240a1c22d8928bab703" member_type: VOTER last_known_addr { host: "127.0.107.196" port: 46685 } } peers { permanent_uuid: "87140d2b76bc477aaed59663658b196d" member_type: VOTER last_known_addr { host: "127.0.107.195" port: 35447 } } peers { permanent_uuid: "7bf732da69154ca8a055894f232dea28" member_type: VOTER last_known_addr { host: "127.0.107.193" port: 37867 } }
I20260608 12:38:04.452869  3838 ts_tablet_manager.cc:1434] T c6aa96de40ac44f9833cb152af2a44f5 P 5bfb9cb639324f51b75af5fdeb254df2: Time spent starting tablet: real 0.016s	user 0.007s	sys 0.000s
I20260608 12:38:04.455739  3838 tablet_bootstrap.cc:492] T 78721263876542b68569cebf9675fd38 P 5bfb9cb639324f51b75af5fdeb254df2: Bootstrap starting.
I20260608 12:38:04.453281  3839 raft_consensus.cc:359] T 76b118dff70e4eb49ceec2ed1e080989 P f14202f42d904240a1c22d8928bab703 [term 0 FOLLOWER]: Replica starting. Triggering 0 pending ops. Active config: opid_index: -1 OBSOLETE_local: false peers { permanent_uuid: "f14202f42d904240a1c22d8928bab703" member_type: VOTER last_known_addr { host: "127.0.107.196" port: 46685 } } peers { permanent_uuid: "7bf732da69154ca8a055894f232dea28" member_type: VOTER last_known_addr { host: "127.0.107.193" port: 37867 } } peers { permanent_uuid: "87140d2b76bc477aaed59663658b196d" member_type: VOTER last_known_addr { host: "127.0.107.195" port: 35447 } }
I20260608 12:38:04.456889  3837 ts_tablet_manager.cc:1434] T ae9a8ba4341d4c529ec2e1027319b147 P 7bf732da69154ca8a055894f232dea28: Time spent starting tablet: real 0.018s	user 0.004s	sys 0.005s
I20260608 12:38:04.457212  3839 raft_consensus.cc:385] T 76b118dff70e4eb49ceec2ed1e080989 P f14202f42d904240a1c22d8928bab703 [term 0 FOLLOWER]: Consensus starting up: Expiring failure detector timer to make a prompt election more likely
I20260608 12:38:04.457619  3839 raft_consensus.cc:740] T 76b118dff70e4eb49ceec2ed1e080989 P f14202f42d904240a1c22d8928bab703 [term 0 FOLLOWER]: Becoming Follower/Learner. State: Replica: f14202f42d904240a1c22d8928bab703, State: Initialized, Role: FOLLOWER
I20260608 12:38:04.458154  3837 tablet_bootstrap.cc:492] T c6aa96de40ac44f9833cb152af2a44f5 P 7bf732da69154ca8a055894f232dea28: Bootstrap starting.
I20260608 12:38:04.458545  3839 consensus_queue.cc:260] T 76b118dff70e4eb49ceec2ed1e080989 P f14202f42d904240a1c22d8928bab703 [NON_LEADER]: Queue going to NON_LEADER mode. State: All replicated index: 0, Majority replicated index: 0, Committed index: 0, Last appended: 0.0, Last appended by leader: 0, Current term: 0, Majority size: -1, State: 0, Mode: NON_LEADER, active raft config: opid_index: -1 OBSOLETE_local: false peers { permanent_uuid: "f14202f42d904240a1c22d8928bab703" member_type: VOTER last_known_addr { host: "127.0.107.196" port: 46685 } } peers { permanent_uuid: "7bf732da69154ca8a055894f232dea28" member_type: VOTER last_known_addr { host: "127.0.107.193" port: 37867 } } peers { permanent_uuid: "87140d2b76bc477aaed59663658b196d" member_type: VOTER last_known_addr { host: "127.0.107.195" port: 35447 } }
I20260608 12:38:04.471411  3836 tablet_bootstrap.cc:654] T 2f53c825e18b4e16b74ebbbf050c072d P 87140d2b76bc477aaed59663658b196d: Neither blocks nor log segments found. Creating new log.
I20260608 12:38:04.480115  3839 ts_tablet_manager.cc:1434] T 76b118dff70e4eb49ceec2ed1e080989 P f14202f42d904240a1c22d8928bab703: Time spent starting tablet: real 0.031s	user 0.011s	sys 0.015s
I20260608 12:38:04.481227  3825 heartbeater.cc:499] Master 127.0.107.254:38979 was elected leader, sending a full tablet report...
I20260608 12:38:04.490777  3839 tablet_bootstrap.cc:492] T 268e302723054b18a6b09f04bb58b4a5 P f14202f42d904240a1c22d8928bab703: Bootstrap starting.
I20260608 12:38:04.495559  3837 tablet_bootstrap.cc:654] T c6aa96de40ac44f9833cb152af2a44f5 P 7bf732da69154ca8a055894f232dea28: Neither blocks nor log segments found. Creating new log.
I20260608 12:38:04.502087  3839 tablet_bootstrap.cc:654] T 268e302723054b18a6b09f04bb58b4a5 P f14202f42d904240a1c22d8928bab703: Neither blocks nor log segments found. Creating new log.
I20260608 12:38:04.517808  3838 tablet_bootstrap.cc:654] T 78721263876542b68569cebf9675fd38 P 5bfb9cb639324f51b75af5fdeb254df2: Neither blocks nor log segments found. Creating new log.
I20260608 12:38:04.519160  3836 tablet_bootstrap.cc:492] T 2f53c825e18b4e16b74ebbbf050c072d P 87140d2b76bc477aaed59663658b196d: No bootstrap required, opened a new log
I20260608 12:38:04.519887  3836 ts_tablet_manager.cc:1403] T 2f53c825e18b4e16b74ebbbf050c072d P 87140d2b76bc477aaed59663658b196d: Time spent bootstrapping tablet: real 0.070s	user 0.009s	sys 0.023s
I20260608 12:38:04.521078  3837 tablet_bootstrap.cc:492] T c6aa96de40ac44f9833cb152af2a44f5 P 7bf732da69154ca8a055894f232dea28: No bootstrap required, opened a new log
I20260608 12:38:04.521631  3837 ts_tablet_manager.cc:1403] T c6aa96de40ac44f9833cb152af2a44f5 P 7bf732da69154ca8a055894f232dea28: Time spent bootstrapping tablet: real 0.064s	user 0.012s	sys 0.022s
I20260608 12:38:04.524852  3837 raft_consensus.cc:359] T c6aa96de40ac44f9833cb152af2a44f5 P 7bf732da69154ca8a055894f232dea28 [term 0 FOLLOWER]: Replica starting. Triggering 0 pending ops. Active config: opid_index: -1 OBSOLETE_local: false peers { permanent_uuid: "f14202f42d904240a1c22d8928bab703" member_type: VOTER last_known_addr { host: "127.0.107.196" port: 46685 } } peers { permanent_uuid: "5bfb9cb639324f51b75af5fdeb254df2" member_type: VOTER last_known_addr { host: "127.0.107.194" port: 38535 } } peers { permanent_uuid: "7bf732da69154ca8a055894f232dea28" member_type: VOTER last_known_addr { host: "127.0.107.193" port: 37867 } }
I20260608 12:38:04.525588  3837 raft_consensus.cc:385] T c6aa96de40ac44f9833cb152af2a44f5 P 7bf732da69154ca8a055894f232dea28 [term 0 FOLLOWER]: Consensus starting up: Expiring failure detector timer to make a prompt election more likely
I20260608 12:38:04.525883  3837 raft_consensus.cc:740] T c6aa96de40ac44f9833cb152af2a44f5 P 7bf732da69154ca8a055894f232dea28 [term 0 FOLLOWER]: Becoming Follower/Learner. State: Replica: 7bf732da69154ca8a055894f232dea28, State: Initialized, Role: FOLLOWER
I20260608 12:38:04.523272  3836 raft_consensus.cc:359] T 2f53c825e18b4e16b74ebbbf050c072d P 87140d2b76bc477aaed59663658b196d [term 0 FOLLOWER]: Replica starting. Triggering 0 pending ops. Active config: opid_index: -1 OBSOLETE_local: false peers { permanent_uuid: "f14202f42d904240a1c22d8928bab703" member_type: VOTER last_known_addr { host: "127.0.107.196" port: 46685 } } peers { permanent_uuid: "87140d2b76bc477aaed59663658b196d" member_type: VOTER last_known_addr { host: "127.0.107.195" port: 35447 } } peers { permanent_uuid: "5bfb9cb639324f51b75af5fdeb254df2" member_type: VOTER last_known_addr { host: "127.0.107.194" port: 38535 } }
I20260608 12:38:04.526867  3837 consensus_queue.cc:260] T c6aa96de40ac44f9833cb152af2a44f5 P 7bf732da69154ca8a055894f232dea28 [NON_LEADER]: Queue going to NON_LEADER mode. State: All replicated index: 0, Majority replicated index: 0, Committed index: 0, Last appended: 0.0, Last appended by leader: 0, Current term: 0, Majority size: -1, State: 0, Mode: NON_LEADER, active raft config: opid_index: -1 OBSOLETE_local: false peers { permanent_uuid: "f14202f42d904240a1c22d8928bab703" member_type: VOTER last_known_addr { host: "127.0.107.196" port: 46685 } } peers { permanent_uuid: "5bfb9cb639324f51b75af5fdeb254df2" member_type: VOTER last_known_addr { host: "127.0.107.194" port: 38535 } } peers { permanent_uuid: "7bf732da69154ca8a055894f232dea28" member_type: VOTER last_known_addr { host: "127.0.107.193" port: 37867 } }
I20260608 12:38:04.528137  3836 raft_consensus.cc:385] T 2f53c825e18b4e16b74ebbbf050c072d P 87140d2b76bc477aaed59663658b196d [term 0 FOLLOWER]: Consensus starting up: Expiring failure detector timer to make a prompt election more likely
I20260608 12:38:04.528471  3836 raft_consensus.cc:740] T 2f53c825e18b4e16b74ebbbf050c072d P 87140d2b76bc477aaed59663658b196d [term 0 FOLLOWER]: Becoming Follower/Learner. State: Replica: 87140d2b76bc477aaed59663658b196d, State: Initialized, Role: FOLLOWER
I20260608 12:38:04.530536  3838 tablet_bootstrap.cc:492] T 78721263876542b68569cebf9675fd38 P 5bfb9cb639324f51b75af5fdeb254df2: No bootstrap required, opened a new log
I20260608 12:38:04.530251  3836 consensus_queue.cc:260] T 2f53c825e18b4e16b74ebbbf050c072d P 87140d2b76bc477aaed59663658b196d [NON_LEADER]: Queue going to NON_LEADER mode. State: All replicated index: 0, Majority replicated index: 0, Committed index: 0, Last appended: 0.0, Last appended by leader: 0, Current term: 0, Majority size: -1, State: 0, Mode: NON_LEADER, active raft config: opid_index: -1 OBSOLETE_local: false peers { permanent_uuid: "f14202f42d904240a1c22d8928bab703" member_type: VOTER last_known_addr { host: "127.0.107.196" port: 46685 } } peers { permanent_uuid: "87140d2b76bc477aaed59663658b196d" member_type: VOTER last_known_addr { host: "127.0.107.195" port: 35447 } } peers { permanent_uuid: "5bfb9cb639324f51b75af5fdeb254df2" member_type: VOTER last_known_addr { host: "127.0.107.194" port: 38535 } }
I20260608 12:38:04.531163  3838 ts_tablet_manager.cc:1403] T 78721263876542b68569cebf9675fd38 P 5bfb9cb639324f51b75af5fdeb254df2: Time spent bootstrapping tablet: real 0.076s	user 0.011s	sys 0.003s
I20260608 12:38:04.535976  3837 ts_tablet_manager.cc:1434] T c6aa96de40ac44f9833cb152af2a44f5 P 7bf732da69154ca8a055894f232dea28: Time spent starting tablet: real 0.014s	user 0.008s	sys 0.002s
I20260608 12:38:04.536080  3836 ts_tablet_manager.cc:1434] T 2f53c825e18b4e16b74ebbbf050c072d P 87140d2b76bc477aaed59663658b196d: Time spent starting tablet: real 0.016s	user 0.008s	sys 0.000s
I20260608 12:38:04.538141  3836 tablet_bootstrap.cc:492] T 76b118dff70e4eb49ceec2ed1e080989 P 87140d2b76bc477aaed59663658b196d: Bootstrap starting.
I20260608 12:38:04.538625  3839 tablet_bootstrap.cc:492] T 268e302723054b18a6b09f04bb58b4a5 P f14202f42d904240a1c22d8928bab703: No bootstrap required, opened a new log
I20260608 12:38:04.539165  3839 ts_tablet_manager.cc:1403] T 268e302723054b18a6b09f04bb58b4a5 P f14202f42d904240a1c22d8928bab703: Time spent bootstrapping tablet: real 0.049s	user 0.006s	sys 0.015s
I20260608 12:38:04.540591  3837 tablet_bootstrap.cc:492] T 76b118dff70e4eb49ceec2ed1e080989 P 7bf732da69154ca8a055894f232dea28: Bootstrap starting.
I20260608 12:38:04.541253  3386 catalog_manager.cc:6241] T 00000000000000000000000000000000 P fb50a643ed7747ac94d6283baefa6c9f: range_aware_rebalance_new_range [id=11c3846d2156446eb6bb19efc30c0312] alter complete (version 0)
I20260608 12:38:04.541445  3838 raft_consensus.cc:359] T 78721263876542b68569cebf9675fd38 P 5bfb9cb639324f51b75af5fdeb254df2 [term 0 FOLLOWER]: Replica starting. Triggering 0 pending ops. Active config: opid_index: -1 OBSOLETE_local: false peers { permanent_uuid: "87140d2b76bc477aaed59663658b196d" member_type: VOTER last_known_addr { host: "127.0.107.195" port: 35447 } } peers { permanent_uuid: "5bfb9cb639324f51b75af5fdeb254df2" member_type: VOTER last_known_addr { host: "127.0.107.194" port: 38535 } } peers { permanent_uuid: "f14202f42d904240a1c22d8928bab703" member_type: VOTER last_known_addr { host: "127.0.107.196" port: 46685 } }
I20260608 12:38:04.542259  3838 raft_consensus.cc:385] T 78721263876542b68569cebf9675fd38 P 5bfb9cb639324f51b75af5fdeb254df2 [term 0 FOLLOWER]: Consensus starting up: Expiring failure detector timer to make a prompt election more likely
I20260608 12:38:04.544286  3838 raft_consensus.cc:740] T 78721263876542b68569cebf9675fd38 P 5bfb9cb639324f51b75af5fdeb254df2 [term 0 FOLLOWER]: Becoming Follower/Learner. State: Replica: 5bfb9cb639324f51b75af5fdeb254df2, State: Initialized, Role: FOLLOWER
I20260608 12:38:04.542918  3839 raft_consensus.cc:359] T 268e302723054b18a6b09f04bb58b4a5 P f14202f42d904240a1c22d8928bab703 [term 0 FOLLOWER]: Replica starting. Triggering 0 pending ops. Active config: opid_index: -1 OBSOLETE_local: false peers { permanent_uuid: "f14202f42d904240a1c22d8928bab703" member_type: VOTER last_known_addr { host: "127.0.107.196" port: 46685 } } peers { permanent_uuid: "87140d2b76bc477aaed59663658b196d" member_type: VOTER last_known_addr { host: "127.0.107.195" port: 35447 } } peers { permanent_uuid: "7bf732da69154ca8a055894f232dea28" member_type: VOTER last_known_addr { host: "127.0.107.193" port: 37867 } }
I20260608 12:38:04.545720  3839 raft_consensus.cc:385] T 268e302723054b18a6b09f04bb58b4a5 P f14202f42d904240a1c22d8928bab703 [term 0 FOLLOWER]: Consensus starting up: Expiring failure detector timer to make a prompt election more likely
I20260608 12:38:04.549682  3837 tablet_bootstrap.cc:654] T 76b118dff70e4eb49ceec2ed1e080989 P 7bf732da69154ca8a055894f232dea28: Neither blocks nor log segments found. Creating new log.
I20260608 12:38:04.546053  3839 raft_consensus.cc:740] T 268e302723054b18a6b09f04bb58b4a5 P f14202f42d904240a1c22d8928bab703 [term 0 FOLLOWER]: Becoming Follower/Learner. State: Replica: f14202f42d904240a1c22d8928bab703, State: Initialized, Role: FOLLOWER
I20260608 12:38:04.551460  3839 consensus_queue.cc:260] T 268e302723054b18a6b09f04bb58b4a5 P f14202f42d904240a1c22d8928bab703 [NON_LEADER]: Queue going to NON_LEADER mode. State: All replicated index: 0, Majority replicated index: 0, Committed index: 0, Last appended: 0.0, Last appended by leader: 0, Current term: 0, Majority size: -1, State: 0, Mode: NON_LEADER, active raft config: opid_index: -1 OBSOLETE_local: false peers { permanent_uuid: "f14202f42d904240a1c22d8928bab703" member_type: VOTER last_known_addr { host: "127.0.107.196" port: 46685 } } peers { permanent_uuid: "87140d2b76bc477aaed59663658b196d" member_type: VOTER last_known_addr { host: "127.0.107.195" port: 35447 } } peers { permanent_uuid: "7bf732da69154ca8a055894f232dea28" member_type: VOTER last_known_addr { host: "127.0.107.193" port: 37867 } }
I20260608 12:38:04.545312  3838 consensus_queue.cc:260] T 78721263876542b68569cebf9675fd38 P 5bfb9cb639324f51b75af5fdeb254df2 [NON_LEADER]: Queue going to NON_LEADER mode. State: All replicated index: 0, Majority replicated index: 0, Committed index: 0, Last appended: 0.0, Last appended by leader: 0, Current term: 0, Majority size: -1, State: 0, Mode: NON_LEADER, active raft config: opid_index: -1 OBSOLETE_local: false peers { permanent_uuid: "87140d2b76bc477aaed59663658b196d" member_type: VOTER last_known_addr { host: "127.0.107.195" port: 35447 } } peers { permanent_uuid: "5bfb9cb639324f51b75af5fdeb254df2" member_type: VOTER last_known_addr { host: "127.0.107.194" port: 38535 } } peers { permanent_uuid: "f14202f42d904240a1c22d8928bab703" member_type: VOTER last_known_addr { host: "127.0.107.196" port: 46685 } }
I20260608 12:38:04.555081  3838 ts_tablet_manager.cc:1434] T 78721263876542b68569cebf9675fd38 P 5bfb9cb639324f51b75af5fdeb254df2: Time spent starting tablet: real 0.024s	user 0.003s	sys 0.003s
I20260608 12:38:04.556178  3836 tablet_bootstrap.cc:654] T 76b118dff70e4eb49ceec2ed1e080989 P 87140d2b76bc477aaed59663658b196d: Neither blocks nor log segments found. Creating new log.
I20260608 12:38:04.557250  3839 ts_tablet_manager.cc:1434] T 268e302723054b18a6b09f04bb58b4a5 P f14202f42d904240a1c22d8928bab703: Time spent starting tablet: real 0.018s	user 0.007s	sys 0.000s
I20260608 12:38:04.558323  3839 tablet_bootstrap.cc:492] T 78721263876542b68569cebf9675fd38 P f14202f42d904240a1c22d8928bab703: Bootstrap starting.
I20260608 12:38:04.564242  3838 tablet_bootstrap.cc:492] T 2f53c825e18b4e16b74ebbbf050c072d P 5bfb9cb639324f51b75af5fdeb254df2: Bootstrap starting.
I20260608 12:38:04.579911  3839 tablet_bootstrap.cc:654] T 78721263876542b68569cebf9675fd38 P f14202f42d904240a1c22d8928bab703: Neither blocks nor log segments found. Creating new log.
I20260608 12:38:04.603708  3839 tablet_bootstrap.cc:492] T 78721263876542b68569cebf9675fd38 P f14202f42d904240a1c22d8928bab703: No bootstrap required, opened a new log
I20260608 12:38:04.604728  3839 ts_tablet_manager.cc:1403] T 78721263876542b68569cebf9675fd38 P f14202f42d904240a1c22d8928bab703: Time spent bootstrapping tablet: real 0.047s	user 0.009s	sys 0.015s
I20260608 12:38:04.607815  3837 tablet_bootstrap.cc:492] T 76b118dff70e4eb49ceec2ed1e080989 P 7bf732da69154ca8a055894f232dea28: No bootstrap required, opened a new log
I20260608 12:38:04.609067  3839 raft_consensus.cc:359] T 78721263876542b68569cebf9675fd38 P f14202f42d904240a1c22d8928bab703 [term 0 FOLLOWER]: Replica starting. Triggering 0 pending ops. Active config: opid_index: -1 OBSOLETE_local: false peers { permanent_uuid: "87140d2b76bc477aaed59663658b196d" member_type: VOTER last_known_addr { host: "127.0.107.195" port: 35447 } } peers { permanent_uuid: "5bfb9cb639324f51b75af5fdeb254df2" member_type: VOTER last_known_addr { host: "127.0.107.194" port: 38535 } } peers { permanent_uuid: "f14202f42d904240a1c22d8928bab703" member_type: VOTER last_known_addr { host: "127.0.107.196" port: 46685 } }
I20260608 12:38:04.609828  3839 raft_consensus.cc:385] T 78721263876542b68569cebf9675fd38 P f14202f42d904240a1c22d8928bab703 [term 0 FOLLOWER]: Consensus starting up: Expiring failure detector timer to make a prompt election more likely
I20260608 12:38:04.610116  3839 raft_consensus.cc:740] T 78721263876542b68569cebf9675fd38 P f14202f42d904240a1c22d8928bab703 [term 0 FOLLOWER]: Becoming Follower/Learner. State: Replica: f14202f42d904240a1c22d8928bab703, State: Initialized, Role: FOLLOWER
I20260608 12:38:04.607775  3838 tablet_bootstrap.cc:654] T 2f53c825e18b4e16b74ebbbf050c072d P 5bfb9cb639324f51b75af5fdeb254df2: Neither blocks nor log segments found. Creating new log.
I20260608 12:38:04.611572  3839 consensus_queue.cc:260] T 78721263876542b68569cebf9675fd38 P f14202f42d904240a1c22d8928bab703 [NON_LEADER]: Queue going to NON_LEADER mode. State: All replicated index: 0, Majority replicated index: 0, Committed index: 0, Last appended: 0.0, Last appended by leader: 0, Current term: 0, Majority size: -1, State: 0, Mode: NON_LEADER, active raft config: opid_index: -1 OBSOLETE_local: false peers { permanent_uuid: "87140d2b76bc477aaed59663658b196d" member_type: VOTER last_known_addr { host: "127.0.107.195" port: 35447 } } peers { permanent_uuid: "5bfb9cb639324f51b75af5fdeb254df2" member_type: VOTER last_known_addr { host: "127.0.107.194" port: 38535 } } peers { permanent_uuid: "f14202f42d904240a1c22d8928bab703" member_type: VOTER last_known_addr { host: "127.0.107.196" port: 46685 } }
W20260608 12:38:04.612074  3437 auto_rebalancer.cc:259] Could not retrieve cluster info: Service unavailable: Tablet not running
I20260608 12:38:04.614362  3839 ts_tablet_manager.cc:1434] T 78721263876542b68569cebf9675fd38 P f14202f42d904240a1c22d8928bab703: Time spent starting tablet: real 0.008s	user 0.007s	sys 0.000s
I20260608 12:38:04.615011  3837 ts_tablet_manager.cc:1403] T 76b118dff70e4eb49ceec2ed1e080989 P 7bf732da69154ca8a055894f232dea28: Time spent bootstrapping tablet: real 0.072s	user 0.011s	sys 0.011s
I20260608 12:38:04.615507  3839 tablet_bootstrap.cc:492] T ae9a8ba4341d4c529ec2e1027319b147 P f14202f42d904240a1c22d8928bab703: Bootstrap starting.
I20260608 12:38:04.620167  3837 raft_consensus.cc:359] T 76b118dff70e4eb49ceec2ed1e080989 P 7bf732da69154ca8a055894f232dea28 [term 0 FOLLOWER]: Replica starting. Triggering 0 pending ops. Active config: opid_index: -1 OBSOLETE_local: false peers { permanent_uuid: "f14202f42d904240a1c22d8928bab703" member_type: VOTER last_known_addr { host: "127.0.107.196" port: 46685 } } peers { permanent_uuid: "7bf732da69154ca8a055894f232dea28" member_type: VOTER last_known_addr { host: "127.0.107.193" port: 37867 } } peers { permanent_uuid: "87140d2b76bc477aaed59663658b196d" member_type: VOTER last_known_addr { host: "127.0.107.195" port: 35447 } }
I20260608 12:38:04.621065  3837 raft_consensus.cc:385] T 76b118dff70e4eb49ceec2ed1e080989 P 7bf732da69154ca8a055894f232dea28 [term 0 FOLLOWER]: Consensus starting up: Expiring failure detector timer to make a prompt election more likely
I20260608 12:38:04.621409  3837 raft_consensus.cc:740] T 76b118dff70e4eb49ceec2ed1e080989 P 7bf732da69154ca8a055894f232dea28 [term 0 FOLLOWER]: Becoming Follower/Learner. State: Replica: 7bf732da69154ca8a055894f232dea28, State: Initialized, Role: FOLLOWER
I20260608 12:38:04.623597  3837 consensus_queue.cc:260] T 76b118dff70e4eb49ceec2ed1e080989 P 7bf732da69154ca8a055894f232dea28 [NON_LEADER]: Queue going to NON_LEADER mode. State: All replicated index: 0, Majority replicated index: 0, Committed index: 0, Last appended: 0.0, Last appended by leader: 0, Current term: 0, Majority size: -1, State: 0, Mode: NON_LEADER, active raft config: opid_index: -1 OBSOLETE_local: false peers { permanent_uuid: "f14202f42d904240a1c22d8928bab703" member_type: VOTER last_known_addr { host: "127.0.107.196" port: 46685 } } peers { permanent_uuid: "7bf732da69154ca8a055894f232dea28" member_type: VOTER last_known_addr { host: "127.0.107.193" port: 37867 } } peers { permanent_uuid: "87140d2b76bc477aaed59663658b196d" member_type: VOTER last_known_addr { host: "127.0.107.195" port: 35447 } }
I20260608 12:38:04.625283  3836 tablet_bootstrap.cc:492] T 76b118dff70e4eb49ceec2ed1e080989 P 87140d2b76bc477aaed59663658b196d: No bootstrap required, opened a new log
I20260608 12:38:04.626667  3836 ts_tablet_manager.cc:1403] T 76b118dff70e4eb49ceec2ed1e080989 P 87140d2b76bc477aaed59663658b196d: Time spent bootstrapping tablet: real 0.089s	user 0.018s	sys 0.002s
I20260608 12:38:04.626935  3839 tablet_bootstrap.cc:654] T ae9a8ba4341d4c529ec2e1027319b147 P f14202f42d904240a1c22d8928bab703: Neither blocks nor log segments found. Creating new log.
I20260608 12:38:04.633579  3836 raft_consensus.cc:359] T 76b118dff70e4eb49ceec2ed1e080989 P 87140d2b76bc477aaed59663658b196d [term 0 FOLLOWER]: Replica starting. Triggering 0 pending ops. Active config: opid_index: -1 OBSOLETE_local: false peers { permanent_uuid: "f14202f42d904240a1c22d8928bab703" member_type: VOTER last_known_addr { host: "127.0.107.196" port: 46685 } } peers { permanent_uuid: "7bf732da69154ca8a055894f232dea28" member_type: VOTER last_known_addr { host: "127.0.107.193" port: 37867 } } peers { permanent_uuid: "87140d2b76bc477aaed59663658b196d" member_type: VOTER last_known_addr { host: "127.0.107.195" port: 35447 } }
I20260608 12:38:04.634518  3836 raft_consensus.cc:385] T 76b118dff70e4eb49ceec2ed1e080989 P 87140d2b76bc477aaed59663658b196d [term 0 FOLLOWER]: Consensus starting up: Expiring failure detector timer to make a prompt election more likely
I20260608 12:38:04.634915  3836 raft_consensus.cc:740] T 76b118dff70e4eb49ceec2ed1e080989 P 87140d2b76bc477aaed59663658b196d [term 0 FOLLOWER]: Becoming Follower/Learner. State: Replica: 87140d2b76bc477aaed59663658b196d, State: Initialized, Role: FOLLOWER
I20260608 12:38:04.635140  3837 ts_tablet_manager.cc:1434] T 76b118dff70e4eb49ceec2ed1e080989 P 7bf732da69154ca8a055894f232dea28: Time spent starting tablet: real 0.020s	user 0.008s	sys 0.000s
I20260608 12:38:04.636104  3836 consensus_queue.cc:260] T 76b118dff70e4eb49ceec2ed1e080989 P 87140d2b76bc477aaed59663658b196d [NON_LEADER]: Queue going to NON_LEADER mode. State: All replicated index: 0, Majority replicated index: 0, Committed index: 0, Last appended: 0.0, Last appended by leader: 0, Current term: 0, Majority size: -1, State: 0, Mode: NON_LEADER, active raft config: opid_index: -1 OBSOLETE_local: false peers { permanent_uuid: "f14202f42d904240a1c22d8928bab703" member_type: VOTER last_known_addr { host: "127.0.107.196" port: 46685 } } peers { permanent_uuid: "7bf732da69154ca8a055894f232dea28" member_type: VOTER last_known_addr { host: "127.0.107.193" port: 37867 } } peers { permanent_uuid: "87140d2b76bc477aaed59663658b196d" member_type: VOTER last_known_addr { host: "127.0.107.195" port: 35447 } }
I20260608 12:38:04.636721  3837 tablet_bootstrap.cc:492] T c5535008f36142ebaeb3e77d1510fb2c P 7bf732da69154ca8a055894f232dea28: Bootstrap starting.
I20260608 12:38:04.639870  3836 ts_tablet_manager.cc:1434] T 76b118dff70e4eb49ceec2ed1e080989 P 87140d2b76bc477aaed59663658b196d: Time spent starting tablet: real 0.013s	user 0.008s	sys 0.000s
I20260608 12:38:04.641016  3836 tablet_bootstrap.cc:492] T 78721263876542b68569cebf9675fd38 P 87140d2b76bc477aaed59663658b196d: Bootstrap starting.
I20260608 12:38:04.645478  3838 tablet_bootstrap.cc:492] T 2f53c825e18b4e16b74ebbbf050c072d P 5bfb9cb639324f51b75af5fdeb254df2: No bootstrap required, opened a new log
I20260608 12:38:04.653334  3838 ts_tablet_manager.cc:1403] T 2f53c825e18b4e16b74ebbbf050c072d P 5bfb9cb639324f51b75af5fdeb254df2: Time spent bootstrapping tablet: real 0.089s	user 0.008s	sys 0.017s
I20260608 12:38:04.657019  3839 tablet_bootstrap.cc:492] T ae9a8ba4341d4c529ec2e1027319b147 P f14202f42d904240a1c22d8928bab703: No bootstrap required, opened a new log
I20260608 12:38:04.657248  3838 raft_consensus.cc:359] T 2f53c825e18b4e16b74ebbbf050c072d P 5bfb9cb639324f51b75af5fdeb254df2 [term 0 FOLLOWER]: Replica starting. Triggering 0 pending ops. Active config: opid_index: -1 OBSOLETE_local: false peers { permanent_uuid: "f14202f42d904240a1c22d8928bab703" member_type: VOTER last_known_addr { host: "127.0.107.196" port: 46685 } } peers { permanent_uuid: "87140d2b76bc477aaed59663658b196d" member_type: VOTER last_known_addr { host: "127.0.107.195" port: 35447 } } peers { permanent_uuid: "5bfb9cb639324f51b75af5fdeb254df2" member_type: VOTER last_known_addr { host: "127.0.107.194" port: 38535 } }
I20260608 12:38:04.657994  3838 raft_consensus.cc:385] T 2f53c825e18b4e16b74ebbbf050c072d P 5bfb9cb639324f51b75af5fdeb254df2 [term 0 FOLLOWER]: Consensus starting up: Expiring failure detector timer to make a prompt election more likely
I20260608 12:38:04.658327  3838 raft_consensus.cc:740] T 2f53c825e18b4e16b74ebbbf050c072d P 5bfb9cb639324f51b75af5fdeb254df2 [term 0 FOLLOWER]: Becoming Follower/Learner. State: Replica: 5bfb9cb639324f51b75af5fdeb254df2, State: Initialized, Role: FOLLOWER
I20260608 12:38:04.659137  3838 consensus_queue.cc:260] T 2f53c825e18b4e16b74ebbbf050c072d P 5bfb9cb639324f51b75af5fdeb254df2 [NON_LEADER]: Queue going to NON_LEADER mode. State: All replicated index: 0, Majority replicated index: 0, Committed index: 0, Last appended: 0.0, Last appended by leader: 0, Current term: 0, Majority size: -1, State: 0, Mode: NON_LEADER, active raft config: opid_index: -1 OBSOLETE_local: false peers { permanent_uuid: "f14202f42d904240a1c22d8928bab703" member_type: VOTER last_known_addr { host: "127.0.107.196" port: 46685 } } peers { permanent_uuid: "87140d2b76bc477aaed59663658b196d" member_type: VOTER last_known_addr { host: "127.0.107.195" port: 35447 } } peers { permanent_uuid: "5bfb9cb639324f51b75af5fdeb254df2" member_type: VOTER last_known_addr { host: "127.0.107.194" port: 38535 } }
I20260608 12:38:04.660363  3836 tablet_bootstrap.cc:654] T 78721263876542b68569cebf9675fd38 P 87140d2b76bc477aaed59663658b196d: Neither blocks nor log segments found. Creating new log.
I20260608 12:38:04.661602  3837 tablet_bootstrap.cc:654] T c5535008f36142ebaeb3e77d1510fb2c P 7bf732da69154ca8a055894f232dea28: Neither blocks nor log segments found. Creating new log.
I20260608 12:38:04.657685  3839 ts_tablet_manager.cc:1403] T ae9a8ba4341d4c529ec2e1027319b147 P f14202f42d904240a1c22d8928bab703: Time spent bootstrapping tablet: real 0.042s	user 0.011s	sys 0.009s
I20260608 12:38:04.662132  3838 ts_tablet_manager.cc:1434] T 2f53c825e18b4e16b74ebbbf050c072d P 5bfb9cb639324f51b75af5fdeb254df2: Time spent starting tablet: real 0.008s	user 0.004s	sys 0.004s
I20260608 12:38:04.663655  3700 raft_consensus.cc:493] T ae9a8ba4341d4c529ec2e1027319b147 P 7bf732da69154ca8a055894f232dea28 [term 0 FOLLOWER]: Starting pre-election (no leader contacted us within the election timeout)
I20260608 12:38:04.668887  3700 raft_consensus.cc:515] T ae9a8ba4341d4c529ec2e1027319b147 P 7bf732da69154ca8a055894f232dea28 [term 0 FOLLOWER]: Starting pre-election with config: opid_index: -1 OBSOLETE_local: false peers { permanent_uuid: "f14202f42d904240a1c22d8928bab703" member_type: VOTER last_known_addr { host: "127.0.107.196" port: 46685 } } peers { permanent_uuid: "87140d2b76bc477aaed59663658b196d" member_type: VOTER last_known_addr { host: "127.0.107.195" port: 35447 } } peers { permanent_uuid: "7bf732da69154ca8a055894f232dea28" member_type: VOTER last_known_addr { host: "127.0.107.193" port: 37867 } }
I20260608 12:38:04.672293  3700 leader_election.cc:290] T ae9a8ba4341d4c529ec2e1027319b147 P 7bf732da69154ca8a055894f232dea28 [CANDIDATE]: Term 1 pre-election: Requested pre-vote from peers f14202f42d904240a1c22d8928bab703 (127.0.107.196:46685), 87140d2b76bc477aaed59663658b196d (127.0.107.195:35447)
I20260608 12:38:04.673856  3838 tablet_bootstrap.cc:492] T c5535008f36142ebaeb3e77d1510fb2c P 5bfb9cb639324f51b75af5fdeb254df2: Bootstrap starting.
I20260608 12:38:04.677223  3640 tablet_service.cc:1917] Received RequestConsensusVote() RPC: tablet_id: "ae9a8ba4341d4c529ec2e1027319b147" candidate_uuid: "7bf732da69154ca8a055894f232dea28" candidate_term: 1 candidate_status { last_received { term: 0 index: 0 } } ignore_live_leader: false dest_uuid: "87140d2b76bc477aaed59663658b196d" is_pre_election: true
I20260608 12:38:04.678294  3640 raft_consensus.cc:2468] T ae9a8ba4341d4c529ec2e1027319b147 P 87140d2b76bc477aaed59663658b196d [term 0 FOLLOWER]: Leader pre-election vote request: Granting yes vote for candidate 7bf732da69154ca8a055894f232dea28 in term 0.
I20260608 12:38:04.667963  3839 raft_consensus.cc:359] T ae9a8ba4341d4c529ec2e1027319b147 P f14202f42d904240a1c22d8928bab703 [term 0 FOLLOWER]: Replica starting. Triggering 0 pending ops. Active config: opid_index: -1 OBSOLETE_local: false peers { permanent_uuid: "f14202f42d904240a1c22d8928bab703" member_type: VOTER last_known_addr { host: "127.0.107.196" port: 46685 } } peers { permanent_uuid: "87140d2b76bc477aaed59663658b196d" member_type: VOTER last_known_addr { host: "127.0.107.195" port: 35447 } } peers { permanent_uuid: "7bf732da69154ca8a055894f232dea28" member_type: VOTER last_known_addr { host: "127.0.107.193" port: 37867 } }
I20260608 12:38:04.679535  3839 raft_consensus.cc:385] T ae9a8ba4341d4c529ec2e1027319b147 P f14202f42d904240a1c22d8928bab703 [term 0 FOLLOWER]: Consensus starting up: Expiring failure detector timer to make a prompt election more likely
I20260608 12:38:04.679908  3839 raft_consensus.cc:740] T ae9a8ba4341d4c529ec2e1027319b147 P f14202f42d904240a1c22d8928bab703 [term 0 FOLLOWER]: Becoming Follower/Learner. State: Replica: f14202f42d904240a1c22d8928bab703, State: Initialized, Role: FOLLOWER
I20260608 12:38:04.680776  3839 consensus_queue.cc:260] T ae9a8ba4341d4c529ec2e1027319b147 P f14202f42d904240a1c22d8928bab703 [NON_LEADER]: Queue going to NON_LEADER mode. State: All replicated index: 0, Majority replicated index: 0, Committed index: 0, Last appended: 0.0, Last appended by leader: 0, Current term: 0, Majority size: -1, State: 0, Mode: NON_LEADER, active raft config: opid_index: -1 OBSOLETE_local: false peers { permanent_uuid: "f14202f42d904240a1c22d8928bab703" member_type: VOTER last_known_addr { host: "127.0.107.196" port: 46685 } } peers { permanent_uuid: "87140d2b76bc477aaed59663658b196d" member_type: VOTER last_known_addr { host: "127.0.107.195" port: 35447 } } peers { permanent_uuid: "7bf732da69154ca8a055894f232dea28" member_type: VOTER last_known_addr { host: "127.0.107.193" port: 37867 } }
I20260608 12:38:04.681196  3700 raft_consensus.cc:493] T 76b118dff70e4eb49ceec2ed1e080989 P 7bf732da69154ca8a055894f232dea28 [term 0 FOLLOWER]: Starting pre-election (no leader contacted us within the election timeout)
I20260608 12:38:04.684680  3700 raft_consensus.cc:515] T 76b118dff70e4eb49ceec2ed1e080989 P 7bf732da69154ca8a055894f232dea28 [term 0 FOLLOWER]: Starting pre-election with config: opid_index: -1 OBSOLETE_local: false peers { permanent_uuid: "f14202f42d904240a1c22d8928bab703" member_type: VOTER last_known_addr { host: "127.0.107.196" port: 46685 } } peers { permanent_uuid: "7bf732da69154ca8a055894f232dea28" member_type: VOTER last_known_addr { host: "127.0.107.193" port: 37867 } } peers { permanent_uuid: "87140d2b76bc477aaed59663658b196d" member_type: VOTER last_known_addr { host: "127.0.107.195" port: 35447 } }
I20260608 12:38:04.689061  3639 tablet_service.cc:1917] Received RequestConsensusVote() RPC: tablet_id: "76b118dff70e4eb49ceec2ed1e080989" candidate_uuid: "7bf732da69154ca8a055894f232dea28" candidate_term: 1 candidate_status { last_received { term: 0 index: 0 } } ignore_live_leader: false dest_uuid: "87140d2b76bc477aaed59663658b196d" is_pre_election: true
I20260608 12:38:04.690004  3639 raft_consensus.cc:2468] T 76b118dff70e4eb49ceec2ed1e080989 P 87140d2b76bc477aaed59663658b196d [term 0 FOLLOWER]: Leader pre-election vote request: Granting yes vote for candidate 7bf732da69154ca8a055894f232dea28 in term 0.
I20260608 12:38:04.691735  3455 leader_election.cc:304] T ae9a8ba4341d4c529ec2e1027319b147 P 7bf732da69154ca8a055894f232dea28 [CANDIDATE]: Term 1 pre-election: Election decided. Result: candidate won. Election summary: received 2 responses out of 3 voters: 2 yes votes; 0 no votes. yes voters: 7bf732da69154ca8a055894f232dea28, 87140d2b76bc477aaed59663658b196d; no voters: 
I20260608 12:38:04.693060  3692 raft_consensus.cc:2804] T ae9a8ba4341d4c529ec2e1027319b147 P 7bf732da69154ca8a055894f232dea28 [term 0 FOLLOWER]: Leader pre-election won for term 1
I20260608 12:38:04.693531  3692 raft_consensus.cc:493] T ae9a8ba4341d4c529ec2e1027319b147 P 7bf732da69154ca8a055894f232dea28 [term 0 FOLLOWER]: Starting leader election (no leader contacted us within the election timeout)
I20260608 12:38:04.693931  3692 raft_consensus.cc:3060] T ae9a8ba4341d4c529ec2e1027319b147 P 7bf732da69154ca8a055894f232dea28 [term 0 FOLLOWER]: Advancing to term 1
I20260608 12:38:04.694551  3838 tablet_bootstrap.cc:654] T c5535008f36142ebaeb3e77d1510fb2c P 5bfb9cb639324f51b75af5fdeb254df2: Neither blocks nor log segments found. Creating new log.
I20260608 12:38:04.696416  3839 ts_tablet_manager.cc:1434] T ae9a8ba4341d4c529ec2e1027319b147 P f14202f42d904240a1c22d8928bab703: Time spent starting tablet: real 0.032s	user 0.007s	sys 0.001s
I20260608 12:38:04.702432  3455 leader_election.cc:304] T 76b118dff70e4eb49ceec2ed1e080989 P 7bf732da69154ca8a055894f232dea28 [CANDIDATE]: Term 1 pre-election: Election decided. Result: candidate won. Election summary: received 2 responses out of 3 voters: 2 yes votes; 0 no votes. yes voters: 7bf732da69154ca8a055894f232dea28, 87140d2b76bc477aaed59663658b196d; no voters: 
I20260608 12:38:04.703926  3703 raft_consensus.cc:2804] T 76b118dff70e4eb49ceec2ed1e080989 P 7bf732da69154ca8a055894f232dea28 [term 0 FOLLOWER]: Leader pre-election won for term 1
I20260608 12:38:04.704421  3703 raft_consensus.cc:493] T 76b118dff70e4eb49ceec2ed1e080989 P 7bf732da69154ca8a055894f232dea28 [term 0 FOLLOWER]: Starting leader election (no leader contacted us within the election timeout)
I20260608 12:38:04.704778  3703 raft_consensus.cc:3060] T 76b118dff70e4eb49ceec2ed1e080989 P 7bf732da69154ca8a055894f232dea28 [term 0 FOLLOWER]: Advancing to term 1
I20260608 12:38:04.704972  3839 tablet_bootstrap.cc:492] T c6aa96de40ac44f9833cb152af2a44f5 P f14202f42d904240a1c22d8928bab703: Bootstrap starting.
I20260608 12:38:04.713574  3839 tablet_bootstrap.cc:654] T c6aa96de40ac44f9833cb152af2a44f5 P f14202f42d904240a1c22d8928bab703: Neither blocks nor log segments found. Creating new log.
I20260608 12:38:04.716881  3700 leader_election.cc:290] T 76b118dff70e4eb49ceec2ed1e080989 P 7bf732da69154ca8a055894f232dea28 [CANDIDATE]: Term 1 pre-election: Requested pre-vote from peers f14202f42d904240a1c22d8928bab703 (127.0.107.196:46685), 87140d2b76bc477aaed59663658b196d (127.0.107.195:35447)
I20260608 12:38:04.737591  3692 raft_consensus.cc:515] T ae9a8ba4341d4c529ec2e1027319b147 P 7bf732da69154ca8a055894f232dea28 [term 1 FOLLOWER]: Starting leader election with config: opid_index: -1 OBSOLETE_local: false peers { permanent_uuid: "f14202f42d904240a1c22d8928bab703" member_type: VOTER last_known_addr { host: "127.0.107.196" port: 46685 } } peers { permanent_uuid: "87140d2b76bc477aaed59663658b196d" member_type: VOTER last_known_addr { host: "127.0.107.195" port: 35447 } } peers { permanent_uuid: "7bf732da69154ca8a055894f232dea28" member_type: VOTER last_known_addr { host: "127.0.107.193" port: 37867 } }
I20260608 12:38:04.750167  3692 leader_election.cc:290] T ae9a8ba4341d4c529ec2e1027319b147 P 7bf732da69154ca8a055894f232dea28 [CANDIDATE]: Term 1 election: Requested vote from peers f14202f42d904240a1c22d8928bab703 (127.0.107.196:46685), 87140d2b76bc477aaed59663658b196d (127.0.107.195:35447)
I20260608 12:38:04.752575  3834 raft_consensus.cc:493] T 78721263876542b68569cebf9675fd38 P 5bfb9cb639324f51b75af5fdeb254df2 [term 0 FOLLOWER]: Starting pre-election (no leader contacted us within the election timeout)
I20260608 12:38:04.726771  3703 raft_consensus.cc:515] T 76b118dff70e4eb49ceec2ed1e080989 P 7bf732da69154ca8a055894f232dea28 [term 1 FOLLOWER]: Starting leader election with config: opid_index: -1 OBSOLETE_local: false peers { permanent_uuid: "f14202f42d904240a1c22d8928bab703" member_type: VOTER last_known_addr { host: "127.0.107.196" port: 46685 } } peers { permanent_uuid: "7bf732da69154ca8a055894f232dea28" member_type: VOTER last_known_addr { host: "127.0.107.193" port: 37867 } } peers { permanent_uuid: "87140d2b76bc477aaed59663658b196d" member_type: VOTER last_known_addr { host: "127.0.107.195" port: 35447 } }
I20260608 12:38:04.757023  3837 tablet_bootstrap.cc:492] T c5535008f36142ebaeb3e77d1510fb2c P 7bf732da69154ca8a055894f232dea28: No bootstrap required, opened a new log
I20260608 12:38:04.757586  3703 leader_election.cc:290] T 76b118dff70e4eb49ceec2ed1e080989 P 7bf732da69154ca8a055894f232dea28 [CANDIDATE]: Term 1 election: Requested vote from peers f14202f42d904240a1c22d8928bab703 (127.0.107.196:46685), 87140d2b76bc477aaed59663658b196d (127.0.107.195:35447)
I20260608 12:38:04.753196  3834 raft_consensus.cc:515] T 78721263876542b68569cebf9675fd38 P 5bfb9cb639324f51b75af5fdeb254df2 [term 0 FOLLOWER]: Starting pre-election with config: opid_index: -1 OBSOLETE_local: false peers { permanent_uuid: "87140d2b76bc477aaed59663658b196d" member_type: VOTER last_known_addr { host: "127.0.107.195" port: 35447 } } peers { permanent_uuid: "5bfb9cb639324f51b75af5fdeb254df2" member_type: VOTER last_known_addr { host: "127.0.107.194" port: 38535 } } peers { permanent_uuid: "f14202f42d904240a1c22d8928bab703" member_type: VOTER last_known_addr { host: "127.0.107.196" port: 46685 } }
I20260608 12:38:04.757650  3837 ts_tablet_manager.cc:1403] T c5535008f36142ebaeb3e77d1510fb2c P 7bf732da69154ca8a055894f232dea28: Time spent bootstrapping tablet: real 0.121s	user 0.036s	sys 0.055s
I20260608 12:38:04.764187  3639 tablet_service.cc:1917] Received RequestConsensusVote() RPC: tablet_id: "78721263876542b68569cebf9675fd38" candidate_uuid: "5bfb9cb639324f51b75af5fdeb254df2" candidate_term: 1 candidate_status { last_received { term: 0 index: 0 } } ignore_live_leader: false dest_uuid: "87140d2b76bc477aaed59663658b196d" is_pre_election: true
I20260608 12:38:04.763458  3834 leader_election.cc:290] T 78721263876542b68569cebf9675fd38 P 5bfb9cb639324f51b75af5fdeb254df2 [CANDIDATE]: Term 1 pre-election: Requested pre-vote from peers 87140d2b76bc477aaed59663658b196d (127.0.107.195:35447), f14202f42d904240a1c22d8928bab703 (127.0.107.196:46685)
I20260608 12:38:04.766199  3837 raft_consensus.cc:359] T c5535008f36142ebaeb3e77d1510fb2c P 7bf732da69154ca8a055894f232dea28 [term 0 FOLLOWER]: Replica starting. Triggering 0 pending ops. Active config: opid_index: -1 OBSOLETE_local: false peers { permanent_uuid: "f14202f42d904240a1c22d8928bab703" member_type: VOTER last_known_addr { host: "127.0.107.196" port: 46685 } } peers { permanent_uuid: "7bf732da69154ca8a055894f232dea28" member_type: VOTER last_known_addr { host: "127.0.107.193" port: 37867 } } peers { permanent_uuid: "5bfb9cb639324f51b75af5fdeb254df2" member_type: VOTER last_known_addr { host: "127.0.107.194" port: 38535 } }
I20260608 12:38:04.764267  3836 tablet_bootstrap.cc:492] T 78721263876542b68569cebf9675fd38 P 87140d2b76bc477aaed59663658b196d: No bootstrap required, opened a new log
W20260608 12:38:04.768194  3530 leader_election.cc:343] T 78721263876542b68569cebf9675fd38 P 5bfb9cb639324f51b75af5fdeb254df2 [CANDIDATE]: Term 1 pre-election: Tablet error from VoteRequest() call to peer 87140d2b76bc477aaed59663658b196d (127.0.107.195:35447): Illegal state: must be running to vote when last-logged opid is not known
I20260608 12:38:04.768185  3638 tablet_service.cc:1917] Received RequestConsensusVote() RPC: tablet_id: "ae9a8ba4341d4c529ec2e1027319b147" candidate_uuid: "7bf732da69154ca8a055894f232dea28" candidate_term: 1 candidate_status { last_received { term: 0 index: 0 } } ignore_live_leader: false dest_uuid: "87140d2b76bc477aaed59663658b196d"
I20260608 12:38:04.767671  3837 raft_consensus.cc:385] T c5535008f36142ebaeb3e77d1510fb2c P 7bf732da69154ca8a055894f232dea28 [term 0 FOLLOWER]: Consensus starting up: Expiring failure detector timer to make a prompt election more likely
I20260608 12:38:04.769785  3638 raft_consensus.cc:3060] T ae9a8ba4341d4c529ec2e1027319b147 P 87140d2b76bc477aaed59663658b196d [term 0 FOLLOWER]: Advancing to term 1
I20260608 12:38:04.769804  3837 raft_consensus.cc:740] T c5535008f36142ebaeb3e77d1510fb2c P 7bf732da69154ca8a055894f232dea28 [term 0 FOLLOWER]: Becoming Follower/Learner. State: Replica: 7bf732da69154ca8a055894f232dea28, State: Initialized, Role: FOLLOWER
I20260608 12:38:04.768725  3637 tablet_service.cc:1917] Received RequestConsensusVote() RPC: tablet_id: "76b118dff70e4eb49ceec2ed1e080989" candidate_uuid: "7bf732da69154ca8a055894f232dea28" candidate_term: 1 candidate_status { last_received { term: 0 index: 0 } } ignore_live_leader: false dest_uuid: "87140d2b76bc477aaed59663658b196d"
I20260608 12:38:04.773298  3838 tablet_bootstrap.cc:492] T c5535008f36142ebaeb3e77d1510fb2c P 5bfb9cb639324f51b75af5fdeb254df2: No bootstrap required, opened a new log
I20260608 12:38:04.775764  3838 ts_tablet_manager.cc:1403] T c5535008f36142ebaeb3e77d1510fb2c P 5bfb9cb639324f51b75af5fdeb254df2: Time spent bootstrapping tablet: real 0.102s	user 0.006s	sys 0.015s
I20260608 12:38:04.772615  3637 raft_consensus.cc:3060] T 76b118dff70e4eb49ceec2ed1e080989 P 87140d2b76bc477aaed59663658b196d [term 0 FOLLOWER]: Advancing to term 1
I20260608 12:38:04.771610  3836 ts_tablet_manager.cc:1403] T 78721263876542b68569cebf9675fd38 P 87140d2b76bc477aaed59663658b196d: Time spent bootstrapping tablet: real 0.131s	user 0.052s	sys 0.029s
I20260608 12:38:04.778963  3714 raft_consensus.cc:493] T 2f53c825e18b4e16b74ebbbf050c072d P 87140d2b76bc477aaed59663658b196d [term 0 FOLLOWER]: Starting pre-election (no leader contacted us within the election timeout)
I20260608 12:38:04.774266  3837 consensus_queue.cc:260] T c5535008f36142ebaeb3e77d1510fb2c P 7bf732da69154ca8a055894f232dea28 [NON_LEADER]: Queue going to NON_LEADER mode. State: All replicated index: 0, Majority replicated index: 0, Committed index: 0, Last appended: 0.0, Last appended by leader: 0, Current term: 0, Majority size: -1, State: 0, Mode: NON_LEADER, active raft config: opid_index: -1 OBSOLETE_local: false peers { permanent_uuid: "f14202f42d904240a1c22d8928bab703" member_type: VOTER last_known_addr { host: "127.0.107.196" port: 46685 } } peers { permanent_uuid: "7bf732da69154ca8a055894f232dea28" member_type: VOTER last_known_addr { host: "127.0.107.193" port: 37867 } } peers { permanent_uuid: "5bfb9cb639324f51b75af5fdeb254df2" member_type: VOTER last_known_addr { host: "127.0.107.194" port: 38535 } }
I20260608 12:38:04.779531  3714 raft_consensus.cc:515] T 2f53c825e18b4e16b74ebbbf050c072d P 87140d2b76bc477aaed59663658b196d [term 0 FOLLOWER]: Starting pre-election with config: opid_index: -1 OBSOLETE_local: false peers { permanent_uuid: "f14202f42d904240a1c22d8928bab703" member_type: VOTER last_known_addr { host: "127.0.107.196" port: 46685 } } peers { permanent_uuid: "87140d2b76bc477aaed59663658b196d" member_type: VOTER last_known_addr { host: "127.0.107.195" port: 35447 } } peers { permanent_uuid: "5bfb9cb639324f51b75af5fdeb254df2" member_type: VOTER last_known_addr { host: "127.0.107.194" port: 38535 } }
I20260608 12:38:04.781323  3837 ts_tablet_manager.cc:1434] T c5535008f36142ebaeb3e77d1510fb2c P 7bf732da69154ca8a055894f232dea28: Time spent starting tablet: real 0.022s	user 0.003s	sys 0.005s
I20260608 12:38:04.782219  3714 leader_election.cc:290] T 2f53c825e18b4e16b74ebbbf050c072d P 87140d2b76bc477aaed59663658b196d [CANDIDATE]: Term 1 pre-election: Requested pre-vote from peers f14202f42d904240a1c22d8928bab703 (127.0.107.196:46685), 5bfb9cb639324f51b75af5fdeb254df2 (127.0.107.194:38535)
I20260608 12:38:04.781879  3838 raft_consensus.cc:359] T c5535008f36142ebaeb3e77d1510fb2c P 5bfb9cb639324f51b75af5fdeb254df2 [term 0 FOLLOWER]: Replica starting. Triggering 0 pending ops. Active config: opid_index: -1 OBSOLETE_local: false peers { permanent_uuid: "f14202f42d904240a1c22d8928bab703" member_type: VOTER last_known_addr { host: "127.0.107.196" port: 46685 } } peers { permanent_uuid: "7bf732da69154ca8a055894f232dea28" member_type: VOTER last_known_addr { host: "127.0.107.193" port: 37867 } } peers { permanent_uuid: "5bfb9cb639324f51b75af5fdeb254df2" member_type: VOTER last_known_addr { host: "127.0.107.194" port: 38535 } }
I20260608 12:38:04.782740  3838 raft_consensus.cc:385] T c5535008f36142ebaeb3e77d1510fb2c P 5bfb9cb639324f51b75af5fdeb254df2 [term 0 FOLLOWER]: Consensus starting up: Expiring failure detector timer to make a prompt election more likely
I20260608 12:38:04.783540  3838 raft_consensus.cc:740] T c5535008f36142ebaeb3e77d1510fb2c P 5bfb9cb639324f51b75af5fdeb254df2 [term 0 FOLLOWER]: Becoming Follower/Learner. State: Replica: 5bfb9cb639324f51b75af5fdeb254df2, State: Initialized, Role: FOLLOWER
I20260608 12:38:04.789395  3830 raft_consensus.cc:493] T c6aa96de40ac44f9833cb152af2a44f5 P 5bfb9cb639324f51b75af5fdeb254df2 [term 0 FOLLOWER]: Starting pre-election (no leader contacted us within the election timeout)
I20260608 12:38:04.790534  3830 raft_consensus.cc:515] T c6aa96de40ac44f9833cb152af2a44f5 P 5bfb9cb639324f51b75af5fdeb254df2 [term 0 FOLLOWER]: Starting pre-election with config: opid_index: -1 OBSOLETE_local: false peers { permanent_uuid: "f14202f42d904240a1c22d8928bab703" member_type: VOTER last_known_addr { host: "127.0.107.196" port: 46685 } } peers { permanent_uuid: "5bfb9cb639324f51b75af5fdeb254df2" member_type: VOTER last_known_addr { host: "127.0.107.194" port: 38535 } } peers { permanent_uuid: "7bf732da69154ca8a055894f232dea28" member_type: VOTER last_known_addr { host: "127.0.107.193" port: 37867 } }
I20260608 12:38:04.793349  3566 tablet_service.cc:1917] Received RequestConsensusVote() RPC: tablet_id: "2f53c825e18b4e16b74ebbbf050c072d" candidate_uuid: "87140d2b76bc477aaed59663658b196d" candidate_term: 1 candidate_status { last_received { term: 0 index: 0 } } ignore_live_leader: false dest_uuid: "5bfb9cb639324f51b75af5fdeb254df2" is_pre_election: true
I20260608 12:38:04.794086  3566 raft_consensus.cc:2468] T 2f53c825e18b4e16b74ebbbf050c072d P 5bfb9cb639324f51b75af5fdeb254df2 [term 0 FOLLOWER]: Leader pre-election vote request: Granting yes vote for candidate 87140d2b76bc477aaed59663658b196d in term 0.
I20260608 12:38:04.789330  3837 tablet_bootstrap.cc:492] T 268e302723054b18a6b09f04bb58b4a5 P 7bf732da69154ca8a055894f232dea28: Bootstrap starting.
I20260608 12:38:04.796361  3489 tablet_service.cc:1917] Received RequestConsensusVote() RPC: tablet_id: "c6aa96de40ac44f9833cb152af2a44f5" candidate_uuid: "5bfb9cb639324f51b75af5fdeb254df2" candidate_term: 1 candidate_status { last_received { term: 0 index: 0 } } ignore_live_leader: false dest_uuid: "7bf732da69154ca8a055894f232dea28" is_pre_election: true
I20260608 12:38:04.797102  3489 raft_consensus.cc:2468] T c6aa96de40ac44f9833cb152af2a44f5 P 7bf732da69154ca8a055894f232dea28 [term 0 FOLLOWER]: Leader pre-election vote request: Granting yes vote for candidate 5bfb9cb639324f51b75af5fdeb254df2 in term 0.
I20260608 12:38:04.798578  3531 leader_election.cc:304] T c6aa96de40ac44f9833cb152af2a44f5 P 5bfb9cb639324f51b75af5fdeb254df2 [CANDIDATE]: Term 1 pre-election: Election decided. Result: candidate won. Election summary: received 2 responses out of 3 voters: 2 yes votes; 0 no votes. yes voters: 5bfb9cb639324f51b75af5fdeb254df2, 7bf732da69154ca8a055894f232dea28; no voters: 
I20260608 12:38:04.799482  3834 raft_consensus.cc:2804] T c6aa96de40ac44f9833cb152af2a44f5 P 5bfb9cb639324f51b75af5fdeb254df2 [term 0 FOLLOWER]: Leader pre-election won for term 1
I20260608 12:38:04.794221  3830 leader_election.cc:290] T c6aa96de40ac44f9833cb152af2a44f5 P 5bfb9cb639324f51b75af5fdeb254df2 [CANDIDATE]: Term 1 pre-election: Requested pre-vote from peers f14202f42d904240a1c22d8928bab703 (127.0.107.196:46685), 7bf732da69154ca8a055894f232dea28 (127.0.107.193:37867)
I20260608 12:38:04.799892  3834 raft_consensus.cc:493] T c6aa96de40ac44f9833cb152af2a44f5 P 5bfb9cb639324f51b75af5fdeb254df2 [term 0 FOLLOWER]: Starting leader election (no leader contacted us within the election timeout)
