I20260608 12:40:34.911353   431 raft_consensus.cc:2272] T 3e80445cfca145549e7675feba93cfb9 P f9db7657e06e4a12932dea5c2b3c3a98 [term 1 FOLLOWER]: Raft consensus is shut down!
I20260608 12:40:34.934477   431 tablet_server.cc:196] TabletServer@127.0.107.194:0 shutdown complete.
I20260608 12:40:34.946354   431 tablet_server.cc:179] TabletServer@127.0.107.195:0 shutting down...
I20260608 12:40:34.964948   431 ts_tablet_manager.cc:1507] Shutting down tablet manager...
I20260608 12:40:34.966068   431 tablet_replica.cc:333] T 3e80445cfca145549e7675feba93cfb9 P 7ec6bcedc7cc4c77956b50320d32e7d7: stopping tablet replica
I20260608 12:40:34.966655   431 raft_consensus.cc:2243] T 3e80445cfca145549e7675feba93cfb9 P 7ec6bcedc7cc4c77956b50320d32e7d7 [term 1 FOLLOWER]: Raft consensus shutting down.
I20260608 12:40:34.967099   431 raft_consensus.cc:2272] T 3e80445cfca145549e7675feba93cfb9 P 7ec6bcedc7cc4c77956b50320d32e7d7 [term 1 FOLLOWER]: Raft consensus is shut down!
I20260608 12:40:34.968950   431 tablet_replica.cc:333] T a0c5933d80e04ed8a97f5ef08d4729fe P 7ec6bcedc7cc4c77956b50320d32e7d7: stopping tablet replica
I20260608 12:40:34.969516   431 raft_consensus.cc:2243] T a0c5933d80e04ed8a97f5ef08d4729fe P 7ec6bcedc7cc4c77956b50320d32e7d7 [term 1 FOLLOWER]: Raft consensus shutting down.
I20260608 12:40:34.969889   431 raft_consensus.cc:2272] T a0c5933d80e04ed8a97f5ef08d4729fe P 7ec6bcedc7cc4c77956b50320d32e7d7 [term 1 FOLLOWER]: Raft consensus is shut down!
I20260608 12:40:34.971753   431 tablet_replica.cc:333] T 7f14d1a70137441eae7cafe624afba23 P 7ec6bcedc7cc4c77956b50320d32e7d7: stopping tablet replica
I20260608 12:40:34.972235   431 raft_consensus.cc:2243] T 7f14d1a70137441eae7cafe624afba23 P 7ec6bcedc7cc4c77956b50320d32e7d7 [term 1 FOLLOWER]: Raft consensus shutting down.
I20260608 12:40:34.972594   431 raft_consensus.cc:2272] T 7f14d1a70137441eae7cafe624afba23 P 7ec6bcedc7cc4c77956b50320d32e7d7 [term 1 FOLLOWER]: Raft consensus is shut down!
I20260608 12:40:34.974364   431 tablet_replica.cc:333] T f58bdb4bb5f8429da0e5fd24fd6c4f9a P 7ec6bcedc7cc4c77956b50320d32e7d7: stopping tablet replica
I20260608 12:40:34.974835   431 raft_consensus.cc:2243] T f58bdb4bb5f8429da0e5fd24fd6c4f9a P 7ec6bcedc7cc4c77956b50320d32e7d7 [term 1 FOLLOWER]: Raft consensus shutting down.
I20260608 12:40:34.975193   431 raft_consensus.cc:2272] T f58bdb4bb5f8429da0e5fd24fd6c4f9a P 7ec6bcedc7cc4c77956b50320d32e7d7 [term 1 FOLLOWER]: Raft consensus is shut down!
I20260608 12:40:34.996745   431 tablet_server.cc:196] TabletServer@127.0.107.195:0 shutdown complete.
I20260608 12:40:35.010325   431 master.cc:562] Master@127.0.107.254:38901 shutting down...
I20260608 12:40:35.029671   431 raft_consensus.cc:2243] T 00000000000000000000000000000000 P 19962de014dc43ed979968bfae10114a [term 1 LEADER]: Raft consensus shutting down.
I20260608 12:40:35.030242   431 raft_consensus.cc:2272] T 00000000000000000000000000000000 P 19962de014dc43ed979968bfae10114a [term 1 FOLLOWER]: Raft consensus is shut down!
I20260608 12:40:35.030608   431 tablet_replica.cc:333] T 00000000000000000000000000000000 P 19962de014dc43ed979968bfae10114a: stopping tablet replica
I20260608 12:40:35.048888   431 master.cc:584] Master@127.0.107.254:38901 shutdown complete.
[       OK ] AutoRebalancerTest.RangeAwareBuildClusterInfoGroupsByRange (2453 ms)
[ RUN      ] AutoRebalancerTest.RangeAwareRebalancesNewRangeReplicas
I20260608 12:40:35.089848   431 internal_mini_cluster.cc:156] Creating distributed mini masters. Addrs: 127.0.107.254:33671
I20260608 12:40:35.091048   431 file_cache.cc:492] Constructed file cache file cache with capacity 419430
W20260608 12:40:35.096877  3338 instance_detector.cc:116] could not retrieve AWS instance metadata: Network error: curl error: HTTP response code said error: The requested URL returned error: 404
W20260608 12:40:35.096961  3339 instance_detector.cc:116] could not retrieve Azure instance metadata: Network error: curl error: HTTP response code said error: The requested URL returned error: 404
W20260608 12:40:35.097874  3341 instance_detector.cc:116] could not retrieve OpenStack instance metadata: Network error: curl error: HTTP response code said error: The requested URL returned error: 404
I20260608 12:40:35.099265   431 server_base.cc:1061] running on GCE node
I20260608 12:40:35.100195   431 hybrid_clock.cc:584] initializing the hybrid clock with 'system_unsync' time source
W20260608 12:40:35.100396   431 system_unsync_time.cc:38] NTP support is disabled. Clock error bounds will not be accurate. This configuration is not suitable for distributed clusters.
I20260608 12:40:35.100556   431 hybrid_clock.cc:648] HybridClock initialized: now 1780922435100524 us; error 0 us; skew 500 ppm
I20260608 12:40:35.101161   431 server_base.cc:861] Flag tcmalloc_max_total_thread_cache_bytes is not working since tcmalloc is not enabled.
I20260608 12:40:35.103713   431 webserver.cc:533] Webserver started at http://127.0.107.254:46243/ using document root <none> and password file <none>
I20260608 12:40:35.104215   431 fs_manager.cc:362] Metadata directory not provided
I20260608 12:40:35.104406   431 fs_manager.cc:368] Using write-ahead log directory (fs_wal_dir) as metadata directory
I20260608 12:40:35.104688   431 server_base.cc:909] This appears to be a new deployment of Kudu; creating new FS layout
I20260608 12:40:35.105885   431 fs_manager.cc:1068] Generated new instance metadata in path /tmp/dist-test-taskZwBkua/test-tmp/auto_rebalancer-test.0.AutoRebalancerTest.RangeAwareRebalancesNewRangeReplicas.1780922353076816-431-0/minicluster-data/master-0-root/instance:
uuid: "10689f4350f14deea23a457e460b238d"
format_stamp: "Formatted at 2026-06-08 12:40:35 on dist-test-slave-37j2"
I20260608 12:40:35.110600   431 fs_manager.cc:696] Time spent creating directory manager: real 0.004s	user 0.004s	sys 0.000s
I20260608 12:40:35.114511  3346 log_block_manager.cc:4031] Time spent loading block containers with low live blocks: real 0.000s	user 0.000s	sys 0.000s
I20260608 12:40:35.115341   431 fs_manager.cc:730] Time spent opening block manager: real 0.002s	user 0.004s	sys 0.000s
I20260608 12:40:35.115676   431 fs_manager.cc:647] Opened local filesystem: /tmp/dist-test-taskZwBkua/test-tmp/auto_rebalancer-test.0.AutoRebalancerTest.RangeAwareRebalancesNewRangeReplicas.1780922353076816-431-0/minicluster-data/master-0-root
uuid: "10689f4350f14deea23a457e460b238d"
format_stamp: "Formatted at 2026-06-08 12:40:35 on dist-test-slave-37j2"
I20260608 12:40:35.115983   431 fs_report.cc:389] FS layout report
--------------------
wal directory: /tmp/dist-test-taskZwBkua/test-tmp/auto_rebalancer-test.0.AutoRebalancerTest.RangeAwareRebalancesNewRangeReplicas.1780922353076816-431-0/minicluster-data/master-0-root
metadata directory: /tmp/dist-test-taskZwBkua/test-tmp/auto_rebalancer-test.0.AutoRebalancerTest.RangeAwareRebalancesNewRangeReplicas.1780922353076816-431-0/minicluster-data/master-0-root
1 data directories: /tmp/dist-test-taskZwBkua/test-tmp/auto_rebalancer-test.0.AutoRebalancerTest.RangeAwareRebalancesNewRangeReplicas.1780922353076816-431-0/minicluster-data/master-0-root/data
Total live blocks: 0
Total live bytes: 0
Total live bytes (after alignment): 0
Total number of LBM containers: 0 (0 full)
Did not check for missing blocks
Did not check for orphaned blocks
Total full LBM containers with extra space: 0 (0 repaired)
Total full LBM container extra space in bytes: 0 (0 repaired)
Total incomplete LBM containers: 0 (0 repaired)
Total LBM partial records: 0 (0 repaired)
Total corrupted LBM metadata records in RocksDB: 0 (0 repaired)
I20260608 12:40:35.143747   431 rpc_server.cc:225] running with OpenSSL 1.1.1  11 Sep 2018
I20260608 12:40:35.145108   431 kserver.cc:163] Server-wide thread pool size limit: 3276
I20260608 12:40:35.185360   431 rpc_server.cc:307] RPC server started. Bound to: 127.0.107.254:33671
I20260608 12:40:35.185545  3397 acceptor_pool.cc:272] collecting diagnostics on the listening RPC socket 127.0.107.254:33671 every 8 connection(s)
I20260608 12:40:35.189669  3398 data_dirs.cc:400] Could only allocate 1 dirs of requested 3 for tablet 00000000000000000000000000000000. 1 dirs total, 0 dirs full, 0 dirs failed
I20260608 12:40:35.199486  3398 tablet_bootstrap.cc:492] T 00000000000000000000000000000000 P 10689f4350f14deea23a457e460b238d: Bootstrap starting.
I20260608 12:40:35.204227  3398 tablet_bootstrap.cc:654] T 00000000000000000000000000000000 P 10689f4350f14deea23a457e460b238d: Neither blocks nor log segments found. Creating new log.
I20260608 12:40:35.208519  3398 tablet_bootstrap.cc:492] T 00000000000000000000000000000000 P 10689f4350f14deea23a457e460b238d: No bootstrap required, opened a new log
I20260608 12:40:35.210714  3398 raft_consensus.cc:359] T 00000000000000000000000000000000 P 10689f4350f14deea23a457e460b238d [term 0 FOLLOWER]: Replica starting. Triggering 0 pending ops. Active config: opid_index: -1 OBSOLETE_local: true peers { permanent_uuid: "10689f4350f14deea23a457e460b238d" member_type: VOTER }
I20260608 12:40:35.211131  3398 raft_consensus.cc:385] T 00000000000000000000000000000000 P 10689f4350f14deea23a457e460b238d [term 0 FOLLOWER]: Consensus starting up: Expiring failure detector timer to make a prompt election more likely
I20260608 12:40:35.211364  3398 raft_consensus.cc:740] T 00000000000000000000000000000000 P 10689f4350f14deea23a457e460b238d [term 0 FOLLOWER]: Becoming Follower/Learner. State: Replica: 10689f4350f14deea23a457e460b238d, State: Initialized, Role: FOLLOWER
I20260608 12:40:35.212040  3398 consensus_queue.cc:260] T 00000000000000000000000000000000 P 10689f4350f14deea23a457e460b238d [NON_LEADER]: Queue going to NON_LEADER mode. State: All replicated index: 0, Majority replicated index: 0, Committed index: 0, Last appended: 0.0, Last appended by leader: 0, Current term: 0, Majority size: -1, State: 0, Mode: NON_LEADER, active raft config: opid_index: -1 OBSOLETE_local: true peers { permanent_uuid: "10689f4350f14deea23a457e460b238d" member_type: VOTER }
I20260608 12:40:35.212498  3398 raft_consensus.cc:399] T 00000000000000000000000000000000 P 10689f4350f14deea23a457e460b238d [term 0 FOLLOWER]: Only one voter in the Raft config. Triggering election immediately
I20260608 12:40:35.212723  3398 raft_consensus.cc:493] T 00000000000000000000000000000000 P 10689f4350f14deea23a457e460b238d [term 0 FOLLOWER]: Starting leader election (initial election of a single-replica configuration)
I20260608 12:40:35.213024  3398 raft_consensus.cc:3060] T 00000000000000000000000000000000 P 10689f4350f14deea23a457e460b238d [term 0 FOLLOWER]: Advancing to term 1
I20260608 12:40:35.217481  3398 raft_consensus.cc:515] T 00000000000000000000000000000000 P 10689f4350f14deea23a457e460b238d [term 1 FOLLOWER]: Starting leader election with config: opid_index: -1 OBSOLETE_local: true peers { permanent_uuid: "10689f4350f14deea23a457e460b238d" member_type: VOTER }
I20260608 12:40:35.218132  3398 leader_election.cc:304] T 00000000000000000000000000000000 P 10689f4350f14deea23a457e460b238d [CANDIDATE]: Term 1 election: Election decided. Result: candidate won. Election summary: received 1 responses out of 1 voters: 1 yes votes; 0 no votes. yes voters: 10689f4350f14deea23a457e460b238d; no voters: 
I20260608 12:40:35.219276  3398 leader_election.cc:290] T 00000000000000000000000000000000 P 10689f4350f14deea23a457e460b238d [CANDIDATE]: Term 1 election: Requested vote from peers 
I20260608 12:40:35.219705  3401 raft_consensus.cc:2804] T 00000000000000000000000000000000 P 10689f4350f14deea23a457e460b238d [term 1 FOLLOWER]: Leader election won for term 1
I20260608 12:40:35.221056  3401 raft_consensus.cc:697] T 00000000000000000000000000000000 P 10689f4350f14deea23a457e460b238d [term 1 LEADER]: Becoming Leader. State: Replica: 10689f4350f14deea23a457e460b238d, State: Running, Role: LEADER
I20260608 12:40:35.221788  3401 consensus_queue.cc:237] T 00000000000000000000000000000000 P 10689f4350f14deea23a457e460b238d [LEADER]: Queue going to LEADER mode. State: All replicated index: 0, Majority replicated index: 0, Committed index: 0, Last appended: 0.0, Last appended by leader: 0, Current term: 1, Majority size: 1, State: 0, Mode: LEADER, active raft config: opid_index: -1 OBSOLETE_local: true peers { permanent_uuid: "10689f4350f14deea23a457e460b238d" member_type: VOTER }
I20260608 12:40:35.222278  3398 sys_catalog.cc:565] T 00000000000000000000000000000000 P 10689f4350f14deea23a457e460b238d [sys.catalog]: configured and running, proceeding with master startup.
I20260608 12:40:35.224715  3402 sys_catalog.cc:455] T 00000000000000000000000000000000 P 10689f4350f14deea23a457e460b238d [sys.catalog]: SysCatalogTable state changed. Reason: RaftConsensus started. Latest consensus state: current_term: 1 leader_uuid: "10689f4350f14deea23a457e460b238d" committed_config { opid_index: -1 OBSOLETE_local: true peers { permanent_uuid: "10689f4350f14deea23a457e460b238d" member_type: VOTER } }
I20260608 12:40:35.224824  3403 sys_catalog.cc:455] T 00000000000000000000000000000000 P 10689f4350f14deea23a457e460b238d [sys.catalog]: SysCatalogTable state changed. Reason: New leader 10689f4350f14deea23a457e460b238d. Latest consensus state: current_term: 1 leader_uuid: "10689f4350f14deea23a457e460b238d" committed_config { opid_index: -1 OBSOLETE_local: true peers { permanent_uuid: "10689f4350f14deea23a457e460b238d" member_type: VOTER } }
I20260608 12:40:35.225597  3403 sys_catalog.cc:458] T 00000000000000000000000000000000 P 10689f4350f14deea23a457e460b238d [sys.catalog]: This master's current role is: LEADER
I20260608 12:40:35.225941  3402 sys_catalog.cc:458] T 00000000000000000000000000000000 P 10689f4350f14deea23a457e460b238d [sys.catalog]: This master's current role is: LEADER
I20260608 12:40:35.229943  3408 catalog_manager.cc:1510] Loading table and tablet metadata into memory...
I20260608 12:40:35.238085  3408 catalog_manager.cc:1519] Initializing Kudu cluster ID...
I20260608 12:40:35.239135   431 internal_mini_cluster.cc:184] Waiting to initialize catalog manager on master 0
I20260608 12:40:35.247438  3408 catalog_manager.cc:1382] Generated new cluster ID: 618b2a593ff944cabcd2162b17721b2d
I20260608 12:40:35.247714  3408 catalog_manager.cc:1530] Initializing Kudu internal certificate authority...
I20260608 12:40:35.267169  3408 catalog_manager.cc:1405] Generated new certificate authority record
I20260608 12:40:35.268445  3408 catalog_manager.cc:1539] Loading token signing keys...
I20260608 12:40:35.281730  3408 catalog_manager.cc:6069] T 00000000000000000000000000000000 P 10689f4350f14deea23a457e460b238d: Generated new TSK 0
I20260608 12:40:35.282407  3408 catalog_manager.cc:1549] Initializing in-progress tserver states...
I20260608 12:40:35.305791   431 file_cache.cc:492] Constructed file cache file cache with capacity 419430
W20260608 12:40:35.312062  3419 instance_detector.cc:116] could not retrieve AWS instance metadata: Network error: curl error: HTTP response code said error: The requested URL returned error: 404
W20260608 12:40:35.313197  3420 instance_detector.cc:116] could not retrieve Azure instance metadata: Network error: curl error: HTTP response code said error: The requested URL returned error: 404
I20260608 12:40:35.315094   431 server_base.cc:1061] running on GCE node
W20260608 12:40:35.315390  3422 instance_detector.cc:116] could not retrieve OpenStack instance metadata: Network error: curl error: HTTP response code said error: The requested URL returned error: 404
I20260608 12:40:35.316260   431 hybrid_clock.cc:584] initializing the hybrid clock with 'system_unsync' time source
W20260608 12:40:35.316540   431 system_unsync_time.cc:38] NTP support is disabled. Clock error bounds will not be accurate. This configuration is not suitable for distributed clusters.
I20260608 12:40:35.316712   431 hybrid_clock.cc:648] HybridClock initialized: now 1780922435316692 us; error 0 us; skew 500 ppm
I20260608 12:40:35.317389   431 server_base.cc:861] Flag tcmalloc_max_total_thread_cache_bytes is not working since tcmalloc is not enabled.
I20260608 12:40:35.320005   431 webserver.cc:533] Webserver started at http://127.0.107.193:41709/ using document root <none> and password file <none>
I20260608 12:40:35.320606   431 fs_manager.cc:362] Metadata directory not provided
I20260608 12:40:35.320817   431 fs_manager.cc:368] Using write-ahead log directory (fs_wal_dir) as metadata directory
I20260608 12:40:35.321094   431 server_base.cc:909] This appears to be a new deployment of Kudu; creating new FS layout
I20260608 12:40:35.322316   431 fs_manager.cc:1068] Generated new instance metadata in path /tmp/dist-test-taskZwBkua/test-tmp/auto_rebalancer-test.0.AutoRebalancerTest.RangeAwareRebalancesNewRangeReplicas.1780922353076816-431-0/minicluster-data/ts-0-root/instance:
uuid: "7b97a8db60514a9c95a5712dfa7856b6"
format_stamp: "Formatted at 2026-06-08 12:40:35 on dist-test-slave-37j2"
I20260608 12:40:35.327327   431 fs_manager.cc:696] Time spent creating directory manager: real 0.004s	user 0.005s	sys 0.000s
I20260608 12:40:35.330845  3427 log_block_manager.cc:4031] Time spent loading block containers with low live blocks: real 0.000s	user 0.000s	sys 0.000s
I20260608 12:40:35.331760   431 fs_manager.cc:730] Time spent opening block manager: real 0.002s	user 0.003s	sys 0.000s
I20260608 12:40:35.332087   431 fs_manager.cc:647] Opened local filesystem: /tmp/dist-test-taskZwBkua/test-tmp/auto_rebalancer-test.0.AutoRebalancerTest.RangeAwareRebalancesNewRangeReplicas.1780922353076816-431-0/minicluster-data/ts-0-root
uuid: "7b97a8db60514a9c95a5712dfa7856b6"
format_stamp: "Formatted at 2026-06-08 12:40:35 on dist-test-slave-37j2"
I20260608 12:40:35.332376   431 fs_report.cc:389] FS layout report
--------------------
wal directory: /tmp/dist-test-taskZwBkua/test-tmp/auto_rebalancer-test.0.AutoRebalancerTest.RangeAwareRebalancesNewRangeReplicas.1780922353076816-431-0/minicluster-data/ts-0-root
metadata directory: /tmp/dist-test-taskZwBkua/test-tmp/auto_rebalancer-test.0.AutoRebalancerTest.RangeAwareRebalancesNewRangeReplicas.1780922353076816-431-0/minicluster-data/ts-0-root
1 data directories: /tmp/dist-test-taskZwBkua/test-tmp/auto_rebalancer-test.0.AutoRebalancerTest.RangeAwareRebalancesNewRangeReplicas.1780922353076816-431-0/minicluster-data/ts-0-root/data
Total live blocks: 0
Total live bytes: 0
Total live bytes (after alignment): 0
Total number of LBM containers: 0 (0 full)
Did not check for missing blocks
Did not check for orphaned blocks
Total full LBM containers with extra space: 0 (0 repaired)
Total full LBM container extra space in bytes: 0 (0 repaired)
Total incomplete LBM containers: 0 (0 repaired)
Total LBM partial records: 0 (0 repaired)
Total corrupted LBM metadata records in RocksDB: 0 (0 repaired)
I20260608 12:40:35.361454   431 rpc_server.cc:225] running with OpenSSL 1.1.1  11 Sep 2018
I20260608 12:40:35.362716   431 kserver.cc:163] Server-wide thread pool size limit: 3276
I20260608 12:40:35.364176   431 txn_system_client.cc:432] TxnSystemClient initialization is disabled...
I20260608 12:40:35.366564   431 ts_tablet_manager.cc:585] Loaded tablet metadata (0 total tablets, 0 live tablets)
I20260608 12:40:35.366792   431 ts_tablet_manager.cc:531] Time spent load tablet metadata: real 0.000s	user 0.000s	sys 0.000s
I20260608 12:40:35.367040   431 ts_tablet_manager.cc:616] Registered 0 tablets
I20260608 12:40:35.367209   431 ts_tablet_manager.cc:595] Time spent register tablets: real 0.000s	user 0.000s	sys 0.000s
I20260608 12:40:35.407910   431 rpc_server.cc:307] RPC server started. Bound to: 127.0.107.193:36119
I20260608 12:40:35.408043  3489 acceptor_pool.cc:272] collecting diagnostics on the listening RPC socket 127.0.107.193:36119 every 8 connection(s)
I20260608 12:40:35.413359   431 file_cache.cc:492] Constructed file cache file cache with capacity 419430
W20260608 12:40:35.421622  3495 instance_detector.cc:116] could not retrieve Azure instance metadata: Network error: curl error: HTTP response code said error: The requested URL returned error: 404
W20260608 12:40:35.421969  3494 instance_detector.cc:116] could not retrieve AWS instance metadata: Network error: curl error: HTTP response code said error: The requested URL returned error: 404
W20260608 12:40:35.423703  3497 instance_detector.cc:116] could not retrieve OpenStack instance metadata: Network error: curl error: HTTP response code said error: The requested URL returned error: 404
I20260608 12:40:35.424782   431 server_base.cc:1061] running on GCE node
I20260608 12:40:35.425820   431 hybrid_clock.cc:584] initializing the hybrid clock with 'system_unsync' time source
W20260608 12:40:35.426095   431 system_unsync_time.cc:38] NTP support is disabled. Clock error bounds will not be accurate. This configuration is not suitable for distributed clusters.
I20260608 12:40:35.426194  3490 heartbeater.cc:344] Connected to a master server at 127.0.107.254:33671
I20260608 12:40:35.426314   431 hybrid_clock.cc:648] HybridClock initialized: now 1780922435426294 us; error 0 us; skew 500 ppm
I20260608 12:40:35.426687  3490 heartbeater.cc:461] Registering TS with master...
I20260608 12:40:35.427117   431 server_base.cc:861] Flag tcmalloc_max_total_thread_cache_bytes is not working since tcmalloc is not enabled.
I20260608 12:40:35.427459  3490 heartbeater.cc:507] Master 127.0.107.254:33671 requested a full tablet report, sending...
I20260608 12:40:35.429903   431 webserver.cc:533] Webserver started at http://127.0.107.194:39717/ using document root <none> and password file <none>
I20260608 12:40:35.429916  3363 ts_manager.cc:194] Registered new tserver with Master: 7b97a8db60514a9c95a5712dfa7856b6 (127.0.107.193:36119)
I20260608 12:40:35.430649   431 fs_manager.cc:362] Metadata directory not provided
I20260608 12:40:35.430902   431 fs_manager.cc:368] Using write-ahead log directory (fs_wal_dir) as metadata directory
I20260608 12:40:35.431201   431 server_base.cc:909] This appears to be a new deployment of Kudu; creating new FS layout
I20260608 12:40:35.432114  3363 master_service.cc:502] Signed X509 certificate for tserver {username='slave'} at 127.0.0.1:59100
I20260608 12:40:35.432314   431 fs_manager.cc:1068] Generated new instance metadata in path /tmp/dist-test-taskZwBkua/test-tmp/auto_rebalancer-test.0.AutoRebalancerTest.RangeAwareRebalancesNewRangeReplicas.1780922353076816-431-0/minicluster-data/ts-1-root/instance:
uuid: "3d505b2f40414ff0b12cce176aae2026"
format_stamp: "Formatted at 2026-06-08 12:40:35 on dist-test-slave-37j2"
I20260608 12:40:35.437124   431 fs_manager.cc:696] Time spent creating directory manager: real 0.004s	user 0.003s	sys 0.004s
I20260608 12:40:35.440601  3502 log_block_manager.cc:4031] Time spent loading block containers with low live blocks: real 0.000s	user 0.000s	sys 0.000s
I20260608 12:40:35.441550   431 fs_manager.cc:730] Time spent opening block manager: real 0.002s	user 0.003s	sys 0.000s
I20260608 12:40:35.441804   431 fs_manager.cc:647] Opened local filesystem: /tmp/dist-test-taskZwBkua/test-tmp/auto_rebalancer-test.0.AutoRebalancerTest.RangeAwareRebalancesNewRangeReplicas.1780922353076816-431-0/minicluster-data/ts-1-root
uuid: "3d505b2f40414ff0b12cce176aae2026"
format_stamp: "Formatted at 2026-06-08 12:40:35 on dist-test-slave-37j2"
I20260608 12:40:35.442034   431 fs_report.cc:389] FS layout report
--------------------
wal directory: /tmp/dist-test-taskZwBkua/test-tmp/auto_rebalancer-test.0.AutoRebalancerTest.RangeAwareRebalancesNewRangeReplicas.1780922353076816-431-0/minicluster-data/ts-1-root
metadata directory: /tmp/dist-test-taskZwBkua/test-tmp/auto_rebalancer-test.0.AutoRebalancerTest.RangeAwareRebalancesNewRangeReplicas.1780922353076816-431-0/minicluster-data/ts-1-root
1 data directories: /tmp/dist-test-taskZwBkua/test-tmp/auto_rebalancer-test.0.AutoRebalancerTest.RangeAwareRebalancesNewRangeReplicas.1780922353076816-431-0/minicluster-data/ts-1-root/data
Total live blocks: 0
Total live bytes: 0
Total live bytes (after alignment): 0
Total number of LBM containers: 0 (0 full)
Did not check for missing blocks
Did not check for orphaned blocks
Total full LBM containers with extra space: 0 (0 repaired)
Total full LBM container extra space in bytes: 0 (0 repaired)
Total incomplete LBM containers: 0 (0 repaired)
Total LBM partial records: 0 (0 repaired)
Total corrupted LBM metadata records in RocksDB: 0 (0 repaired)
I20260608 12:40:35.466974   431 rpc_server.cc:225] running with OpenSSL 1.1.1  11 Sep 2018
I20260608 12:40:35.468057   431 kserver.cc:163] Server-wide thread pool size limit: 3276
I20260608 12:40:35.469551   431 txn_system_client.cc:432] TxnSystemClient initialization is disabled...
I20260608 12:40:35.471903   431 ts_tablet_manager.cc:585] Loaded tablet metadata (0 total tablets, 0 live tablets)
I20260608 12:40:35.472090   431 ts_tablet_manager.cc:531] Time spent load tablet metadata: real 0.000s	user 0.000s	sys 0.000s
I20260608 12:40:35.472380   431 ts_tablet_manager.cc:616] Registered 0 tablets
I20260608 12:40:35.472518   431 ts_tablet_manager.cc:595] Time spent register tablets: real 0.000s	user 0.000s	sys 0.000s
I20260608 12:40:35.512197   431 rpc_server.cc:307] RPC server started. Bound to: 127.0.107.194:37659
I20260608 12:40:35.512311  3564 acceptor_pool.cc:272] collecting diagnostics on the listening RPC socket 127.0.107.194:37659 every 8 connection(s)
I20260608 12:40:35.517519   431 file_cache.cc:492] Constructed file cache file cache with capacity 419430
W20260608 12:40:35.524313  3568 instance_detector.cc:116] could not retrieve AWS instance metadata: Network error: curl error: HTTP response code said error: The requested URL returned error: 404
W20260608 12:40:35.524925  3569 instance_detector.cc:116] could not retrieve Azure instance metadata: Network error: curl error: HTTP response code said error: The requested URL returned error: 404
W20260608 12:40:35.528796  3572 instance_detector.cc:116] could not retrieve OpenStack instance metadata: Network error: curl error: HTTP response code said error: The requested URL returned error: 404
I20260608 12:40:35.530301   431 server_base.cc:1061] running on GCE node
I20260608 12:40:35.530709  3565 heartbeater.cc:344] Connected to a master server at 127.0.107.254:33671
I20260608 12:40:35.531208  3565 heartbeater.cc:461] Registering TS with master...
I20260608 12:40:35.531491   431 hybrid_clock.cc:584] initializing the hybrid clock with 'system_unsync' time source
W20260608 12:40:35.531782   431 system_unsync_time.cc:38] NTP support is disabled. Clock error bounds will not be accurate. This configuration is not suitable for distributed clusters.
I20260608 12:40:35.531999   431 hybrid_clock.cc:648] HybridClock initialized: now 1780922435531983 us; error 0 us; skew 500 ppm
I20260608 12:40:35.532186  3565 heartbeater.cc:507] Master 127.0.107.254:33671 requested a full tablet report, sending...
I20260608 12:40:35.532867   431 server_base.cc:861] Flag tcmalloc_max_total_thread_cache_bytes is not working since tcmalloc is not enabled.
I20260608 12:40:35.534818  3363 ts_manager.cc:194] Registered new tserver with Master: 3d505b2f40414ff0b12cce176aae2026 (127.0.107.194:37659)
I20260608 12:40:35.535995   431 webserver.cc:533] Webserver started at http://127.0.107.195:40437/ using document root <none> and password file <none>
I20260608 12:40:35.536736   431 fs_manager.cc:362] Metadata directory not provided
I20260608 12:40:35.536769  3363 master_service.cc:502] Signed X509 certificate for tserver {username='slave'} at 127.0.0.1:59110
I20260608 12:40:35.537138   431 fs_manager.cc:368] Using write-ahead log directory (fs_wal_dir) as metadata directory
I20260608 12:40:35.537541   431 server_base.cc:909] This appears to be a new deployment of Kudu; creating new FS layout
I20260608 12:40:35.538961   431 fs_manager.cc:1068] Generated new instance metadata in path /tmp/dist-test-taskZwBkua/test-tmp/auto_rebalancer-test.0.AutoRebalancerTest.RangeAwareRebalancesNewRangeReplicas.1780922353076816-431-0/minicluster-data/ts-2-root/instance:
uuid: "b57c5d1f9cba4b50896e51035cb8acc7"
format_stamp: "Formatted at 2026-06-08 12:40:35 on dist-test-slave-37j2"
I20260608 12:40:35.543857   431 fs_manager.cc:696] Time spent creating directory manager: real 0.004s	user 0.001s	sys 0.004s
I20260608 12:40:35.547356  3576 log_block_manager.cc:4031] Time spent loading block containers with low live blocks: real 0.000s	user 0.000s	sys 0.000s
I20260608 12:40:35.548272   431 fs_manager.cc:730] Time spent opening block manager: real 0.002s	user 0.002s	sys 0.000s
I20260608 12:40:35.548535   431 fs_manager.cc:647] Opened local filesystem: /tmp/dist-test-taskZwBkua/test-tmp/auto_rebalancer-test.0.AutoRebalancerTest.RangeAwareRebalancesNewRangeReplicas.1780922353076816-431-0/minicluster-data/ts-2-root
uuid: "b57c5d1f9cba4b50896e51035cb8acc7"
format_stamp: "Formatted at 2026-06-08 12:40:35 on dist-test-slave-37j2"
I20260608 12:40:35.548789   431 fs_report.cc:389] FS layout report
--------------------
wal directory: /tmp/dist-test-taskZwBkua/test-tmp/auto_rebalancer-test.0.AutoRebalancerTest.RangeAwareRebalancesNewRangeReplicas.1780922353076816-431-0/minicluster-data/ts-2-root
metadata directory: /tmp/dist-test-taskZwBkua/test-tmp/auto_rebalancer-test.0.AutoRebalancerTest.RangeAwareRebalancesNewRangeReplicas.1780922353076816-431-0/minicluster-data/ts-2-root
1 data directories: /tmp/dist-test-taskZwBkua/test-tmp/auto_rebalancer-test.0.AutoRebalancerTest.RangeAwareRebalancesNewRangeReplicas.1780922353076816-431-0/minicluster-data/ts-2-root/data
Total live blocks: 0
Total live bytes: 0
Total live bytes (after alignment): 0
Total number of LBM containers: 0 (0 full)
Did not check for missing blocks
Did not check for orphaned blocks
Total full LBM containers with extra space: 0 (0 repaired)
Total full LBM container extra space in bytes: 0 (0 repaired)
Total incomplete LBM containers: 0 (0 repaired)
Total LBM partial records: 0 (0 repaired)
Total corrupted LBM metadata records in RocksDB: 0 (0 repaired)
I20260608 12:40:35.561878   431 rpc_server.cc:225] running with OpenSSL 1.1.1  11 Sep 2018
I20260608 12:40:35.562923   431 kserver.cc:163] Server-wide thread pool size limit: 3276
I20260608 12:40:35.564265   431 txn_system_client.cc:432] TxnSystemClient initialization is disabled...
I20260608 12:40:35.566634   431 ts_tablet_manager.cc:585] Loaded tablet metadata (0 total tablets, 0 live tablets)
I20260608 12:40:35.566816   431 ts_tablet_manager.cc:531] Time spent load tablet metadata: real 0.000s	user 0.000s	sys 0.000s
I20260608 12:40:35.567096   431 ts_tablet_manager.cc:616] Registered 0 tablets
I20260608 12:40:35.567245   431 ts_tablet_manager.cc:595] Time spent register tablets: real 0.000s	user 0.000s	sys 0.000s
I20260608 12:40:35.607002   431 rpc_server.cc:307] RPC server started. Bound to: 127.0.107.195:39699
I20260608 12:40:35.607116  3638 acceptor_pool.cc:272] collecting diagnostics on the listening RPC socket 127.0.107.195:39699 every 8 connection(s)
I20260608 12:40:35.621665  3639 heartbeater.cc:344] Connected to a master server at 127.0.107.254:33671
I20260608 12:40:35.622080  3639 heartbeater.cc:461] Registering TS with master...
I20260608 12:40:35.622861  3639 heartbeater.cc:507] Master 127.0.107.254:33671 requested a full tablet report, sending...
I20260608 12:40:35.624949  3363 ts_manager.cc:194] Registered new tserver with Master: b57c5d1f9cba4b50896e51035cb8acc7 (127.0.107.195:39699)
I20260608 12:40:35.625043   431 internal_mini_cluster.cc:371] 3 TS(s) registered with all masters after 0.014656808s
I20260608 12:40:35.626448  3363 master_service.cc:502] Signed X509 certificate for tserver {username='slave'} at 127.0.0.1:59112
I20260608 12:40:36.434791  3490 heartbeater.cc:499] Master 127.0.107.254:33671 was elected leader, sending a full tablet report...
I20260608 12:40:36.539623  3565 heartbeater.cc:499] Master 127.0.107.254:33671 was elected leader, sending a full tablet report...
I20260608 12:40:36.628917  3639 heartbeater.cc:499] Master 127.0.107.254:33671 was elected leader, sending a full tablet report...
I20260608 12:40:36.678508  3363 catalog_manager.cc:2282] Servicing CreateTable request from {username='slave'} at 127.0.0.1:59120:
name: "range_aware_rebalance_new_range"
schema {
  columns {
    name: "key"
    type: INT32
    is_key: true
    is_nullable: false
    encoding: AUTO_ENCODING
    compression: DEFAULT_COMPRESSION
    cfile_block_size: 0
    immutable: false
  }
}
num_replicas: 3
split_rows_range_bounds {
  rows: "\006\001\000\000\000\000\007\001\n\000\000\000""\006\001\000\000\000\000\007\001\n\000\000\000"
  indirect_data: """"
}
partition_schema {
  hash_schema {
    columns {
      name: "key"
    }
    num_buckets: 8
    seed: 0
  }
  range_schema {
    columns {
      name: "key"
    }
  }
}
W20260608 12:40:36.680611  3363 catalog_manager.cc:7076] The number of live tablet servers is not enough to re-replicate a tablet replica of the newly created table range_aware_rebalance_new_range in case of a server failure: 4 tablet servers would be needed, 3 are available. Consider bringing up more tablet servers.
I20260608 12:40:36.750535  3452 tablet_service.cc:1511] Processing CreateTablet for tablet 9ef5f66f161d46d097902d339601fba3 (DEFAULT_TABLE table=range_aware_rebalance_new_range [id=c1682e1f14d442e4b9a7ee3de2021622]), partition=HASH (key) PARTITION 3, RANGE (key) PARTITION 0 <= VALUES < 10
I20260608 12:40:36.751569  3527 tablet_service.cc:1511] Processing CreateTablet for tablet 9ef5f66f161d46d097902d339601fba3 (DEFAULT_TABLE table=range_aware_rebalance_new_range [id=c1682e1f14d442e4b9a7ee3de2021622]), partition=HASH (key) PARTITION 3, RANGE (key) PARTITION 0 <= VALUES < 10
I20260608 12:40:36.752135  3452 data_dirs.cc:400] Could only allocate 1 dirs of requested 3 for tablet 9ef5f66f161d46d097902d339601fba3. 1 dirs total, 0 dirs full, 0 dirs failed
I20260608 12:40:36.753095  3527 data_dirs.cc:400] Could only allocate 1 dirs of requested 3 for tablet 9ef5f66f161d46d097902d339601fba3. 1 dirs total, 0 dirs full, 0 dirs failed
I20260608 12:40:36.753283  3526 tablet_service.cc:1511] Processing CreateTablet for tablet c955bbcdd5a84c688c28b5ca7915706b (DEFAULT_TABLE table=range_aware_rebalance_new_range [id=c1682e1f14d442e4b9a7ee3de2021622]), partition=HASH (key) PARTITION 4, RANGE (key) PARTITION 0 <= VALUES < 10
I20260608 12:40:36.750535  3453 tablet_service.cc:1511] Processing CreateTablet for tablet e271d24e8c264f49943e4a00a9ffc9c7 (DEFAULT_TABLE table=range_aware_rebalance_new_range [id=c1682e1f14d442e4b9a7ee3de2021622]), partition=HASH (key) PARTITION 2, RANGE (key) PARTITION 0 <= VALUES < 10
I20260608 12:40:36.754762  3526 data_dirs.cc:400] Could only allocate 1 dirs of requested 3 for tablet c955bbcdd5a84c688c28b5ca7915706b. 1 dirs total, 0 dirs full, 0 dirs failed
I20260608 12:40:36.755049  3453 data_dirs.cc:400] Could only allocate 1 dirs of requested 3 for tablet e271d24e8c264f49943e4a00a9ffc9c7. 1 dirs total, 0 dirs full, 0 dirs failed
I20260608 12:40:36.757205  3525 tablet_service.cc:1511] Processing CreateTablet for tablet 0f464aa140af4ab69e7d4dc1fd24dea8 (DEFAULT_TABLE table=range_aware_rebalance_new_range [id=c1682e1f14d442e4b9a7ee3de2021622]), partition=HASH (key) PARTITION 5, RANGE (key) PARTITION 0 <= VALUES < 10
I20260608 12:40:36.758831  3525 data_dirs.cc:400] Could only allocate 1 dirs of requested 3 for tablet 0f464aa140af4ab69e7d4dc1fd24dea8. 1 dirs total, 0 dirs full, 0 dirs failed
I20260608 12:40:36.758584  3530 tablet_service.cc:1511] Processing CreateTablet for tablet ab5d7cc7c39b49cb812a64ce2250c91d (DEFAULT_TABLE table=range_aware_rebalance_new_range [id=c1682e1f14d442e4b9a7ee3de2021622]), partition=HASH (key) PARTITION 0, RANGE (key) PARTITION 0 <= VALUES < 10
I20260608 12:40:36.760066  3530 data_dirs.cc:400] Could only allocate 1 dirs of requested 3 for tablet ab5d7cc7c39b49cb812a64ce2250c91d. 1 dirs total, 0 dirs full, 0 dirs failed
I20260608 12:40:36.762452  3455 tablet_service.cc:1511] Processing CreateTablet for tablet ab5d7cc7c39b49cb812a64ce2250c91d (DEFAULT_TABLE table=range_aware_rebalance_new_range [id=c1682e1f14d442e4b9a7ee3de2021622]), partition=HASH (key) PARTITION 0, RANGE (key) PARTITION 0 <= VALUES < 10
I20260608 12:40:36.762576  3524 tablet_service.cc:1511] Processing CreateTablet for tablet 316f4279af0f442199ea6b8a30eb3ce7 (DEFAULT_TABLE table=range_aware_rebalance_new_range [id=c1682e1f14d442e4b9a7ee3de2021622]), partition=HASH (key) PARTITION 6, RANGE (key) PARTITION 0 <= VALUES < 10
I20260608 12:40:36.763922  3455 data_dirs.cc:400] Could only allocate 1 dirs of requested 3 for tablet ab5d7cc7c39b49cb812a64ce2250c91d. 1 dirs total, 0 dirs full, 0 dirs failed
I20260608 12:40:36.764001  3524 data_dirs.cc:400] Could only allocate 1 dirs of requested 3 for tablet 316f4279af0f442199ea6b8a30eb3ce7. 1 dirs total, 0 dirs full, 0 dirs failed
I20260608 12:40:36.766466  3529 tablet_service.cc:1511] Processing CreateTablet for tablet 2b5eb5c33659437bbfb975d1e8d3e432 (DEFAULT_TABLE table=range_aware_rebalance_new_range [id=c1682e1f14d442e4b9a7ee3de2021622]), partition=HASH (key) PARTITION 1, RANGE (key) PARTITION 0 <= VALUES < 10
I20260608 12:40:36.767939  3529 data_dirs.cc:400] Could only allocate 1 dirs of requested 3 for tablet 2b5eb5c33659437bbfb975d1e8d3e432. 1 dirs total, 0 dirs full, 0 dirs failed
I20260608 12:40:36.767568  3523 tablet_service.cc:1511] Processing CreateTablet for tablet 49ca77d4f7634c33b367ab26b7c29830 (DEFAULT_TABLE table=range_aware_rebalance_new_range [id=c1682e1f14d442e4b9a7ee3de2021622]), partition=HASH (key) PARTITION 7, RANGE (key) PARTITION 0 <= VALUES < 10
I20260608 12:40:36.769064  3523 data_dirs.cc:400] Could only allocate 1 dirs of requested 3 for tablet 49ca77d4f7634c33b367ab26b7c29830. 1 dirs total, 0 dirs full, 0 dirs failed
I20260608 12:40:36.770153  3528 tablet_service.cc:1511] Processing CreateTablet for tablet e271d24e8c264f49943e4a00a9ffc9c7 (DEFAULT_TABLE table=range_aware_rebalance_new_range [id=c1682e1f14d442e4b9a7ee3de2021622]), partition=HASH (key) PARTITION 2, RANGE (key) PARTITION 0 <= VALUES < 10
I20260608 12:40:36.771540  3528 data_dirs.cc:400] Could only allocate 1 dirs of requested 3 for tablet e271d24e8c264f49943e4a00a9ffc9c7. 1 dirs total, 0 dirs full, 0 dirs failed
I20260608 12:40:36.772439  3454 tablet_service.cc:1511] Processing CreateTablet for tablet 2b5eb5c33659437bbfb975d1e8d3e432 (DEFAULT_TABLE table=range_aware_rebalance_new_range [id=c1682e1f14d442e4b9a7ee3de2021622]), partition=HASH (key) PARTITION 1, RANGE (key) PARTITION 0 <= VALUES < 10
I20260608 12:40:36.774036  3454 data_dirs.cc:400] Could only allocate 1 dirs of requested 3 for tablet 2b5eb5c33659437bbfb975d1e8d3e432. 1 dirs total, 0 dirs full, 0 dirs failed
I20260608 12:40:36.781724  3451 tablet_service.cc:1511] Processing CreateTablet for tablet c955bbcdd5a84c688c28b5ca7915706b (DEFAULT_TABLE table=range_aware_rebalance_new_range [id=c1682e1f14d442e4b9a7ee3de2021622]), partition=HASH (key) PARTITION 4, RANGE (key) PARTITION 0 <= VALUES < 10
I20260608 12:40:36.783272  3451 data_dirs.cc:400] Could only allocate 1 dirs of requested 3 for tablet c955bbcdd5a84c688c28b5ca7915706b. 1 dirs total, 0 dirs full, 0 dirs failed
I20260608 12:40:36.784266  3604 tablet_service.cc:1511] Processing CreateTablet for tablet ab5d7cc7c39b49cb812a64ce2250c91d (DEFAULT_TABLE table=range_aware_rebalance_new_range [id=c1682e1f14d442e4b9a7ee3de2021622]), partition=HASH (key) PARTITION 0, RANGE (key) PARTITION 0 <= VALUES < 10
I20260608 12:40:36.784616  3603 tablet_service.cc:1511] Processing CreateTablet for tablet 2b5eb5c33659437bbfb975d1e8d3e432 (DEFAULT_TABLE table=range_aware_rebalance_new_range [id=c1682e1f14d442e4b9a7ee3de2021622]), partition=HASH (key) PARTITION 1, RANGE (key) PARTITION 0 <= VALUES < 10
I20260608 12:40:36.786026  3604 data_dirs.cc:400] Could only allocate 1 dirs of requested 3 for tablet ab5d7cc7c39b49cb812a64ce2250c91d. 1 dirs total, 0 dirs full, 0 dirs failed
I20260608 12:40:36.786481  3450 tablet_service.cc:1511] Processing CreateTablet for tablet 0f464aa140af4ab69e7d4dc1fd24dea8 (DEFAULT_TABLE table=range_aware_rebalance_new_range [id=c1682e1f14d442e4b9a7ee3de2021622]), partition=HASH (key) PARTITION 5, RANGE (key) PARTITION 0 <= VALUES < 10
I20260608 12:40:36.787925  3450 data_dirs.cc:400] Could only allocate 1 dirs of requested 3 for tablet 0f464aa140af4ab69e7d4dc1fd24dea8. 1 dirs total, 0 dirs full, 0 dirs failed
I20260608 12:40:36.788434  3603 data_dirs.cc:400] Could only allocate 1 dirs of requested 3 for tablet 2b5eb5c33659437bbfb975d1e8d3e432. 1 dirs total, 0 dirs full, 0 dirs failed
I20260608 12:40:36.790470  3449 tablet_service.cc:1511] Processing CreateTablet for tablet 316f4279af0f442199ea6b8a30eb3ce7 (DEFAULT_TABLE table=range_aware_rebalance_new_range [id=c1682e1f14d442e4b9a7ee3de2021622]), partition=HASH (key) PARTITION 6, RANGE (key) PARTITION 0 <= VALUES < 10
I20260608 12:40:36.791903  3449 data_dirs.cc:400] Could only allocate 1 dirs of requested 3 for tablet 316f4279af0f442199ea6b8a30eb3ce7. 1 dirs total, 0 dirs full, 0 dirs failed
I20260608 12:40:36.794454  3448 tablet_service.cc:1511] Processing CreateTablet for tablet 49ca77d4f7634c33b367ab26b7c29830 (DEFAULT_TABLE table=range_aware_rebalance_new_range [id=c1682e1f14d442e4b9a7ee3de2021622]), partition=HASH (key) PARTITION 7, RANGE (key) PARTITION 0 <= VALUES < 10
I20260608 12:40:36.795840  3448 data_dirs.cc:400] Could only allocate 1 dirs of requested 3 for tablet 49ca77d4f7634c33b367ab26b7c29830. 1 dirs total, 0 dirs full, 0 dirs failed
I20260608 12:40:36.798511  3602 tablet_service.cc:1511] Processing CreateTablet for tablet e271d24e8c264f49943e4a00a9ffc9c7 (DEFAULT_TABLE table=range_aware_rebalance_new_range [id=c1682e1f14d442e4b9a7ee3de2021622]), partition=HASH (key) PARTITION 2, RANGE (key) PARTITION 0 <= VALUES < 10
I20260608 12:40:36.799926  3602 data_dirs.cc:400] Could only allocate 1 dirs of requested 3 for tablet e271d24e8c264f49943e4a00a9ffc9c7. 1 dirs total, 0 dirs full, 0 dirs failed
I20260608 12:40:36.802647  3601 tablet_service.cc:1511] Processing CreateTablet for tablet 9ef5f66f161d46d097902d339601fba3 (DEFAULT_TABLE table=range_aware_rebalance_new_range [id=c1682e1f14d442e4b9a7ee3de2021622]), partition=HASH (key) PARTITION 3, RANGE (key) PARTITION 0 <= VALUES < 10
I20260608 12:40:36.804540  3601 data_dirs.cc:400] Could only allocate 1 dirs of requested 3 for tablet 9ef5f66f161d46d097902d339601fba3. 1 dirs total, 0 dirs full, 0 dirs failed
I20260608 12:40:36.806900  3600 tablet_service.cc:1511] Processing CreateTablet for tablet c955bbcdd5a84c688c28b5ca7915706b (DEFAULT_TABLE table=range_aware_rebalance_new_range [id=c1682e1f14d442e4b9a7ee3de2021622]), partition=HASH (key) PARTITION 4, RANGE (key) PARTITION 0 <= VALUES < 10
I20260608 12:40:36.808895  3600 data_dirs.cc:400] Could only allocate 1 dirs of requested 3 for tablet c955bbcdd5a84c688c28b5ca7915706b. 1 dirs total, 0 dirs full, 0 dirs failed
I20260608 12:40:36.810847  3599 tablet_service.cc:1511] Processing CreateTablet for tablet 0f464aa140af4ab69e7d4dc1fd24dea8 (DEFAULT_TABLE table=range_aware_rebalance_new_range [id=c1682e1f14d442e4b9a7ee3de2021622]), partition=HASH (key) PARTITION 5, RANGE (key) PARTITION 0 <= VALUES < 10
I20260608 12:40:36.812817  3599 data_dirs.cc:400] Could only allocate 1 dirs of requested 3 for tablet 0f464aa140af4ab69e7d4dc1fd24dea8. 1 dirs total, 0 dirs full, 0 dirs failed
I20260608 12:40:36.814851  3598 tablet_service.cc:1511] Processing CreateTablet for tablet 316f4279af0f442199ea6b8a30eb3ce7 (DEFAULT_TABLE table=range_aware_rebalance_new_range [id=c1682e1f14d442e4b9a7ee3de2021622]), partition=HASH (key) PARTITION 6, RANGE (key) PARTITION 0 <= VALUES < 10
I20260608 12:40:36.816707  3598 data_dirs.cc:400] Could only allocate 1 dirs of requested 3 for tablet 316f4279af0f442199ea6b8a30eb3ce7. 1 dirs total, 0 dirs full, 0 dirs failed
I20260608 12:40:36.818725  3597 tablet_service.cc:1511] Processing CreateTablet for tablet 49ca77d4f7634c33b367ab26b7c29830 (DEFAULT_TABLE table=range_aware_rebalance_new_range [id=c1682e1f14d442e4b9a7ee3de2021622]), partition=HASH (key) PARTITION 7, RANGE (key) PARTITION 0 <= VALUES < 10
I20260608 12:40:36.820565  3597 data_dirs.cc:400] Could only allocate 1 dirs of requested 3 for tablet 49ca77d4f7634c33b367ab26b7c29830. 1 dirs total, 0 dirs full, 0 dirs failed
I20260608 12:40:36.881680  3659 tablet_bootstrap.cc:492] T 2b5eb5c33659437bbfb975d1e8d3e432 P b57c5d1f9cba4b50896e51035cb8acc7: Bootstrap starting.
I20260608 12:40:36.909003  3659 tablet_bootstrap.cc:654] T 2b5eb5c33659437bbfb975d1e8d3e432 P b57c5d1f9cba4b50896e51035cb8acc7: Neither blocks nor log segments found. Creating new log.
I20260608 12:40:36.911790  3660 tablet_bootstrap.cc:492] T e271d24e8c264f49943e4a00a9ffc9c7 P 3d505b2f40414ff0b12cce176aae2026: Bootstrap starting.
I20260608 12:40:36.920193  3660 tablet_bootstrap.cc:654] T e271d24e8c264f49943e4a00a9ffc9c7 P 3d505b2f40414ff0b12cce176aae2026: Neither blocks nor log segments found. Creating new log.
I20260608 12:40:36.926461  3661 tablet_bootstrap.cc:492] T 316f4279af0f442199ea6b8a30eb3ce7 P 7b97a8db60514a9c95a5712dfa7856b6: Bootstrap starting.
I20260608 12:40:36.929248  3659 tablet_bootstrap.cc:492] T 2b5eb5c33659437bbfb975d1e8d3e432 P b57c5d1f9cba4b50896e51035cb8acc7: No bootstrap required, opened a new log
I20260608 12:40:36.929729  3659 ts_tablet_manager.cc:1403] T 2b5eb5c33659437bbfb975d1e8d3e432 P b57c5d1f9cba4b50896e51035cb8acc7: Time spent bootstrapping tablet: real 0.048s	user 0.013s	sys 0.000s
I20260608 12:40:36.930413  3660 tablet_bootstrap.cc:492] T e271d24e8c264f49943e4a00a9ffc9c7 P 3d505b2f40414ff0b12cce176aae2026: No bootstrap required, opened a new log
I20260608 12:40:36.930917  3660 ts_tablet_manager.cc:1403] T e271d24e8c264f49943e4a00a9ffc9c7 P 3d505b2f40414ff0b12cce176aae2026: Time spent bootstrapping tablet: real 0.020s	user 0.006s	sys 0.008s
I20260608 12:40:36.932065  3659 raft_consensus.cc:359] T 2b5eb5c33659437bbfb975d1e8d3e432 P b57c5d1f9cba4b50896e51035cb8acc7 [term 0 FOLLOWER]: Replica starting. Triggering 0 pending ops. Active config: opid_index: -1 OBSOLETE_local: false peers { permanent_uuid: "7b97a8db60514a9c95a5712dfa7856b6" member_type: VOTER last_known_addr { host: "127.0.107.193" port: 36119 } } peers { permanent_uuid: "3d505b2f40414ff0b12cce176aae2026" member_type: VOTER last_known_addr { host: "127.0.107.194" port: 37659 } } peers { permanent_uuid: "b57c5d1f9cba4b50896e51035cb8acc7" member_type: VOTER last_known_addr { host: "127.0.107.195" port: 39699 } }
I20260608 12:40:36.932641  3659 raft_consensus.cc:385] T 2b5eb5c33659437bbfb975d1e8d3e432 P b57c5d1f9cba4b50896e51035cb8acc7 [term 0 FOLLOWER]: Consensus starting up: Expiring failure detector timer to make a prompt election more likely
I20260608 12:40:36.932898  3659 raft_consensus.cc:740] T 2b5eb5c33659437bbfb975d1e8d3e432 P b57c5d1f9cba4b50896e51035cb8acc7 [term 0 FOLLOWER]: Becoming Follower/Learner. State: Replica: b57c5d1f9cba4b50896e51035cb8acc7, State: Initialized, Role: FOLLOWER
I20260608 12:40:36.933580  3659 consensus_queue.cc:260] T 2b5eb5c33659437bbfb975d1e8d3e432 P b57c5d1f9cba4b50896e51035cb8acc7 [NON_LEADER]: Queue going to NON_LEADER mode. State: All replicated index: 0, Majority replicated index: 0, Committed index: 0, Last appended: 0.0, Last appended by leader: 0, Current term: 0, Majority size: -1, State: 0, Mode: NON_LEADER, active raft config: opid_index: -1 OBSOLETE_local: false peers { permanent_uuid: "7b97a8db60514a9c95a5712dfa7856b6" member_type: VOTER last_known_addr { host: "127.0.107.193" port: 36119 } } peers { permanent_uuid: "3d505b2f40414ff0b12cce176aae2026" member_type: VOTER last_known_addr { host: "127.0.107.194" port: 37659 } } peers { permanent_uuid: "b57c5d1f9cba4b50896e51035cb8acc7" member_type: VOTER last_known_addr { host: "127.0.107.195" port: 39699 } }
I20260608 12:40:36.933852  3661 tablet_bootstrap.cc:654] T 316f4279af0f442199ea6b8a30eb3ce7 P 7b97a8db60514a9c95a5712dfa7856b6: Neither blocks nor log segments found. Creating new log.
I20260608 12:40:36.933825  3660 raft_consensus.cc:359] T e271d24e8c264f49943e4a00a9ffc9c7 P 3d505b2f40414ff0b12cce176aae2026 [term 0 FOLLOWER]: Replica starting. Triggering 0 pending ops. Active config: opid_index: -1 OBSOLETE_local: false peers { permanent_uuid: "3d505b2f40414ff0b12cce176aae2026" member_type: VOTER last_known_addr { host: "127.0.107.194" port: 37659 } } peers { permanent_uuid: "7b97a8db60514a9c95a5712dfa7856b6" member_type: VOTER last_known_addr { host: "127.0.107.193" port: 36119 } } peers { permanent_uuid: "b57c5d1f9cba4b50896e51035cb8acc7" member_type: VOTER last_known_addr { host: "127.0.107.195" port: 39699 } }
I20260608 12:40:36.934702  3660 raft_consensus.cc:385] T e271d24e8c264f49943e4a00a9ffc9c7 P 3d505b2f40414ff0b12cce176aae2026 [term 0 FOLLOWER]: Consensus starting up: Expiring failure detector timer to make a prompt election more likely
I20260608 12:40:36.935056  3660 raft_consensus.cc:740] T e271d24e8c264f49943e4a00a9ffc9c7 P 3d505b2f40414ff0b12cce176aae2026 [term 0 FOLLOWER]: Becoming Follower/Learner. State: Replica: 3d505b2f40414ff0b12cce176aae2026, State: Initialized, Role: FOLLOWER
I20260608 12:40:36.935899  3660 consensus_queue.cc:260] T e271d24e8c264f49943e4a00a9ffc9c7 P 3d505b2f40414ff0b12cce176aae2026 [NON_LEADER]: Queue going to NON_LEADER mode. State: All replicated index: 0, Majority replicated index: 0, Committed index: 0, Last appended: 0.0, Last appended by leader: 0, Current term: 0, Majority size: -1, State: 0, Mode: NON_LEADER, active raft config: opid_index: -1 OBSOLETE_local: false peers { permanent_uuid: "3d505b2f40414ff0b12cce176aae2026" member_type: VOTER last_known_addr { host: "127.0.107.194" port: 37659 } } peers { permanent_uuid: "7b97a8db60514a9c95a5712dfa7856b6" member_type: VOTER last_known_addr { host: "127.0.107.193" port: 36119 } } peers { permanent_uuid: "b57c5d1f9cba4b50896e51035cb8acc7" member_type: VOTER last_known_addr { host: "127.0.107.195" port: 39699 } }
