I20260608 12:40:42.240890  3289 raft_consensus.cc:359] T c8275e2d90f047398ac3ebed68c5ce0c P 6c1ae5c074d54203833404e80f433306 [term 0 FOLLOWER]: Replica starting. Triggering 0 pending ops. Active config: opid_index: -1 OBSOLETE_local: false peers { permanent_uuid: "9badb4fb80e74137bd48cfe2e88a1eb1" member_type: VOTER last_known_addr { host: "127.0.108.1" port: 43833 } } peers { permanent_uuid: "e8532f4631d049c89a155242e00146b8" member_type: VOTER last_known_addr { host: "127.0.108.2" port: 33055 } } peers { permanent_uuid: "6c1ae5c074d54203833404e80f433306" member_type: VOTER last_known_addr { host: "127.0.108.3" port: 39171 } }
I20260608 12:40:42.242000  3289 raft_consensus.cc:385] T c8275e2d90f047398ac3ebed68c5ce0c P 6c1ae5c074d54203833404e80f433306 [term 0 FOLLOWER]: Consensus starting up: Expiring failure detector timer to make a prompt election more likely
I20260608 12:40:42.242391  3289 raft_consensus.cc:740] T c8275e2d90f047398ac3ebed68c5ce0c P 6c1ae5c074d54203833404e80f433306 [term 0 FOLLOWER]: Becoming Follower/Learner. State: Replica: 6c1ae5c074d54203833404e80f433306, State: Initialized, Role: FOLLOWER
I20260608 12:40:42.243494  3289 consensus_queue.cc:260] T c8275e2d90f047398ac3ebed68c5ce0c P 6c1ae5c074d54203833404e80f433306 [NON_LEADER]: Queue going to NON_LEADER mode. State: All replicated index: 0, Majority replicated index: 0, Committed index: 0, Last appended: 0.0, Last appended by leader: 0, Current term: 0, Majority size: -1, State: 0, Mode: NON_LEADER, active raft config: opid_index: -1 OBSOLETE_local: false peers { permanent_uuid: "9badb4fb80e74137bd48cfe2e88a1eb1" member_type: VOTER last_known_addr { host: "127.0.108.1" port: 43833 } } peers { permanent_uuid: "e8532f4631d049c89a155242e00146b8" member_type: VOTER last_known_addr { host: "127.0.108.2" port: 33055 } } peers { permanent_uuid: "6c1ae5c074d54203833404e80f433306" member_type: VOTER last_known_addr { host: "127.0.108.3" port: 39171 } }
I20260608 12:40:42.244333  3244 tablet_service.cc:1917] Received RequestConsensusVote() RPC: tablet_id: "b1b27ef3f5e5426b9c7fc56b84e5de8e" candidate_uuid: "e8532f4631d049c89a155242e00146b8" candidate_term: 1 candidate_status { last_received { term: 0 index: 0 } } ignore_live_leader: false dest_uuid: "6c1ae5c074d54203833404e80f433306" is_pre_election: true
I20260608 12:40:42.245566  3244 raft_consensus.cc:2468] T b1b27ef3f5e5426b9c7fc56b84e5de8e P 6c1ae5c074d54203833404e80f433306 [term 0 FOLLOWER]: Leader pre-election vote request: Granting yes vote for candidate e8532f4631d049c89a155242e00146b8 in term 0.
I20260608 12:40:42.247876  3133 leader_election.cc:304] T b1b27ef3f5e5426b9c7fc56b84e5de8e P e8532f4631d049c89a155242e00146b8 [CANDIDATE]: Term 1 pre-election: Election decided. Result: candidate won. Election summary: received 2 responses out of 3 voters: 2 yes votes; 0 no votes. yes voters: 6c1ae5c074d54203833404e80f433306, e8532f4631d049c89a155242e00146b8; no voters: 
I20260608 12:40:42.248251  3289 ts_tablet_manager.cc:1434] T c8275e2d90f047398ac3ebed68c5ce0c P 6c1ae5c074d54203833404e80f433306: Time spent starting tablet: real 0.012s	user 0.004s	sys 0.004s
I20260608 12:40:42.249451  3290 tablet_bootstrap.cc:654] T c8275e2d90f047398ac3ebed68c5ce0c P e8532f4631d049c89a155242e00146b8: Neither blocks nor log segments found. Creating new log.
I20260608 12:40:42.249261  3295 raft_consensus.cc:2804] T b1b27ef3f5e5426b9c7fc56b84e5de8e P e8532f4631d049c89a155242e00146b8 [term 0 FOLLOWER]: Leader pre-election won for term 1
I20260608 12:40:42.249610  3289 tablet_bootstrap.cc:492] T a801bb81c68c49f29283f78a9cd80699 P 6c1ae5c074d54203833404e80f433306: Bootstrap starting.
I20260608 12:40:42.249868  3295 raft_consensus.cc:493] T b1b27ef3f5e5426b9c7fc56b84e5de8e P e8532f4631d049c89a155242e00146b8 [term 0 FOLLOWER]: Starting leader election (no leader contacted us within the election timeout)
I20260608 12:40:42.250352  3295 raft_consensus.cc:3060] T b1b27ef3f5e5426b9c7fc56b84e5de8e P e8532f4631d049c89a155242e00146b8 [term 0 FOLLOWER]: Advancing to term 1
I20260608 12:40:42.254814  3095 tablet_service.cc:1917] Received RequestConsensusVote() RPC: tablet_id: "b1b27ef3f5e5426b9c7fc56b84e5de8e" candidate_uuid: "e8532f4631d049c89a155242e00146b8" candidate_term: 1 candidate_status { last_received { term: 0 index: 0 } } ignore_live_leader: false dest_uuid: "9badb4fb80e74137bd48cfe2e88a1eb1" is_pre_election: true
I20260608 12:40:42.255895  3095 raft_consensus.cc:2468] T b1b27ef3f5e5426b9c7fc56b84e5de8e P 9badb4fb80e74137bd48cfe2e88a1eb1 [term 0 FOLLOWER]: Leader pre-election vote request: Granting yes vote for candidate e8532f4631d049c89a155242e00146b8 in term 0.
I20260608 12:40:42.258496  3289 tablet_bootstrap.cc:654] T a801bb81c68c49f29283f78a9cd80699 P 6c1ae5c074d54203833404e80f433306: Neither blocks nor log segments found. Creating new log.
I20260608 12:40:42.267900  3292 tablet_bootstrap.cc:492] T a801bb81c68c49f29283f78a9cd80699 P 9badb4fb80e74137bd48cfe2e88a1eb1: No bootstrap required, opened a new log
I20260608 12:40:42.268738  3292 ts_tablet_manager.cc:1403] T a801bb81c68c49f29283f78a9cd80699 P 9badb4fb80e74137bd48cfe2e88a1eb1: Time spent bootstrapping tablet: real 0.067s	user 0.020s	sys 0.015s
I20260608 12:40:42.270207  3295 raft_consensus.cc:515] T b1b27ef3f5e5426b9c7fc56b84e5de8e P e8532f4631d049c89a155242e00146b8 [term 1 FOLLOWER]: Starting leader election with config: opid_index: -1 OBSOLETE_local: false peers { permanent_uuid: "6c1ae5c074d54203833404e80f433306" member_type: VOTER last_known_addr { host: "127.0.108.3" port: 39171 } } peers { permanent_uuid: "e8532f4631d049c89a155242e00146b8" member_type: VOTER last_known_addr { host: "127.0.108.2" port: 33055 } } peers { permanent_uuid: "9badb4fb80e74137bd48cfe2e88a1eb1" member_type: VOTER last_known_addr { host: "127.0.108.1" port: 43833 } }
I20260608 12:40:42.274189  3295 leader_election.cc:290] T b1b27ef3f5e5426b9c7fc56b84e5de8e P e8532f4631d049c89a155242e00146b8 [CANDIDATE]: Term 1 election: Requested vote from peers 6c1ae5c074d54203833404e80f433306 (127.0.108.3:39171), 9badb4fb80e74137bd48cfe2e88a1eb1 (127.0.108.1:43833)
I20260608 12:40:42.275487  3244 tablet_service.cc:1917] Received RequestConsensusVote() RPC: tablet_id: "b1b27ef3f5e5426b9c7fc56b84e5de8e" candidate_uuid: "e8532f4631d049c89a155242e00146b8" candidate_term: 1 candidate_status { last_received { term: 0 index: 0 } } ignore_live_leader: false dest_uuid: "6c1ae5c074d54203833404e80f433306"
I20260608 12:40:42.276623  3244 raft_consensus.cc:3060] T b1b27ef3f5e5426b9c7fc56b84e5de8e P 6c1ae5c074d54203833404e80f433306 [term 0 FOLLOWER]: Advancing to term 1
I20260608 12:40:42.277981  3095 tablet_service.cc:1917] Received RequestConsensusVote() RPC: tablet_id: "b1b27ef3f5e5426b9c7fc56b84e5de8e" candidate_uuid: "e8532f4631d049c89a155242e00146b8" candidate_term: 1 candidate_status { last_received { term: 0 index: 0 } } ignore_live_leader: false dest_uuid: "9badb4fb80e74137bd48cfe2e88a1eb1"
I20260608 12:40:42.277213  3292 raft_consensus.cc:359] T a801bb81c68c49f29283f78a9cd80699 P 9badb4fb80e74137bd48cfe2e88a1eb1 [term 0 FOLLOWER]: Replica starting. Triggering 0 pending ops. Active config: opid_index: -1 OBSOLETE_local: false peers { permanent_uuid: "9badb4fb80e74137bd48cfe2e88a1eb1" member_type: VOTER last_known_addr { host: "127.0.108.1" port: 43833 } } peers { permanent_uuid: "e8532f4631d049c89a155242e00146b8" member_type: VOTER last_known_addr { host: "127.0.108.2" port: 33055 } } peers { permanent_uuid: "6c1ae5c074d54203833404e80f433306" member_type: VOTER last_known_addr { host: "127.0.108.3" port: 39171 } }
I20260608 12:40:42.278716  3095 raft_consensus.cc:3060] T b1b27ef3f5e5426b9c7fc56b84e5de8e P 9badb4fb80e74137bd48cfe2e88a1eb1 [term 0 FOLLOWER]: Advancing to term 1
I20260608 12:40:42.278808  3289 tablet_bootstrap.cc:492] T a801bb81c68c49f29283f78a9cd80699 P 6c1ae5c074d54203833404e80f433306: No bootstrap required, opened a new log
I20260608 12:40:42.279062  3292 raft_consensus.cc:385] T a801bb81c68c49f29283f78a9cd80699 P 9badb4fb80e74137bd48cfe2e88a1eb1 [term 0 FOLLOWER]: Consensus starting up: Expiring failure detector timer to make a prompt election more likely
I20260608 12:40:42.279821  3292 raft_consensus.cc:740] T a801bb81c68c49f29283f78a9cd80699 P 9badb4fb80e74137bd48cfe2e88a1eb1 [term 0 FOLLOWER]: Becoming Follower/Learner. State: Replica: 9badb4fb80e74137bd48cfe2e88a1eb1, State: Initialized, Role: FOLLOWER
I20260608 12:40:42.278808  3290 tablet_bootstrap.cc:492] T c8275e2d90f047398ac3ebed68c5ce0c P e8532f4631d049c89a155242e00146b8: No bootstrap required, opened a new log
I20260608 12:40:42.280871  3292 consensus_queue.cc:260] T a801bb81c68c49f29283f78a9cd80699 P 9badb4fb80e74137bd48cfe2e88a1eb1 [NON_LEADER]: Queue going to NON_LEADER mode. State: All replicated index: 0, Majority replicated index: 0, Committed index: 0, Last appended: 0.0, Last appended by leader: 0, Current term: 0, Majority size: -1, State: 0, Mode: NON_LEADER, active raft config: opid_index: -1 OBSOLETE_local: false peers { permanent_uuid: "9badb4fb80e74137bd48cfe2e88a1eb1" member_type: VOTER last_known_addr { host: "127.0.108.1" port: 43833 } } peers { permanent_uuid: "e8532f4631d049c89a155242e00146b8" member_type: VOTER last_known_addr { host: "127.0.108.2" port: 33055 } } peers { permanent_uuid: "6c1ae5c074d54203833404e80f433306" member_type: VOTER last_known_addr { host: "127.0.108.3" port: 39171 } }
I20260608 12:40:42.281611  3290 ts_tablet_manager.cc:1403] T c8275e2d90f047398ac3ebed68c5ce0c P e8532f4631d049c89a155242e00146b8: Time spent bootstrapping tablet: real 0.041s	user 0.013s	sys 0.025s
I20260608 12:40:42.280036  3289 ts_tablet_manager.cc:1403] T a801bb81c68c49f29283f78a9cd80699 P 6c1ae5c074d54203833404e80f433306: Time spent bootstrapping tablet: real 0.031s	user 0.018s	sys 0.011s
I20260608 12:40:42.286412  3244 raft_consensus.cc:2468] T b1b27ef3f5e5426b9c7fc56b84e5de8e P 6c1ae5c074d54203833404e80f433306 [term 1 FOLLOWER]: Leader election vote request: Granting yes vote for candidate e8532f4631d049c89a155242e00146b8 in term 1.
W20260608 12:40:42.286890  3196 tablet.cc:2404] T 87f378af507a489fada6de5a9a4afbc6 P e8532f4631d049c89a155242e00146b8: Can't schedule compaction. Clean time has not been advanced past its initial value.
I20260608 12:40:42.287571  3095 raft_consensus.cc:2468] T b1b27ef3f5e5426b9c7fc56b84e5de8e P 9badb4fb80e74137bd48cfe2e88a1eb1 [term 1 FOLLOWER]: Leader election vote request: Granting yes vote for candidate e8532f4631d049c89a155242e00146b8 in term 1.
I20260608 12:40:42.288180  3133 leader_election.cc:304] T b1b27ef3f5e5426b9c7fc56b84e5de8e P e8532f4631d049c89a155242e00146b8 [CANDIDATE]: Term 1 election: Election decided. Result: candidate won. Election summary: received 2 responses out of 3 voters: 2 yes votes; 0 no votes. yes voters: 6c1ae5c074d54203833404e80f433306, e8532f4631d049c89a155242e00146b8; no voters: 
I20260608 12:40:42.289336  3295 raft_consensus.cc:2804] T b1b27ef3f5e5426b9c7fc56b84e5de8e P e8532f4631d049c89a155242e00146b8 [term 1 FOLLOWER]: Leader election won for term 1
I20260608 12:40:42.290215  3289 raft_consensus.cc:359] T a801bb81c68c49f29283f78a9cd80699 P 6c1ae5c074d54203833404e80f433306 [term 0 FOLLOWER]: Replica starting. Triggering 0 pending ops. Active config: opid_index: -1 OBSOLETE_local: false peers { permanent_uuid: "9badb4fb80e74137bd48cfe2e88a1eb1" member_type: VOTER last_known_addr { host: "127.0.108.1" port: 43833 } } peers { permanent_uuid: "e8532f4631d049c89a155242e00146b8" member_type: VOTER last_known_addr { host: "127.0.108.2" port: 33055 } } peers { permanent_uuid: "6c1ae5c074d54203833404e80f433306" member_type: VOTER last_known_addr { host: "127.0.108.3" port: 39171 } }
I20260608 12:40:42.291320  3289 raft_consensus.cc:385] T a801bb81c68c49f29283f78a9cd80699 P 6c1ae5c074d54203833404e80f433306 [term 0 FOLLOWER]: Consensus starting up: Expiring failure detector timer to make a prompt election more likely
I20260608 12:40:42.292083  3289 raft_consensus.cc:740] T a801bb81c68c49f29283f78a9cd80699 P 6c1ae5c074d54203833404e80f433306 [term 0 FOLLOWER]: Becoming Follower/Learner. State: Replica: 6c1ae5c074d54203833404e80f433306, State: Initialized, Role: FOLLOWER
I20260608 12:40:42.291672  3296 raft_consensus.cc:493] T a801bb81c68c49f29283f78a9cd80699 P 9badb4fb80e74137bd48cfe2e88a1eb1 [term 0 FOLLOWER]: Starting pre-election (no leader contacted us within the election timeout)
I20260608 12:40:42.291759  3290 raft_consensus.cc:359] T c8275e2d90f047398ac3ebed68c5ce0c P e8532f4631d049c89a155242e00146b8 [term 0 FOLLOWER]: Replica starting. Triggering 0 pending ops. Active config: opid_index: -1 OBSOLETE_local: false peers { permanent_uuid: "9badb4fb80e74137bd48cfe2e88a1eb1" member_type: VOTER last_known_addr { host: "127.0.108.1" port: 43833 } } peers { permanent_uuid: "e8532f4631d049c89a155242e00146b8" member_type: VOTER last_known_addr { host: "127.0.108.2" port: 33055 } } peers { permanent_uuid: "6c1ae5c074d54203833404e80f433306" member_type: VOTER last_known_addr { host: "127.0.108.3" port: 39171 } }
I20260608 12:40:42.292994  3290 raft_consensus.cc:385] T c8275e2d90f047398ac3ebed68c5ce0c P e8532f4631d049c89a155242e00146b8 [term 0 FOLLOWER]: Consensus starting up: Expiring failure detector timer to make a prompt election more likely
I20260608 12:40:42.292807  3296 raft_consensus.cc:515] T a801bb81c68c49f29283f78a9cd80699 P 9badb4fb80e74137bd48cfe2e88a1eb1 [term 0 FOLLOWER]: Starting pre-election with config: opid_index: -1 OBSOLETE_local: false peers { permanent_uuid: "9badb4fb80e74137bd48cfe2e88a1eb1" member_type: VOTER last_known_addr { host: "127.0.108.1" port: 43833 } } peers { permanent_uuid: "e8532f4631d049c89a155242e00146b8" member_type: VOTER last_known_addr { host: "127.0.108.2" port: 33055 } } peers { permanent_uuid: "6c1ae5c074d54203833404e80f433306" member_type: VOTER last_known_addr { host: "127.0.108.3" port: 39171 } }
I20260608 12:40:42.293457  3289 consensus_queue.cc:260] T a801bb81c68c49f29283f78a9cd80699 P 6c1ae5c074d54203833404e80f433306 [NON_LEADER]: Queue going to NON_LEADER mode. State: All replicated index: 0, Majority replicated index: 0, Committed index: 0, Last appended: 0.0, Last appended by leader: 0, Current term: 0, Majority size: -1, State: 0, Mode: NON_LEADER, active raft config: opid_index: -1 OBSOLETE_local: false peers { permanent_uuid: "9badb4fb80e74137bd48cfe2e88a1eb1" member_type: VOTER last_known_addr { host: "127.0.108.1" port: 43833 } } peers { permanent_uuid: "e8532f4631d049c89a155242e00146b8" member_type: VOTER last_known_addr { host: "127.0.108.2" port: 33055 } } peers { permanent_uuid: "6c1ae5c074d54203833404e80f433306" member_type: VOTER last_known_addr { host: "127.0.108.3" port: 39171 } }
I20260608 12:40:42.295233  3292 ts_tablet_manager.cc:1434] T a801bb81c68c49f29283f78a9cd80699 P 9badb4fb80e74137bd48cfe2e88a1eb1: Time spent starting tablet: real 0.026s	user 0.007s	sys 0.001s
I20260608 12:40:42.299086  3296 leader_election.cc:290] T a801bb81c68c49f29283f78a9cd80699 P 9badb4fb80e74137bd48cfe2e88a1eb1 [CANDIDATE]: Term 1 pre-election: Requested pre-vote from peers e8532f4631d049c89a155242e00146b8 (127.0.108.2:33055), 6c1ae5c074d54203833404e80f433306 (127.0.108.3:39171)
I20260608 12:40:42.302291  3292 tablet_bootstrap.cc:492] T 87f378af507a489fada6de5a9a4afbc6 P 9badb4fb80e74137bd48cfe2e88a1eb1: Bootstrap starting.
I20260608 12:40:42.303754  3290 raft_consensus.cc:740] T c8275e2d90f047398ac3ebed68c5ce0c P e8532f4631d049c89a155242e00146b8 [term 0 FOLLOWER]: Becoming Follower/Learner. State: Replica: e8532f4631d049c89a155242e00146b8, State: Initialized, Role: FOLLOWER
I20260608 12:40:42.299808  3289 ts_tablet_manager.cc:1434] T a801bb81c68c49f29283f78a9cd80699 P 6c1ae5c074d54203833404e80f433306: Time spent starting tablet: real 0.015s	user 0.007s	sys 0.000s
I20260608 12:40:42.306106  3289 tablet_bootstrap.cc:492] T 87f378af507a489fada6de5a9a4afbc6 P 6c1ae5c074d54203833404e80f433306: Bootstrap starting.
I20260608 12:40:42.308987  3290 consensus_queue.cc:260] T c8275e2d90f047398ac3ebed68c5ce0c P e8532f4631d049c89a155242e00146b8 [NON_LEADER]: Queue going to NON_LEADER mode. State: All replicated index: 0, Majority replicated index: 0, Committed index: 0, Last appended: 0.0, Last appended by leader: 0, Current term: 0, Majority size: -1, State: 0, Mode: NON_LEADER, active raft config: opid_index: -1 OBSOLETE_local: false peers { permanent_uuid: "9badb4fb80e74137bd48cfe2e88a1eb1" member_type: VOTER last_known_addr { host: "127.0.108.1" port: 43833 } } peers { permanent_uuid: "e8532f4631d049c89a155242e00146b8" member_type: VOTER last_known_addr { host: "127.0.108.2" port: 33055 } } peers { permanent_uuid: "6c1ae5c074d54203833404e80f433306" member_type: VOTER last_known_addr { host: "127.0.108.3" port: 39171 } }
I20260608 12:40:42.315671  3289 tablet_bootstrap.cc:654] T 87f378af507a489fada6de5a9a4afbc6 P 6c1ae5c074d54203833404e80f433306: Neither blocks nor log segments found. Creating new log.
I20260608 12:40:42.316329  3295 raft_consensus.cc:697] T b1b27ef3f5e5426b9c7fc56b84e5de8e P e8532f4631d049c89a155242e00146b8 [term 1 LEADER]: Becoming Leader. State: Replica: e8532f4631d049c89a155242e00146b8, State: Running, Role: LEADER
I20260608 12:40:42.320294  3292 tablet_bootstrap.cc:654] T 87f378af507a489fada6de5a9a4afbc6 P 9badb4fb80e74137bd48cfe2e88a1eb1: Neither blocks nor log segments found. Creating new log.
I20260608 12:40:42.327682  3295 consensus_queue.cc:237] T b1b27ef3f5e5426b9c7fc56b84e5de8e P e8532f4631d049c89a155242e00146b8 [LEADER]: Queue going to LEADER mode. State: All replicated index: 0, Majority replicated index: 0, Committed index: 0, Last appended: 0.0, Last appended by leader: 0, Current term: 1, Majority size: 2, State: 0, Mode: LEADER, active raft config: opid_index: -1 OBSOLETE_local: false peers { permanent_uuid: "6c1ae5c074d54203833404e80f433306" member_type: VOTER last_known_addr { host: "127.0.108.3" port: 39171 } } peers { permanent_uuid: "e8532f4631d049c89a155242e00146b8" member_type: VOTER last_known_addr { host: "127.0.108.2" port: 33055 } } peers { permanent_uuid: "9badb4fb80e74137bd48cfe2e88a1eb1" member_type: VOTER last_known_addr { host: "127.0.108.1" port: 43833 } }
I20260608 12:40:42.330199  3290 ts_tablet_manager.cc:1434] T c8275e2d90f047398ac3ebed68c5ce0c P e8532f4631d049c89a155242e00146b8: Time spent starting tablet: real 0.048s	user 0.018s	sys 0.004s
I20260608 12:40:42.331862  3290 tablet_bootstrap.cc:492] T a801bb81c68c49f29283f78a9cd80699 P e8532f4631d049c89a155242e00146b8: Bootstrap starting.
I20260608 12:40:42.341351  3289 tablet_bootstrap.cc:492] T 87f378af507a489fada6de5a9a4afbc6 P 6c1ae5c074d54203833404e80f433306: No bootstrap required, opened a new log
I20260608 12:40:42.344178  3290 tablet_bootstrap.cc:654] T a801bb81c68c49f29283f78a9cd80699 P e8532f4631d049c89a155242e00146b8: Neither blocks nor log segments found. Creating new log.
I20260608 12:40:42.342029  3289 ts_tablet_manager.cc:1403] T 87f378af507a489fada6de5a9a4afbc6 P 6c1ae5c074d54203833404e80f433306: Time spent bootstrapping tablet: real 0.036s	user 0.015s	sys 0.016s
I20260608 12:40:42.345427  3292 tablet_bootstrap.cc:492] T 87f378af507a489fada6de5a9a4afbc6 P 9badb4fb80e74137bd48cfe2e88a1eb1: No bootstrap required, opened a new log
I20260608 12:40:42.344842  2993 catalog_manager.cc:5696] T b1b27ef3f5e5426b9c7fc56b84e5de8e P e8532f4631d049c89a155242e00146b8 reported cstate change: term changed from 0 to 1, leader changed from <none> to e8532f4631d049c89a155242e00146b8 (127.0.108.2). New cstate: current_term: 1 leader_uuid: "e8532f4631d049c89a155242e00146b8" committed_config { opid_index: -1 OBSOLETE_local: false peers { permanent_uuid: "6c1ae5c074d54203833404e80f433306" member_type: VOTER last_known_addr { host: "127.0.108.3" port: 39171 } health_report { overall_health: UNKNOWN } } peers { permanent_uuid: "e8532f4631d049c89a155242e00146b8" member_type: VOTER last_known_addr { host: "127.0.108.2" port: 33055 } health_report { overall_health: HEALTHY } } peers { permanent_uuid: "9badb4fb80e74137bd48cfe2e88a1eb1" member_type: VOTER last_known_addr { host: "127.0.108.1" port: 43833 } health_report { overall_health: UNKNOWN } } }
I20260608 12:40:42.347674  3244 tablet_service.cc:1917] Received RequestConsensusVote() RPC: tablet_id: "a801bb81c68c49f29283f78a9cd80699" candidate_uuid: "9badb4fb80e74137bd48cfe2e88a1eb1" candidate_term: 1 candidate_status { last_received { term: 0 index: 0 } } ignore_live_leader: false dest_uuid: "6c1ae5c074d54203833404e80f433306" is_pre_election: true
I20260608 12:40:42.348376  3244 raft_consensus.cc:2468] T a801bb81c68c49f29283f78a9cd80699 P 6c1ae5c074d54203833404e80f433306 [term 0 FOLLOWER]: Leader pre-election vote request: Granting yes vote for candidate 9badb4fb80e74137bd48cfe2e88a1eb1 in term 0.
I20260608 12:40:42.347229  3292 ts_tablet_manager.cc:1403] T 87f378af507a489fada6de5a9a4afbc6 P 9badb4fb80e74137bd48cfe2e88a1eb1: Time spent bootstrapping tablet: real 0.045s	user 0.016s	sys 0.005s
I20260608 12:40:42.350044  3058 leader_election.cc:304] T a801bb81c68c49f29283f78a9cd80699 P 9badb4fb80e74137bd48cfe2e88a1eb1 [CANDIDATE]: Term 1 pre-election: Election decided. Result: candidate won. Election summary: received 2 responses out of 3 voters: 2 yes votes; 0 no votes. yes voters: 6c1ae5c074d54203833404e80f433306, 9badb4fb80e74137bd48cfe2e88a1eb1; no voters: 
I20260608 12:40:42.351540  3170 tablet_service.cc:1917] Received RequestConsensusVote() RPC: tablet_id: "a801bb81c68c49f29283f78a9cd80699" candidate_uuid: "9badb4fb80e74137bd48cfe2e88a1eb1" candidate_term: 1 candidate_status { last_received { term: 0 index: 0 } } ignore_live_leader: false dest_uuid: "e8532f4631d049c89a155242e00146b8" is_pre_election: true
I20260608 12:40:42.352952  3296 raft_consensus.cc:2804] T a801bb81c68c49f29283f78a9cd80699 P 9badb4fb80e74137bd48cfe2e88a1eb1 [term 0 FOLLOWER]: Leader pre-election won for term 1
I20260608 12:40:42.352861  3289 raft_consensus.cc:359] T 87f378af507a489fada6de5a9a4afbc6 P 6c1ae5c074d54203833404e80f433306 [term 0 FOLLOWER]: Replica starting. Triggering 0 pending ops. Active config: opid_index: -1 OBSOLETE_local: false peers { permanent_uuid: "9badb4fb80e74137bd48cfe2e88a1eb1" member_type: VOTER last_known_addr { host: "127.0.108.1" port: 43833 } } peers { permanent_uuid: "e8532f4631d049c89a155242e00146b8" member_type: VOTER last_known_addr { host: "127.0.108.2" port: 33055 } } peers { permanent_uuid: "6c1ae5c074d54203833404e80f433306" member_type: VOTER last_known_addr { host: "127.0.108.3" port: 39171 } }
I20260608 12:40:42.354017  3289 raft_consensus.cc:385] T 87f378af507a489fada6de5a9a4afbc6 P 6c1ae5c074d54203833404e80f433306 [term 0 FOLLOWER]: Consensus starting up: Expiring failure detector timer to make a prompt election more likely
I20260608 12:40:42.353598  3296 raft_consensus.cc:493] T a801bb81c68c49f29283f78a9cd80699 P 9badb4fb80e74137bd48cfe2e88a1eb1 [term 0 FOLLOWER]: Starting leader election (no leader contacted us within the election timeout)
I20260608 12:40:42.354383  3289 raft_consensus.cc:740] T 87f378af507a489fada6de5a9a4afbc6 P 6c1ae5c074d54203833404e80f433306 [term 0 FOLLOWER]: Becoming Follower/Learner. State: Replica: 6c1ae5c074d54203833404e80f433306, State: Initialized, Role: FOLLOWER
I20260608 12:40:42.354815  3296 raft_consensus.cc:3060] T a801bb81c68c49f29283f78a9cd80699 P 9badb4fb80e74137bd48cfe2e88a1eb1 [term 0 FOLLOWER]: Advancing to term 1
W20260608 12:40:42.355034  3060 leader_election.cc:343] T a801bb81c68c49f29283f78a9cd80699 P 9badb4fb80e74137bd48cfe2e88a1eb1 [CANDIDATE]: Term 1 pre-election: Tablet error from VoteRequest() call to peer e8532f4631d049c89a155242e00146b8 (127.0.108.2:33055): Illegal state: must be running to vote when last-logged opid is not known
I20260608 12:40:42.354467  3292 raft_consensus.cc:359] T 87f378af507a489fada6de5a9a4afbc6 P 9badb4fb80e74137bd48cfe2e88a1eb1 [term 0 FOLLOWER]: Replica starting. Triggering 0 pending ops. Active config: opid_index: -1 OBSOLETE_local: false peers { permanent_uuid: "9badb4fb80e74137bd48cfe2e88a1eb1" member_type: VOTER last_known_addr { host: "127.0.108.1" port: 43833 } } peers { permanent_uuid: "e8532f4631d049c89a155242e00146b8" member_type: VOTER last_known_addr { host: "127.0.108.2" port: 33055 } } peers { permanent_uuid: "6c1ae5c074d54203833404e80f433306" member_type: VOTER last_known_addr { host: "127.0.108.3" port: 39171 } }
I20260608 12:40:42.356319  3292 raft_consensus.cc:385] T 87f378af507a489fada6de5a9a4afbc6 P 9badb4fb80e74137bd48cfe2e88a1eb1 [term 0 FOLLOWER]: Consensus starting up: Expiring failure detector timer to make a prompt election more likely
I20260608 12:40:42.356557  3292 raft_consensus.cc:740] T 87f378af507a489fada6de5a9a4afbc6 P 9badb4fb80e74137bd48cfe2e88a1eb1 [term 0 FOLLOWER]: Becoming Follower/Learner. State: Replica: 9badb4fb80e74137bd48cfe2e88a1eb1, State: Initialized, Role: FOLLOWER
I20260608 12:40:42.357391  3292 consensus_queue.cc:260] T 87f378af507a489fada6de5a9a4afbc6 P 9badb4fb80e74137bd48cfe2e88a1eb1 [NON_LEADER]: Queue going to NON_LEADER mode. State: All replicated index: 0, Majority replicated index: 0, Committed index: 0, Last appended: 0.0, Last appended by leader: 0, Current term: 0, Majority size: -1, State: 0, Mode: NON_LEADER, active raft config: opid_index: -1 OBSOLETE_local: false peers { permanent_uuid: "9badb4fb80e74137bd48cfe2e88a1eb1" member_type: VOTER last_known_addr { host: "127.0.108.1" port: 43833 } } peers { permanent_uuid: "e8532f4631d049c89a155242e00146b8" member_type: VOTER last_known_addr { host: "127.0.108.2" port: 33055 } } peers { permanent_uuid: "6c1ae5c074d54203833404e80f433306" member_type: VOTER last_known_addr { host: "127.0.108.3" port: 39171 } }
I20260608 12:40:42.358857  3289 consensus_queue.cc:260] T 87f378af507a489fada6de5a9a4afbc6 P 6c1ae5c074d54203833404e80f433306 [NON_LEADER]: Queue going to NON_LEADER mode. State: All replicated index: 0, Majority replicated index: 0, Committed index: 0, Last appended: 0.0, Last appended by leader: 0, Current term: 0, Majority size: -1, State: 0, Mode: NON_LEADER, active raft config: opid_index: -1 OBSOLETE_local: false peers { permanent_uuid: "9badb4fb80e74137bd48cfe2e88a1eb1" member_type: VOTER last_known_addr { host: "127.0.108.1" port: 43833 } } peers { permanent_uuid: "e8532f4631d049c89a155242e00146b8" member_type: VOTER last_known_addr { host: "127.0.108.2" port: 33055 } } peers { permanent_uuid: "6c1ae5c074d54203833404e80f433306" member_type: VOTER last_known_addr { host: "127.0.108.3" port: 39171 } }
I20260608 12:40:42.361400  3289 ts_tablet_manager.cc:1434] T 87f378af507a489fada6de5a9a4afbc6 P 6c1ae5c074d54203833404e80f433306: Time spent starting tablet: real 0.016s	user 0.008s	sys 0.000s
I20260608 12:40:42.376904  3296 raft_consensus.cc:515] T a801bb81c68c49f29283f78a9cd80699 P 9badb4fb80e74137bd48cfe2e88a1eb1 [term 1 FOLLOWER]: Starting leader election with config: opid_index: -1 OBSOLETE_local: false peers { permanent_uuid: "9badb4fb80e74137bd48cfe2e88a1eb1" member_type: VOTER last_known_addr { host: "127.0.108.1" port: 43833 } } peers { permanent_uuid: "e8532f4631d049c89a155242e00146b8" member_type: VOTER last_known_addr { host: "127.0.108.2" port: 33055 } } peers { permanent_uuid: "6c1ae5c074d54203833404e80f433306" member_type: VOTER last_known_addr { host: "127.0.108.3" port: 39171 } }
I20260608 12:40:42.383248  3313 raft_consensus.cc:493] T 87f378af507a489fada6de5a9a4afbc6 P 9badb4fb80e74137bd48cfe2e88a1eb1 [term 0 FOLLOWER]: Starting pre-election (no leader contacted us within the election timeout)
I20260608 12:40:42.384786  3170 tablet_service.cc:1917] Received RequestConsensusVote() RPC: tablet_id: "a801bb81c68c49f29283f78a9cd80699" candidate_uuid: "9badb4fb80e74137bd48cfe2e88a1eb1" candidate_term: 1 candidate_status { last_received { term: 0 index: 0 } } ignore_live_leader: false dest_uuid: "e8532f4631d049c89a155242e00146b8"
I20260608 12:40:42.385465  3313 raft_consensus.cc:515] T 87f378af507a489fada6de5a9a4afbc6 P 9badb4fb80e74137bd48cfe2e88a1eb1 [term 0 FOLLOWER]: Starting pre-election with config: opid_index: -1 OBSOLETE_local: false peers { permanent_uuid: "9badb4fb80e74137bd48cfe2e88a1eb1" member_type: VOTER last_known_addr { host: "127.0.108.1" port: 43833 } } peers { permanent_uuid: "e8532f4631d049c89a155242e00146b8" member_type: VOTER last_known_addr { host: "127.0.108.2" port: 33055 } } peers { permanent_uuid: "6c1ae5c074d54203833404e80f433306" member_type: VOTER last_known_addr { host: "127.0.108.3" port: 39171 } }
W20260608 12:40:42.386801  3060 leader_election.cc:343] T a801bb81c68c49f29283f78a9cd80699 P 9badb4fb80e74137bd48cfe2e88a1eb1 [CANDIDATE]: Term 1 election: Tablet error from VoteRequest() call to peer e8532f4631d049c89a155242e00146b8 (127.0.108.2:33055): Illegal state: must be running to vote when last-logged opid is not known
I20260608 12:40:42.383890  3292 ts_tablet_manager.cc:1434] T 87f378af507a489fada6de5a9a4afbc6 P 9badb4fb80e74137bd48cfe2e88a1eb1: Time spent starting tablet: real 0.034s	user 0.008s	sys 0.019s
I20260608 12:40:42.391856  3296 leader_election.cc:290] T a801bb81c68c49f29283f78a9cd80699 P 9badb4fb80e74137bd48cfe2e88a1eb1 [CANDIDATE]: Term 1 election: Requested vote from peers e8532f4631d049c89a155242e00146b8 (127.0.108.2:33055), 6c1ae5c074d54203833404e80f433306 (127.0.108.3:39171)
I20260608 12:40:42.391889  3244 tablet_service.cc:1917] Received RequestConsensusVote() RPC: tablet_id: "a801bb81c68c49f29283f78a9cd80699" candidate_uuid: "9badb4fb80e74137bd48cfe2e88a1eb1" candidate_term: 1 candidate_status { last_received { term: 0 index: 0 } } ignore_live_leader: false dest_uuid: "6c1ae5c074d54203833404e80f433306"
I20260608 12:40:42.393165  3244 raft_consensus.cc:3060] T a801bb81c68c49f29283f78a9cd80699 P 6c1ae5c074d54203833404e80f433306 [term 0 FOLLOWER]: Advancing to term 1
I20260608 12:40:42.395583  3292 tablet_bootstrap.cc:492] T c8275e2d90f047398ac3ebed68c5ce0c P 9badb4fb80e74137bd48cfe2e88a1eb1: Bootstrap starting.
I20260608 12:40:42.396214  3290 tablet_bootstrap.cc:492] T a801bb81c68c49f29283f78a9cd80699 P e8532f4631d049c89a155242e00146b8: No bootstrap required, opened a new log
I20260608 12:40:42.397013  3290 ts_tablet_manager.cc:1403] T a801bb81c68c49f29283f78a9cd80699 P e8532f4631d049c89a155242e00146b8: Time spent bootstrapping tablet: real 0.065s	user 0.013s	sys 0.047s
I20260608 12:40:42.399178  3170 tablet_service.cc:1917] Received RequestConsensusVote() RPC: tablet_id: "87f378af507a489fada6de5a9a4afbc6" candidate_uuid: "9badb4fb80e74137bd48cfe2e88a1eb1" candidate_term: 1 candidate_status { last_received { term: 0 index: 0 } } ignore_live_leader: false dest_uuid: "e8532f4631d049c89a155242e00146b8" is_pre_election: true
I20260608 12:40:42.400642  3290 raft_consensus.cc:359] T a801bb81c68c49f29283f78a9cd80699 P e8532f4631d049c89a155242e00146b8 [term 0 FOLLOWER]: Replica starting. Triggering 0 pending ops. Active config: opid_index: -1 OBSOLETE_local: false peers { permanent_uuid: "9badb4fb80e74137bd48cfe2e88a1eb1" member_type: VOTER last_known_addr { host: "127.0.108.1" port: 43833 } } peers { permanent_uuid: "e8532f4631d049c89a155242e00146b8" member_type: VOTER last_known_addr { host: "127.0.108.2" port: 33055 } } peers { permanent_uuid: "6c1ae5c074d54203833404e80f433306" member_type: VOTER last_known_addr { host: "127.0.108.3" port: 39171 } }
I20260608 12:40:42.401448  3170 raft_consensus.cc:2468] T 87f378af507a489fada6de5a9a4afbc6 P e8532f4631d049c89a155242e00146b8 [term 0 FOLLOWER]: Leader pre-election vote request: Granting yes vote for candidate 9badb4fb80e74137bd48cfe2e88a1eb1 in term 0.
I20260608 12:40:42.401621  3290 raft_consensus.cc:385] T a801bb81c68c49f29283f78a9cd80699 P e8532f4631d049c89a155242e00146b8 [term 0 FOLLOWER]: Consensus starting up: Expiring failure detector timer to make a prompt election more likely
I20260608 12:40:42.401739  3313 leader_election.cc:290] T 87f378af507a489fada6de5a9a4afbc6 P 9badb4fb80e74137bd48cfe2e88a1eb1 [CANDIDATE]: Term 1 pre-election: Requested pre-vote from peers e8532f4631d049c89a155242e00146b8 (127.0.108.2:33055), 6c1ae5c074d54203833404e80f433306 (127.0.108.3:39171)
I20260608 12:40:42.403735  3290 raft_consensus.cc:740] T a801bb81c68c49f29283f78a9cd80699 P e8532f4631d049c89a155242e00146b8 [term 0 FOLLOWER]: Becoming Follower/Learner. State: Replica: e8532f4631d049c89a155242e00146b8, State: Initialized, Role: FOLLOWER
I20260608 12:40:42.403690  3243 tablet_service.cc:1917] Received RequestConsensusVote() RPC: tablet_id: "87f378af507a489fada6de5a9a4afbc6" candidate_uuid: "9badb4fb80e74137bd48cfe2e88a1eb1" candidate_term: 1 candidate_status { last_received { term: 0 index: 0 } } ignore_live_leader: false dest_uuid: "6c1ae5c074d54203833404e80f433306" is_pre_election: true
I20260608 12:40:42.404711  3060 leader_election.cc:304] T 87f378af507a489fada6de5a9a4afbc6 P 9badb4fb80e74137bd48cfe2e88a1eb1 [CANDIDATE]: Term 1 pre-election: Election decided. Result: candidate won. Election summary: received 2 responses out of 3 voters: 2 yes votes; 0 no votes. yes voters: 9badb4fb80e74137bd48cfe2e88a1eb1, e8532f4631d049c89a155242e00146b8; no voters: 
I20260608 12:40:42.404806  3243 raft_consensus.cc:2468] T 87f378af507a489fada6de5a9a4afbc6 P 6c1ae5c074d54203833404e80f433306 [term 0 FOLLOWER]: Leader pre-election vote request: Granting yes vote for candidate 9badb4fb80e74137bd48cfe2e88a1eb1 in term 0.
I20260608 12:40:42.405012  3292 tablet_bootstrap.cc:654] T c8275e2d90f047398ac3ebed68c5ce0c P 9badb4fb80e74137bd48cfe2e88a1eb1: Neither blocks nor log segments found. Creating new log.
I20260608 12:40:42.405004  3290 consensus_queue.cc:260] T a801bb81c68c49f29283f78a9cd80699 P e8532f4631d049c89a155242e00146b8 [NON_LEADER]: Queue going to NON_LEADER mode. State: All replicated index: 0, Majority replicated index: 0, Committed index: 0, Last appended: 0.0, Last appended by leader: 0, Current term: 0, Majority size: -1, State: 0, Mode: NON_LEADER, active raft config: opid_index: -1 OBSOLETE_local: false peers { permanent_uuid: "9badb4fb80e74137bd48cfe2e88a1eb1" member_type: VOTER last_known_addr { host: "127.0.108.1" port: 43833 } } peers { permanent_uuid: "e8532f4631d049c89a155242e00146b8" member_type: VOTER last_known_addr { host: "127.0.108.2" port: 33055 } } peers { permanent_uuid: "6c1ae5c074d54203833404e80f433306" member_type: VOTER last_known_addr { host: "127.0.108.3" port: 39171 } }
I20260608 12:40:42.408093  3290 ts_tablet_manager.cc:1434] T a801bb81c68c49f29283f78a9cd80699 P e8532f4631d049c89a155242e00146b8: Time spent starting tablet: real 0.011s	user 0.000s	sys 0.007s
I20260608 12:40:42.409409  3244 raft_consensus.cc:2468] T a801bb81c68c49f29283f78a9cd80699 P 6c1ae5c074d54203833404e80f433306 [term 1 FOLLOWER]: Leader election vote request: Granting yes vote for candidate 9badb4fb80e74137bd48cfe2e88a1eb1 in term 1.
I20260608 12:40:42.409339  3313 raft_consensus.cc:2804] T 87f378af507a489fada6de5a9a4afbc6 P 9badb4fb80e74137bd48cfe2e88a1eb1 [term 0 FOLLOWER]: Leader pre-election won for term 1
I20260608 12:40:42.410972  3313 raft_consensus.cc:493] T 87f378af507a489fada6de5a9a4afbc6 P 9badb4fb80e74137bd48cfe2e88a1eb1 [term 0 FOLLOWER]: Starting leader election (no leader contacted us within the election timeout)
I20260608 12:40:42.411090  3058 leader_election.cc:304] T a801bb81c68c49f29283f78a9cd80699 P 9badb4fb80e74137bd48cfe2e88a1eb1 [CANDIDATE]: Term 1 election: Election decided. Result: candidate won. Election summary: received 3 responses out of 3 voters: 2 yes votes; 1 no votes. yes voters: 6c1ae5c074d54203833404e80f433306, 9badb4fb80e74137bd48cfe2e88a1eb1; no voters: e8532f4631d049c89a155242e00146b8
I20260608 12:40:42.411563  3313 raft_consensus.cc:3060] T 87f378af507a489fada6de5a9a4afbc6 P 9badb4fb80e74137bd48cfe2e88a1eb1 [term 0 FOLLOWER]: Advancing to term 1
I20260608 12:40:42.412216  3296 raft_consensus.cc:2804] T a801bb81c68c49f29283f78a9cd80699 P 9badb4fb80e74137bd48cfe2e88a1eb1 [term 1 FOLLOWER]: Leader election won for term 1
I20260608 12:40:42.412850  3296 raft_consensus.cc:697] T a801bb81c68c49f29283f78a9cd80699 P 9badb4fb80e74137bd48cfe2e88a1eb1 [term 1 LEADER]: Becoming Leader. State: Replica: 9badb4fb80e74137bd48cfe2e88a1eb1, State: Running, Role: LEADER
I20260608 12:40:42.413960  3296 consensus_queue.cc:237] T a801bb81c68c49f29283f78a9cd80699 P 9badb4fb80e74137bd48cfe2e88a1eb1 [LEADER]: Queue going to LEADER mode. State: All replicated index: 0, Majority replicated index: 0, Committed index: 0, Last appended: 0.0, Last appended by leader: 0, Current term: 1, Majority size: 2, State: 0, Mode: LEADER, active raft config: opid_index: -1 OBSOLETE_local: false peers { permanent_uuid: "9badb4fb80e74137bd48cfe2e88a1eb1" member_type: VOTER last_known_addr { host: "127.0.108.1" port: 43833 } } peers { permanent_uuid: "e8532f4631d049c89a155242e00146b8" member_type: VOTER last_known_addr { host: "127.0.108.2" port: 33055 } } peers { permanent_uuid: "6c1ae5c074d54203833404e80f433306" member_type: VOTER last_known_addr { host: "127.0.108.3" port: 39171 } }
I20260608 12:40:42.415908  3292 tablet_bootstrap.cc:492] T c8275e2d90f047398ac3ebed68c5ce0c P 9badb4fb80e74137bd48cfe2e88a1eb1: No bootstrap required, opened a new log
I20260608 12:40:42.416481  3292 ts_tablet_manager.cc:1403] T c8275e2d90f047398ac3ebed68c5ce0c P 9badb4fb80e74137bd48cfe2e88a1eb1: Time spent bootstrapping tablet: real 0.026s	user 0.008s	sys 0.008s
I20260608 12:40:42.419373  3292 raft_consensus.cc:359] T c8275e2d90f047398ac3ebed68c5ce0c P 9badb4fb80e74137bd48cfe2e88a1eb1 [term 0 FOLLOWER]: Replica starting. Triggering 0 pending ops. Active config: opid_index: -1 OBSOLETE_local: false peers { permanent_uuid: "9badb4fb80e74137bd48cfe2e88a1eb1" member_type: VOTER last_known_addr { host: "127.0.108.1" port: 43833 } } peers { permanent_uuid: "e8532f4631d049c89a155242e00146b8" member_type: VOTER last_known_addr { host: "127.0.108.2" port: 33055 } } peers { permanent_uuid: "6c1ae5c074d54203833404e80f433306" member_type: VOTER last_known_addr { host: "127.0.108.3" port: 39171 } }
I20260608 12:40:42.420032  3292 raft_consensus.cc:385] T c8275e2d90f047398ac3ebed68c5ce0c P 9badb4fb80e74137bd48cfe2e88a1eb1 [term 0 FOLLOWER]: Consensus starting up: Expiring failure detector timer to make a prompt election more likely
I20260608 12:40:42.420313  3292 raft_consensus.cc:740] T c8275e2d90f047398ac3ebed68c5ce0c P 9badb4fb80e74137bd48cfe2e88a1eb1 [term 0 FOLLOWER]: Becoming Follower/Learner. State: Replica: 9badb4fb80e74137bd48cfe2e88a1eb1, State: Initialized, Role: FOLLOWER
I20260608 12:40:42.421182  3292 consensus_queue.cc:260] T c8275e2d90f047398ac3ebed68c5ce0c P 9badb4fb80e74137bd48cfe2e88a1eb1 [NON_LEADER]: Queue going to NON_LEADER mode. State: All replicated index: 0, Majority replicated index: 0, Committed index: 0, Last appended: 0.0, Last appended by leader: 0, Current term: 0, Majority size: -1, State: 0, Mode: NON_LEADER, active raft config: opid_index: -1 OBSOLETE_local: false peers { permanent_uuid: "9badb4fb80e74137bd48cfe2e88a1eb1" member_type: VOTER last_known_addr { host: "127.0.108.1" port: 43833 } } peers { permanent_uuid: "e8532f4631d049c89a155242e00146b8" member_type: VOTER last_known_addr { host: "127.0.108.2" port: 33055 } } peers { permanent_uuid: "6c1ae5c074d54203833404e80f433306" member_type: VOTER last_known_addr { host: "127.0.108.3" port: 39171 } }
I20260608 12:40:42.424258  3292 ts_tablet_manager.cc:1434] T c8275e2d90f047398ac3ebed68c5ce0c P 9badb4fb80e74137bd48cfe2e88a1eb1: Time spent starting tablet: real 0.007s	user 0.004s	sys 0.004s
I20260608 12:40:42.425287  3313 raft_consensus.cc:515] T 87f378af507a489fada6de5a9a4afbc6 P 9badb4fb80e74137bd48cfe2e88a1eb1 [term 1 FOLLOWER]: Starting leader election with config: opid_index: -1 OBSOLETE_local: false peers { permanent_uuid: "9badb4fb80e74137bd48cfe2e88a1eb1" member_type: VOTER last_known_addr { host: "127.0.108.1" port: 43833 } } peers { permanent_uuid: "e8532f4631d049c89a155242e00146b8" member_type: VOTER last_known_addr { host: "127.0.108.2" port: 33055 } } peers { permanent_uuid: "6c1ae5c074d54203833404e80f433306" member_type: VOTER last_known_addr { host: "127.0.108.3" port: 39171 } }
I20260608 12:40:42.428694  3170 tablet_service.cc:1917] Received RequestConsensusVote() RPC: tablet_id: "87f378af507a489fada6de5a9a4afbc6" candidate_uuid: "9badb4fb80e74137bd48cfe2e88a1eb1" candidate_term: 1 candidate_status { last_received { term: 0 index: 0 } } ignore_live_leader: false dest_uuid: "e8532f4631d049c89a155242e00146b8"
I20260608 12:40:42.429344  3170 raft_consensus.cc:3060] T 87f378af507a489fada6de5a9a4afbc6 P e8532f4631d049c89a155242e00146b8 [term 0 FOLLOWER]: Advancing to term 1
I20260608 12:40:42.428507  2993 catalog_manager.cc:5696] T a801bb81c68c49f29283f78a9cd80699 P 9badb4fb80e74137bd48cfe2e88a1eb1 reported cstate change: term changed from 0 to 1, leader changed from <none> to 9badb4fb80e74137bd48cfe2e88a1eb1 (127.0.108.1). New cstate: current_term: 1 leader_uuid: "9badb4fb80e74137bd48cfe2e88a1eb1" committed_config { opid_index: -1 OBSOLETE_local: false peers { permanent_uuid: "9badb4fb80e74137bd48cfe2e88a1eb1" member_type: VOTER last_known_addr { host: "127.0.108.1" port: 43833 } health_report { overall_health: HEALTHY } } peers { permanent_uuid: "e8532f4631d049c89a155242e00146b8" member_type: VOTER last_known_addr { host: "127.0.108.2" port: 33055 } health_report { overall_health: UNKNOWN } } peers { permanent_uuid: "6c1ae5c074d54203833404e80f433306" member_type: VOTER last_known_addr { host: "127.0.108.3" port: 39171 } health_report { overall_health: UNKNOWN } } }
I20260608 12:40:42.430006  3244 tablet_service.cc:1917] Received RequestConsensusVote() RPC: tablet_id: "87f378af507a489fada6de5a9a4afbc6" candidate_uuid: "9badb4fb80e74137bd48cfe2e88a1eb1" candidate_term: 1 candidate_status { last_received { term: 0 index: 0 } } ignore_live_leader: false dest_uuid: "6c1ae5c074d54203833404e80f433306"
I20260608 12:40:42.430717  3244 raft_consensus.cc:3060] T 87f378af507a489fada6de5a9a4afbc6 P 6c1ae5c074d54203833404e80f433306 [term 0 FOLLOWER]: Advancing to term 1
I20260608 12:40:42.433223  3313 leader_election.cc:290] T 87f378af507a489fada6de5a9a4afbc6 P 9badb4fb80e74137bd48cfe2e88a1eb1 [CANDIDATE]: Term 1 election: Requested vote from peers e8532f4631d049c89a155242e00146b8 (127.0.108.2:33055), 6c1ae5c074d54203833404e80f433306 (127.0.108.3:39171)
I20260608 12:40:42.436522  3170 raft_consensus.cc:2468] T 87f378af507a489fada6de5a9a4afbc6 P e8532f4631d049c89a155242e00146b8 [term 1 FOLLOWER]: Leader election vote request: Granting yes vote for candidate 9badb4fb80e74137bd48cfe2e88a1eb1 in term 1.
I20260608 12:40:42.437587  3244 raft_consensus.cc:2468] T 87f378af507a489fada6de5a9a4afbc6 P 6c1ae5c074d54203833404e80f433306 [term 1 FOLLOWER]: Leader election vote request: Granting yes vote for candidate 9badb4fb80e74137bd48cfe2e88a1eb1 in term 1.
I20260608 12:40:42.437804  3060 leader_election.cc:304] T 87f378af507a489fada6de5a9a4afbc6 P 9badb4fb80e74137bd48cfe2e88a1eb1 [CANDIDATE]: Term 1 election: Election decided. Result: candidate won. Election summary: received 2 responses out of 3 voters: 2 yes votes; 0 no votes. yes voters: 9badb4fb80e74137bd48cfe2e88a1eb1, e8532f4631d049c89a155242e00146b8; no voters: 
I20260608 12:40:42.438838  3313 raft_consensus.cc:2804] T 87f378af507a489fada6de5a9a4afbc6 P 9badb4fb80e74137bd48cfe2e88a1eb1 [term 1 FOLLOWER]: Leader election won for term 1
I20260608 12:40:42.439715  3313 raft_consensus.cc:697] T 87f378af507a489fada6de5a9a4afbc6 P 9badb4fb80e74137bd48cfe2e88a1eb1 [term 1 LEADER]: Becoming Leader. State: Replica: 9badb4fb80e74137bd48cfe2e88a1eb1, State: Running, Role: LEADER
I20260608 12:40:42.440819  3313 consensus_queue.cc:237] T 87f378af507a489fada6de5a9a4afbc6 P 9badb4fb80e74137bd48cfe2e88a1eb1 [LEADER]: Queue going to LEADER mode. State: All replicated index: 0, Majority replicated index: 0, Committed index: 0, Last appended: 0.0, Last appended by leader: 0, Current term: 1, Majority size: 2, State: 0, Mode: LEADER, active raft config: opid_index: -1 OBSOLETE_local: false peers { permanent_uuid: "9badb4fb80e74137bd48cfe2e88a1eb1" member_type: VOTER last_known_addr { host: "127.0.108.1" port: 43833 } } peers { permanent_uuid: "e8532f4631d049c89a155242e00146b8" member_type: VOTER last_known_addr { host: "127.0.108.2" port: 33055 } } peers { permanent_uuid: "6c1ae5c074d54203833404e80f433306" member_type: VOTER last_known_addr { host: "127.0.108.3" port: 39171 } }
I20260608 12:40:42.451001  2991 catalog_manager.cc:5696] T 87f378af507a489fada6de5a9a4afbc6 P 9badb4fb80e74137bd48cfe2e88a1eb1 reported cstate change: term changed from 0 to 1, leader changed from <none> to 9badb4fb80e74137bd48cfe2e88a1eb1 (127.0.108.1). New cstate: current_term: 1 leader_uuid: "9badb4fb80e74137bd48cfe2e88a1eb1" committed_config { opid_index: -1 OBSOLETE_local: false peers { permanent_uuid: "9badb4fb80e74137bd48cfe2e88a1eb1" member_type: VOTER last_known_addr { host: "127.0.108.1" port: 43833 } health_report { overall_health: HEALTHY } } peers { permanent_uuid: "e8532f4631d049c89a155242e00146b8" member_type: VOTER last_known_addr { host: "127.0.108.2" port: 33055 } health_report { overall_health: UNKNOWN } } peers { permanent_uuid: "6c1ae5c074d54203833404e80f433306" member_type: VOTER last_known_addr { host: "127.0.108.3" port: 39171 } health_report { overall_health: UNKNOWN } } }
W20260608 12:40:42.505162  3041 auto_rebalancer.cc:259] Could not retrieve cluster info: Service unavailable: Tablet not running
I20260608 12:40:42.507929  3046 auto_leader_rebalancer.cc:140] leader rebalance for table range_aware_auto_rebalancer_test
W20260608 12:40:42.510119  3046 auto_leader_rebalancer.cc:460] the master instance isn't leader: Service unavailable: Tablet not running
I20260608 12:40:42.623579  3313 raft_consensus.cc:493] T c8275e2d90f047398ac3ebed68c5ce0c P 9badb4fb80e74137bd48cfe2e88a1eb1 [term 0 FOLLOWER]: Starting pre-election (no leader contacted us within the election timeout)
I20260608 12:40:42.624330  3313 raft_consensus.cc:515] T c8275e2d90f047398ac3ebed68c5ce0c P 9badb4fb80e74137bd48cfe2e88a1eb1 [term 0 FOLLOWER]: Starting pre-election with config: opid_index: -1 OBSOLETE_local: false peers { permanent_uuid: "9badb4fb80e74137bd48cfe2e88a1eb1" member_type: VOTER last_known_addr { host: "127.0.108.1" port: 43833 } } peers { permanent_uuid: "e8532f4631d049c89a155242e00146b8" member_type: VOTER last_known_addr { host: "127.0.108.2" port: 33055 } } peers { permanent_uuid: "6c1ae5c074d54203833404e80f433306" member_type: VOTER last_known_addr { host: "127.0.108.3" port: 39171 } }
I20260608 12:40:42.626448  3313 leader_election.cc:290] T c8275e2d90f047398ac3ebed68c5ce0c P 9badb4fb80e74137bd48cfe2e88a1eb1 [CANDIDATE]: Term 1 pre-election: Requested pre-vote from peers e8532f4631d049c89a155242e00146b8 (127.0.108.2:33055), 6c1ae5c074d54203833404e80f433306 (127.0.108.3:39171)
I20260608 12:40:42.627660  3170 tablet_service.cc:1917] Received RequestConsensusVote() RPC: tablet_id: "c8275e2d90f047398ac3ebed68c5ce0c" candidate_uuid: "9badb4fb80e74137bd48cfe2e88a1eb1" candidate_term: 1 candidate_status { last_received { term: 0 index: 0 } } ignore_live_leader: false dest_uuid: "e8532f4631d049c89a155242e00146b8" is_pre_election: true
I20260608 12:40:42.627660  3244 tablet_service.cc:1917] Received RequestConsensusVote() RPC: tablet_id: "c8275e2d90f047398ac3ebed68c5ce0c" candidate_uuid: "9badb4fb80e74137bd48cfe2e88a1eb1" candidate_term: 1 candidate_status { last_received { term: 0 index: 0 } } ignore_live_leader: false dest_uuid: "6c1ae5c074d54203833404e80f433306" is_pre_election: true
I20260608 12:40:42.628630  3170 raft_consensus.cc:2468] T c8275e2d90f047398ac3ebed68c5ce0c P e8532f4631d049c89a155242e00146b8 [term 0 FOLLOWER]: Leader pre-election vote request: Granting yes vote for candidate 9badb4fb80e74137bd48cfe2e88a1eb1 in term 0.
I20260608 12:40:42.628630  3244 raft_consensus.cc:2468] T c8275e2d90f047398ac3ebed68c5ce0c P 6c1ae5c074d54203833404e80f433306 [term 0 FOLLOWER]: Leader pre-election vote request: Granting yes vote for candidate 9badb4fb80e74137bd48cfe2e88a1eb1 in term 0.
I20260608 12:40:42.630172  3058 leader_election.cc:304] T c8275e2d90f047398ac3ebed68c5ce0c P 9badb4fb80e74137bd48cfe2e88a1eb1 [CANDIDATE]: Term 1 pre-election: Election decided. Result: candidate won. Election summary: received 2 responses out of 3 voters: 2 yes votes; 0 no votes. yes voters: 6c1ae5c074d54203833404e80f433306, 9badb4fb80e74137bd48cfe2e88a1eb1; no voters: 
I20260608 12:40:42.630952  3313 raft_consensus.cc:2804] T c8275e2d90f047398ac3ebed68c5ce0c P 9badb4fb80e74137bd48cfe2e88a1eb1 [term 0 FOLLOWER]: Leader pre-election won for term 1
I20260608 12:40:42.631232  3313 raft_consensus.cc:493] T c8275e2d90f047398ac3ebed68c5ce0c P 9badb4fb80e74137bd48cfe2e88a1eb1 [term 0 FOLLOWER]: Starting leader election (no leader contacted us within the election timeout)
I20260608 12:40:42.631479  3313 raft_consensus.cc:3060] T c8275e2d90f047398ac3ebed68c5ce0c P 9badb4fb80e74137bd48cfe2e88a1eb1 [term 0 FOLLOWER]: Advancing to term 1
I20260608 12:40:42.636508  3313 raft_consensus.cc:515] T c8275e2d90f047398ac3ebed68c5ce0c P 9badb4fb80e74137bd48cfe2e88a1eb1 [term 1 FOLLOWER]: Starting leader election with config: opid_index: -1 OBSOLETE_local: false peers { permanent_uuid: "9badb4fb80e74137bd48cfe2e88a1eb1" member_type: VOTER last_known_addr { host: "127.0.108.1" port: 43833 } } peers { permanent_uuid: "e8532f4631d049c89a155242e00146b8" member_type: VOTER last_known_addr { host: "127.0.108.2" port: 33055 } } peers { permanent_uuid: "6c1ae5c074d54203833404e80f433306" member_type: VOTER last_known_addr { host: "127.0.108.3" port: 39171 } }
I20260608 12:40:42.638549  3313 leader_election.cc:290] T c8275e2d90f047398ac3ebed68c5ce0c P 9badb4fb80e74137bd48cfe2e88a1eb1 [CANDIDATE]: Term 1 election: Requested vote from peers e8532f4631d049c89a155242e00146b8 (127.0.108.2:33055), 6c1ae5c074d54203833404e80f433306 (127.0.108.3:39171)
