I20260608 12:39:19.469764  1741 raft_consensus.cc:697] T 00000000000000000000000000000000 P 5b664a37b5b44b8da0805b66088151f9 [term 1 LEADER]: Becoming Leader. State: Replica: 5b664a37b5b44b8da0805b66088151f9, State: Running, Role: LEADER
I20260608 12:39:19.470804  1741 consensus_queue.cc:237] T 00000000000000000000000000000000 P 5b664a37b5b44b8da0805b66088151f9 [LEADER]: Queue going to LEADER mode. State: All replicated index: 0, Majority replicated index: 0, Committed index: 0, Last appended: 0.0, Last appended by leader: 0, Current term: 1, Majority size: 2, State: 0, Mode: LEADER, active raft config: opid_index: -1 OBSOLETE_local: false peers { permanent_uuid: "5b664a37b5b44b8da0805b66088151f9" member_type: VOTER last_known_addr { host: "127.0.108.62" port: 40225 } } peers { permanent_uuid: "e1d051670eab4c9fbeb32c0fa0eb6e36" member_type: VOTER last_known_addr { host: "127.0.108.61" port: 35521 } } peers { permanent_uuid: "fd44356792a14fed815ffea79f84d74f" member_type: VOTER last_known_addr { host: "127.0.108.60" port: 38931 } }
I20260608 12:39:19.481534  1911 heartbeater.cc:344] Connected to a master server at 127.0.108.62:40225
I20260608 12:39:19.482024  1911 heartbeater.cc:461] Registering TS with master...
I20260608 12:39:19.482967  1911 heartbeater.cc:507] Master 127.0.108.62:40225 requested a full tablet report, sending...
I20260608 12:39:19.486083  1908 heartbeater.cc:344] Connected to a master server at 127.0.108.60:38931
I20260608 12:39:19.486634  1908 heartbeater.cc:461] Registering TS with master...
I20260608 12:39:19.487844  1908 heartbeater.cc:507] Master 127.0.108.60:38931 requested a full tablet report, sending...
I20260608 12:39:19.491516  1680 ts_manager.cc:194] Registered new tserver with Master: eeede4c1811343aaac437db8eec8a6b6 (127.0.108.2:39079)
W20260608 12:39:19.496438  1916 instance_detector.cc:116] could not retrieve AWS instance metadata: Network error: curl error: HTTP response code said error: The requested URL returned error: 404
I20260608 12:39:19.496995  1909 heartbeater.cc:344] Connected to a master server at 127.0.108.61:35521
I20260608 12:39:19.498065  1909 heartbeater.cc:461] Registering TS with master...
I20260608 12:39:19.499104  1909 heartbeater.cc:507] Master 127.0.108.61:35521 requested a full tablet report, sending...
I20260608 12:39:19.499758  1913 sys_catalog.cc:455] T 00000000000000000000000000000000 P 5b664a37b5b44b8da0805b66088151f9 [sys.catalog]: SysCatalogTable state changed. Reason: New leader 5b664a37b5b44b8da0805b66088151f9. Latest consensus state: current_term: 1 leader_uuid: "5b664a37b5b44b8da0805b66088151f9" committed_config { opid_index: -1 OBSOLETE_local: false peers { permanent_uuid: "5b664a37b5b44b8da0805b66088151f9" member_type: VOTER last_known_addr { host: "127.0.108.62" port: 40225 } } peers { permanent_uuid: "e1d051670eab4c9fbeb32c0fa0eb6e36" member_type: VOTER last_known_addr { host: "127.0.108.61" port: 35521 } } peers { permanent_uuid: "fd44356792a14fed815ffea79f84d74f" member_type: VOTER last_known_addr { host: "127.0.108.60" port: 38931 } } }
I20260608 12:39:19.500532  1913 sys_catalog.cc:458] T 00000000000000000000000000000000 P 5b664a37b5b44b8da0805b66088151f9 [sys.catalog]: This master's current role is: LEADER
I20260608 12:39:19.502353  1550 ts_manager.cc:194] Registered new tserver with Master: eeede4c1811343aaac437db8eec8a6b6 (127.0.108.2:39079)
I20260608 12:39:19.502480  1615 ts_manager.cc:194] Registered new tserver with Master: eeede4c1811343aaac437db8eec8a6b6 (127.0.108.2:39079)
I20260608 12:39:19.504838  1920 catalog_manager.cc:1510] Loading table and tablet metadata into memory...
W20260608 12:39:19.505661  1918 instance_detector.cc:116] could not retrieve Azure instance metadata: Network error: curl error: HTTP response code said error: The requested URL returned error: 404
W20260608 12:39:19.506451  1921 instance_detector.cc:116] could not retrieve OpenStack instance metadata: Network error: curl error: HTTP response code said error: The requested URL returned error: 404
I20260608 12:39:19.510720  1920 catalog_manager.cc:1519] Initializing Kudu cluster ID...
I20260608 12:39:19.511550   432 server_base.cc:1061] running on GCE node
I20260608 12:39:19.512630   432 hybrid_clock.cc:584] initializing the hybrid clock with 'system_unsync' time source
W20260608 12:39:19.512916   432 system_unsync_time.cc:38] NTP support is disabled. Clock error bounds will not be accurate. This configuration is not suitable for distributed clusters.
I20260608 12:39:19.513165   432 hybrid_clock.cc:648] HybridClock initialized: now 1780922359513144 us; error 0 us; skew 500 ppm
I20260608 12:39:19.513947   432 server_base.cc:861] Flag tcmalloc_max_total_thread_cache_bytes is not working since tcmalloc is not enabled.
I20260608 12:39:19.516911   432 webserver.cc:533] Webserver started at http://127.0.108.3:41871/ using document root <none> and password file <none>
I20260608 12:39:19.517442   432 fs_manager.cc:362] Metadata directory not provided
I20260608 12:39:19.517663   432 fs_manager.cc:368] Using write-ahead log directory (fs_wal_dir) as metadata directory
I20260608 12:39:19.518005   432 server_base.cc:909] This appears to be a new deployment of Kudu; creating new FS layout
I20260608 12:39:19.519305   432 fs_manager.cc:1068] Generated new instance metadata in path /tmp/dist-test-task8dRJzj/test-tmp/auto_rebalancer-test.0.AutoRebalancerTest.NextLeaderResumesAutoRebalancing.1780922342396000-432-0/minicluster-data/ts-2-root/instance:
uuid: "bf0b4aa3e0994c5184b9c2e6d9648541"
format_stamp: "Formatted at 2026-06-08 12:39:19 on dist-test-slave-w65z"
I20260608 12:39:19.520768  1690 raft_consensus.cc:1275] T 00000000000000000000000000000000 P fd44356792a14fed815ffea79f84d74f [term 1 FOLLOWER]: Refusing update from remote peer 5b664a37b5b44b8da0805b66088151f9: Log matching property violated. Preceding OpId in replica: term: 0 index: 0. Preceding OpId from leader: term: 1 index: 2. (index mismatch)
I20260608 12:39:19.521466  1625 raft_consensus.cc:1275] T 00000000000000000000000000000000 P e1d051670eab4c9fbeb32c0fa0eb6e36 [term 1 FOLLOWER]: Refusing update from remote peer 5b664a37b5b44b8da0805b66088151f9: Log matching property violated. Preceding OpId in replica: term: 0 index: 0. Preceding OpId from leader: term: 1 index: 2. (index mismatch)
I20260608 12:39:19.522519  1741 consensus_queue.cc:1048] T 00000000000000000000000000000000 P 5b664a37b5b44b8da0805b66088151f9 [LEADER]: Connected to new peer: Peer: permanent_uuid: "fd44356792a14fed815ffea79f84d74f" member_type: VOTER last_known_addr { host: "127.0.108.60" port: 38931 }, Status: LMP_MISMATCH, Last received: 0.0, Next index: 1, Last known committed idx: 0, Time since last communication: 0.000s
I20260608 12:39:19.523227  1913 consensus_queue.cc:1048] T 00000000000000000000000000000000 P 5b664a37b5b44b8da0805b66088151f9 [LEADER]: Connected to new peer: Peer: permanent_uuid: "e1d051670eab4c9fbeb32c0fa0eb6e36" member_type: VOTER last_known_addr { host: "127.0.108.61" port: 35521 }, Status: LMP_MISMATCH, Last received: 0.0, Next index: 1, Last known committed idx: 0, Time since last communication: 0.000s
I20260608 12:39:19.525528   432 fs_manager.cc:696] Time spent creating directory manager: real 0.006s	user 0.006s	sys 0.000s
I20260608 12:39:19.531203  1734 sys_catalog.cc:455] T 00000000000000000000000000000000 P fd44356792a14fed815ffea79f84d74f [sys.catalog]: SysCatalogTable state changed. Reason: New leader 5b664a37b5b44b8da0805b66088151f9. Latest consensus state: current_term: 1 leader_uuid: "5b664a37b5b44b8da0805b66088151f9" committed_config { opid_index: -1 OBSOLETE_local: false peers { permanent_uuid: "5b664a37b5b44b8da0805b66088151f9" member_type: VOTER last_known_addr { host: "127.0.108.62" port: 40225 } } peers { permanent_uuid: "e1d051670eab4c9fbeb32c0fa0eb6e36" member_type: VOTER last_known_addr { host: "127.0.108.61" port: 35521 } } peers { permanent_uuid: "fd44356792a14fed815ffea79f84d74f" member_type: VOTER last_known_addr { host: "127.0.108.60" port: 38931 } } }
I20260608 12:39:19.532188  1734 sys_catalog.cc:458] T 00000000000000000000000000000000 P fd44356792a14fed815ffea79f84d74f [sys.catalog]: This master's current role is: FOLLOWER
I20260608 12:39:19.536966  1930 log_block_manager.cc:4031] Time spent loading block containers with low live blocks: real 0.000s	user 0.000s	sys 0.000s
I20260608 12:39:19.537971   432 fs_manager.cc:730] Time spent opening block manager: real 0.009s	user 0.005s	sys 0.004s
I20260608 12:39:19.537868  1741 sys_catalog.cc:455] T 00000000000000000000000000000000 P 5b664a37b5b44b8da0805b66088151f9 [sys.catalog]: SysCatalogTable state changed. Reason: Peer health change. Latest consensus state: current_term: 1 leader_uuid: "5b664a37b5b44b8da0805b66088151f9" committed_config { opid_index: -1 OBSOLETE_local: false peers { permanent_uuid: "5b664a37b5b44b8da0805b66088151f9" member_type: VOTER last_known_addr { host: "127.0.108.62" port: 40225 } } peers { permanent_uuid: "e1d051670eab4c9fbeb32c0fa0eb6e36" member_type: VOTER last_known_addr { host: "127.0.108.61" port: 35521 } } peers { permanent_uuid: "fd44356792a14fed815ffea79f84d74f" member_type: VOTER last_known_addr { host: "127.0.108.60" port: 38931 } } }
I20260608 12:39:19.538498   432 fs_manager.cc:647] Opened local filesystem: /tmp/dist-test-task8dRJzj/test-tmp/auto_rebalancer-test.0.AutoRebalancerTest.NextLeaderResumesAutoRebalancing.1780922342396000-432-0/minicluster-data/ts-2-root
uuid: "bf0b4aa3e0994c5184b9c2e6d9648541"
format_stamp: "Formatted at 2026-06-08 12:39:19 on dist-test-slave-w65z"
I20260608 12:39:19.538672  1741 sys_catalog.cc:458] T 00000000000000000000000000000000 P 5b664a37b5b44b8da0805b66088151f9 [sys.catalog]: This master's current role is: LEADER
I20260608 12:39:19.539034  1920 catalog_manager.cc:1382] Generated new cluster ID: 08e9b3bd67a44134bfa225a727f3f66d
I20260608 12:39:19.538911   432 fs_report.cc:389] FS layout report
--------------------
wal directory: /tmp/dist-test-task8dRJzj/test-tmp/auto_rebalancer-test.0.AutoRebalancerTest.NextLeaderResumesAutoRebalancing.1780922342396000-432-0/minicluster-data/ts-2-root
metadata directory: /tmp/dist-test-task8dRJzj/test-tmp/auto_rebalancer-test.0.AutoRebalancerTest.NextLeaderResumesAutoRebalancing.1780922342396000-432-0/minicluster-data/ts-2-root
1 data directories: /tmp/dist-test-task8dRJzj/test-tmp/auto_rebalancer-test.0.AutoRebalancerTest.NextLeaderResumesAutoRebalancing.1780922342396000-432-0/minicluster-data/ts-2-root/data
Total live blocks: 0
Total live bytes: 0
Total live bytes (after alignment): 0
Total number of LBM containers: 0 (0 full)
Did not check for missing blocks
Did not check for orphaned blocks
Total full LBM containers with extra space: 0 (0 repaired)
Total full LBM container extra space in bytes: 0 (0 repaired)
Total incomplete LBM containers: 0 (0 repaired)
Total LBM partial records: 0 (0 repaired)
Total corrupted LBM metadata records in RocksDB: 0 (0 repaired)
I20260608 12:39:19.539333  1920 catalog_manager.cc:1530] Initializing Kudu internal certificate authority...
I20260608 12:39:19.543540  1720 sys_catalog.cc:455] T 00000000000000000000000000000000 P e1d051670eab4c9fbeb32c0fa0eb6e36 [sys.catalog]: SysCatalogTable state changed. Reason: New leader 5b664a37b5b44b8da0805b66088151f9. Latest consensus state: current_term: 1 leader_uuid: "5b664a37b5b44b8da0805b66088151f9" committed_config { opid_index: -1 OBSOLETE_local: false peers { permanent_uuid: "5b664a37b5b44b8da0805b66088151f9" member_type: VOTER last_known_addr { host: "127.0.108.62" port: 40225 } } peers { permanent_uuid: "e1d051670eab4c9fbeb32c0fa0eb6e36" member_type: VOTER last_known_addr { host: "127.0.108.61" port: 35521 } } peers { permanent_uuid: "fd44356792a14fed815ffea79f84d74f" member_type: VOTER last_known_addr { host: "127.0.108.60" port: 38931 } } }
I20260608 12:39:19.544572  1720 sys_catalog.cc:458] T 00000000000000000000000000000000 P e1d051670eab4c9fbeb32c0fa0eb6e36 [sys.catalog]: This master's current role is: FOLLOWER
I20260608 12:39:19.548053  1913 sys_catalog.cc:455] T 00000000000000000000000000000000 P 5b664a37b5b44b8da0805b66088151f9 [sys.catalog]: SysCatalogTable state changed. Reason: Peer health change. Latest consensus state: current_term: 1 leader_uuid: "5b664a37b5b44b8da0805b66088151f9" committed_config { opid_index: -1 OBSOLETE_local: false peers { permanent_uuid: "5b664a37b5b44b8da0805b66088151f9" member_type: VOTER last_known_addr { host: "127.0.108.62" port: 40225 } } peers { permanent_uuid: "e1d051670eab4c9fbeb32c0fa0eb6e36" member_type: VOTER last_known_addr { host: "127.0.108.61" port: 35521 } } peers { permanent_uuid: "fd44356792a14fed815ffea79f84d74f" member_type: VOTER last_known_addr { host: "127.0.108.60" port: 38931 } } }
I20260608 12:39:19.549057  1913 sys_catalog.cc:458] T 00000000000000000000000000000000 P 5b664a37b5b44b8da0805b66088151f9 [sys.catalog]: This master's current role is: LEADER
I20260608 12:39:19.554719  1734 sys_catalog.cc:455] T 00000000000000000000000000000000 P fd44356792a14fed815ffea79f84d74f [sys.catalog]: SysCatalogTable state changed. Reason: Replicated consensus-only round. Latest consensus state: current_term: 1 leader_uuid: "5b664a37b5b44b8da0805b66088151f9" committed_config { opid_index: -1 OBSOLETE_local: false peers { permanent_uuid: "5b664a37b5b44b8da0805b66088151f9" member_type: VOTER last_known_addr { host: "127.0.108.62" port: 40225 } } peers { permanent_uuid: "e1d051670eab4c9fbeb32c0fa0eb6e36" member_type: VOTER last_known_addr { host: "127.0.108.61" port: 35521 } } peers { permanent_uuid: "fd44356792a14fed815ffea79f84d74f" member_type: VOTER last_known_addr { host: "127.0.108.60" port: 38931 } } }
I20260608 12:39:19.555380  1734 sys_catalog.cc:458] T 00000000000000000000000000000000 P fd44356792a14fed815ffea79f84d74f [sys.catalog]: This master's current role is: FOLLOWER
I20260608 12:39:19.558697  1720 sys_catalog.cc:455] T 00000000000000000000000000000000 P e1d051670eab4c9fbeb32c0fa0eb6e36 [sys.catalog]: SysCatalogTable state changed. Reason: Replicated consensus-only round. Latest consensus state: current_term: 1 leader_uuid: "5b664a37b5b44b8da0805b66088151f9" committed_config { opid_index: -1 OBSOLETE_local: false peers { permanent_uuid: "5b664a37b5b44b8da0805b66088151f9" member_type: VOTER last_known_addr { host: "127.0.108.62" port: 40225 } } peers { permanent_uuid: "e1d051670eab4c9fbeb32c0fa0eb6e36" member_type: VOTER last_known_addr { host: "127.0.108.61" port: 35521 } } peers { permanent_uuid: "fd44356792a14fed815ffea79f84d74f" member_type: VOTER last_known_addr { host: "127.0.108.60" port: 38931 } } }
I20260608 12:39:19.559986  1720 sys_catalog.cc:458] T 00000000000000000000000000000000 P e1d051670eab4c9fbeb32c0fa0eb6e36 [sys.catalog]: This master's current role is: FOLLOWER
I20260608 12:39:19.574391   432 rpc_server.cc:225] running with OpenSSL 1.1.1  11 Sep 2018
I20260608 12:39:19.576006   432 kserver.cc:163] Server-wide thread pool size limit: 3276
I20260608 12:39:19.579537  1920 catalog_manager.cc:1405] Generated new certificate authority record
I20260608 12:39:19.581243  1920 catalog_manager.cc:1539] Loading token signing keys...
I20260608 12:39:19.583611   432 txn_system_client.cc:432] TxnSystemClient initialization is disabled...
I20260608 12:39:19.586381   432 ts_tablet_manager.cc:585] Loaded tablet metadata (0 total tablets, 0 live tablets)
I20260608 12:39:19.586565   432 ts_tablet_manager.cc:531] Time spent load tablet metadata: real 0.000s	user 0.000s	sys 0.000s
I20260608 12:39:19.586867   432 ts_tablet_manager.cc:616] Registered 0 tablets
I20260608 12:39:19.587033   432 ts_tablet_manager.cc:595] Time spent register tablets: real 0.000s	user 0.000s	sys 0.000s
I20260608 12:39:19.614735  1920 catalog_manager.cc:6069] T 00000000000000000000000000000000 P 5b664a37b5b44b8da0805b66088151f9: Generated new TSK 0
I20260608 12:39:19.615535  1920 catalog_manager.cc:1549] Initializing in-progress tserver states...
I20260608 12:39:19.645581   432 rpc_server.cc:307] RPC server started. Bound to: 127.0.108.3:40031
I20260608 12:39:19.645756  1997 acceptor_pool.cc:272] collecting diagnostics on the listening RPC socket 127.0.108.3:40031 every 8 connection(s)
I20260608 12:39:19.669389  1998 heartbeater.cc:344] Connected to a master server at 127.0.108.60:38931
I20260608 12:39:19.669948  1998 heartbeater.cc:461] Registering TS with master...
I20260608 12:39:19.671128  1999 heartbeater.cc:344] Connected to a master server at 127.0.108.61:35521
I20260608 12:39:19.671723  1999 heartbeater.cc:461] Registering TS with master...
I20260608 12:39:19.672876  1999 heartbeater.cc:507] Master 127.0.108.61:35521 requested a full tablet report, sending...
I20260608 12:39:19.676954  1615 ts_manager.cc:194] Registered new tserver with Master: bf0b4aa3e0994c5184b9c2e6d9648541 (127.0.108.3:40031)
I20260608 12:39:19.671140  1998 heartbeater.cc:507] Master 127.0.108.60:38931 requested a full tablet report, sending...
I20260608 12:39:19.681633  1680 ts_manager.cc:194] Registered new tserver with Master: bf0b4aa3e0994c5184b9c2e6d9648541 (127.0.108.3:40031)
I20260608 12:39:19.683717  2000 heartbeater.cc:344] Connected to a master server at 127.0.108.62:40225
I20260608 12:39:19.684070  2000 heartbeater.cc:461] Registering TS with master...
I20260608 12:39:19.684754  2000 heartbeater.cc:507] Master 127.0.108.62:40225 requested a full tablet report, sending...
I20260608 12:39:19.686720  1550 ts_manager.cc:194] Registered new tserver with Master: bf0b4aa3e0994c5184b9c2e6d9648541 (127.0.108.3:40031)
I20260608 12:39:19.687243   432 internal_mini_cluster.cc:371] 3 TS(s) registered with all masters after 0.006665004s
I20260608 12:39:19.688431  1550 master_service.cc:502] Signed X509 certificate for tserver {username='slave'} at 127.0.0.1:35894
I20260608 12:39:20.183310  1732 catalog_manager.cc:1294] Loaded cluster ID: 08e9b3bd67a44134bfa225a727f3f66d
I20260608 12:39:20.183593  1732 catalog_manager.cc:1587] T 00000000000000000000000000000000 P e1d051670eab4c9fbeb32c0fa0eb6e36: loading cluster ID for follower catalog manager: success
I20260608 12:39:20.188491  1732 catalog_manager.cc:1609] T 00000000000000000000000000000000 P e1d051670eab4c9fbeb32c0fa0eb6e36: acquiring CA information for follower catalog manager: success
I20260608 12:39:20.192153  1732 catalog_manager.cc:1637] T 00000000000000000000000000000000 P e1d051670eab4c9fbeb32c0fa0eb6e36: importing token verification keys for follower catalog manager: success; most recent TSK sequence number 0
I20260608 12:39:20.211844  1747 catalog_manager.cc:1294] Loaded cluster ID: 08e9b3bd67a44134bfa225a727f3f66d
I20260608 12:39:20.212159  1747 catalog_manager.cc:1587] T 00000000000000000000000000000000 P fd44356792a14fed815ffea79f84d74f: loading cluster ID for follower catalog manager: success
I20260608 12:39:20.216629  1747 catalog_manager.cc:1609] T 00000000000000000000000000000000 P fd44356792a14fed815ffea79f84d74f: acquiring CA information for follower catalog manager: success
I20260608 12:39:20.220005  1747 catalog_manager.cc:1637] T 00000000000000000000000000000000 P fd44356792a14fed815ffea79f84d74f: importing token verification keys for follower catalog manager: success; most recent TSK sequence number 0
I20260608 12:39:20.359894  1550 master_service.cc:502] Signed X509 certificate for tserver {username='slave'} at 127.0.0.1:35866
I20260608 12:39:20.507459  1550 master_service.cc:502] Signed X509 certificate for tserver {username='slave'} at 127.0.0.1:35878
I20260608 12:39:20.690784  2000 heartbeater.cc:499] Master 127.0.108.62:40225 was elected leader, sending a full tablet report...
I20260608 12:39:21.212256  1757 auto_leader_rebalancer.cc:451] All tables' leader rebalancing finished this round
I20260608 12:39:21.283605  1550 catalog_manager.cc:2282] Servicing CreateTable request from {username='slave'} at 127.0.0.1:35896:
name: "test-workload"
schema {
  columns {
    name: "key"
    type: INT32
    is_key: true
    is_nullable: false
    encoding: AUTO_ENCODING
    compression: DEFAULT_COMPRESSION
    cfile_block_size: 0
    immutable: false
  }
  columns {
    name: "int_val"
    type: INT32
    is_key: false
    is_nullable: false
    encoding: AUTO_ENCODING
    compression: DEFAULT_COMPRESSION
    cfile_block_size: 0
    immutable: false
  }
  columns {
    name: "string_val"
    type: STRING
    is_key: false
    is_nullable: true
    encoding: AUTO_ENCODING
    compression: DEFAULT_COMPRESSION
    cfile_block_size: 0
    immutable: false
  }
}
num_replicas: 1
split_rows_range_bounds {
  rows: "\004\001\000\252\252\252*\004\001\000TUUU""\004\001\000\252\252\252*\004\001\000TUUU"
  indirect_data: """"
}
partition_schema {
  range_schema {
    columns {
      name: "key"
    }
  }
}
I20260608 12:39:21.362131  1832 heartbeater.cc:499] Master 127.0.108.62:40225 was elected leader, sending a full tablet report...
I20260608 12:39:21.367653  1795 tablet_service.cc:1511] Processing CreateTablet for tablet f88128cc79c14b54b9443a1de6a3a90d (DEFAULT_TABLE table=test-workload [id=3e2f4e2606ee4e8e9df598b3b4a717bf]), partition=RANGE (key) PARTITION VALUES < 715827882
I20260608 12:39:21.369122  1795 data_dirs.cc:400] Could only allocate 1 dirs of requested 3 for tablet f88128cc79c14b54b9443a1de6a3a90d. 1 dirs total, 0 dirs full, 0 dirs failed
I20260608 12:39:21.373232  1873 tablet_service.cc:1511] Processing CreateTablet for tablet ddc45c1c956141b6959c0a906380abd9 (DEFAULT_TABLE table=test-workload [id=3e2f4e2606ee4e8e9df598b3b4a717bf]), partition=RANGE (key) PARTITION 715827882 <= VALUES < 1431655764
I20260608 12:39:21.374689  1873 data_dirs.cc:400] Could only allocate 1 dirs of requested 3 for tablet ddc45c1c956141b6959c0a906380abd9. 1 dirs total, 0 dirs full, 0 dirs failed
I20260608 12:39:21.376365  1963 tablet_service.cc:1511] Processing CreateTablet for tablet 3e17a3bf561b4ddbb7eff80b04cd06fa (DEFAULT_TABLE table=test-workload [id=3e2f4e2606ee4e8e9df598b3b4a717bf]), partition=RANGE (key) PARTITION 1431655764 <= VALUES
I20260608 12:39:21.377494  1963 data_dirs.cc:400] Could only allocate 1 dirs of requested 3 for tablet 3e17a3bf561b4ddbb7eff80b04cd06fa. 1 dirs total, 0 dirs full, 0 dirs failed
I20260608 12:39:21.386798  2033 tablet_bootstrap.cc:492] T f88128cc79c14b54b9443a1de6a3a90d P 00a86861d5434746b677cb3f085ceb81: Bootstrap starting.
I20260608 12:39:21.390412  2034 tablet_bootstrap.cc:492] T ddc45c1c956141b6959c0a906380abd9 P eeede4c1811343aaac437db8eec8a6b6: Bootstrap starting.
I20260608 12:39:21.392000  2035 tablet_bootstrap.cc:492] T 3e17a3bf561b4ddbb7eff80b04cd06fa P bf0b4aa3e0994c5184b9c2e6d9648541: Bootstrap starting.
I20260608 12:39:21.394268  2033 tablet_bootstrap.cc:654] T f88128cc79c14b54b9443a1de6a3a90d P 00a86861d5434746b677cb3f085ceb81: Neither blocks nor log segments found. Creating new log.
I20260608 12:39:21.398200  2034 tablet_bootstrap.cc:654] T ddc45c1c956141b6959c0a906380abd9 P eeede4c1811343aaac437db8eec8a6b6: Neither blocks nor log segments found. Creating new log.
I20260608 12:39:21.399277  2035 tablet_bootstrap.cc:654] T 3e17a3bf561b4ddbb7eff80b04cd06fa P bf0b4aa3e0994c5184b9c2e6d9648541: Neither blocks nor log segments found. Creating new log.
I20260608 12:39:21.399549  2033 tablet_bootstrap.cc:492] T f88128cc79c14b54b9443a1de6a3a90d P 00a86861d5434746b677cb3f085ceb81: No bootstrap required, opened a new log
I20260608 12:39:21.399998  2033 ts_tablet_manager.cc:1403] T f88128cc79c14b54b9443a1de6a3a90d P 00a86861d5434746b677cb3f085ceb81: Time spent bootstrapping tablet: real 0.013s	user 0.011s	sys 0.000s
I20260608 12:39:21.402848  2033 raft_consensus.cc:359] T f88128cc79c14b54b9443a1de6a3a90d P 00a86861d5434746b677cb3f085ceb81 [term 0 FOLLOWER]: Replica starting. Triggering 0 pending ops. Active config: opid_index: -1 OBSOLETE_local: true peers { permanent_uuid: "00a86861d5434746b677cb3f085ceb81" member_type: VOTER last_known_addr { host: "127.0.108.1" port: 41263 } }
I20260608 12:39:21.403313  2033 raft_consensus.cc:385] T f88128cc79c14b54b9443a1de6a3a90d P 00a86861d5434746b677cb3f085ceb81 [term 0 FOLLOWER]: Consensus starting up: Expiring failure detector timer to make a prompt election more likely
I20260608 12:39:21.403574  2033 raft_consensus.cc:740] T f88128cc79c14b54b9443a1de6a3a90d P 00a86861d5434746b677cb3f085ceb81 [term 0 FOLLOWER]: Becoming Follower/Learner. State: Replica: 00a86861d5434746b677cb3f085ceb81, State: Initialized, Role: FOLLOWER
I20260608 12:39:21.404234  2033 consensus_queue.cc:260] T f88128cc79c14b54b9443a1de6a3a90d P 00a86861d5434746b677cb3f085ceb81 [NON_LEADER]: Queue going to NON_LEADER mode. State: All replicated index: 0, Majority replicated index: 0, Committed index: 0, Last appended: 0.0, Last appended by leader: 0, Current term: 0, Majority size: -1, State: 0, Mode: NON_LEADER, active raft config: opid_index: -1 OBSOLETE_local: true peers { permanent_uuid: "00a86861d5434746b677cb3f085ceb81" member_type: VOTER last_known_addr { host: "127.0.108.1" port: 41263 } }
I20260608 12:39:21.404685  2034 tablet_bootstrap.cc:492] T ddc45c1c956141b6959c0a906380abd9 P eeede4c1811343aaac437db8eec8a6b6: No bootstrap required, opened a new log
I20260608 12:39:21.404757  2033 raft_consensus.cc:399] T f88128cc79c14b54b9443a1de6a3a90d P 00a86861d5434746b677cb3f085ceb81 [term 0 FOLLOWER]: Only one voter in the Raft config. Triggering election immediately
I20260608 12:39:21.405536  2034 ts_tablet_manager.cc:1403] T ddc45c1c956141b6959c0a906380abd9 P eeede4c1811343aaac437db8eec8a6b6: Time spent bootstrapping tablet: real 0.015s	user 0.014s	sys 0.000s
I20260608 12:39:21.405454  2033 raft_consensus.cc:493] T f88128cc79c14b54b9443a1de6a3a90d P 00a86861d5434746b677cb3f085ceb81 [term 0 FOLLOWER]: Starting leader election (initial election of a single-replica configuration)
I20260608 12:39:21.406800  2033 raft_consensus.cc:3060] T f88128cc79c14b54b9443a1de6a3a90d P 00a86861d5434746b677cb3f085ceb81 [term 0 FOLLOWER]: Advancing to term 1
I20260608 12:39:21.408028  2035 tablet_bootstrap.cc:492] T 3e17a3bf561b4ddbb7eff80b04cd06fa P bf0b4aa3e0994c5184b9c2e6d9648541: No bootstrap required, opened a new log
I20260608 12:39:21.408627  2035 ts_tablet_manager.cc:1403] T 3e17a3bf561b4ddbb7eff80b04cd06fa P bf0b4aa3e0994c5184b9c2e6d9648541: Time spent bootstrapping tablet: real 0.017s	user 0.016s	sys 0.000s
I20260608 12:39:21.408748  2034 raft_consensus.cc:359] T ddc45c1c956141b6959c0a906380abd9 P eeede4c1811343aaac437db8eec8a6b6 [term 0 FOLLOWER]: Replica starting. Triggering 0 pending ops. Active config: opid_index: -1 OBSOLETE_local: true peers { permanent_uuid: "eeede4c1811343aaac437db8eec8a6b6" member_type: VOTER last_known_addr { host: "127.0.108.2" port: 39079 } }
I20260608 12:39:21.409386  2034 raft_consensus.cc:385] T ddc45c1c956141b6959c0a906380abd9 P eeede4c1811343aaac437db8eec8a6b6 [term 0 FOLLOWER]: Consensus starting up: Expiring failure detector timer to make a prompt election more likely
I20260608 12:39:21.409739  2034 raft_consensus.cc:740] T ddc45c1c956141b6959c0a906380abd9 P eeede4c1811343aaac437db8eec8a6b6 [term 0 FOLLOWER]: Becoming Follower/Learner. State: Replica: eeede4c1811343aaac437db8eec8a6b6, State: Initialized, Role: FOLLOWER
I20260608 12:39:21.410502  2034 consensus_queue.cc:260] T ddc45c1c956141b6959c0a906380abd9 P eeede4c1811343aaac437db8eec8a6b6 [NON_LEADER]: Queue going to NON_LEADER mode. State: All replicated index: 0, Majority replicated index: 0, Committed index: 0, Last appended: 0.0, Last appended by leader: 0, Current term: 0, Majority size: -1, State: 0, Mode: NON_LEADER, active raft config: opid_index: -1 OBSOLETE_local: true peers { permanent_uuid: "eeede4c1811343aaac437db8eec8a6b6" member_type: VOTER last_known_addr { host: "127.0.108.2" port: 39079 } }
I20260608 12:39:21.411233  2034 raft_consensus.cc:399] T ddc45c1c956141b6959c0a906380abd9 P eeede4c1811343aaac437db8eec8a6b6 [term 0 FOLLOWER]: Only one voter in the Raft config. Triggering election immediately
I20260608 12:39:21.411550  2034 raft_consensus.cc:493] T ddc45c1c956141b6959c0a906380abd9 P eeede4c1811343aaac437db8eec8a6b6 [term 0 FOLLOWER]: Starting leader election (initial election of a single-replica configuration)
I20260608 12:39:21.411900  2034 raft_consensus.cc:3060] T ddc45c1c956141b6959c0a906380abd9 P eeede4c1811343aaac437db8eec8a6b6 [term 0 FOLLOWER]: Advancing to term 1
I20260608 12:39:21.411901  2035 raft_consensus.cc:359] T 3e17a3bf561b4ddbb7eff80b04cd06fa P bf0b4aa3e0994c5184b9c2e6d9648541 [term 0 FOLLOWER]: Replica starting. Triggering 0 pending ops. Active config: opid_index: -1 OBSOLETE_local: true peers { permanent_uuid: "bf0b4aa3e0994c5184b9c2e6d9648541" member_type: VOTER last_known_addr { host: "127.0.108.3" port: 40031 } }
I20260608 12:39:21.412542  2033 raft_consensus.cc:515] T f88128cc79c14b54b9443a1de6a3a90d P 00a86861d5434746b677cb3f085ceb81 [term 1 FOLLOWER]: Starting leader election with config: opid_index: -1 OBSOLETE_local: true peers { permanent_uuid: "00a86861d5434746b677cb3f085ceb81" member_type: VOTER last_known_addr { host: "127.0.108.1" port: 41263 } }
I20260608 12:39:21.412715  2035 raft_consensus.cc:385] T 3e17a3bf561b4ddbb7eff80b04cd06fa P bf0b4aa3e0994c5184b9c2e6d9648541 [term 0 FOLLOWER]: Consensus starting up: Expiring failure detector timer to make a prompt election more likely
I20260608 12:39:21.413148  2035 raft_consensus.cc:740] T 3e17a3bf561b4ddbb7eff80b04cd06fa P bf0b4aa3e0994c5184b9c2e6d9648541 [term 0 FOLLOWER]: Becoming Follower/Learner. State: Replica: bf0b4aa3e0994c5184b9c2e6d9648541, State: Initialized, Role: FOLLOWER
I20260608 12:39:21.413276  2033 leader_election.cc:304] T f88128cc79c14b54b9443a1de6a3a90d P 00a86861d5434746b677cb3f085ceb81 [CANDIDATE]: Term 1 election: Election decided. Result: candidate won. Election summary: received 1 responses out of 1 voters: 1 yes votes; 0 no votes. yes voters: 00a86861d5434746b677cb3f085ceb81; no voters: 
I20260608 12:39:21.414044  2035 consensus_queue.cc:260] T 3e17a3bf561b4ddbb7eff80b04cd06fa P bf0b4aa3e0994c5184b9c2e6d9648541 [NON_LEADER]: Queue going to NON_LEADER mode. State: All replicated index: 0, Majority replicated index: 0, Committed index: 0, Last appended: 0.0, Last appended by leader: 0, Current term: 0, Majority size: -1, State: 0, Mode: NON_LEADER, active raft config: opid_index: -1 OBSOLETE_local: true peers { permanent_uuid: "bf0b4aa3e0994c5184b9c2e6d9648541" member_type: VOTER last_known_addr { host: "127.0.108.3" port: 40031 } }
I20260608 12:39:21.414832  2035 raft_consensus.cc:399] T 3e17a3bf561b4ddbb7eff80b04cd06fa P bf0b4aa3e0994c5184b9c2e6d9648541 [term 0 FOLLOWER]: Only one voter in the Raft config. Triggering election immediately
I20260608 12:39:21.414918  2033 leader_election.cc:290] T f88128cc79c14b54b9443a1de6a3a90d P 00a86861d5434746b677cb3f085ceb81 [CANDIDATE]: Term 1 election: Requested vote from peers 
I20260608 12:39:21.415381  2035 raft_consensus.cc:493] T 3e17a3bf561b4ddbb7eff80b04cd06fa P bf0b4aa3e0994c5184b9c2e6d9648541 [term 0 FOLLOWER]: Starting leader election (initial election of a single-replica configuration)
I20260608 12:39:21.415449  2039 raft_consensus.cc:2804] T f88128cc79c14b54b9443a1de6a3a90d P 00a86861d5434746b677cb3f085ceb81 [term 1 FOLLOWER]: Leader election won for term 1
I20260608 12:39:21.416023  2035 raft_consensus.cc:3060] T 3e17a3bf561b4ddbb7eff80b04cd06fa P bf0b4aa3e0994c5184b9c2e6d9648541 [term 0 FOLLOWER]: Advancing to term 1
I20260608 12:39:21.419080  2034 raft_consensus.cc:515] T ddc45c1c956141b6959c0a906380abd9 P eeede4c1811343aaac437db8eec8a6b6 [term 1 FOLLOWER]: Starting leader election with config: opid_index: -1 OBSOLETE_local: true peers { permanent_uuid: "eeede4c1811343aaac437db8eec8a6b6" member_type: VOTER last_known_addr { host: "127.0.108.2" port: 39079 } }
I20260608 12:39:21.419930  2034 leader_election.cc:304] T ddc45c1c956141b6959c0a906380abd9 P eeede4c1811343aaac437db8eec8a6b6 [CANDIDATE]: Term 1 election: Election decided. Result: candidate won. Election summary: received 1 responses out of 1 voters: 1 yes votes; 0 no votes. yes voters: eeede4c1811343aaac437db8eec8a6b6; no voters: 
I20260608 12:39:21.423487  2035 raft_consensus.cc:515] T 3e17a3bf561b4ddbb7eff80b04cd06fa P bf0b4aa3e0994c5184b9c2e6d9648541 [term 1 FOLLOWER]: Starting leader election with config: opid_index: -1 OBSOLETE_local: true peers { permanent_uuid: "bf0b4aa3e0994c5184b9c2e6d9648541" member_type: VOTER last_known_addr { host: "127.0.108.3" port: 40031 } }
I20260608 12:39:21.424604  2035 leader_election.cc:304] T 3e17a3bf561b4ddbb7eff80b04cd06fa P bf0b4aa3e0994c5184b9c2e6d9648541 [CANDIDATE]: Term 1 election: Election decided. Result: candidate won. Election summary: received 1 responses out of 1 voters: 1 yes votes; 0 no votes. yes voters: bf0b4aa3e0994c5184b9c2e6d9648541; no voters: 
I20260608 12:39:21.427848  2033 ts_tablet_manager.cc:1434] T f88128cc79c14b54b9443a1de6a3a90d P 00a86861d5434746b677cb3f085ceb81: Time spent starting tablet: real 0.028s	user 0.019s	sys 0.009s
I20260608 12:39:21.427757  2039 raft_consensus.cc:697] T f88128cc79c14b54b9443a1de6a3a90d P 00a86861d5434746b677cb3f085ceb81 [term 1 LEADER]: Becoming Leader. State: Replica: 00a86861d5434746b677cb3f085ceb81, State: Running, Role: LEADER
I20260608 12:39:21.428423  2042 raft_consensus.cc:2804] T ddc45c1c956141b6959c0a906380abd9 P eeede4c1811343aaac437db8eec8a6b6 [term 1 FOLLOWER]: Leader election won for term 1
I20260608 12:39:21.428865  2034 leader_election.cc:290] T ddc45c1c956141b6959c0a906380abd9 P eeede4c1811343aaac437db8eec8a6b6 [CANDIDATE]: Term 1 election: Requested vote from peers 
I20260608 12:39:21.428882  2039 consensus_queue.cc:237] T f88128cc79c14b54b9443a1de6a3a90d P 00a86861d5434746b677cb3f085ceb81 [LEADER]: Queue going to LEADER mode. State: All replicated index: 0, Majority replicated index: 0, Committed index: 0, Last appended: 0.0, Last appended by leader: 0, Current term: 1, Majority size: 1, State: 0, Mode: LEADER, active raft config: opid_index: -1 OBSOLETE_local: true peers { permanent_uuid: "00a86861d5434746b677cb3f085ceb81" member_type: VOTER last_known_addr { host: "127.0.108.1" port: 41263 } }
I20260608 12:39:21.432869  2034 ts_tablet_manager.cc:1434] T ddc45c1c956141b6959c0a906380abd9 P eeede4c1811343aaac437db8eec8a6b6: Time spent starting tablet: real 0.027s	user 0.019s	sys 0.004s
I20260608 12:39:21.432890  1911 heartbeater.cc:499] Master 127.0.108.62:40225 was elected leader, sending a full tablet report...
I20260608 12:39:21.435611  2043 raft_consensus.cc:2804] T 3e17a3bf561b4ddbb7eff80b04cd06fa P bf0b4aa3e0994c5184b9c2e6d9648541 [term 1 FOLLOWER]: Leader election won for term 1
I20260608 12:39:21.437177  2035 leader_election.cc:290] T 3e17a3bf561b4ddbb7eff80b04cd06fa P bf0b4aa3e0994c5184b9c2e6d9648541 [CANDIDATE]: Term 1 election: Requested vote from peers 
I20260608 12:39:21.439373  2042 raft_consensus.cc:697] T ddc45c1c956141b6959c0a906380abd9 P eeede4c1811343aaac437db8eec8a6b6 [term 1 LEADER]: Becoming Leader. State: Replica: eeede4c1811343aaac437db8eec8a6b6, State: Running, Role: LEADER
I20260608 12:39:21.440251  2035 ts_tablet_manager.cc:1434] T 3e17a3bf561b4ddbb7eff80b04cd06fa P bf0b4aa3e0994c5184b9c2e6d9648541: Time spent starting tablet: real 0.031s	user 0.007s	sys 0.014s
I20260608 12:39:21.440280  2042 consensus_queue.cc:237] T ddc45c1c956141b6959c0a906380abd9 P eeede4c1811343aaac437db8eec8a6b6 [LEADER]: Queue going to LEADER mode. State: All replicated index: 0, Majority replicated index: 0, Committed index: 0, Last appended: 0.0, Last appended by leader: 0, Current term: 1, Majority size: 1, State: 0, Mode: LEADER, active raft config: opid_index: -1 OBSOLETE_local: true peers { permanent_uuid: "eeede4c1811343aaac437db8eec8a6b6" member_type: VOTER last_known_addr { host: "127.0.108.2" port: 39079 } }
I20260608 12:39:21.443430  2043 raft_consensus.cc:697] T 3e17a3bf561b4ddbb7eff80b04cd06fa P bf0b4aa3e0994c5184b9c2e6d9648541 [term 1 LEADER]: Becoming Leader. State: Replica: bf0b4aa3e0994c5184b9c2e6d9648541, State: Running, Role: LEADER
I20260608 12:39:21.444440  2043 consensus_queue.cc:237] T 3e17a3bf561b4ddbb7eff80b04cd06fa P bf0b4aa3e0994c5184b9c2e6d9648541 [LEADER]: Queue going to LEADER mode. State: All replicated index: 0, Majority replicated index: 0, Committed index: 0, Last appended: 0.0, Last appended by leader: 0, Current term: 1, Majority size: 1, State: 0, Mode: LEADER, active raft config: opid_index: -1 OBSOLETE_local: true peers { permanent_uuid: "bf0b4aa3e0994c5184b9c2e6d9648541" member_type: VOTER last_known_addr { host: "127.0.108.3" port: 40031 } }
I20260608 12:39:21.453459  1550 catalog_manager.cc:5696] T f88128cc79c14b54b9443a1de6a3a90d P 00a86861d5434746b677cb3f085ceb81 reported cstate change: term changed from 0 to 1, leader changed from <none> to 00a86861d5434746b677cb3f085ceb81 (127.0.108.1). New cstate: current_term: 1 leader_uuid: "00a86861d5434746b677cb3f085ceb81" committed_config { opid_index: -1 OBSOLETE_local: true peers { permanent_uuid: "00a86861d5434746b677cb3f085ceb81" member_type: VOTER last_known_addr { host: "127.0.108.1" port: 41263 } health_report { overall_health: HEALTHY } } }
I20260608 12:39:21.461454  1549 catalog_manager.cc:5696] T 3e17a3bf561b4ddbb7eff80b04cd06fa P bf0b4aa3e0994c5184b9c2e6d9648541 reported cstate change: term changed from 0 to 1, leader changed from <none> to bf0b4aa3e0994c5184b9c2e6d9648541 (127.0.108.3). New cstate: current_term: 1 leader_uuid: "bf0b4aa3e0994c5184b9c2e6d9648541" committed_config { opid_index: -1 OBSOLETE_local: true peers { permanent_uuid: "bf0b4aa3e0994c5184b9c2e6d9648541" member_type: VOTER last_known_addr { host: "127.0.108.3" port: 40031 } health_report { overall_health: HEALTHY } } }
I20260608 12:39:21.502664  1548 catalog_manager.cc:5696] T ddc45c1c956141b6959c0a906380abd9 P eeede4c1811343aaac437db8eec8a6b6 reported cstate change: term changed from 0 to 1, leader changed from <none> to eeede4c1811343aaac437db8eec8a6b6 (127.0.108.2). New cstate: current_term: 1 leader_uuid: "eeede4c1811343aaac437db8eec8a6b6" committed_config { opid_index: -1 OBSOLETE_local: true peers { permanent_uuid: "eeede4c1811343aaac437db8eec8a6b6" member_type: VOTER last_known_addr { host: "127.0.108.2" port: 39079 } health_report { overall_health: HEALTHY } } }
I20260608 12:39:21.536374   432 master.cc:562] Master@127.0.108.62:40225 shutting down...
I20260608 12:39:21.554695   432 raft_consensus.cc:2243] T 00000000000000000000000000000000 P 5b664a37b5b44b8da0805b66088151f9 [term 1 LEADER]: Raft consensus shutting down.
I20260608 12:39:21.555524   432 raft_consensus.cc:2272] T 00000000000000000000000000000000 P 5b664a37b5b44b8da0805b66088151f9 [term 1 FOLLOWER]: Raft consensus is shut down!
I20260608 12:39:21.555893   432 tablet_replica.cc:333] T 00000000000000000000000000000000 P 5b664a37b5b44b8da0805b66088151f9: stopping tablet replica
I20260608 12:39:21.577533   432 master.cc:584] Master@127.0.108.62:40225 shutdown complete.
W20260608 12:39:22.527763  2000 heartbeater.cc:646] Failed to heartbeat to 127.0.108.62:40225 (0 consecutive failures): Network error: Failed to send heartbeat to master: Client connection negotiation failed: client connection to 127.0.108.62:40225: connect: Connection refused (error 111)
I20260608 12:39:23.031571  2058 raft_consensus.cc:493] T 00000000000000000000000000000000 P e1d051670eab4c9fbeb32c0fa0eb6e36 [term 1 FOLLOWER]: Starting pre-election (detected failure of leader 5b664a37b5b44b8da0805b66088151f9)
I20260608 12:39:23.032459  2058 raft_consensus.cc:515] T 00000000000000000000000000000000 P e1d051670eab4c9fbeb32c0fa0eb6e36 [term 1 FOLLOWER]: Starting pre-election with config: opid_index: -1 OBSOLETE_local: false peers { permanent_uuid: "5b664a37b5b44b8da0805b66088151f9" member_type: VOTER last_known_addr { host: "127.0.108.62" port: 40225 } } peers { permanent_uuid: "e1d051670eab4c9fbeb32c0fa0eb6e36" member_type: VOTER last_known_addr { host: "127.0.108.61" port: 35521 } } peers { permanent_uuid: "fd44356792a14fed815ffea79f84d74f" member_type: VOTER last_known_addr { host: "127.0.108.60" port: 38931 } }
I20260608 12:39:23.033484  2059 raft_consensus.cc:493] T 00000000000000000000000000000000 P fd44356792a14fed815ffea79f84d74f [term 1 FOLLOWER]: Starting pre-election (detected failure of leader 5b664a37b5b44b8da0805b66088151f9)
I20260608 12:39:23.034102  2059 raft_consensus.cc:515] T 00000000000000000000000000000000 P fd44356792a14fed815ffea79f84d74f [term 1 FOLLOWER]: Starting pre-election with config: opid_index: -1 OBSOLETE_local: false peers { permanent_uuid: "5b664a37b5b44b8da0805b66088151f9" member_type: VOTER last_known_addr { host: "127.0.108.62" port: 40225 } } peers { permanent_uuid: "e1d051670eab4c9fbeb32c0fa0eb6e36" member_type: VOTER last_known_addr { host: "127.0.108.61" port: 35521 } } peers { permanent_uuid: "fd44356792a14fed815ffea79f84d74f" member_type: VOTER last_known_addr { host: "127.0.108.60" port: 38931 } }
I20260608 12:39:23.035425  2058 leader_election.cc:290] T 00000000000000000000000000000000 P e1d051670eab4c9fbeb32c0fa0eb6e36 [CANDIDATE]: Term 2 pre-election: Requested pre-vote from peers 5b664a37b5b44b8da0805b66088151f9 (127.0.108.62:40225), fd44356792a14fed815ffea79f84d74f (127.0.108.60:38931)
I20260608 12:39:23.036670  2059 leader_election.cc:290] T 00000000000000000000000000000000 P fd44356792a14fed815ffea79f84d74f [CANDIDATE]: Term 2 pre-election: Requested pre-vote from peers 5b664a37b5b44b8da0805b66088151f9 (127.0.108.62:40225), e1d051670eab4c9fbeb32c0fa0eb6e36 (127.0.108.61:35521)
I20260608 12:39:23.037957  1690 tablet_service.cc:1917] Received RequestConsensusVote() RPC: tablet_id: "00000000000000000000000000000000" candidate_uuid: "e1d051670eab4c9fbeb32c0fa0eb6e36" candidate_term: 2 candidate_status { last_received { term: 1 index: 9 } } ignore_live_leader: false dest_uuid: "fd44356792a14fed815ffea79f84d74f" is_pre_election: true
I20260608 12:39:23.039038  1625 tablet_service.cc:1917] Received RequestConsensusVote() RPC: tablet_id: "00000000000000000000000000000000" candidate_uuid: "fd44356792a14fed815ffea79f84d74f" candidate_term: 2 candidate_status { last_received { term: 1 index: 9 } } ignore_live_leader: false dest_uuid: "e1d051670eab4c9fbeb32c0fa0eb6e36" is_pre_election: true
I20260608 12:39:23.039063  1690 raft_consensus.cc:2468] T 00000000000000000000000000000000 P fd44356792a14fed815ffea79f84d74f [term 1 FOLLOWER]: Leader pre-election vote request: Granting yes vote for candidate e1d051670eab4c9fbeb32c0fa0eb6e36 in term 1.
I20260608 12:39:23.039916  1625 raft_consensus.cc:2468] T 00000000000000000000000000000000 P e1d051670eab4c9fbeb32c0fa0eb6e36 [term 1 FOLLOWER]: Leader pre-election vote request: Granting yes vote for candidate fd44356792a14fed815ffea79f84d74f in term 1.
I20260608 12:39:23.041409  1599 leader_election.cc:304] T 00000000000000000000000000000000 P e1d051670eab4c9fbeb32c0fa0eb6e36 [CANDIDATE]: Term 2 pre-election: Election decided. Result: candidate won. Election summary: received 2 responses out of 3 voters: 2 yes votes; 0 no votes. yes voters: e1d051670eab4c9fbeb32c0fa0eb6e36, fd44356792a14fed815ffea79f84d74f; no voters: 
I20260608 12:39:23.041878  1666 leader_election.cc:304] T 00000000000000000000000000000000 P fd44356792a14fed815ffea79f84d74f [CANDIDATE]: Term 2 pre-election: Election decided. Result: candidate won. Election summary: received 2 responses out of 3 voters: 2 yes votes; 0 no votes. yes voters: e1d051670eab4c9fbeb32c0fa0eb6e36, fd44356792a14fed815ffea79f84d74f; no voters: 
I20260608 12:39:23.042824  2059 raft_consensus.cc:2804] T 00000000000000000000000000000000 P fd44356792a14fed815ffea79f84d74f [term 1 FOLLOWER]: Leader pre-election won for term 2
I20260608 12:39:23.043406  2059 raft_consensus.cc:493] T 00000000000000000000000000000000 P fd44356792a14fed815ffea79f84d74f [term 1 FOLLOWER]: Starting leader election (detected failure of leader 5b664a37b5b44b8da0805b66088151f9)
I20260608 12:39:23.043524  2058 raft_consensus.cc:2804] T 00000000000000000000000000000000 P e1d051670eab4c9fbeb32c0fa0eb6e36 [term 1 FOLLOWER]: Leader pre-election won for term 2
I20260608 12:39:23.043946  2059 raft_consensus.cc:3060] T 00000000000000000000000000000000 P fd44356792a14fed815ffea79f84d74f [term 1 FOLLOWER]: Advancing to term 2
I20260608 12:39:23.044224  2058 raft_consensus.cc:493] T 00000000000000000000000000000000 P e1d051670eab4c9fbeb32c0fa0eb6e36 [term 1 FOLLOWER]: Starting leader election (detected failure of leader 5b664a37b5b44b8da0805b66088151f9)
I20260608 12:39:23.045905  2058 raft_consensus.cc:3060] T 00000000000000000000000000000000 P e1d051670eab4c9fbeb32c0fa0eb6e36 [term 1 FOLLOWER]: Advancing to term 2
W20260608 12:39:23.050698  1664 leader_election.cc:336] T 00000000000000000000000000000000 P fd44356792a14fed815ffea79f84d74f [CANDIDATE]: Term 2 pre-election: RPC error from VoteRequest() call to peer 5b664a37b5b44b8da0805b66088151f9 (127.0.108.62:40225): Network error: Client connection negotiation failed: client connection to 127.0.108.62:40225: connect: Connection refused (error 111)
W20260608 12:39:23.051973  1600 leader_election.cc:336] T 00000000000000000000000000000000 P e1d051670eab4c9fbeb32c0fa0eb6e36 [CANDIDATE]: Term 2 pre-election: RPC error from VoteRequest() call to peer 5b664a37b5b44b8da0805b66088151f9 (127.0.108.62:40225): Network error: Client connection negotiation failed: client connection to 127.0.108.62:40225: connect: Connection refused (error 111)
I20260608 12:39:23.052693  2059 raft_consensus.cc:515] T 00000000000000000000000000000000 P fd44356792a14fed815ffea79f84d74f [term 2 FOLLOWER]: Starting leader election with config: opid_index: -1 OBSOLETE_local: false peers { permanent_uuid: "5b664a37b5b44b8da0805b66088151f9" member_type: VOTER last_known_addr { host: "127.0.108.62" port: 40225 } } peers { permanent_uuid: "e1d051670eab4c9fbeb32c0fa0eb6e36" member_type: VOTER last_known_addr { host: "127.0.108.61" port: 35521 } } peers { permanent_uuid: "fd44356792a14fed815ffea79f84d74f" member_type: VOTER last_known_addr { host: "127.0.108.60" port: 38931 } }
I20260608 12:39:23.054574  2059 leader_election.cc:290] T 00000000000000000000000000000000 P fd44356792a14fed815ffea79f84d74f [CANDIDATE]: Term 2 election: Requested vote from peers 5b664a37b5b44b8da0805b66088151f9 (127.0.108.62:40225), e1d051670eab4c9fbeb32c0fa0eb6e36 (127.0.108.61:35521)
I20260608 12:39:23.054380  2058 raft_consensus.cc:515] T 00000000000000000000000000000000 P e1d051670eab4c9fbeb32c0fa0eb6e36 [term 2 FOLLOWER]: Starting leader election with config: opid_index: -1 OBSOLETE_local: false peers { permanent_uuid: "5b664a37b5b44b8da0805b66088151f9" member_type: VOTER last_known_addr { host: "127.0.108.62" port: 40225 } } peers { permanent_uuid: "e1d051670eab4c9fbeb32c0fa0eb6e36" member_type: VOTER last_known_addr { host: "127.0.108.61" port: 35521 } } peers { permanent_uuid: "fd44356792a14fed815ffea79f84d74f" member_type: VOTER last_known_addr { host: "127.0.108.60" port: 38931 } }
I20260608 12:39:23.055732  1625 tablet_service.cc:1917] Received RequestConsensusVote() RPC: tablet_id: "00000000000000000000000000000000" candidate_uuid: "fd44356792a14fed815ffea79f84d74f" candidate_term: 2 candidate_status { last_received { term: 1 index: 9 } } ignore_live_leader: false dest_uuid: "e1d051670eab4c9fbeb32c0fa0eb6e36"
I20260608 12:39:23.056528  1625 raft_consensus.cc:2393] T 00000000000000000000000000000000 P e1d051670eab4c9fbeb32c0fa0eb6e36 [term 2 FOLLOWER]: Leader election vote request: Denying vote to candidate fd44356792a14fed815ffea79f84d74f in current term 2: Already voted for candidate e1d051670eab4c9fbeb32c0fa0eb6e36 in this term.
I20260608 12:39:23.058038  2058 leader_election.cc:290] T 00000000000000000000000000000000 P e1d051670eab4c9fbeb32c0fa0eb6e36 [CANDIDATE]: Term 2 election: Requested vote from peers 5b664a37b5b44b8da0805b66088151f9 (127.0.108.62:40225), fd44356792a14fed815ffea79f84d74f (127.0.108.60:38931)
I20260608 12:39:23.058629  1690 tablet_service.cc:1917] Received RequestConsensusVote() RPC: tablet_id: "00000000000000000000000000000000" candidate_uuid: "e1d051670eab4c9fbeb32c0fa0eb6e36" candidate_term: 2 candidate_status { last_received { term: 1 index: 9 } } ignore_live_leader: false dest_uuid: "fd44356792a14fed815ffea79f84d74f"
W20260608 12:39:23.059096  1664 leader_election.cc:336] T 00000000000000000000000000000000 P fd44356792a14fed815ffea79f84d74f [CANDIDATE]: Term 2 election: RPC error from VoteRequest() call to peer 5b664a37b5b44b8da0805b66088151f9 (127.0.108.62:40225): Network error: Client connection negotiation failed: client connection to 127.0.108.62:40225: connect: Connection refused (error 111)
I20260608 12:39:23.059405  1690 raft_consensus.cc:2393] T 00000000000000000000000000000000 P fd44356792a14fed815ffea79f84d74f [term 2 FOLLOWER]: Leader election vote request: Denying vote to candidate e1d051670eab4c9fbeb32c0fa0eb6e36 in current term 2: Already voted for candidate fd44356792a14fed815ffea79f84d74f in this term.
I20260608 12:39:23.059548  1664 leader_election.cc:304] T 00000000000000000000000000000000 P fd44356792a14fed815ffea79f84d74f [CANDIDATE]: Term 2 election: Election decided. Result: candidate lost. Election summary: received 3 responses out of 3 voters: 1 yes votes; 2 no votes. yes voters: fd44356792a14fed815ffea79f84d74f; no voters: 5b664a37b5b44b8da0805b66088151f9, e1d051670eab4c9fbeb32c0fa0eb6e36
I20260608 12:39:23.060559  2059 raft_consensus.cc:2749] T 00000000000000000000000000000000 P fd44356792a14fed815ffea79f84d74f [term 2 FOLLOWER]: Leader election lost for term 2. Reason: could not achieve majority
W20260608 12:39:23.060843  1600 leader_election.cc:336] T 00000000000000000000000000000000 P e1d051670eab4c9fbeb32c0fa0eb6e36 [CANDIDATE]: Term 2 election: RPC error from VoteRequest() call to peer 5b664a37b5b44b8da0805b66088151f9 (127.0.108.62:40225): Network error: Client connection negotiation failed: client connection to 127.0.108.62:40225: connect: Connection refused (error 111)
