I20260608 12:39:04.586454   690 sys_catalog.cc:455] T 00000000000000000000000000000000 P 7599ad52b6034cd4a05f72e992a29830 [sys.catalog]: SysCatalogTable state changed. Reason: New leader 7599ad52b6034cd4a05f72e992a29830. Latest consensus state: current_term: 1 leader_uuid: "7599ad52b6034cd4a05f72e992a29830" committed_config { opid_index: -1 OBSOLETE_local: false peers { permanent_uuid: "0b3620fd509241e18e161bf638e2e260" member_type: VOTER last_known_addr { host: "127.0.108.62" port: 42719 } } peers { permanent_uuid: "7599ad52b6034cd4a05f72e992a29830" member_type: VOTER last_known_addr { host: "127.0.108.61" port: 42917 } } peers { permanent_uuid: "8e372f815ac04ac8b82fbca12d7ab9cc" member_type: VOTER last_known_addr { host: "127.0.108.60" port: 46659 } } }
I20260608 12:39:04.587402   690 sys_catalog.cc:458] T 00000000000000000000000000000000 P 7599ad52b6034cd4a05f72e992a29830 [sys.catalog]: This master's current role is: LEADER
I20260608 12:39:04.591601   694 catalog_manager.cc:1510] Loading table and tablet metadata into memory...
I20260608 12:39:04.604087   694 catalog_manager.cc:1519] Initializing Kudu cluster ID...
I20260608 12:39:04.634960   603 raft_consensus.cc:1275] T 00000000000000000000000000000000 P 8e372f815ac04ac8b82fbca12d7ab9cc [term 1 FOLLOWER]: Refusing update from remote peer 7599ad52b6034cd4a05f72e992a29830: Log matching property violated. Preceding OpId in replica: term: 0 index: 0. Preceding OpId from leader: term: 1 index: 2. (index mismatch)
I20260608 12:39:04.637282   639 consensus_queue.cc:1048] T 00000000000000000000000000000000 P 7599ad52b6034cd4a05f72e992a29830 [LEADER]: Connected to new peer: Peer: permanent_uuid: "8e372f815ac04ac8b82fbca12d7ab9cc" member_type: VOTER last_known_addr { host: "127.0.108.60" port: 46659 }, Status: LMP_MISMATCH, Last received: 0.0, Next index: 1, Last known committed idx: 0, Time since last communication: 0.001s
I20260608 12:39:04.643540   474 raft_consensus.cc:1275] T 00000000000000000000000000000000 P 0b3620fd509241e18e161bf638e2e260 [term 1 FOLLOWER]: Refusing update from remote peer 7599ad52b6034cd4a05f72e992a29830: Log matching property violated. Preceding OpId in replica: term: 0 index: 0. Preceding OpId from leader: term: 1 index: 2. (index mismatch)
I20260608 12:39:04.645234   690 consensus_queue.cc:1048] T 00000000000000000000000000000000 P 7599ad52b6034cd4a05f72e992a29830 [LEADER]: Connected to new peer: Peer: permanent_uuid: "0b3620fd509241e18e161bf638e2e260" member_type: VOTER last_known_addr { host: "127.0.108.62" port: 42719 }, Status: LMP_MISMATCH, Last received: 0.0, Next index: 1, Last known committed idx: 0, Time since last communication: 0.000s
I20260608 12:39:04.660597   638 sys_catalog.cc:455] T 00000000000000000000000000000000 P 0b3620fd509241e18e161bf638e2e260 [sys.catalog]: SysCatalogTable state changed. Reason: New leader 7599ad52b6034cd4a05f72e992a29830. Latest consensus state: current_term: 1 leader_uuid: "7599ad52b6034cd4a05f72e992a29830" committed_config { opid_index: -1 OBSOLETE_local: false peers { permanent_uuid: "0b3620fd509241e18e161bf638e2e260" member_type: VOTER last_known_addr { host: "127.0.108.62" port: 42719 } } peers { permanent_uuid: "7599ad52b6034cd4a05f72e992a29830" member_type: VOTER last_known_addr { host: "127.0.108.61" port: 42917 } } peers { permanent_uuid: "8e372f815ac04ac8b82fbca12d7ab9cc" member_type: VOTER last_known_addr { host: "127.0.108.60" port: 46659 } } }
I20260608 12:39:04.661383   638 sys_catalog.cc:458] T 00000000000000000000000000000000 P 0b3620fd509241e18e161bf638e2e260 [sys.catalog]: This master's current role is: FOLLOWER
I20260608 12:39:04.668678   704 mvcc.cc:204] Tried to move back new op lower bound from 7294657923601879040 to 7294657923398537216. Current Snapshot: MvccSnapshot[applied={T|T < 7294657923601879040}]
I20260608 12:39:04.693617   694 catalog_manager.cc:1382] Generated new cluster ID: 110e868d0a214e6aa612dab137de2c9b
I20260608 12:39:04.694115   694 catalog_manager.cc:1530] Initializing Kudu internal certificate authority...
I20260608 12:39:04.694774   690 sys_catalog.cc:455] T 00000000000000000000000000000000 P 7599ad52b6034cd4a05f72e992a29830 [sys.catalog]: SysCatalogTable state changed. Reason: Peer health change. Latest consensus state: current_term: 1 leader_uuid: "7599ad52b6034cd4a05f72e992a29830" committed_config { opid_index: -1 OBSOLETE_local: false peers { permanent_uuid: "0b3620fd509241e18e161bf638e2e260" member_type: VOTER last_known_addr { host: "127.0.108.62" port: 42719 } } peers { permanent_uuid: "7599ad52b6034cd4a05f72e992a29830" member_type: VOTER last_known_addr { host: "127.0.108.61" port: 42917 } } peers { permanent_uuid: "8e372f815ac04ac8b82fbca12d7ab9cc" member_type: VOTER last_known_addr { host: "127.0.108.60" port: 46659 } } }
I20260608 12:39:04.695784   690 sys_catalog.cc:458] T 00000000000000000000000000000000 P 7599ad52b6034cd4a05f72e992a29830 [sys.catalog]: This master's current role is: LEADER
I20260608 12:39:04.702877   638 sys_catalog.cc:455] T 00000000000000000000000000000000 P 0b3620fd509241e18e161bf638e2e260 [sys.catalog]: SysCatalogTable state changed. Reason: Replicated consensus-only round. Latest consensus state: current_term: 1 leader_uuid: "7599ad52b6034cd4a05f72e992a29830" committed_config { opid_index: -1 OBSOLETE_local: false peers { permanent_uuid: "0b3620fd509241e18e161bf638e2e260" member_type: VOTER last_known_addr { host: "127.0.108.62" port: 42719 } } peers { permanent_uuid: "7599ad52b6034cd4a05f72e992a29830" member_type: VOTER last_known_addr { host: "127.0.108.61" port: 42917 } } peers { permanent_uuid: "8e372f815ac04ac8b82fbca12d7ab9cc" member_type: VOTER last_known_addr { host: "127.0.108.60" port: 46659 } } }
I20260608 12:39:04.703739   638 sys_catalog.cc:458] T 00000000000000000000000000000000 P 0b3620fd509241e18e161bf638e2e260 [sys.catalog]: This master's current role is: FOLLOWER
I20260608 12:39:04.708424   640 sys_catalog.cc:455] T 00000000000000000000000000000000 P 8e372f815ac04ac8b82fbca12d7ab9cc [sys.catalog]: SysCatalogTable state changed. Reason: New leader 7599ad52b6034cd4a05f72e992a29830. Latest consensus state: current_term: 1 leader_uuid: "7599ad52b6034cd4a05f72e992a29830" committed_config { opid_index: -1 OBSOLETE_local: false peers { permanent_uuid: "0b3620fd509241e18e161bf638e2e260" member_type: VOTER last_known_addr { host: "127.0.108.62" port: 42719 } } peers { permanent_uuid: "7599ad52b6034cd4a05f72e992a29830" member_type: VOTER last_known_addr { host: "127.0.108.61" port: 42917 } } peers { permanent_uuid: "8e372f815ac04ac8b82fbca12d7ab9cc" member_type: VOTER last_known_addr { host: "127.0.108.60" port: 46659 } } }
I20260608 12:39:04.709355   640 sys_catalog.cc:458] T 00000000000000000000000000000000 P 8e372f815ac04ac8b82fbca12d7ab9cc [sys.catalog]: This master's current role is: FOLLOWER
I20260608 12:39:04.717463   639 sys_catalog.cc:455] T 00000000000000000000000000000000 P 7599ad52b6034cd4a05f72e992a29830 [sys.catalog]: SysCatalogTable state changed. Reason: Peer health change. Latest consensus state: current_term: 1 leader_uuid: "7599ad52b6034cd4a05f72e992a29830" committed_config { opid_index: -1 OBSOLETE_local: false peers { permanent_uuid: "0b3620fd509241e18e161bf638e2e260" member_type: VOTER last_known_addr { host: "127.0.108.62" port: 42719 } } peers { permanent_uuid: "7599ad52b6034cd4a05f72e992a29830" member_type: VOTER last_known_addr { host: "127.0.108.61" port: 42917 } } peers { permanent_uuid: "8e372f815ac04ac8b82fbca12d7ab9cc" member_type: VOTER last_known_addr { host: "127.0.108.60" port: 46659 } } }
I20260608 12:39:04.718529   639 sys_catalog.cc:458] T 00000000000000000000000000000000 P 7599ad52b6034cd4a05f72e992a29830 [sys.catalog]: This master's current role is: LEADER
I20260608 12:39:04.730635   640 sys_catalog.cc:455] T 00000000000000000000000000000000 P 8e372f815ac04ac8b82fbca12d7ab9cc [sys.catalog]: SysCatalogTable state changed. Reason: Replicated consensus-only round. Latest consensus state: current_term: 1 leader_uuid: "7599ad52b6034cd4a05f72e992a29830" committed_config { opid_index: -1 OBSOLETE_local: false peers { permanent_uuid: "0b3620fd509241e18e161bf638e2e260" member_type: VOTER last_known_addr { host: "127.0.108.62" port: 42719 } } peers { permanent_uuid: "7599ad52b6034cd4a05f72e992a29830" member_type: VOTER last_known_addr { host: "127.0.108.61" port: 42917 } } peers { permanent_uuid: "8e372f815ac04ac8b82fbca12d7ab9cc" member_type: VOTER last_known_addr { host: "127.0.108.60" port: 46659 } } }
I20260608 12:39:04.731405   640 sys_catalog.cc:458] T 00000000000000000000000000000000 P 8e372f815ac04ac8b82fbca12d7ab9cc [sys.catalog]: This master's current role is: FOLLOWER
I20260608 12:39:04.753537   694 catalog_manager.cc:1405] Generated new certificate authority record
I20260608 12:39:04.755756   694 catalog_manager.cc:1539] Loading token signing keys...
I20260608 12:39:04.787953   694 catalog_manager.cc:6069] T 00000000000000000000000000000000 P 7599ad52b6034cd4a05f72e992a29830: Generated new TSK 0
I20260608 12:39:04.789561   694 catalog_manager.cc:1549] Initializing in-progress tserver states...
I20260608 12:39:04.830586   432 rpc_server.cc:307] RPC server started. Bound to: 127.0.108.1:36049
I20260608 12:39:04.831197   758 acceptor_pool.cc:272] collecting diagnostics on the listening RPC socket 127.0.108.1:36049 every 8 connection(s)
I20260608 12:39:04.860507   432 file_cache.cc:492] Constructed file cache file cache with capacity 419430
I20260608 12:39:04.867599   759 heartbeater.cc:344] Connected to a master server at 127.0.108.60:46659
I20260608 12:39:04.868076   759 heartbeater.cc:461] Registering TS with master...
I20260608 12:39:04.869194   759 heartbeater.cc:507] Master 127.0.108.60:46659 requested a full tablet report, sending...
W20260608 12:39:04.873764   767 instance_detector.cc:116] could not retrieve AWS instance metadata: Network error: curl error: HTTP response code said error: The requested URL returned error: 404
I20260608 12:39:04.874737   594 ts_manager.cc:194] Registered new tserver with Master: 70652c170f2b45799e3b518d104d07ed (127.0.108.1:36049)
I20260608 12:39:04.880236   760 heartbeater.cc:344] Connected to a master server at 127.0.108.61:42917
I20260608 12:39:04.880590   760 heartbeater.cc:461] Registering TS with master...
I20260608 12:39:04.881484   760 heartbeater.cc:507] Master 127.0.108.61:42917 requested a full tablet report, sending...
W20260608 12:39:04.882191   768 instance_detector.cc:116] could not retrieve Azure instance metadata: Network error: curl error: HTTP response code said error: The requested URL returned error: 404
I20260608 12:39:04.886364   529 ts_manager.cc:194] Registered new tserver with Master: 70652c170f2b45799e3b518d104d07ed (127.0.108.1:36049)
I20260608 12:39:04.887559   761 heartbeater.cc:344] Connected to a master server at 127.0.108.62:42719
I20260608 12:39:04.888149   761 heartbeater.cc:461] Registering TS with master...
I20260608 12:39:04.889573   761 heartbeater.cc:507] Master 127.0.108.62:42719 requested a full tablet report, sending...
I20260608 12:39:04.889605   529 master_service.cc:502] Signed X509 certificate for tserver {username='slave'} at 127.0.0.1:33152
I20260608 12:39:04.894367   464 ts_manager.cc:194] Registered new tserver with Master: 70652c170f2b45799e3b518d104d07ed (127.0.108.1:36049)
I20260608 12:39:04.897310   432 server_base.cc:1061] running on GCE node
W20260608 12:39:04.898989   770 instance_detector.cc:116] could not retrieve OpenStack instance metadata: Network error: curl error: HTTP response code said error: The requested URL returned error: 404
I20260608 12:39:04.899935   432 hybrid_clock.cc:584] initializing the hybrid clock with 'system_unsync' time source
W20260608 12:39:04.900127   432 system_unsync_time.cc:38] NTP support is disabled. Clock error bounds will not be accurate. This configuration is not suitable for distributed clusters.
I20260608 12:39:04.900347   432 hybrid_clock.cc:648] HybridClock initialized: now 1780922344900309 us; error 0 us; skew 500 ppm
I20260608 12:39:04.901044   432 server_base.cc:861] Flag tcmalloc_max_total_thread_cache_bytes is not working since tcmalloc is not enabled.
I20260608 12:39:04.903764   432 webserver.cc:533] Webserver started at http://127.0.108.2:33737/ using document root <none> and password file <none>
I20260608 12:39:04.904290   432 fs_manager.cc:362] Metadata directory not provided
I20260608 12:39:04.904493   432 fs_manager.cc:368] Using write-ahead log directory (fs_wal_dir) as metadata directory
I20260608 12:39:04.904786   432 server_base.cc:909] This appears to be a new deployment of Kudu; creating new FS layout
I20260608 12:39:04.905920   432 fs_manager.cc:1068] Generated new instance metadata in path /tmp/dist-test-task8dRJzj/test-tmp/auto_rebalancer-test.0.AutoRebalancerTest.OnlyLeaderDoesAutoRebalancing.1780922342396000-432-0/minicluster-data/ts-1-root/instance:
uuid: "d3acbe942f0344fb90c527c9bed73bef"
format_stamp: "Formatted at 2026-06-08 12:39:04 on dist-test-slave-w65z"
I20260608 12:39:04.910657   432 fs_manager.cc:696] Time spent creating directory manager: real 0.004s	user 0.002s	sys 0.002s
I20260608 12:39:04.914355   775 log_block_manager.cc:4031] Time spent loading block containers with low live blocks: real 0.000s	user 0.000s	sys 0.000s
I20260608 12:39:04.915261   432 fs_manager.cc:730] Time spent opening block manager: real 0.003s	user 0.002s	sys 0.001s
I20260608 12:39:04.915565   432 fs_manager.cc:647] Opened local filesystem: /tmp/dist-test-task8dRJzj/test-tmp/auto_rebalancer-test.0.AutoRebalancerTest.OnlyLeaderDoesAutoRebalancing.1780922342396000-432-0/minicluster-data/ts-1-root
uuid: "d3acbe942f0344fb90c527c9bed73bef"
format_stamp: "Formatted at 2026-06-08 12:39:04 on dist-test-slave-w65z"
I20260608 12:39:04.915856   432 fs_report.cc:389] FS layout report
--------------------
wal directory: /tmp/dist-test-task8dRJzj/test-tmp/auto_rebalancer-test.0.AutoRebalancerTest.OnlyLeaderDoesAutoRebalancing.1780922342396000-432-0/minicluster-data/ts-1-root
metadata directory: /tmp/dist-test-task8dRJzj/test-tmp/auto_rebalancer-test.0.AutoRebalancerTest.OnlyLeaderDoesAutoRebalancing.1780922342396000-432-0/minicluster-data/ts-1-root
1 data directories: /tmp/dist-test-task8dRJzj/test-tmp/auto_rebalancer-test.0.AutoRebalancerTest.OnlyLeaderDoesAutoRebalancing.1780922342396000-432-0/minicluster-data/ts-1-root/data
Total live blocks: 0
Total live bytes: 0
Total live bytes (after alignment): 0
Total number of LBM containers: 0 (0 full)
Did not check for missing blocks
Did not check for orphaned blocks
Total full LBM containers with extra space: 0 (0 repaired)
Total full LBM container extra space in bytes: 0 (0 repaired)
Total incomplete LBM containers: 0 (0 repaired)
Total LBM partial records: 0 (0 repaired)
Total corrupted LBM metadata records in RocksDB: 0 (0 repaired)
I20260608 12:39:05.088634   432 rpc_server.cc:225] running with OpenSSL 1.1.1  11 Sep 2018
I20260608 12:39:05.090668   432 kserver.cc:163] Server-wide thread pool size limit: 3276
I20260608 12:39:05.092514   432 txn_system_client.cc:432] TxnSystemClient initialization is disabled...
I20260608 12:39:05.096215   432 ts_tablet_manager.cc:585] Loaded tablet metadata (0 total tablets, 0 live tablets)
I20260608 12:39:05.096556   432 ts_tablet_manager.cc:531] Time spent load tablet metadata: real 0.000s	user 0.000s	sys 0.000s
I20260608 12:39:05.096874   432 ts_tablet_manager.cc:616] Registered 0 tablets
I20260608 12:39:05.097108   432 ts_tablet_manager.cc:595] Time spent register tablets: real 0.000s	user 0.000s	sys 0.000s
I20260608 12:39:05.201354   432 rpc_server.cc:307] RPC server started. Bound to: 127.0.108.2:40445
I20260608 12:39:05.201411   837 acceptor_pool.cc:272] collecting diagnostics on the listening RPC socket 127.0.108.2:40445 every 8 connection(s)
I20260608 12:39:05.234007   432 file_cache.cc:492] Constructed file cache file cache with capacity 419430
I20260608 12:39:05.236040   838 heartbeater.cc:344] Connected to a master server at 127.0.108.60:46659
I20260608 12:39:05.236459   838 heartbeater.cc:461] Registering TS with master...
I20260608 12:39:05.237398   838 heartbeater.cc:507] Master 127.0.108.60:46659 requested a full tablet report, sending...
I20260608 12:39:05.240805   594 ts_manager.cc:194] Registered new tserver with Master: d3acbe942f0344fb90c527c9bed73bef (127.0.108.2:40445)
I20260608 12:39:05.244623   839 heartbeater.cc:344] Connected to a master server at 127.0.108.61:42917
I20260608 12:39:05.245553   839 heartbeater.cc:461] Registering TS with master...
W20260608 12:39:05.245981   845 instance_detector.cc:116] could not retrieve AWS instance metadata: Network error: curl error: HTTP response code said error: The requested URL returned error: 404
I20260608 12:39:05.246618   839 heartbeater.cc:507] Master 127.0.108.61:42917 requested a full tablet report, sending...
W20260608 12:39:05.249008   846 instance_detector.cc:116] could not retrieve Azure instance metadata: Network error: curl error: HTTP response code said error: The requested URL returned error: 404
I20260608 12:39:05.249894   529 ts_manager.cc:194] Registered new tserver with Master: d3acbe942f0344fb90c527c9bed73bef (127.0.108.2:40445)
I20260608 12:39:05.252478   529 master_service.cc:502] Signed X509 certificate for tserver {username='slave'} at 127.0.0.1:33158
I20260608 12:39:05.256278   432 server_base.cc:1061] running on GCE node
W20260608 12:39:05.257428   848 instance_detector.cc:116] could not retrieve OpenStack instance metadata: Network error: curl error: HTTP response code said error: The requested URL returned error: 404
I20260608 12:39:05.259042   432 hybrid_clock.cc:584] initializing the hybrid clock with 'system_unsync' time source
W20260608 12:39:05.259323   432 system_unsync_time.cc:38] NTP support is disabled. Clock error bounds will not be accurate. This configuration is not suitable for distributed clusters.
I20260608 12:39:05.259550   432 hybrid_clock.cc:648] HybridClock initialized: now 1780922345259532 us; error 0 us; skew 500 ppm
I20260608 12:39:05.260335   432 server_base.cc:861] Flag tcmalloc_max_total_thread_cache_bytes is not working since tcmalloc is not enabled.
I20260608 12:39:05.263118   840 heartbeater.cc:344] Connected to a master server at 127.0.108.62:42719
I20260608 12:39:05.263491   840 heartbeater.cc:461] Registering TS with master...
I20260608 12:39:05.264218   840 heartbeater.cc:507] Master 127.0.108.62:42719 requested a full tablet report, sending...
I20260608 12:39:05.264883   432 webserver.cc:533] Webserver started at http://127.0.108.3:41271/ using document root <none> and password file <none>
I20260608 12:39:05.265606   432 fs_manager.cc:362] Metadata directory not provided
I20260608 12:39:05.265887   432 fs_manager.cc:368] Using write-ahead log directory (fs_wal_dir) as metadata directory
I20260608 12:39:05.266222   432 server_base.cc:909] This appears to be a new deployment of Kudu; creating new FS layout
I20260608 12:39:05.266870   464 ts_manager.cc:194] Registered new tserver with Master: d3acbe942f0344fb90c527c9bed73bef (127.0.108.2:40445)
I20260608 12:39:05.267652   432 fs_manager.cc:1068] Generated new instance metadata in path /tmp/dist-test-task8dRJzj/test-tmp/auto_rebalancer-test.0.AutoRebalancerTest.OnlyLeaderDoesAutoRebalancing.1780922342396000-432-0/minicluster-data/ts-2-root/instance:
uuid: "9ad1cc130f5e4554bb7fd9905dbaefd6"
format_stamp: "Formatted at 2026-06-08 12:39:05 on dist-test-slave-w65z"
I20260608 12:39:05.273864   432 fs_manager.cc:696] Time spent creating directory manager: real 0.006s	user 0.006s	sys 0.001s
I20260608 12:39:05.278506   853 log_block_manager.cc:4031] Time spent loading block containers with low live blocks: real 0.000s	user 0.000s	sys 0.000s
I20260608 12:39:05.280948   432 fs_manager.cc:730] Time spent opening block manager: real 0.004s	user 0.004s	sys 0.000s
I20260608 12:39:05.281358   432 fs_manager.cc:647] Opened local filesystem: /tmp/dist-test-task8dRJzj/test-tmp/auto_rebalancer-test.0.AutoRebalancerTest.OnlyLeaderDoesAutoRebalancing.1780922342396000-432-0/minicluster-data/ts-2-root
uuid: "9ad1cc130f5e4554bb7fd9905dbaefd6"
format_stamp: "Formatted at 2026-06-08 12:39:05 on dist-test-slave-w65z"
I20260608 12:39:05.281675   432 fs_report.cc:389] FS layout report
--------------------
wal directory: /tmp/dist-test-task8dRJzj/test-tmp/auto_rebalancer-test.0.AutoRebalancerTest.OnlyLeaderDoesAutoRebalancing.1780922342396000-432-0/minicluster-data/ts-2-root
metadata directory: /tmp/dist-test-task8dRJzj/test-tmp/auto_rebalancer-test.0.AutoRebalancerTest.OnlyLeaderDoesAutoRebalancing.1780922342396000-432-0/minicluster-data/ts-2-root
1 data directories: /tmp/dist-test-task8dRJzj/test-tmp/auto_rebalancer-test.0.AutoRebalancerTest.OnlyLeaderDoesAutoRebalancing.1780922342396000-432-0/minicluster-data/ts-2-root/data
Total live blocks: 0
Total live bytes: 0
Total live bytes (after alignment): 0
Total number of LBM containers: 0 (0 full)
Did not check for missing blocks
Did not check for orphaned blocks
Total full LBM containers with extra space: 0 (0 repaired)
Total full LBM container extra space in bytes: 0 (0 repaired)
Total incomplete LBM containers: 0 (0 repaired)
Total LBM partial records: 0 (0 repaired)
Total corrupted LBM metadata records in RocksDB: 0 (0 repaired)
I20260608 12:39:05.301600   432 rpc_server.cc:225] running with OpenSSL 1.1.1  11 Sep 2018
I20260608 12:39:05.303089   432 kserver.cc:163] Server-wide thread pool size limit: 3276
I20260608 12:39:05.304436   432 txn_system_client.cc:432] TxnSystemClient initialization is disabled...
I20260608 12:39:05.306788   432 ts_tablet_manager.cc:585] Loaded tablet metadata (0 total tablets, 0 live tablets)
I20260608 12:39:05.307025   432 ts_tablet_manager.cc:531] Time spent load tablet metadata: real 0.000s	user 0.000s	sys 0.000s
I20260608 12:39:05.307279   432 ts_tablet_manager.cc:616] Registered 0 tablets
I20260608 12:39:05.307466   432 ts_tablet_manager.cc:595] Time spent register tablets: real 0.000s	user 0.000s	sys 0.000s
I20260608 12:39:05.406320   432 rpc_server.cc:307] RPC server started. Bound to: 127.0.108.3:34871
I20260608 12:39:05.406445   915 acceptor_pool.cc:272] collecting diagnostics on the listening RPC socket 127.0.108.3:34871 every 8 connection(s)
I20260608 12:39:05.437052   916 heartbeater.cc:344] Connected to a master server at 127.0.108.60:46659
I20260608 12:39:05.437481   916 heartbeater.cc:461] Registering TS with master...
I20260608 12:39:05.438468   916 heartbeater.cc:507] Master 127.0.108.60:46659 requested a full tablet report, sending...
I20260608 12:39:05.439225   917 heartbeater.cc:344] Connected to a master server at 127.0.108.61:42917
I20260608 12:39:05.439638   917 heartbeater.cc:461] Registering TS with master...
I20260608 12:39:05.440922   917 heartbeater.cc:507] Master 127.0.108.61:42917 requested a full tablet report, sending...
I20260608 12:39:05.443971   529 ts_manager.cc:194] Registered new tserver with Master: 9ad1cc130f5e4554bb7fd9905dbaefd6 (127.0.108.3:34871)
I20260608 12:39:05.444063   594 ts_manager.cc:194] Registered new tserver with Master: 9ad1cc130f5e4554bb7fd9905dbaefd6 (127.0.108.3:34871)
I20260608 12:39:05.446647   529 master_service.cc:502] Signed X509 certificate for tserver {username='slave'} at 127.0.0.1:33170
I20260608 12:39:05.450944   919 heartbeater.cc:344] Connected to a master server at 127.0.108.62:42719
I20260608 12:39:05.451289   919 heartbeater.cc:461] Registering TS with master...
I20260608 12:39:05.451866   919 heartbeater.cc:507] Master 127.0.108.62:42719 requested a full tablet report, sending...
I20260608 12:39:05.454427   464 ts_manager.cc:194] Registered new tserver with Master: 9ad1cc130f5e4554bb7fd9905dbaefd6 (127.0.108.3:34871)
I20260608 12:39:05.454566   432 internal_mini_cluster.cc:371] 3 TS(s) registered with all masters after 0.032259227s
I20260608 12:39:05.480926   672 catalog_manager.cc:1294] Loaded cluster ID: 110e868d0a214e6aa612dab137de2c9b
I20260608 12:39:05.481240   672 catalog_manager.cc:1587] T 00000000000000000000000000000000 P 8e372f815ac04ac8b82fbca12d7ab9cc: loading cluster ID for follower catalog manager: success
I20260608 12:39:05.481648   673 catalog_manager.cc:1294] Loaded cluster ID: 110e868d0a214e6aa612dab137de2c9b
I20260608 12:39:05.481979   673 catalog_manager.cc:1587] T 00000000000000000000000000000000 P 0b3620fd509241e18e161bf638e2e260: loading cluster ID for follower catalog manager: success
I20260608 12:39:05.486963   672 catalog_manager.cc:1609] T 00000000000000000000000000000000 P 8e372f815ac04ac8b82fbca12d7ab9cc: acquiring CA information for follower catalog manager: success
I20260608 12:39:05.489153   673 catalog_manager.cc:1609] T 00000000000000000000000000000000 P 0b3620fd509241e18e161bf638e2e260: acquiring CA information for follower catalog manager: success
I20260608 12:39:05.491355   672 catalog_manager.cc:1637] T 00000000000000000000000000000000 P 8e372f815ac04ac8b82fbca12d7ab9cc: importing token verification keys for follower catalog manager: success; most recent TSK sequence number 0
I20260608 12:39:05.494524   673 catalog_manager.cc:1637] T 00000000000000000000000000000000 P 0b3620fd509241e18e161bf638e2e260: importing token verification keys for follower catalog manager: success; most recent TSK sequence number 0
I20260608 12:39:05.898948   760 heartbeater.cc:499] Master 127.0.108.61:42917 was elected leader, sending a full tablet report...
W20260608 12:39:06.064599   625 debug-util.cc:398] Leaking SignalData structure 0x7b08000ec060 after lost signal to thread 435
W20260608 12:39:06.066828   625 debug-util.cc:398] Leaking SignalData structure 0x7b08001046a0 after lost signal to thread 758
I20260608 12:39:06.256215   839 heartbeater.cc:499] Master 127.0.108.61:42917 was elected leader, sending a full tablet report...
I20260608 12:39:06.449327   917 heartbeater.cc:499] Master 127.0.108.61:42917 was elected leader, sending a full tablet report...
I20260608 12:39:06.464156   668 auto_leader_rebalancer.cc:451] All tables' leader rebalancing finished this round
I20260608 12:39:06.595218   529 catalog_manager.cc:2282] Servicing CreateTable request from {username='slave'} at 127.0.0.1:33186:
name: "test-workload"
schema {
  columns {
    name: "key"
    type: INT32
    is_key: true
    is_nullable: false
    encoding: AUTO_ENCODING
    compression: DEFAULT_COMPRESSION
    cfile_block_size: 0
    immutable: false
  }
  columns {
    name: "int_val"
    type: INT32
    is_key: false
    is_nullable: false
    encoding: AUTO_ENCODING
    compression: DEFAULT_COMPRESSION
    cfile_block_size: 0
    immutable: false
  }
  columns {
    name: "string_val"
    type: STRING
    is_key: false
    is_nullable: true
    encoding: AUTO_ENCODING
    compression: DEFAULT_COMPRESSION
    cfile_block_size: 0
    immutable: false
  }
}
num_replicas: 1
split_rows_range_bounds {
  rows: "\004\001\000\377\377\377\037\004\001\000\376\377\377?\004\001\000\375\377\377_""\004\001\000\377\377\377\037\004\001\000\376\377\377?\004\001\000\375\377\377_"
  indirect_data: """"
}
partition_schema {
  range_schema {
    columns {
      name: "key"
    }
  }
}
I20260608 12:39:06.789072   803 tablet_service.cc:1511] Processing CreateTablet for tablet d89a353a2c6543e0b930b25babe869ad (DEFAULT_TABLE table=test-workload [id=0d02e8473e4c43d48459239d8e098ef0]), partition=RANGE (key) PARTITION 536870911 <= VALUES < 1073741822
I20260608 12:39:06.791293   803 data_dirs.cc:400] Could only allocate 1 dirs of requested 3 for tablet d89a353a2c6543e0b930b25babe869ad. 1 dirs total, 0 dirs full, 0 dirs failed
I20260608 12:39:06.795517   881 tablet_service.cc:1511] Processing CreateTablet for tablet 785444a8f0034340944445b8c268b328 (DEFAULT_TABLE table=test-workload [id=0d02e8473e4c43d48459239d8e098ef0]), partition=RANGE (key) PARTITION VALUES < 536870911
I20260608 12:39:06.797320   881 data_dirs.cc:400] Could only allocate 1 dirs of requested 3 for tablet 785444a8f0034340944445b8c268b328. 1 dirs total, 0 dirs full, 0 dirs failed
I20260608 12:39:06.807943   722 tablet_service.cc:1511] Processing CreateTablet for tablet e3490e206f0640a3804835f4e5b14eb9 (DEFAULT_TABLE table=test-workload [id=0d02e8473e4c43d48459239d8e098ef0]), partition=RANGE (key) PARTITION 1073741822 <= VALUES < 1610612733
I20260608 12:39:06.811215   951 tablet_bootstrap.cc:492] T d89a353a2c6543e0b930b25babe869ad P d3acbe942f0344fb90c527c9bed73bef: Bootstrap starting.
I20260608 12:39:06.811398   721 tablet_service.cc:1511] Processing CreateTablet for tablet 6ebe868cb0b34dfda6466ee93566b337 (DEFAULT_TABLE table=test-workload [id=0d02e8473e4c43d48459239d8e098ef0]), partition=RANGE (key) PARTITION 1610612733 <= VALUES
I20260608 12:39:06.813316   722 data_dirs.cc:400] Could only allocate 1 dirs of requested 3 for tablet e3490e206f0640a3804835f4e5b14eb9. 1 dirs total, 0 dirs full, 0 dirs failed
I20260608 12:39:06.815795   952 tablet_bootstrap.cc:492] T 785444a8f0034340944445b8c268b328 P 9ad1cc130f5e4554bb7fd9905dbaefd6: Bootstrap starting.
I20260608 12:39:06.819052   721 data_dirs.cc:400] Could only allocate 1 dirs of requested 3 for tablet 6ebe868cb0b34dfda6466ee93566b337. 1 dirs total, 0 dirs full, 0 dirs failed
I20260608 12:39:06.823493   951 tablet_bootstrap.cc:654] T d89a353a2c6543e0b930b25babe869ad P d3acbe942f0344fb90c527c9bed73bef: Neither blocks nor log segments found. Creating new log.
I20260608 12:39:06.831053   952 tablet_bootstrap.cc:654] T 785444a8f0034340944445b8c268b328 P 9ad1cc130f5e4554bb7fd9905dbaefd6: Neither blocks nor log segments found. Creating new log.
I20260608 12:39:06.842841   951 tablet_bootstrap.cc:492] T d89a353a2c6543e0b930b25babe869ad P d3acbe942f0344fb90c527c9bed73bef: No bootstrap required, opened a new log
I20260608 12:39:06.843375   951 ts_tablet_manager.cc:1403] T d89a353a2c6543e0b930b25babe869ad P d3acbe942f0344fb90c527c9bed73bef: Time spent bootstrapping tablet: real 0.033s	user 0.010s	sys 0.006s
I20260608 12:39:06.846724   951 raft_consensus.cc:359] T d89a353a2c6543e0b930b25babe869ad P d3acbe942f0344fb90c527c9bed73bef [term 0 FOLLOWER]: Replica starting. Triggering 0 pending ops. Active config: opid_index: -1 OBSOLETE_local: true peers { permanent_uuid: "d3acbe942f0344fb90c527c9bed73bef" member_type: VOTER last_known_addr { host: "127.0.108.2" port: 40445 } }
I20260608 12:39:06.847414   951 raft_consensus.cc:385] T d89a353a2c6543e0b930b25babe869ad P d3acbe942f0344fb90c527c9bed73bef [term 0 FOLLOWER]: Consensus starting up: Expiring failure detector timer to make a prompt election more likely
I20260608 12:39:06.847748   951 raft_consensus.cc:740] T d89a353a2c6543e0b930b25babe869ad P d3acbe942f0344fb90c527c9bed73bef [term 0 FOLLOWER]: Becoming Follower/Learner. State: Replica: d3acbe942f0344fb90c527c9bed73bef, State: Initialized, Role: FOLLOWER
I20260608 12:39:06.848456   953 tablet_bootstrap.cc:492] T e3490e206f0640a3804835f4e5b14eb9 P 70652c170f2b45799e3b518d104d07ed: Bootstrap starting.
I20260608 12:39:06.850133   952 tablet_bootstrap.cc:492] T 785444a8f0034340944445b8c268b328 P 9ad1cc130f5e4554bb7fd9905dbaefd6: No bootstrap required, opened a new log
I20260608 12:39:06.850600   952 ts_tablet_manager.cc:1403] T 785444a8f0034340944445b8c268b328 P 9ad1cc130f5e4554bb7fd9905dbaefd6: Time spent bootstrapping tablet: real 0.035s	user 0.008s	sys 0.008s
I20260608 12:39:06.852766   952 raft_consensus.cc:359] T 785444a8f0034340944445b8c268b328 P 9ad1cc130f5e4554bb7fd9905dbaefd6 [term 0 FOLLOWER]: Replica starting. Triggering 0 pending ops. Active config: opid_index: -1 OBSOLETE_local: true peers { permanent_uuid: "9ad1cc130f5e4554bb7fd9905dbaefd6" member_type: VOTER last_known_addr { host: "127.0.108.3" port: 34871 } }
I20260608 12:39:06.853245   952 raft_consensus.cc:385] T 785444a8f0034340944445b8c268b328 P 9ad1cc130f5e4554bb7fd9905dbaefd6 [term 0 FOLLOWER]: Consensus starting up: Expiring failure detector timer to make a prompt election more likely
I20260608 12:39:06.853511   952 raft_consensus.cc:740] T 785444a8f0034340944445b8c268b328 P 9ad1cc130f5e4554bb7fd9905dbaefd6 [term 0 FOLLOWER]: Becoming Follower/Learner. State: Replica: 9ad1cc130f5e4554bb7fd9905dbaefd6, State: Initialized, Role: FOLLOWER
I20260608 12:39:06.854195   952 consensus_queue.cc:260] T 785444a8f0034340944445b8c268b328 P 9ad1cc130f5e4554bb7fd9905dbaefd6 [NON_LEADER]: Queue going to NON_LEADER mode. State: All replicated index: 0, Majority replicated index: 0, Committed index: 0, Last appended: 0.0, Last appended by leader: 0, Current term: 0, Majority size: -1, State: 0, Mode: NON_LEADER, active raft config: opid_index: -1 OBSOLETE_local: true peers { permanent_uuid: "9ad1cc130f5e4554bb7fd9905dbaefd6" member_type: VOTER last_known_addr { host: "127.0.108.3" port: 34871 } }
I20260608 12:39:06.854868   952 raft_consensus.cc:399] T 785444a8f0034340944445b8c268b328 P 9ad1cc130f5e4554bb7fd9905dbaefd6 [term 0 FOLLOWER]: Only one voter in the Raft config. Triggering election immediately
I20260608 12:39:06.855162   952 raft_consensus.cc:493] T 785444a8f0034340944445b8c268b328 P 9ad1cc130f5e4554bb7fd9905dbaefd6 [term 0 FOLLOWER]: Starting leader election (initial election of a single-replica configuration)
I20260608 12:39:06.855470   952 raft_consensus.cc:3060] T 785444a8f0034340944445b8c268b328 P 9ad1cc130f5e4554bb7fd9905dbaefd6 [term 0 FOLLOWER]: Advancing to term 1
I20260608 12:39:06.856940   953 tablet_bootstrap.cc:654] T e3490e206f0640a3804835f4e5b14eb9 P 70652c170f2b45799e3b518d104d07ed: Neither blocks nor log segments found. Creating new log.
I20260608 12:39:06.857950   951 consensus_queue.cc:260] T d89a353a2c6543e0b930b25babe869ad P d3acbe942f0344fb90c527c9bed73bef [NON_LEADER]: Queue going to NON_LEADER mode. State: All replicated index: 0, Majority replicated index: 0, Committed index: 0, Last appended: 0.0, Last appended by leader: 0, Current term: 0, Majority size: -1, State: 0, Mode: NON_LEADER, active raft config: opid_index: -1 OBSOLETE_local: true peers { permanent_uuid: "d3acbe942f0344fb90c527c9bed73bef" member_type: VOTER last_known_addr { host: "127.0.108.2" port: 40445 } }
I20260608 12:39:06.858513   951 raft_consensus.cc:399] T d89a353a2c6543e0b930b25babe869ad P d3acbe942f0344fb90c527c9bed73bef [term 0 FOLLOWER]: Only one voter in the Raft config. Triggering election immediately
I20260608 12:39:06.858795   951 raft_consensus.cc:493] T d89a353a2c6543e0b930b25babe869ad P d3acbe942f0344fb90c527c9bed73bef [term 0 FOLLOWER]: Starting leader election (initial election of a single-replica configuration)
I20260608 12:39:06.859097   951 raft_consensus.cc:3060] T d89a353a2c6543e0b930b25babe869ad P d3acbe942f0344fb90c527c9bed73bef [term 0 FOLLOWER]: Advancing to term 1
I20260608 12:39:06.864029   953 tablet_bootstrap.cc:492] T e3490e206f0640a3804835f4e5b14eb9 P 70652c170f2b45799e3b518d104d07ed: No bootstrap required, opened a new log
I20260608 12:39:06.864601   953 ts_tablet_manager.cc:1403] T e3490e206f0640a3804835f4e5b14eb9 P 70652c170f2b45799e3b518d104d07ed: Time spent bootstrapping tablet: real 0.017s	user 0.016s	sys 0.000s
I20260608 12:39:06.866137   951 raft_consensus.cc:515] T d89a353a2c6543e0b930b25babe869ad P d3acbe942f0344fb90c527c9bed73bef [term 1 FOLLOWER]: Starting leader election with config: opid_index: -1 OBSOLETE_local: true peers { permanent_uuid: "d3acbe942f0344fb90c527c9bed73bef" member_type: VOTER last_known_addr { host: "127.0.108.2" port: 40445 } }
I20260608 12:39:06.866953   951 leader_election.cc:304] T d89a353a2c6543e0b930b25babe869ad P d3acbe942f0344fb90c527c9bed73bef [CANDIDATE]: Term 1 election: Election decided. Result: candidate won. Election summary: received 1 responses out of 1 voters: 1 yes votes; 0 no votes. yes voters: d3acbe942f0344fb90c527c9bed73bef; no voters: 
I20260608 12:39:06.868129   953 raft_consensus.cc:359] T e3490e206f0640a3804835f4e5b14eb9 P 70652c170f2b45799e3b518d104d07ed [term 0 FOLLOWER]: Replica starting. Triggering 0 pending ops. Active config: opid_index: -1 OBSOLETE_local: true peers { permanent_uuid: "70652c170f2b45799e3b518d104d07ed" member_type: VOTER last_known_addr { host: "127.0.108.1" port: 36049 } }
I20260608 12:39:06.869272   953 raft_consensus.cc:385] T e3490e206f0640a3804835f4e5b14eb9 P 70652c170f2b45799e3b518d104d07ed [term 0 FOLLOWER]: Consensus starting up: Expiring failure detector timer to make a prompt election more likely
I20260608 12:39:06.869762   953 raft_consensus.cc:740] T e3490e206f0640a3804835f4e5b14eb9 P 70652c170f2b45799e3b518d104d07ed [term 0 FOLLOWER]: Becoming Follower/Learner. State: Replica: 70652c170f2b45799e3b518d104d07ed, State: Initialized, Role: FOLLOWER
I20260608 12:39:06.870049   952 raft_consensus.cc:515] T 785444a8f0034340944445b8c268b328 P 9ad1cc130f5e4554bb7fd9905dbaefd6 [term 1 FOLLOWER]: Starting leader election with config: opid_index: -1 OBSOLETE_local: true peers { permanent_uuid: "9ad1cc130f5e4554bb7fd9905dbaefd6" member_type: VOTER last_known_addr { host: "127.0.108.3" port: 34871 } }
I20260608 12:39:06.870906   952 leader_election.cc:304] T 785444a8f0034340944445b8c268b328 P 9ad1cc130f5e4554bb7fd9905dbaefd6 [CANDIDATE]: Term 1 election: Election decided. Result: candidate won. Election summary: received 1 responses out of 1 voters: 1 yes votes; 0 no votes. yes voters: 9ad1cc130f5e4554bb7fd9905dbaefd6; no voters: 
I20260608 12:39:06.871127   953 consensus_queue.cc:260] T e3490e206f0640a3804835f4e5b14eb9 P 70652c170f2b45799e3b518d104d07ed [NON_LEADER]: Queue going to NON_LEADER mode. State: All replicated index: 0, Majority replicated index: 0, Committed index: 0, Last appended: 0.0, Last appended by leader: 0, Current term: 0, Majority size: -1, State: 0, Mode: NON_LEADER, active raft config: opid_index: -1 OBSOLETE_local: true peers { permanent_uuid: "70652c170f2b45799e3b518d104d07ed" member_type: VOTER last_known_addr { host: "127.0.108.1" port: 36049 } }
I20260608 12:39:06.874006   951 leader_election.cc:290] T d89a353a2c6543e0b930b25babe869ad P d3acbe942f0344fb90c527c9bed73bef [CANDIDATE]: Term 1 election: Requested vote from peers 
I20260608 12:39:06.872725   953 raft_consensus.cc:399] T e3490e206f0640a3804835f4e5b14eb9 P 70652c170f2b45799e3b518d104d07ed [term 0 FOLLOWER]: Only one voter in the Raft config. Triggering election immediately
I20260608 12:39:06.874694   953 raft_consensus.cc:493] T e3490e206f0640a3804835f4e5b14eb9 P 70652c170f2b45799e3b518d104d07ed [term 0 FOLLOWER]: Starting leader election (initial election of a single-replica configuration)
I20260608 12:39:06.875293   953 raft_consensus.cc:3060] T e3490e206f0640a3804835f4e5b14eb9 P 70652c170f2b45799e3b518d104d07ed [term 0 FOLLOWER]: Advancing to term 1
I20260608 12:39:06.876611   952 leader_election.cc:290] T 785444a8f0034340944445b8c268b328 P 9ad1cc130f5e4554bb7fd9905dbaefd6 [CANDIDATE]: Term 1 election: Requested vote from peers 
I20260608 12:39:06.877161   958 raft_consensus.cc:2804] T 785444a8f0034340944445b8c268b328 P 9ad1cc130f5e4554bb7fd9905dbaefd6 [term 1 FOLLOWER]: Leader election won for term 1
I20260608 12:39:06.879582   957 raft_consensus.cc:2804] T d89a353a2c6543e0b930b25babe869ad P d3acbe942f0344fb90c527c9bed73bef [term 1 FOLLOWER]: Leader election won for term 1
I20260608 12:39:06.881446   952 ts_tablet_manager.cc:1434] T 785444a8f0034340944445b8c268b328 P 9ad1cc130f5e4554bb7fd9905dbaefd6: Time spent starting tablet: real 0.031s	user 0.013s	sys 0.007s
I20260608 12:39:06.884068   953 raft_consensus.cc:515] T e3490e206f0640a3804835f4e5b14eb9 P 70652c170f2b45799e3b518d104d07ed [term 1 FOLLOWER]: Starting leader election with config: opid_index: -1 OBSOLETE_local: true peers { permanent_uuid: "70652c170f2b45799e3b518d104d07ed" member_type: VOTER last_known_addr { host: "127.0.108.1" port: 36049 } }
I20260608 12:39:06.884717   953 leader_election.cc:304] T e3490e206f0640a3804835f4e5b14eb9 P 70652c170f2b45799e3b518d104d07ed [CANDIDATE]: Term 1 election: Election decided. Result: candidate won. Election summary: received 1 responses out of 1 voters: 1 yes votes; 0 no votes. yes voters: 70652c170f2b45799e3b518d104d07ed; no voters: 
I20260608 12:39:06.896435   957 raft_consensus.cc:697] T d89a353a2c6543e0b930b25babe869ad P d3acbe942f0344fb90c527c9bed73bef [term 1 LEADER]: Becoming Leader. State: Replica: d3acbe942f0344fb90c527c9bed73bef, State: Running, Role: LEADER
I20260608 12:39:06.895896   958 raft_consensus.cc:697] T 785444a8f0034340944445b8c268b328 P 9ad1cc130f5e4554bb7fd9905dbaefd6 [term 1 LEADER]: Becoming Leader. State: Replica: 9ad1cc130f5e4554bb7fd9905dbaefd6, State: Running, Role: LEADER
I20260608 12:39:06.899497   958 consensus_queue.cc:237] T 785444a8f0034340944445b8c268b328 P 9ad1cc130f5e4554bb7fd9905dbaefd6 [LEADER]: Queue going to LEADER mode. State: All replicated index: 0, Majority replicated index: 0, Committed index: 0, Last appended: 0.0, Last appended by leader: 0, Current term: 1, Majority size: 1, State: 0, Mode: LEADER, active raft config: opid_index: -1 OBSOLETE_local: true peers { permanent_uuid: "9ad1cc130f5e4554bb7fd9905dbaefd6" member_type: VOTER last_known_addr { host: "127.0.108.3" port: 34871 } }
I20260608 12:39:06.900509   957 consensus_queue.cc:237] T d89a353a2c6543e0b930b25babe869ad P d3acbe942f0344fb90c527c9bed73bef [LEADER]: Queue going to LEADER mode. State: All replicated index: 0, Majority replicated index: 0, Committed index: 0, Last appended: 0.0, Last appended by leader: 0, Current term: 1, Majority size: 1, State: 0, Mode: LEADER, active raft config: opid_index: -1 OBSOLETE_local: true peers { permanent_uuid: "d3acbe942f0344fb90c527c9bed73bef" member_type: VOTER last_known_addr { host: "127.0.108.2" port: 40445 } }
I20260608 12:39:06.906234   953 leader_election.cc:290] T e3490e206f0640a3804835f4e5b14eb9 P 70652c170f2b45799e3b518d104d07ed [CANDIDATE]: Term 1 election: Requested vote from peers 
I20260608 12:39:06.906669   963 raft_consensus.cc:2804] T e3490e206f0640a3804835f4e5b14eb9 P 70652c170f2b45799e3b518d104d07ed [term 1 FOLLOWER]: Leader election won for term 1
I20260608 12:39:06.919008   963 raft_consensus.cc:697] T e3490e206f0640a3804835f4e5b14eb9 P 70652c170f2b45799e3b518d104d07ed [term 1 LEADER]: Becoming Leader. State: Replica: 70652c170f2b45799e3b518d104d07ed, State: Running, Role: LEADER
I20260608 12:39:06.925791   963 consensus_queue.cc:237] T e3490e206f0640a3804835f4e5b14eb9 P 70652c170f2b45799e3b518d104d07ed [LEADER]: Queue going to LEADER mode. State: All replicated index: 0, Majority replicated index: 0, Committed index: 0, Last appended: 0.0, Last appended by leader: 0, Current term: 1, Majority size: 1, State: 0, Mode: LEADER, active raft config: opid_index: -1 OBSOLETE_local: true peers { permanent_uuid: "70652c170f2b45799e3b518d104d07ed" member_type: VOTER last_known_addr { host: "127.0.108.1" port: 36049 } }
I20260608 12:39:06.927146   529 catalog_manager.cc:5696] T d89a353a2c6543e0b930b25babe869ad P d3acbe942f0344fb90c527c9bed73bef reported cstate change: term changed from 0 to 1, leader changed from <none> to d3acbe942f0344fb90c527c9bed73bef (127.0.108.2). New cstate: current_term: 1 leader_uuid: "d3acbe942f0344fb90c527c9bed73bef" committed_config { opid_index: -1 OBSOLETE_local: true peers { permanent_uuid: "d3acbe942f0344fb90c527c9bed73bef" member_type: VOTER last_known_addr { host: "127.0.108.2" port: 40445 } health_report { overall_health: HEALTHY } } }
I20260608 12:39:06.939359   951 ts_tablet_manager.cc:1434] T d89a353a2c6543e0b930b25babe869ad P d3acbe942f0344fb90c527c9bed73bef: Time spent starting tablet: real 0.096s	user 0.018s	sys 0.020s
I20260608 12:39:06.961874   953 ts_tablet_manager.cc:1434] T e3490e206f0640a3804835f4e5b14eb9 P 70652c170f2b45799e3b518d104d07ed: Time spent starting tablet: real 0.097s	user 0.023s	sys 0.017s
I20260608 12:39:06.961519   528 catalog_manager.cc:5696] T 785444a8f0034340944445b8c268b328 P 9ad1cc130f5e4554bb7fd9905dbaefd6 reported cstate change: term changed from 0 to 1, leader changed from <none> to 9ad1cc130f5e4554bb7fd9905dbaefd6 (127.0.108.3). New cstate: current_term: 1 leader_uuid: "9ad1cc130f5e4554bb7fd9905dbaefd6" committed_config { opid_index: -1 OBSOLETE_local: true peers { permanent_uuid: "9ad1cc130f5e4554bb7fd9905dbaefd6" member_type: VOTER last_known_addr { host: "127.0.108.3" port: 34871 } health_report { overall_health: HEALTHY } } }
I20260608 12:39:06.972872   953 tablet_bootstrap.cc:492] T 6ebe868cb0b34dfda6466ee93566b337 P 70652c170f2b45799e3b518d104d07ed: Bootstrap starting.
I20260608 12:39:06.984508   953 tablet_bootstrap.cc:654] T 6ebe868cb0b34dfda6466ee93566b337 P 70652c170f2b45799e3b518d104d07ed: Neither blocks nor log segments found. Creating new log.
I20260608 12:39:06.994352   529 catalog_manager.cc:5696] T e3490e206f0640a3804835f4e5b14eb9 P 70652c170f2b45799e3b518d104d07ed reported cstate change: term changed from 0 to 1, leader changed from <none> to 70652c170f2b45799e3b518d104d07ed (127.0.108.1). New cstate: current_term: 1 leader_uuid: "70652c170f2b45799e3b518d104d07ed" committed_config { opid_index: -1 OBSOLETE_local: true peers { permanent_uuid: "70652c170f2b45799e3b518d104d07ed" member_type: VOTER last_known_addr { host: "127.0.108.1" port: 36049 } health_report { overall_health: HEALTHY } } }
W20260608 12:39:07.015527   966 log.cc:927] Time spent T 785444a8f0034340944445b8c268b328 P 9ad1cc130f5e4554bb7fd9905dbaefd6: Append to log took a long time: real 0.054s	user 0.001s	sys 0.000s
I20260608 12:39:07.092337   953 tablet_bootstrap.cc:492] T 6ebe868cb0b34dfda6466ee93566b337 P 70652c170f2b45799e3b518d104d07ed: No bootstrap required, opened a new log
I20260608 12:39:07.092902   953 ts_tablet_manager.cc:1403] T 6ebe868cb0b34dfda6466ee93566b337 P 70652c170f2b45799e3b518d104d07ed: Time spent bootstrapping tablet: real 0.120s	user 0.019s	sys 0.031s
I20260608 12:39:07.096568   953 raft_consensus.cc:359] T 6ebe868cb0b34dfda6466ee93566b337 P 70652c170f2b45799e3b518d104d07ed [term 0 FOLLOWER]: Replica starting. Triggering 0 pending ops. Active config: opid_index: -1 OBSOLETE_local: true peers { permanent_uuid: "70652c170f2b45799e3b518d104d07ed" member_type: VOTER last_known_addr { host: "127.0.108.1" port: 36049 } }
I20260608 12:39:07.097463   953 raft_consensus.cc:385] T 6ebe868cb0b34dfda6466ee93566b337 P 70652c170f2b45799e3b518d104d07ed [term 0 FOLLOWER]: Consensus starting up: Expiring failure detector timer to make a prompt election more likely
I20260608 12:39:07.097841   953 raft_consensus.cc:740] T 6ebe868cb0b34dfda6466ee93566b337 P 70652c170f2b45799e3b518d104d07ed [term 0 FOLLOWER]: Becoming Follower/Learner. State: Replica: 70652c170f2b45799e3b518d104d07ed, State: Initialized, Role: FOLLOWER
I20260608 12:39:07.099589   953 consensus_queue.cc:260] T 6ebe868cb0b34dfda6466ee93566b337 P 70652c170f2b45799e3b518d104d07ed [NON_LEADER]: Queue going to NON_LEADER mode. State: All replicated index: 0, Majority replicated index: 0, Committed index: 0, Last appended: 0.0, Last appended by leader: 0, Current term: 0, Majority size: -1, State: 0, Mode: NON_LEADER, active raft config: opid_index: -1 OBSOLETE_local: true peers { permanent_uuid: "70652c170f2b45799e3b518d104d07ed" member_type: VOTER last_known_addr { host: "127.0.108.1" port: 36049 } }
I20260608 12:39:07.100307   953 raft_consensus.cc:399] T 6ebe868cb0b34dfda6466ee93566b337 P 70652c170f2b45799e3b518d104d07ed [term 0 FOLLOWER]: Only one voter in the Raft config. Triggering election immediately
I20260608 12:39:07.100647   953 raft_consensus.cc:493] T 6ebe868cb0b34dfda6466ee93566b337 P 70652c170f2b45799e3b518d104d07ed [term 0 FOLLOWER]: Starting leader election (initial election of a single-replica configuration)
I20260608 12:39:07.101022   953 raft_consensus.cc:3060] T 6ebe868cb0b34dfda6466ee93566b337 P 70652c170f2b45799e3b518d104d07ed [term 0 FOLLOWER]: Advancing to term 1
I20260608 12:39:07.108039   953 raft_consensus.cc:515] T 6ebe868cb0b34dfda6466ee93566b337 P 70652c170f2b45799e3b518d104d07ed [term 1 FOLLOWER]: Starting leader election with config: opid_index: -1 OBSOLETE_local: true peers { permanent_uuid: "70652c170f2b45799e3b518d104d07ed" member_type: VOTER last_known_addr { host: "127.0.108.1" port: 36049 } }
I20260608 12:39:07.108624   953 leader_election.cc:304] T 6ebe868cb0b34dfda6466ee93566b337 P 70652c170f2b45799e3b518d104d07ed [CANDIDATE]: Term 1 election: Election decided. Result: candidate won. Election summary: received 1 responses out of 1 voters: 1 yes votes; 0 no votes. yes voters: 70652c170f2b45799e3b518d104d07ed; no voters: 
I20260608 12:39:07.109164   953 leader_election.cc:290] T 6ebe868cb0b34dfda6466ee93566b337 P 70652c170f2b45799e3b518d104d07ed [CANDIDATE]: Term 1 election: Requested vote from peers 
I20260608 12:39:07.109310   963 raft_consensus.cc:2804] T 6ebe868cb0b34dfda6466ee93566b337 P 70652c170f2b45799e3b518d104d07ed [term 1 FOLLOWER]: Leader election won for term 1
I20260608 12:39:07.109838   963 raft_consensus.cc:697] T 6ebe868cb0b34dfda6466ee93566b337 P 70652c170f2b45799e3b518d104d07ed [term 1 LEADER]: Becoming Leader. State: Replica: 70652c170f2b45799e3b518d104d07ed, State: Running, Role: LEADER
I20260608 12:39:07.110594   963 consensus_queue.cc:237] T 6ebe868cb0b34dfda6466ee93566b337 P 70652c170f2b45799e3b518d104d07ed [LEADER]: Queue going to LEADER mode. State: All replicated index: 0, Majority replicated index: 0, Committed index: 0, Last appended: 0.0, Last appended by leader: 0, Current term: 1, Majority size: 1, State: 0, Mode: LEADER, active raft config: opid_index: -1 OBSOLETE_local: true peers { permanent_uuid: "70652c170f2b45799e3b518d104d07ed" member_type: VOTER last_known_addr { host: "127.0.108.1" port: 36049 } }
I20260608 12:39:07.113092   953 ts_tablet_manager.cc:1434] T 6ebe868cb0b34dfda6466ee93566b337 P 70652c170f2b45799e3b518d104d07ed: Time spent starting tablet: real 0.020s	user 0.011s	sys 0.007s
