I20260608 12:40:36.913215  3771 tablet_service.cc:1917] Received RequestConsensusVote() RPC: tablet_id: "b80ff3083e8644129a1cb240519f3ccd" candidate_uuid: "d6590e67c00140119fdcac4f1dfabdac" candidate_term: 1 candidate_status { last_received { term: 0 index: 0 } } ignore_live_leader: false dest_uuid: "44a508a1e7d14573bf297fa66e6673f1" is_pre_election: true
I20260608 12:40:36.913574  3459 raft_consensus.cc:2468] T b80ff3083e8644129a1cb240519f3ccd P cd3e65fb55dc4b6b848f2f2c55ae27f8 [term 0 FOLLOWER]: Leader pre-election vote request: Granting yes vote for candidate d6590e67c00140119fdcac4f1dfabdac in term 0.
I20260608 12:40:36.913924  3771 raft_consensus.cc:2468] T b80ff3083e8644129a1cb240519f3ccd P 44a508a1e7d14573bf297fa66e6673f1 [term 0 FOLLOWER]: Leader pre-election vote request: Granting yes vote for candidate d6590e67c00140119fdcac4f1dfabdac in term 0.
I20260608 12:40:36.914700  3499 leader_election.cc:304] T b80ff3083e8644129a1cb240519f3ccd P d6590e67c00140119fdcac4f1dfabdac [CANDIDATE]: Term 1 pre-election: Election decided. Result: candidate won. Election summary: received 2 responses out of 3 voters: 2 yes votes; 0 no votes. yes voters: cd3e65fb55dc4b6b848f2f2c55ae27f8, d6590e67c00140119fdcac4f1dfabdac; no voters: 
I20260608 12:40:36.915552  3662 raft_consensus.cc:2804] T b80ff3083e8644129a1cb240519f3ccd P d6590e67c00140119fdcac4f1dfabdac [term 0 FOLLOWER]: Leader pre-election won for term 1
I20260608 12:40:36.915949  3662 raft_consensus.cc:493] T b80ff3083e8644129a1cb240519f3ccd P d6590e67c00140119fdcac4f1dfabdac [term 0 FOLLOWER]: Starting leader election (no leader contacted us within the election timeout)
I20260608 12:40:36.916334  3662 raft_consensus.cc:3060] T b80ff3083e8644129a1cb240519f3ccd P d6590e67c00140119fdcac4f1dfabdac [term 0 FOLLOWER]: Advancing to term 1
I20260608 12:40:36.923120  3662 raft_consensus.cc:515] T b80ff3083e8644129a1cb240519f3ccd P d6590e67c00140119fdcac4f1dfabdac [term 1 FOLLOWER]: Starting leader election with config: opid_index: -1 OBSOLETE_local: false peers { permanent_uuid: "cd3e65fb55dc4b6b848f2f2c55ae27f8" member_type: VOTER last_known_addr { host: "127.0.107.193" port: 45659 } } peers { permanent_uuid: "d6590e67c00140119fdcac4f1dfabdac" member_type: VOTER last_known_addr { host: "127.0.107.194" port: 35765 } } peers { permanent_uuid: "44a508a1e7d14573bf297fa66e6673f1" member_type: VOTER last_known_addr { host: "127.0.107.196" port: 39867 } }
I20260608 12:40:36.925067  3662 leader_election.cc:290] T b80ff3083e8644129a1cb240519f3ccd P d6590e67c00140119fdcac4f1dfabdac [CANDIDATE]: Term 1 election: Requested vote from peers cd3e65fb55dc4b6b848f2f2c55ae27f8 (127.0.107.193:45659), 44a508a1e7d14573bf297fa66e6673f1 (127.0.107.196:39867)
I20260608 12:40:36.925977  3459 tablet_service.cc:1917] Received RequestConsensusVote() RPC: tablet_id: "b80ff3083e8644129a1cb240519f3ccd" candidate_uuid: "d6590e67c00140119fdcac4f1dfabdac" candidate_term: 1 candidate_status { last_received { term: 0 index: 0 } } ignore_live_leader: false dest_uuid: "cd3e65fb55dc4b6b848f2f2c55ae27f8"
I20260608 12:40:36.926365  3771 tablet_service.cc:1917] Received RequestConsensusVote() RPC: tablet_id: "b80ff3083e8644129a1cb240519f3ccd" candidate_uuid: "d6590e67c00140119fdcac4f1dfabdac" candidate_term: 1 candidate_status { last_received { term: 0 index: 0 } } ignore_live_leader: false dest_uuid: "44a508a1e7d14573bf297fa66e6673f1"
I20260608 12:40:36.926527  3459 raft_consensus.cc:3060] T b80ff3083e8644129a1cb240519f3ccd P cd3e65fb55dc4b6b848f2f2c55ae27f8 [term 0 FOLLOWER]: Advancing to term 1
I20260608 12:40:36.926924  3771 raft_consensus.cc:3060] T b80ff3083e8644129a1cb240519f3ccd P 44a508a1e7d14573bf297fa66e6673f1 [term 0 FOLLOWER]: Advancing to term 1
I20260608 12:40:36.931739  3459 raft_consensus.cc:2468] T b80ff3083e8644129a1cb240519f3ccd P cd3e65fb55dc4b6b848f2f2c55ae27f8 [term 1 FOLLOWER]: Leader election vote request: Granting yes vote for candidate d6590e67c00140119fdcac4f1dfabdac in term 1.
I20260608 12:40:36.931921  3771 raft_consensus.cc:2468] T b80ff3083e8644129a1cb240519f3ccd P 44a508a1e7d14573bf297fa66e6673f1 [term 1 FOLLOWER]: Leader election vote request: Granting yes vote for candidate d6590e67c00140119fdcac4f1dfabdac in term 1.
I20260608 12:40:36.933140  3500 leader_election.cc:304] T b80ff3083e8644129a1cb240519f3ccd P d6590e67c00140119fdcac4f1dfabdac [CANDIDATE]: Term 1 election: Election decided. Result: candidate won. Election summary: received 2 responses out of 3 voters: 2 yes votes; 0 no votes. yes voters: 44a508a1e7d14573bf297fa66e6673f1, d6590e67c00140119fdcac4f1dfabdac; no voters: 
I20260608 12:40:36.933889  3662 raft_consensus.cc:2804] T b80ff3083e8644129a1cb240519f3ccd P d6590e67c00140119fdcac4f1dfabdac [term 1 FOLLOWER]: Leader election won for term 1
I20260608 12:40:36.934455  3662 raft_consensus.cc:697] T b80ff3083e8644129a1cb240519f3ccd P d6590e67c00140119fdcac4f1dfabdac [term 1 LEADER]: Becoming Leader. State: Replica: d6590e67c00140119fdcac4f1dfabdac, State: Running, Role: LEADER
I20260608 12:40:36.935122  3662 consensus_queue.cc:237] T b80ff3083e8644129a1cb240519f3ccd P d6590e67c00140119fdcac4f1dfabdac [LEADER]: Queue going to LEADER mode. State: All replicated index: 0, Majority replicated index: 0, Committed index: 0, Last appended: 0.0, Last appended by leader: 0, Current term: 1, Majority size: 2, State: 0, Mode: LEADER, active raft config: opid_index: -1 OBSOLETE_local: false peers { permanent_uuid: "cd3e65fb55dc4b6b848f2f2c55ae27f8" member_type: VOTER last_known_addr { host: "127.0.107.193" port: 45659 } } peers { permanent_uuid: "d6590e67c00140119fdcac4f1dfabdac" member_type: VOTER last_known_addr { host: "127.0.107.194" port: 35765 } } peers { permanent_uuid: "44a508a1e7d14573bf297fa66e6673f1" member_type: VOTER last_known_addr { host: "127.0.107.196" port: 39867 } }
I20260608 12:40:36.943773  3359 catalog_manager.cc:5696] T b80ff3083e8644129a1cb240519f3ccd P d6590e67c00140119fdcac4f1dfabdac reported cstate change: term changed from 0 to 1, leader changed from <none> to d6590e67c00140119fdcac4f1dfabdac (127.0.107.194). New cstate: current_term: 1 leader_uuid: "d6590e67c00140119fdcac4f1dfabdac" committed_config { opid_index: -1 OBSOLETE_local: false peers { permanent_uuid: "cd3e65fb55dc4b6b848f2f2c55ae27f8" member_type: VOTER last_known_addr { host: "127.0.107.193" port: 45659 } health_report { overall_health: UNKNOWN } } peers { permanent_uuid: "d6590e67c00140119fdcac4f1dfabdac" member_type: VOTER last_known_addr { host: "127.0.107.194" port: 35765 } health_report { overall_health: HEALTHY } } peers { permanent_uuid: "44a508a1e7d14573bf297fa66e6673f1" member_type: VOTER last_known_addr { host: "127.0.107.196" port: 39867 } health_report { overall_health: UNKNOWN } } }
I20260608 12:40:36.992233  3845 consensus_queue.cc:1048] T c2ec64cfe688463f8c38ea273493bd88 P cd3e65fb55dc4b6b848f2f2c55ae27f8 [LEADER]: Connected to new peer: Peer: permanent_uuid: "1591bc7feb5a4d6c99097aed09a559ed" member_type: VOTER last_known_addr { host: "127.0.107.195" port: 45919 }, Status: LMP_MISMATCH, Last received: 0.0, Next index: 1, Last known committed idx: 0, Time since last communication: 0.000s
I20260608 12:40:37.004704  3807 consensus_queue.cc:1048] T c2ec64cfe688463f8c38ea273493bd88 P cd3e65fb55dc4b6b848f2f2c55ae27f8 [LEADER]: Connected to new peer: Peer: permanent_uuid: "44a508a1e7d14573bf297fa66e6673f1" member_type: VOTER last_known_addr { host: "127.0.107.196" port: 39867 }, Status: LMP_MISMATCH, Last received: 0.0, Next index: 1, Last known committed idx: 0, Time since last communication: 0.000s
I20260608 12:40:37.018973  3824 raft_consensus.cc:493] T d027b79dc58541f28be6673ab11e31fa P 44a508a1e7d14573bf297fa66e6673f1 [term 0 FOLLOWER]: Starting pre-election (no leader contacted us within the election timeout)
I20260608 12:40:37.019652  3824 raft_consensus.cc:515] T d027b79dc58541f28be6673ab11e31fa P 44a508a1e7d14573bf297fa66e6673f1 [term 0 FOLLOWER]: Starting pre-election with config: opid_index: -1 OBSOLETE_local: false peers { permanent_uuid: "1591bc7feb5a4d6c99097aed09a559ed" member_type: VOTER last_known_addr { host: "127.0.107.195" port: 45919 } } peers { permanent_uuid: "d6590e67c00140119fdcac4f1dfabdac" member_type: VOTER last_known_addr { host: "127.0.107.194" port: 35765 } } peers { permanent_uuid: "44a508a1e7d14573bf297fa66e6673f1" member_type: VOTER last_known_addr { host: "127.0.107.196" port: 39867 } }
I20260608 12:40:37.022511  3609 tablet_service.cc:1917] Received RequestConsensusVote() RPC: tablet_id: "d027b79dc58541f28be6673ab11e31fa" candidate_uuid: "44a508a1e7d14573bf297fa66e6673f1" candidate_term: 1 candidate_status { last_received { term: 0 index: 0 } } ignore_live_leader: false dest_uuid: "1591bc7feb5a4d6c99097aed09a559ed" is_pre_election: true
I20260608 12:40:37.023559  3824 leader_election.cc:290] T d027b79dc58541f28be6673ab11e31fa P 44a508a1e7d14573bf297fa66e6673f1 [CANDIDATE]: Term 1 pre-election: Requested pre-vote from peers 1591bc7feb5a4d6c99097aed09a559ed (127.0.107.195:45919), d6590e67c00140119fdcac4f1dfabdac (127.0.107.194:35765)
I20260608 12:40:37.024924  3534 tablet_service.cc:1917] Received RequestConsensusVote() RPC: tablet_id: "d027b79dc58541f28be6673ab11e31fa" candidate_uuid: "44a508a1e7d14573bf297fa66e6673f1" candidate_term: 1 candidate_status { last_received { term: 0 index: 0 } } ignore_live_leader: false dest_uuid: "d6590e67c00140119fdcac4f1dfabdac" is_pre_election: true
I20260608 12:40:37.026448  3729 leader_election.cc:304] T d027b79dc58541f28be6673ab11e31fa P 44a508a1e7d14573bf297fa66e6673f1 [CANDIDATE]: Term 1 pre-election: Election decided. Result: candidate lost. Election summary: received 3 responses out of 3 voters: 1 yes votes; 2 no votes. yes voters: 44a508a1e7d14573bf297fa66e6673f1; no voters: 1591bc7feb5a4d6c99097aed09a559ed, d6590e67c00140119fdcac4f1dfabdac
I20260608 12:40:37.025884  3662 consensus_queue.cc:1048] T 39b7fe5360dc41b69ced5808ea59d611 P d6590e67c00140119fdcac4f1dfabdac [LEADER]: Connected to new peer: Peer: permanent_uuid: "1591bc7feb5a4d6c99097aed09a559ed" member_type: VOTER last_known_addr { host: "127.0.107.195" port: 45919 }, Status: LMP_MISMATCH, Last received: 0.0, Next index: 1, Last known committed idx: 0, Time since last communication: 0.001s
I20260608 12:40:37.027213  3824 raft_consensus.cc:2749] T d027b79dc58541f28be6673ab11e31fa P 44a508a1e7d14573bf297fa66e6673f1 [term 0 FOLLOWER]: Leader pre-election lost for term 1. Reason: could not achieve majority
I20260608 12:40:37.038530  3771 raft_consensus.cc:3060] T 39b7fe5360dc41b69ced5808ea59d611 P 44a508a1e7d14573bf297fa66e6673f1 [term 0 FOLLOWER]: Advancing to term 1
I20260608 12:40:37.040740  3807 consensus_queue.cc:1048] T 992018744c8c485184148412bb51c3d3 P cd3e65fb55dc4b6b848f2f2c55ae27f8 [LEADER]: Connected to new peer: Peer: permanent_uuid: "44a508a1e7d14573bf297fa66e6673f1" member_type: VOTER last_known_addr { host: "127.0.107.196" port: 39867 }, Status: LMP_MISMATCH, Last received: 0.0, Next index: 1, Last known committed idx: 0, Time since last communication: 0.000s
I20260608 12:40:37.048214  3715 consensus_queue.cc:1048] T 39b7fe5360dc41b69ced5808ea59d611 P d6590e67c00140119fdcac4f1dfabdac [LEADER]: Connected to new peer: Peer: permanent_uuid: "44a508a1e7d14573bf297fa66e6673f1" member_type: VOTER last_known_addr { host: "127.0.107.196" port: 39867 }, Status: LMP_MISMATCH, Last received: 0.0, Next index: 1, Last known committed idx: 0, Time since last communication: 0.000s
I20260608 12:40:37.064208  3807 consensus_queue.cc:1048] T 992018744c8c485184148412bb51c3d3 P cd3e65fb55dc4b6b848f2f2c55ae27f8 [LEADER]: Connected to new peer: Peer: permanent_uuid: "1591bc7feb5a4d6c99097aed09a559ed" member_type: VOTER last_known_addr { host: "127.0.107.195" port: 45919 }, Status: LMP_MISMATCH, Last received: 0.0, Next index: 1, Last known committed idx: 0, Time since last communication: 0.001s
I20260608 12:40:37.140305  3715 consensus_queue.cc:1048] T 37d462720228460f9c16f329de4ba361 P d6590e67c00140119fdcac4f1dfabdac [LEADER]: Connected to new peer: Peer: permanent_uuid: "cd3e65fb55dc4b6b848f2f2c55ae27f8" member_type: VOTER last_known_addr { host: "127.0.107.193" port: 45659 }, Status: LMP_MISMATCH, Last received: 0.0, Next index: 1, Last known committed idx: 0, Time since last communication: 0.000s
I20260608 12:40:37.158598  3671 consensus_queue.cc:1048] T 37d462720228460f9c16f329de4ba361 P d6590e67c00140119fdcac4f1dfabdac [LEADER]: Connected to new peer: Peer: permanent_uuid: "44a508a1e7d14573bf297fa66e6673f1" member_type: VOTER last_known_addr { host: "127.0.107.196" port: 39867 }, Status: LMP_MISMATCH, Last received: 0.0, Next index: 1, Last known committed idx: 0, Time since last communication: 0.000s
I20260608 12:40:37.275902  3771 raft_consensus.cc:3060] T d027b79dc58541f28be6673ab11e31fa P 44a508a1e7d14573bf297fa66e6673f1 [term 0 FOLLOWER]: Advancing to term 1
I20260608 12:40:37.339881  3671 consensus_queue.cc:1048] T b80ff3083e8644129a1cb240519f3ccd P d6590e67c00140119fdcac4f1dfabdac [LEADER]: Connected to new peer: Peer: permanent_uuid: "44a508a1e7d14573bf297fa66e6673f1" member_type: VOTER last_known_addr { host: "127.0.107.196" port: 39867 }, Status: LMP_MISMATCH, Last received: 0.0, Next index: 1, Last known committed idx: 0, Time since last communication: 0.000s
I20260608 12:40:37.349099  3662 consensus_queue.cc:1048] T b80ff3083e8644129a1cb240519f3ccd P d6590e67c00140119fdcac4f1dfabdac [LEADER]: Connected to new peer: Peer: permanent_uuid: "cd3e65fb55dc4b6b848f2f2c55ae27f8" member_type: VOTER last_known_addr { host: "127.0.107.193" port: 45659 }, Status: LMP_MISMATCH, Last received: 0.0, Next index: 1, Last known committed idx: 0, Time since last communication: 0.000s
I20260608 12:40:37.505259  3608 consensus_queue.cc:237] T b4625528f4ea4e51a0a977fe9648963d P 1591bc7feb5a4d6c99097aed09a559ed [LEADER]: Queue going to LEADER mode. State: All replicated index: 0, Majority replicated index: 1, Committed index: 1, Last appended: 1.1, Last appended by leader: 0, Current term: 1, Majority size: 2, State: 0, Mode: LEADER, active raft config: opid_index: 2 OBSOLETE_local: false peers { permanent_uuid: "d6590e67c00140119fdcac4f1dfabdac" member_type: VOTER last_known_addr { host: "127.0.107.194" port: 35765 } } peers { permanent_uuid: "cd3e65fb55dc4b6b848f2f2c55ae27f8" member_type: VOTER last_known_addr { host: "127.0.107.193" port: 45659 } attrs { replace: true } } peers { permanent_uuid: "1591bc7feb5a4d6c99097aed09a559ed" member_type: VOTER last_known_addr { host: "127.0.107.195" port: 45919 } } peers { permanent_uuid: "44a508a1e7d14573bf297fa66e6673f1" member_type: NON_VOTER last_known_addr { host: "127.0.107.196" port: 39867 } attrs { promote: true } }
I20260608 12:40:37.512966  3459 raft_consensus.cc:1275] T b4625528f4ea4e51a0a977fe9648963d P cd3e65fb55dc4b6b848f2f2c55ae27f8 [term 1 FOLLOWER]: Refusing update from remote peer 1591bc7feb5a4d6c99097aed09a559ed: Log matching property violated. Preceding OpId in replica: term: 1 index: 1. Preceding OpId from leader: term: 1 index: 2. (index mismatch)
W20260608 12:40:37.513703  3574 consensus_peers.cc:597] T b4625528f4ea4e51a0a977fe9648963d P 1591bc7feb5a4d6c99097aed09a559ed -> Peer 44a508a1e7d14573bf297fa66e6673f1 (127.0.107.196:39867): Couldn't send request to peer 44a508a1e7d14573bf297fa66e6673f1. Error code: TABLET_NOT_FOUND (6). Status: Not found: Tablet not found: b4625528f4ea4e51a0a977fe9648963d. This is attempt 1: this message will repeat every 5th retry.
I20260608 12:40:37.514814  3883 consensus_queue.cc:1048] T b4625528f4ea4e51a0a977fe9648963d P 1591bc7feb5a4d6c99097aed09a559ed [LEADER]: Connected to new peer: Peer: permanent_uuid: "cd3e65fb55dc4b6b848f2f2c55ae27f8" member_type: VOTER last_known_addr { host: "127.0.107.193" port: 45659 } attrs { replace: true }, Status: LMP_MISMATCH, Last received: 0.0, Next index: 2, Last known committed idx: 1, Time since last communication: 0.000s
I20260608 12:40:37.514917  3534 raft_consensus.cc:1275] T b4625528f4ea4e51a0a977fe9648963d P d6590e67c00140119fdcac4f1dfabdac [term 1 FOLLOWER]: Refusing update from remote peer 1591bc7feb5a4d6c99097aed09a559ed: Log matching property violated. Preceding OpId in replica: term: 1 index: 1. Preceding OpId from leader: term: 1 index: 2. (index mismatch)
I20260608 12:40:37.517244  3883 consensus_queue.cc:1048] T b4625528f4ea4e51a0a977fe9648963d P 1591bc7feb5a4d6c99097aed09a559ed [LEADER]: Connected to new peer: Peer: permanent_uuid: "d6590e67c00140119fdcac4f1dfabdac" member_type: VOTER last_known_addr { host: "127.0.107.194" port: 35765 }, Status: LMP_MISMATCH, Last received: 0.0, Next index: 2, Last known committed idx: 1, Time since last communication: 0.000s
I20260608 12:40:37.524981  3882 raft_consensus.cc:2955] T b4625528f4ea4e51a0a977fe9648963d P 1591bc7feb5a4d6c99097aed09a559ed [term 1 LEADER]: Committing config change with OpId 1.2: config changed from index -1 to 2, NON_VOTER 44a508a1e7d14573bf297fa66e6673f1 (127.0.107.196) added. New config: { opid_index: 2 OBSOLETE_local: false peers { permanent_uuid: "d6590e67c00140119fdcac4f1dfabdac" member_type: VOTER last_known_addr { host: "127.0.107.194" port: 35765 } } peers { permanent_uuid: "cd3e65fb55dc4b6b848f2f2c55ae27f8" member_type: VOTER last_known_addr { host: "127.0.107.193" port: 45659 } attrs { replace: true } } peers { permanent_uuid: "1591bc7feb5a4d6c99097aed09a559ed" member_type: VOTER last_known_addr { host: "127.0.107.195" port: 45919 } } peers { permanent_uuid: "44a508a1e7d14573bf297fa66e6673f1" member_type: NON_VOTER last_known_addr { host: "127.0.107.196" port: 39867 } attrs { promote: true } } }
I20260608 12:40:37.527534  3459 raft_consensus.cc:2955] T b4625528f4ea4e51a0a977fe9648963d P cd3e65fb55dc4b6b848f2f2c55ae27f8 [term 1 FOLLOWER]: Committing config change with OpId 1.2: config changed from index -1 to 2, NON_VOTER 44a508a1e7d14573bf297fa66e6673f1 (127.0.107.196) added. New config: { opid_index: 2 OBSOLETE_local: false peers { permanent_uuid: "d6590e67c00140119fdcac4f1dfabdac" member_type: VOTER last_known_addr { host: "127.0.107.194" port: 35765 } } peers { permanent_uuid: "cd3e65fb55dc4b6b848f2f2c55ae27f8" member_type: VOTER last_known_addr { host: "127.0.107.193" port: 45659 } attrs { replace: true } } peers { permanent_uuid: "1591bc7feb5a4d6c99097aed09a559ed" member_type: VOTER last_known_addr { host: "127.0.107.195" port: 45919 } } peers { permanent_uuid: "44a508a1e7d14573bf297fa66e6673f1" member_type: NON_VOTER last_known_addr { host: "127.0.107.196" port: 39867 } attrs { promote: true } } }
I20260608 12:40:37.532871  3534 raft_consensus.cc:2955] T b4625528f4ea4e51a0a977fe9648963d P d6590e67c00140119fdcac4f1dfabdac [term 1 FOLLOWER]: Committing config change with OpId 1.2: config changed from index -1 to 2, NON_VOTER 44a508a1e7d14573bf297fa66e6673f1 (127.0.107.196) added. New config: { opid_index: 2 OBSOLETE_local: false peers { permanent_uuid: "d6590e67c00140119fdcac4f1dfabdac" member_type: VOTER last_known_addr { host: "127.0.107.194" port: 35765 } } peers { permanent_uuid: "cd3e65fb55dc4b6b848f2f2c55ae27f8" member_type: VOTER last_known_addr { host: "127.0.107.193" port: 45659 } attrs { replace: true } } peers { permanent_uuid: "1591bc7feb5a4d6c99097aed09a559ed" member_type: VOTER last_known_addr { host: "127.0.107.195" port: 45919 } } peers { permanent_uuid: "44a508a1e7d14573bf297fa66e6673f1" member_type: NON_VOTER last_known_addr { host: "127.0.107.196" port: 39867 } attrs { promote: true } } }
I20260608 12:40:37.544677  3356 catalog_manager.cc:5696] T b4625528f4ea4e51a0a977fe9648963d P 1591bc7feb5a4d6c99097aed09a559ed reported cstate change: config changed from index -1 to 2, NON_VOTER 44a508a1e7d14573bf297fa66e6673f1 (127.0.107.196) added. New cstate: current_term: 1 leader_uuid: "1591bc7feb5a4d6c99097aed09a559ed" committed_config { opid_index: 2 OBSOLETE_local: false peers { permanent_uuid: "d6590e67c00140119fdcac4f1dfabdac" member_type: VOTER last_known_addr { host: "127.0.107.194" port: 35765 } health_report { overall_health: HEALTHY } } peers { permanent_uuid: "cd3e65fb55dc4b6b848f2f2c55ae27f8" member_type: VOTER last_known_addr { host: "127.0.107.193" port: 45659 } attrs { replace: true } health_report { overall_health: HEALTHY } } peers { permanent_uuid: "1591bc7feb5a4d6c99097aed09a559ed" member_type: VOTER last_known_addr { host: "127.0.107.195" port: 45919 } health_report { overall_health: HEALTHY } } peers { permanent_uuid: "44a508a1e7d14573bf297fa66e6673f1" member_type: NON_VOTER last_known_addr { host: "127.0.107.196" port: 39867 } attrs { promote: true } health_report { overall_health: UNKNOWN } } }
I20260608 12:40:37.565188  3459 consensus_queue.cc:237] T 8f0d8ea0f61f408b8d9c50faac21dacf P cd3e65fb55dc4b6b848f2f2c55ae27f8 [LEADER]: Queue going to LEADER mode. State: All replicated index: 0, Majority replicated index: 1, Committed index: 1, Last appended: 1.1, Last appended by leader: 0, Current term: 1, Majority size: 2, State: 0, Mode: LEADER, active raft config: opid_index: 2 OBSOLETE_local: false peers { permanent_uuid: "cd3e65fb55dc4b6b848f2f2c55ae27f8" member_type: VOTER last_known_addr { host: "127.0.107.193" port: 45659 } } peers { permanent_uuid: "d6590e67c00140119fdcac4f1dfabdac" member_type: VOTER last_known_addr { host: "127.0.107.194" port: 35765 } attrs { replace: true } } peers { permanent_uuid: "1591bc7feb5a4d6c99097aed09a559ed" member_type: VOTER last_known_addr { host: "127.0.107.195" port: 45919 } } peers { permanent_uuid: "44a508a1e7d14573bf297fa66e6673f1" member_type: NON_VOTER last_known_addr { host: "127.0.107.196" port: 39867 } attrs { promote: true } }
I20260608 12:40:37.576190  3608 raft_consensus.cc:1275] T 8f0d8ea0f61f408b8d9c50faac21dacf P 1591bc7feb5a4d6c99097aed09a559ed [term 1 FOLLOWER]: Refusing update from remote peer cd3e65fb55dc4b6b848f2f2c55ae27f8: Log matching property violated. Preceding OpId in replica: term: 1 index: 1. Preceding OpId from leader: term: 1 index: 2. (index mismatch)
W20260608 12:40:37.576246  3425 consensus_peers.cc:597] T 8f0d8ea0f61f408b8d9c50faac21dacf P cd3e65fb55dc4b6b848f2f2c55ae27f8 -> Peer 44a508a1e7d14573bf297fa66e6673f1 (127.0.107.196:39867): Couldn't send request to peer 44a508a1e7d14573bf297fa66e6673f1. Error code: TABLET_NOT_FOUND (6). Status: Not found: Tablet not found: 8f0d8ea0f61f408b8d9c50faac21dacf. This is attempt 1: this message will repeat every 5th retry.
I20260608 12:40:37.577836  3845 consensus_queue.cc:1048] T 8f0d8ea0f61f408b8d9c50faac21dacf P cd3e65fb55dc4b6b848f2f2c55ae27f8 [LEADER]: Connected to new peer: Peer: permanent_uuid: "1591bc7feb5a4d6c99097aed09a559ed" member_type: VOTER last_known_addr { host: "127.0.107.195" port: 45919 }, Status: LMP_MISMATCH, Last received: 0.0, Next index: 2, Last known committed idx: 1, Time since last communication: 0.000s
I20260608 12:40:37.578361  3534 raft_consensus.cc:1275] T 8f0d8ea0f61f408b8d9c50faac21dacf P d6590e67c00140119fdcac4f1dfabdac [term 1 FOLLOWER]: Refusing update from remote peer cd3e65fb55dc4b6b848f2f2c55ae27f8: Log matching property violated. Preceding OpId in replica: term: 1 index: 1. Preceding OpId from leader: term: 1 index: 2. (index mismatch)
I20260608 12:40:37.579790  3708 consensus_queue.cc:1048] T 8f0d8ea0f61f408b8d9c50faac21dacf P cd3e65fb55dc4b6b848f2f2c55ae27f8 [LEADER]: Connected to new peer: Peer: permanent_uuid: "d6590e67c00140119fdcac4f1dfabdac" member_type: VOTER last_known_addr { host: "127.0.107.194" port: 35765 } attrs { replace: true }, Status: LMP_MISMATCH, Last received: 0.0, Next index: 2, Last known committed idx: 1, Time since last communication: 0.000s
I20260608 12:40:37.586841  3845 raft_consensus.cc:2955] T 8f0d8ea0f61f408b8d9c50faac21dacf P cd3e65fb55dc4b6b848f2f2c55ae27f8 [term 1 LEADER]: Committing config change with OpId 1.2: config changed from index -1 to 2, NON_VOTER 44a508a1e7d14573bf297fa66e6673f1 (127.0.107.196) added. New config: { opid_index: 2 OBSOLETE_local: false peers { permanent_uuid: "cd3e65fb55dc4b6b848f2f2c55ae27f8" member_type: VOTER last_known_addr { host: "127.0.107.193" port: 45659 } } peers { permanent_uuid: "d6590e67c00140119fdcac4f1dfabdac" member_type: VOTER last_known_addr { host: "127.0.107.194" port: 35765 } attrs { replace: true } } peers { permanent_uuid: "1591bc7feb5a4d6c99097aed09a559ed" member_type: VOTER last_known_addr { host: "127.0.107.195" port: 45919 } } peers { permanent_uuid: "44a508a1e7d14573bf297fa66e6673f1" member_type: NON_VOTER last_known_addr { host: "127.0.107.196" port: 39867 } attrs { promote: true } } }
I20260608 12:40:37.588678  3608 raft_consensus.cc:2955] T 8f0d8ea0f61f408b8d9c50faac21dacf P 1591bc7feb5a4d6c99097aed09a559ed [term 1 FOLLOWER]: Committing config change with OpId 1.2: config changed from index -1 to 2, NON_VOTER 44a508a1e7d14573bf297fa66e6673f1 (127.0.107.196) added. New config: { opid_index: 2 OBSOLETE_local: false peers { permanent_uuid: "cd3e65fb55dc4b6b848f2f2c55ae27f8" member_type: VOTER last_known_addr { host: "127.0.107.193" port: 45659 } } peers { permanent_uuid: "d6590e67c00140119fdcac4f1dfabdac" member_type: VOTER last_known_addr { host: "127.0.107.194" port: 35765 } attrs { replace: true } } peers { permanent_uuid: "1591bc7feb5a4d6c99097aed09a559ed" member_type: VOTER last_known_addr { host: "127.0.107.195" port: 45919 } } peers { permanent_uuid: "44a508a1e7d14573bf297fa66e6673f1" member_type: NON_VOTER last_known_addr { host: "127.0.107.196" port: 39867 } attrs { promote: true } } }
I20260608 12:40:37.591615  3534 raft_consensus.cc:2955] T 8f0d8ea0f61f408b8d9c50faac21dacf P d6590e67c00140119fdcac4f1dfabdac [term 1 FOLLOWER]: Committing config change with OpId 1.2: config changed from index -1 to 2, NON_VOTER 44a508a1e7d14573bf297fa66e6673f1 (127.0.107.196) added. New config: { opid_index: 2 OBSOLETE_local: false peers { permanent_uuid: "cd3e65fb55dc4b6b848f2f2c55ae27f8" member_type: VOTER last_known_addr { host: "127.0.107.193" port: 45659 } } peers { permanent_uuid: "d6590e67c00140119fdcac4f1dfabdac" member_type: VOTER last_known_addr { host: "127.0.107.194" port: 35765 } attrs { replace: true } } peers { permanent_uuid: "1591bc7feb5a4d6c99097aed09a559ed" member_type: VOTER last_known_addr { host: "127.0.107.195" port: 45919 } } peers { permanent_uuid: "44a508a1e7d14573bf297fa66e6673f1" member_type: NON_VOTER last_known_addr { host: "127.0.107.196" port: 39867 } attrs { promote: true } } }
I20260608 12:40:37.606503  3358 catalog_manager.cc:5696] T 8f0d8ea0f61f408b8d9c50faac21dacf P 1591bc7feb5a4d6c99097aed09a559ed reported cstate change: config changed from index -1 to 2, NON_VOTER 44a508a1e7d14573bf297fa66e6673f1 (127.0.107.196) added. New cstate: current_term: 1 leader_uuid: "cd3e65fb55dc4b6b848f2f2c55ae27f8" committed_config { opid_index: 2 OBSOLETE_local: false peers { permanent_uuid: "cd3e65fb55dc4b6b848f2f2c55ae27f8" member_type: VOTER last_known_addr { host: "127.0.107.193" port: 45659 } } peers { permanent_uuid: "d6590e67c00140119fdcac4f1dfabdac" member_type: VOTER last_known_addr { host: "127.0.107.194" port: 35765 } attrs { replace: true } } peers { permanent_uuid: "1591bc7feb5a4d6c99097aed09a559ed" member_type: VOTER last_known_addr { host: "127.0.107.195" port: 45919 } } peers { permanent_uuid: "44a508a1e7d14573bf297fa66e6673f1" member_type: NON_VOTER last_known_addr { host: "127.0.107.196" port: 39867 } attrs { promote: true } } }
I20260608 12:40:37.625226  3534 consensus_queue.cc:237] T 39d30256d60c4205892260a472023127 P d6590e67c00140119fdcac4f1dfabdac [LEADER]: Queue going to LEADER mode. State: All replicated index: 0, Majority replicated index: 1, Committed index: 1, Last appended: 1.1, Last appended by leader: 0, Current term: 1, Majority size: 2, State: 0, Mode: LEADER, active raft config: opid_index: 2 OBSOLETE_local: false peers { permanent_uuid: "cd3e65fb55dc4b6b848f2f2c55ae27f8" member_type: VOTER last_known_addr { host: "127.0.107.193" port: 45659 } } peers { permanent_uuid: "d6590e67c00140119fdcac4f1dfabdac" member_type: VOTER last_known_addr { host: "127.0.107.194" port: 35765 } } peers { permanent_uuid: "1591bc7feb5a4d6c99097aed09a559ed" member_type: VOTER last_known_addr { host: "127.0.107.195" port: 45919 } attrs { replace: true } } peers { permanent_uuid: "44a508a1e7d14573bf297fa66e6673f1" member_type: NON_VOTER last_known_addr { host: "127.0.107.196" port: 39867 } attrs { promote: true } }
W20260608 12:40:37.637329  3500 consensus_peers.cc:597] T 39d30256d60c4205892260a472023127 P d6590e67c00140119fdcac4f1dfabdac -> Peer 44a508a1e7d14573bf297fa66e6673f1 (127.0.107.196:39867): Couldn't send request to peer 44a508a1e7d14573bf297fa66e6673f1. Error code: TABLET_NOT_FOUND (6). Status: Not found: Tablet not found: 39d30256d60c4205892260a472023127. This is attempt 1: this message will repeat every 5th retry.
I20260608 12:40:37.637451  3608 raft_consensus.cc:1275] T 39d30256d60c4205892260a472023127 P 1591bc7feb5a4d6c99097aed09a559ed [term 1 FOLLOWER]: Refusing update from remote peer d6590e67c00140119fdcac4f1dfabdac: Log matching property violated. Preceding OpId in replica: term: 1 index: 1. Preceding OpId from leader: term: 1 index: 2. (index mismatch)
I20260608 12:40:37.637449  3459 raft_consensus.cc:1275] T 39d30256d60c4205892260a472023127 P cd3e65fb55dc4b6b848f2f2c55ae27f8 [term 1 FOLLOWER]: Refusing update from remote peer d6590e67c00140119fdcac4f1dfabdac: Log matching property violated. Preceding OpId in replica: term: 1 index: 1. Preceding OpId from leader: term: 1 index: 2. (index mismatch)
I20260608 12:40:37.639626  3671 consensus_queue.cc:1048] T 39d30256d60c4205892260a472023127 P d6590e67c00140119fdcac4f1dfabdac [LEADER]: Connected to new peer: Peer: permanent_uuid: "cd3e65fb55dc4b6b848f2f2c55ae27f8" member_type: VOTER last_known_addr { host: "127.0.107.193" port: 45659 }, Status: LMP_MISMATCH, Last received: 0.0, Next index: 2, Last known committed idx: 1, Time since last communication: 0.000s
I20260608 12:40:37.640688  3662 consensus_queue.cc:1048] T 39d30256d60c4205892260a472023127 P d6590e67c00140119fdcac4f1dfabdac [LEADER]: Connected to new peer: Peer: permanent_uuid: "1591bc7feb5a4d6c99097aed09a559ed" member_type: VOTER last_known_addr { host: "127.0.107.195" port: 45919 } attrs { replace: true }, Status: LMP_MISMATCH, Last received: 0.0, Next index: 2, Last known committed idx: 1, Time since last communication: 0.000s
I20260608 12:40:37.650488  3662 raft_consensus.cc:2955] T 39d30256d60c4205892260a472023127 P d6590e67c00140119fdcac4f1dfabdac [term 1 LEADER]: Committing config change with OpId 1.2: config changed from index -1 to 2, NON_VOTER 44a508a1e7d14573bf297fa66e6673f1 (127.0.107.196) added. New config: { opid_index: 2 OBSOLETE_local: false peers { permanent_uuid: "cd3e65fb55dc4b6b848f2f2c55ae27f8" member_type: VOTER last_known_addr { host: "127.0.107.193" port: 45659 } } peers { permanent_uuid: "d6590e67c00140119fdcac4f1dfabdac" member_type: VOTER last_known_addr { host: "127.0.107.194" port: 35765 } } peers { permanent_uuid: "1591bc7feb5a4d6c99097aed09a559ed" member_type: VOTER last_known_addr { host: "127.0.107.195" port: 45919 } attrs { replace: true } } peers { permanent_uuid: "44a508a1e7d14573bf297fa66e6673f1" member_type: NON_VOTER last_known_addr { host: "127.0.107.196" port: 39867 } attrs { promote: true } } }
I20260608 12:40:37.653357  3459 raft_consensus.cc:2955] T 39d30256d60c4205892260a472023127 P cd3e65fb55dc4b6b848f2f2c55ae27f8 [term 1 FOLLOWER]: Committing config change with OpId 1.2: config changed from index -1 to 2, NON_VOTER 44a508a1e7d14573bf297fa66e6673f1 (127.0.107.196) added. New config: { opid_index: 2 OBSOLETE_local: false peers { permanent_uuid: "cd3e65fb55dc4b6b848f2f2c55ae27f8" member_type: VOTER last_known_addr { host: "127.0.107.193" port: 45659 } } peers { permanent_uuid: "d6590e67c00140119fdcac4f1dfabdac" member_type: VOTER last_known_addr { host: "127.0.107.194" port: 35765 } } peers { permanent_uuid: "1591bc7feb5a4d6c99097aed09a559ed" member_type: VOTER last_known_addr { host: "127.0.107.195" port: 45919 } attrs { replace: true } } peers { permanent_uuid: "44a508a1e7d14573bf297fa66e6673f1" member_type: NON_VOTER last_known_addr { host: "127.0.107.196" port: 39867 } attrs { promote: true } } }
I20260608 12:40:37.655968  3609 raft_consensus.cc:2955] T 39d30256d60c4205892260a472023127 P 1591bc7feb5a4d6c99097aed09a559ed [term 1 FOLLOWER]: Committing config change with OpId 1.2: config changed from index -1 to 2, NON_VOTER 44a508a1e7d14573bf297fa66e6673f1 (127.0.107.196) added. New config: { opid_index: 2 OBSOLETE_local: false peers { permanent_uuid: "cd3e65fb55dc4b6b848f2f2c55ae27f8" member_type: VOTER last_known_addr { host: "127.0.107.193" port: 45659 } } peers { permanent_uuid: "d6590e67c00140119fdcac4f1dfabdac" member_type: VOTER last_known_addr { host: "127.0.107.194" port: 35765 } } peers { permanent_uuid: "1591bc7feb5a4d6c99097aed09a559ed" member_type: VOTER last_known_addr { host: "127.0.107.195" port: 45919 } attrs { replace: true } } peers { permanent_uuid: "44a508a1e7d14573bf297fa66e6673f1" member_type: NON_VOTER last_known_addr { host: "127.0.107.196" port: 39867 } attrs { promote: true } } }
I20260608 12:40:37.666790  3356 catalog_manager.cc:5696] T 39d30256d60c4205892260a472023127 P d6590e67c00140119fdcac4f1dfabdac reported cstate change: config changed from index -1 to 2, NON_VOTER 44a508a1e7d14573bf297fa66e6673f1 (127.0.107.196) added. New cstate: current_term: 1 leader_uuid: "d6590e67c00140119fdcac4f1dfabdac" committed_config { opid_index: 2 OBSOLETE_local: false peers { permanent_uuid: "cd3e65fb55dc4b6b848f2f2c55ae27f8" member_type: VOTER last_known_addr { host: "127.0.107.193" port: 45659 } health_report { overall_health: HEALTHY } } peers { permanent_uuid: "d6590e67c00140119fdcac4f1dfabdac" member_type: VOTER last_known_addr { host: "127.0.107.194" port: 35765 } health_report { overall_health: HEALTHY } } peers { permanent_uuid: "1591bc7feb5a4d6c99097aed09a559ed" member_type: VOTER last_known_addr { host: "127.0.107.195" port: 45919 } attrs { replace: true } health_report { overall_health: HEALTHY } } peers { permanent_uuid: "44a508a1e7d14573bf297fa66e6673f1" member_type: NON_VOTER last_known_addr { host: "127.0.107.196" port: 39867 } attrs { promote: true } health_report { overall_health: UNKNOWN } } }
I20260608 12:40:37.670254  3608 consensus_queue.cc:237] T e92e0ae7541845b5a96733b498fc6044 P 1591bc7feb5a4d6c99097aed09a559ed [LEADER]: Queue going to LEADER mode. State: All replicated index: 0, Majority replicated index: 1, Committed index: 1, Last appended: 1.1, Last appended by leader: 0, Current term: 1, Majority size: 2, State: 0, Mode: LEADER, active raft config: opid_index: 2 OBSOLETE_local: false peers { permanent_uuid: "cd3e65fb55dc4b6b848f2f2c55ae27f8" member_type: VOTER last_known_addr { host: "127.0.107.193" port: 45659 } attrs { replace: true } } peers { permanent_uuid: "d6590e67c00140119fdcac4f1dfabdac" member_type: VOTER last_known_addr { host: "127.0.107.194" port: 35765 } } peers { permanent_uuid: "1591bc7feb5a4d6c99097aed09a559ed" member_type: VOTER last_known_addr { host: "127.0.107.195" port: 45919 } } peers { permanent_uuid: "44a508a1e7d14573bf297fa66e6673f1" member_type: NON_VOTER last_known_addr { host: "127.0.107.196" port: 39867 } attrs { promote: true } }
W20260608 12:40:37.679836  3574 consensus_peers.cc:597] T e92e0ae7541845b5a96733b498fc6044 P 1591bc7feb5a4d6c99097aed09a559ed -> Peer 44a508a1e7d14573bf297fa66e6673f1 (127.0.107.196:39867): Couldn't send request to peer 44a508a1e7d14573bf297fa66e6673f1. Error code: TABLET_NOT_FOUND (6). Status: Not found: Tablet not found: e92e0ae7541845b5a96733b498fc6044. This is attempt 1: this message will repeat every 5th retry.
I20260608 12:40:37.681876  3534 raft_consensus.cc:1275] T e92e0ae7541845b5a96733b498fc6044 P d6590e67c00140119fdcac4f1dfabdac [term 1 FOLLOWER]: Refusing update from remote peer 1591bc7feb5a4d6c99097aed09a559ed: Log matching property violated. Preceding OpId in replica: term: 1 index: 1. Preceding OpId from leader: term: 1 index: 2. (index mismatch)
I20260608 12:40:37.682114  3461 raft_consensus.cc:1275] T e92e0ae7541845b5a96733b498fc6044 P cd3e65fb55dc4b6b848f2f2c55ae27f8 [term 1 FOLLOWER]: Refusing update from remote peer 1591bc7feb5a4d6c99097aed09a559ed: Log matching property violated. Preceding OpId in replica: term: 1 index: 1. Preceding OpId from leader: term: 1 index: 2. (index mismatch)
I20260608 12:40:37.683506  3882 consensus_queue.cc:1048] T e92e0ae7541845b5a96733b498fc6044 P 1591bc7feb5a4d6c99097aed09a559ed [LEADER]: Connected to new peer: Peer: permanent_uuid: "d6590e67c00140119fdcac4f1dfabdac" member_type: VOTER last_known_addr { host: "127.0.107.194" port: 35765 }, Status: LMP_MISMATCH, Last received: 0.0, Next index: 2, Last known committed idx: 1, Time since last communication: 0.000s
I20260608 12:40:37.685181  3691 consensus_queue.cc:1048] T e92e0ae7541845b5a96733b498fc6044 P 1591bc7feb5a4d6c99097aed09a559ed [LEADER]: Connected to new peer: Peer: permanent_uuid: "cd3e65fb55dc4b6b848f2f2c55ae27f8" member_type: VOTER last_known_addr { host: "127.0.107.193" port: 45659 } attrs { replace: true }, Status: LMP_MISMATCH, Last received: 0.0, Next index: 2, Last known committed idx: 1, Time since last communication: 0.000s
I20260608 12:40:37.693955  3882 raft_consensus.cc:2955] T e92e0ae7541845b5a96733b498fc6044 P 1591bc7feb5a4d6c99097aed09a559ed [term 1 LEADER]: Committing config change with OpId 1.2: config changed from index -1 to 2, NON_VOTER 44a508a1e7d14573bf297fa66e6673f1 (127.0.107.196) added. New config: { opid_index: 2 OBSOLETE_local: false peers { permanent_uuid: "cd3e65fb55dc4b6b848f2f2c55ae27f8" member_type: VOTER last_known_addr { host: "127.0.107.193" port: 45659 } attrs { replace: true } } peers { permanent_uuid: "d6590e67c00140119fdcac4f1dfabdac" member_type: VOTER last_known_addr { host: "127.0.107.194" port: 35765 } } peers { permanent_uuid: "1591bc7feb5a4d6c99097aed09a559ed" member_type: VOTER last_known_addr { host: "127.0.107.195" port: 45919 } } peers { permanent_uuid: "44a508a1e7d14573bf297fa66e6673f1" member_type: NON_VOTER last_known_addr { host: "127.0.107.196" port: 39867 } attrs { promote: true } } }
I20260608 12:40:37.696069  3534 raft_consensus.cc:2955] T e92e0ae7541845b5a96733b498fc6044 P d6590e67c00140119fdcac4f1dfabdac [term 1 FOLLOWER]: Committing config change with OpId 1.2: config changed from index -1 to 2, NON_VOTER 44a508a1e7d14573bf297fa66e6673f1 (127.0.107.196) added. New config: { opid_index: 2 OBSOLETE_local: false peers { permanent_uuid: "cd3e65fb55dc4b6b848f2f2c55ae27f8" member_type: VOTER last_known_addr { host: "127.0.107.193" port: 45659 } attrs { replace: true } } peers { permanent_uuid: "d6590e67c00140119fdcac4f1dfabdac" member_type: VOTER last_known_addr { host: "127.0.107.194" port: 35765 } } peers { permanent_uuid: "1591bc7feb5a4d6c99097aed09a559ed" member_type: VOTER last_known_addr { host: "127.0.107.195" port: 45919 } } peers { permanent_uuid: "44a508a1e7d14573bf297fa66e6673f1" member_type: NON_VOTER last_known_addr { host: "127.0.107.196" port: 39867 } attrs { promote: true } } }
I20260608 12:40:37.697491  3459 raft_consensus.cc:2955] T e92e0ae7541845b5a96733b498fc6044 P cd3e65fb55dc4b6b848f2f2c55ae27f8 [term 1 FOLLOWER]: Committing config change with OpId 1.2: config changed from index -1 to 2, NON_VOTER 44a508a1e7d14573bf297fa66e6673f1 (127.0.107.196) added. New config: { opid_index: 2 OBSOLETE_local: false peers { permanent_uuid: "cd3e65fb55dc4b6b848f2f2c55ae27f8" member_type: VOTER last_known_addr { host: "127.0.107.193" port: 45659 } attrs { replace: true } } peers { permanent_uuid: "d6590e67c00140119fdcac4f1dfabdac" member_type: VOTER last_known_addr { host: "127.0.107.194" port: 35765 } } peers { permanent_uuid: "1591bc7feb5a4d6c99097aed09a559ed" member_type: VOTER last_known_addr { host: "127.0.107.195" port: 45919 } } peers { permanent_uuid: "44a508a1e7d14573bf297fa66e6673f1" member_type: NON_VOTER last_known_addr { host: "127.0.107.196" port: 39867 } attrs { promote: true } } }
I20260608 12:40:37.711117  3358 catalog_manager.cc:5696] T e92e0ae7541845b5a96733b498fc6044 P 1591bc7feb5a4d6c99097aed09a559ed reported cstate change: config changed from index -1 to 2, NON_VOTER 44a508a1e7d14573bf297fa66e6673f1 (127.0.107.196) added. New cstate: current_term: 1 leader_uuid: "1591bc7feb5a4d6c99097aed09a559ed" committed_config { opid_index: 2 OBSOLETE_local: false peers { permanent_uuid: "cd3e65fb55dc4b6b848f2f2c55ae27f8" member_type: VOTER last_known_addr { host: "127.0.107.193" port: 45659 } attrs { replace: true } health_report { overall_health: HEALTHY } } peers { permanent_uuid: "d6590e67c00140119fdcac4f1dfabdac" member_type: VOTER last_known_addr { host: "127.0.107.194" port: 35765 } health_report { overall_health: HEALTHY } } peers { permanent_uuid: "1591bc7feb5a4d6c99097aed09a559ed" member_type: VOTER last_known_addr { host: "127.0.107.195" port: 45919 } health_report { overall_health: HEALTHY } } peers { permanent_uuid: "44a508a1e7d14573bf297fa66e6673f1" member_type: NON_VOTER last_known_addr { host: "127.0.107.196" port: 39867 } attrs { promote: true } health_report { overall_health: UNKNOWN } } }
I20260608 12:40:37.894868  3905 ts_tablet_manager.cc:933] T b4625528f4ea4e51a0a977fe9648963d P 44a508a1e7d14573bf297fa66e6673f1: Initiating tablet copy from peer 1591bc7feb5a4d6c99097aed09a559ed (127.0.107.195:45919)
I20260608 12:40:37.896751  3905 tablet_copy_client.cc:323] T b4625528f4ea4e51a0a977fe9648963d P 44a508a1e7d14573bf297fa66e6673f1: tablet copy: Beginning tablet copy session from remote peer at address 127.0.107.195:45919
I20260608 12:40:37.898702  3620 tablet_copy_service.cc:140] P 1591bc7feb5a4d6c99097aed09a559ed: Received BeginTabletCopySession request for tablet b4625528f4ea4e51a0a977fe9648963d from peer 44a508a1e7d14573bf297fa66e6673f1 ({username='slave'} at 127.0.0.1:35256)
I20260608 12:40:37.899258  3620 tablet_copy_service.cc:161] P 1591bc7feb5a4d6c99097aed09a559ed: Beginning new tablet copy session on tablet b4625528f4ea4e51a0a977fe9648963d from peer 44a508a1e7d14573bf297fa66e6673f1 at {username='slave'} at 127.0.0.1:35256: session id = 44a508a1e7d14573bf297fa66e6673f1-b4625528f4ea4e51a0a977fe9648963d
I20260608 12:40:37.905614  3620 tablet_copy_source_session.cc:215] T b4625528f4ea4e51a0a977fe9648963d P 1591bc7feb5a4d6c99097aed09a559ed: Tablet Copy: opened 0 blocks and 1 log segments
I20260608 12:40:37.909092  3905 data_dirs.cc:400] Could only allocate 1 dirs of requested 3 for tablet b4625528f4ea4e51a0a977fe9648963d. 1 dirs total, 0 dirs full, 0 dirs failed
I20260608 12:40:37.921068  3905 tablet_copy_client.cc:806] T b4625528f4ea4e51a0a977fe9648963d P 44a508a1e7d14573bf297fa66e6673f1: tablet copy: Starting download of 0 data blocks...
I20260608 12:40:37.921689  3905 tablet_copy_client.cc:670] T b4625528f4ea4e51a0a977fe9648963d P 44a508a1e7d14573bf297fa66e6673f1: tablet copy: Starting download of 1 WAL segments...
I20260608 12:40:37.925717  3905 tablet_copy_client.cc:538] T b4625528f4ea4e51a0a977fe9648963d P 44a508a1e7d14573bf297fa66e6673f1: tablet copy: Tablet Copy complete. Replacing tablet superblock.
I20260608 12:40:37.932863  3905 tablet_bootstrap.cc:492] T b4625528f4ea4e51a0a977fe9648963d P 44a508a1e7d14573bf297fa66e6673f1: Bootstrap starting.
I20260608 12:40:37.951851  3905 tablet_bootstrap.cc:492] T b4625528f4ea4e51a0a977fe9648963d P 44a508a1e7d14573bf297fa66e6673f1: Bootstrap replayed 1/1 log segments. Stats: ops{read=2 overwritten=0 applied=2 ignored=0} inserts{seen=0 ignored=0} mutations{seen=0 ignored=0} orphaned_commits=0. Pending: 0 replicates
I20260608 12:40:37.952922  3905 tablet_bootstrap.cc:492] T b4625528f4ea4e51a0a977fe9648963d P 44a508a1e7d14573bf297fa66e6673f1: Bootstrap complete.
I20260608 12:40:37.953612  3905 ts_tablet_manager.cc:1403] T b4625528f4ea4e51a0a977fe9648963d P 44a508a1e7d14573bf297fa66e6673f1: Time spent bootstrapping tablet: real 0.021s	user 0.019s	sys 0.000s
I20260608 12:40:37.956560  3905 raft_consensus.cc:359] T b4625528f4ea4e51a0a977fe9648963d P 44a508a1e7d14573bf297fa66e6673f1 [term 1 LEARNER]: Replica starting. Triggering 0 pending ops. Active config: opid_index: 2 OBSOLETE_local: false peers { permanent_uuid: "d6590e67c00140119fdcac4f1dfabdac" member_type: VOTER last_known_addr { host: "127.0.107.194" port: 35765 } } peers { permanent_uuid: "cd3e65fb55dc4b6b848f2f2c55ae27f8" member_type: VOTER last_known_addr { host: "127.0.107.193" port: 45659 } attrs { replace: true } } peers { permanent_uuid: "1591bc7feb5a4d6c99097aed09a559ed" member_type: VOTER last_known_addr { host: "127.0.107.195" port: 45919 } } peers { permanent_uuid: "44a508a1e7d14573bf297fa66e6673f1" member_type: NON_VOTER last_known_addr { host: "127.0.107.196" port: 39867 } attrs { promote: true } }
I20260608 12:40:37.957253  3905 raft_consensus.cc:740] T b4625528f4ea4e51a0a977fe9648963d P 44a508a1e7d14573bf297fa66e6673f1 [term 1 LEARNER]: Becoming Follower/Learner. State: Replica: 44a508a1e7d14573bf297fa66e6673f1, State: Initialized, Role: LEARNER
I20260608 12:40:37.957803  3905 consensus_queue.cc:260] T b4625528f4ea4e51a0a977fe9648963d P 44a508a1e7d14573bf297fa66e6673f1 [NON_LEADER]: Queue going to NON_LEADER mode. State: All replicated index: 0, Majority replicated index: 0, Committed index: 2, Last appended: 1.2, Last appended by leader: 2, Current term: 0, Majority size: -1, State: 0, Mode: NON_LEADER, active raft config: opid_index: 2 OBSOLETE_local: false peers { permanent_uuid: "d6590e67c00140119fdcac4f1dfabdac" member_type: VOTER last_known_addr { host: "127.0.107.194" port: 35765 } } peers { permanent_uuid: "cd3e65fb55dc4b6b848f2f2c55ae27f8" member_type: VOTER last_known_addr { host: "127.0.107.193" port: 45659 } attrs { replace: true } } peers { permanent_uuid: "1591bc7feb5a4d6c99097aed09a559ed" member_type: VOTER last_known_addr { host: "127.0.107.195" port: 45919 } } peers { permanent_uuid: "44a508a1e7d14573bf297fa66e6673f1" member_type: NON_VOTER last_known_addr { host: "127.0.107.196" port: 39867 } attrs { promote: true } }
I20260608 12:40:37.960006  3905 ts_tablet_manager.cc:1434] T b4625528f4ea4e51a0a977fe9648963d P 44a508a1e7d14573bf297fa66e6673f1: Time spent starting tablet: real 0.006s	user 0.004s	sys 0.000s
I20260608 12:40:37.962078  3620 tablet_copy_service.cc:342] P 1591bc7feb5a4d6c99097aed09a559ed: Request end of tablet copy session 44a508a1e7d14573bf297fa66e6673f1-b4625528f4ea4e51a0a977fe9648963d received from {username='slave'} at 127.0.0.1:35256
I20260608 12:40:37.962563  3620 tablet_copy_service.cc:434] P 1591bc7feb5a4d6c99097aed09a559ed: ending tablet copy session 44a508a1e7d14573bf297fa66e6673f1-b4625528f4ea4e51a0a977fe9648963d on tablet b4625528f4ea4e51a0a977fe9648963d with peer 44a508a1e7d14573bf297fa66e6673f1
I20260608 12:40:38.082056  3905 ts_tablet_manager.cc:933] T e92e0ae7541845b5a96733b498fc6044 P 44a508a1e7d14573bf297fa66e6673f1: Initiating tablet copy from peer 1591bc7feb5a4d6c99097aed09a559ed (127.0.107.195:45919)
I20260608 12:40:38.084499  3905 tablet_copy_client.cc:323] T e92e0ae7541845b5a96733b498fc6044 P 44a508a1e7d14573bf297fa66e6673f1: tablet copy: Beginning tablet copy session from remote peer at address 127.0.107.195:45919
I20260608 12:40:38.086282  3620 tablet_copy_service.cc:140] P 1591bc7feb5a4d6c99097aed09a559ed: Received BeginTabletCopySession request for tablet e92e0ae7541845b5a96733b498fc6044 from peer 44a508a1e7d14573bf297fa66e6673f1 ({username='slave'} at 127.0.0.1:35256)
I20260608 12:40:38.086923  3620 tablet_copy_service.cc:161] P 1591bc7feb5a4d6c99097aed09a559ed: Beginning new tablet copy session on tablet e92e0ae7541845b5a96733b498fc6044 from peer 44a508a1e7d14573bf297fa66e6673f1 at {username='slave'} at 127.0.0.1:35256: session id = 44a508a1e7d14573bf297fa66e6673f1-e92e0ae7541845b5a96733b498fc6044
I20260608 12:40:38.093137  3620 tablet_copy_source_session.cc:215] T e92e0ae7541845b5a96733b498fc6044 P 1591bc7feb5a4d6c99097aed09a559ed: Tablet Copy: opened 0 blocks and 1 log segments
I20260608 12:40:38.096114  3905 data_dirs.cc:400] Could only allocate 1 dirs of requested 3 for tablet e92e0ae7541845b5a96733b498fc6044. 1 dirs total, 0 dirs full, 0 dirs failed
I20260608 12:40:38.112206  3905 tablet_copy_client.cc:806] T e92e0ae7541845b5a96733b498fc6044 P 44a508a1e7d14573bf297fa66e6673f1: tablet copy: Starting download of 0 data blocks...
I20260608 12:40:38.112763  3905 tablet_copy_client.cc:670] T e92e0ae7541845b5a96733b498fc6044 P 44a508a1e7d14573bf297fa66e6673f1: tablet copy: Starting download of 1 WAL segments...
I20260608 12:40:38.116647  3905 tablet_copy_client.cc:538] T e92e0ae7541845b5a96733b498fc6044 P 44a508a1e7d14573bf297fa66e6673f1: tablet copy: Tablet Copy complete. Replacing tablet superblock.
I20260608 12:40:38.124475  3905 tablet_bootstrap.cc:492] T e92e0ae7541845b5a96733b498fc6044 P 44a508a1e7d14573bf297fa66e6673f1: Bootstrap starting.
I20260608 12:40:38.143975  3905 tablet_bootstrap.cc:492] T e92e0ae7541845b5a96733b498fc6044 P 44a508a1e7d14573bf297fa66e6673f1: Bootstrap replayed 1/1 log segments. Stats: ops{read=2 overwritten=0 applied=2 ignored=0} inserts{seen=0 ignored=0} mutations{seen=0 ignored=0} orphaned_commits=0. Pending: 0 replicates
I20260608 12:40:38.144987  3905 tablet_bootstrap.cc:492] T e92e0ae7541845b5a96733b498fc6044 P 44a508a1e7d14573bf297fa66e6673f1: Bootstrap complete.
I20260608 12:40:38.145680  3905 ts_tablet_manager.cc:1403] T e92e0ae7541845b5a96733b498fc6044 P 44a508a1e7d14573bf297fa66e6673f1: Time spent bootstrapping tablet: real 0.021s	user 0.015s	sys 0.004s
