I20260608 12:39:15.174997   431 master.cc:562] Master@127.0.107.254:35437 shutting down...
I20260608 12:39:15.194561   431 raft_consensus.cc:2243] T 00000000000000000000000000000000 P 333d0ea011b14dd7a35fc410bbcfc733 [term 3 LEADER]: Raft consensus shutting down.
I20260608 12:39:15.195425   431 pending_rounds.cc:70] T 00000000000000000000000000000000 P 333d0ea011b14dd7a35fc410bbcfc733: Trying to abort 1 pending ops.
I20260608 12:39:15.195801   431 pending_rounds.cc:77] T 00000000000000000000000000000000 P 333d0ea011b14dd7a35fc410bbcfc733: Aborting op as it isn't in flight: id { term: 3 index: 10 } timestamp: 7294657965548920832 op_type: NO_OP noop_request { }
I20260608 12:39:15.196201   431 raft_consensus.cc:2889] T 00000000000000000000000000000000 P 333d0ea011b14dd7a35fc410bbcfc733 [term 3 LEADER]: NO_OP replication failed: Aborted: Op aborted
I20260608 12:39:15.196578   431 raft_consensus.cc:2272] T 00000000000000000000000000000000 P 333d0ea011b14dd7a35fc410bbcfc733 [term 3 FOLLOWER]: Raft consensus is shut down!
I20260608 12:39:15.196972   431 tablet_replica.cc:333] T 00000000000000000000000000000000 P 333d0ea011b14dd7a35fc410bbcfc733: stopping tablet replica
I20260608 12:39:15.218645   431 master.cc:584] Master@127.0.107.254:35437 shutdown complete.
I20260608 12:39:15.233599   431 master.cc:562] Master@127.0.107.253:37737 shutting down...
I20260608 12:39:15.253114   431 raft_consensus.cc:2243] T 00000000000000000000000000000000 P 1a67fe0186044779bce50d9c95da2182 [term 3 FOLLOWER]: Raft consensus shutting down.
I20260608 12:39:15.253674   431 raft_consensus.cc:2272] T 00000000000000000000000000000000 P 1a67fe0186044779bce50d9c95da2182 [term 3 FOLLOWER]: Raft consensus is shut down!
I20260608 12:39:15.253960   431 tablet_replica.cc:333] T 00000000000000000000000000000000 P 1a67fe0186044779bce50d9c95da2182: stopping tablet replica
I20260608 12:39:15.272895   431 master.cc:584] Master@127.0.107.253:37737 shutdown complete.
[       OK ] AutoRebalancerTest.NextLeaderResumesAutoRebalancing (6696 ms)
[ RUN      ] AutoRebalancerTest.MovesScheduledIfAddTserver
I20260608 12:39:15.304713   431 internal_mini_cluster.cc:156] Creating distributed mini masters. Addrs: 127.0.107.254:36685
I20260608 12:39:15.305859   431 file_cache.cc:492] Constructed file cache file cache with capacity 419430
W20260608 12:39:15.312187  2067 instance_detector.cc:116] could not retrieve AWS instance metadata: Network error: curl error: HTTP response code said error: The requested URL returned error: 404
W20260608 12:39:15.312286  2068 instance_detector.cc:116] could not retrieve Azure instance metadata: Network error: curl error: HTTP response code said error: The requested URL returned error: 404
W20260608 12:39:15.313265  2070 instance_detector.cc:116] could not retrieve OpenStack instance metadata: Network error: curl error: HTTP response code said error: The requested URL returned error: 404
I20260608 12:39:15.313763   431 server_base.cc:1061] running on GCE node
I20260608 12:39:15.314530   431 hybrid_clock.cc:584] initializing the hybrid clock with 'system_unsync' time source
W20260608 12:39:15.314708   431 system_unsync_time.cc:38] NTP support is disabled. Clock error bounds will not be accurate. This configuration is not suitable for distributed clusters.
I20260608 12:39:15.314826   431 hybrid_clock.cc:648] HybridClock initialized: now 1780922355314815 us; error 0 us; skew 500 ppm
I20260608 12:39:15.315322   431 server_base.cc:861] Flag tcmalloc_max_total_thread_cache_bytes is not working since tcmalloc is not enabled.
I20260608 12:39:15.317939   431 webserver.cc:533] Webserver started at http://127.0.107.254:37079/ using document root <none> and password file <none>
I20260608 12:39:15.318408   431 fs_manager.cc:362] Metadata directory not provided
I20260608 12:39:15.318579   431 fs_manager.cc:368] Using write-ahead log directory (fs_wal_dir) as metadata directory
I20260608 12:39:15.318799   431 server_base.cc:909] This appears to be a new deployment of Kudu; creating new FS layout
I20260608 12:39:15.319947   431 fs_manager.cc:1068] Generated new instance metadata in path /tmp/dist-test-task4cWLoA/test-tmp/auto_rebalancer-test.0.AutoRebalancerTest.MovesScheduledIfAddTserver.1780922334302210-431-0/minicluster-data/master-0-root/instance:
uuid: "55309fbf766e4e33ad55892f202a467c"
format_stamp: "Formatted at 2026-06-08 12:39:15 on dist-test-slave-bvz8"
I20260608 12:39:15.324570   431 fs_manager.cc:696] Time spent creating directory manager: real 0.004s	user 0.002s	sys 0.001s
I20260608 12:39:15.328271  2075 log_block_manager.cc:4031] Time spent loading block containers with low live blocks: real 0.000s	user 0.000s	sys 0.000s
I20260608 12:39:15.329123   431 fs_manager.cc:730] Time spent opening block manager: real 0.003s	user 0.003s	sys 0.000s
I20260608 12:39:15.329412   431 fs_manager.cc:647] Opened local filesystem: /tmp/dist-test-task4cWLoA/test-tmp/auto_rebalancer-test.0.AutoRebalancerTest.MovesScheduledIfAddTserver.1780922334302210-431-0/minicluster-data/master-0-root
uuid: "55309fbf766e4e33ad55892f202a467c"
format_stamp: "Formatted at 2026-06-08 12:39:15 on dist-test-slave-bvz8"
I20260608 12:39:15.329674   431 fs_report.cc:389] FS layout report
--------------------
wal directory: /tmp/dist-test-task4cWLoA/test-tmp/auto_rebalancer-test.0.AutoRebalancerTest.MovesScheduledIfAddTserver.1780922334302210-431-0/minicluster-data/master-0-root
metadata directory: /tmp/dist-test-task4cWLoA/test-tmp/auto_rebalancer-test.0.AutoRebalancerTest.MovesScheduledIfAddTserver.1780922334302210-431-0/minicluster-data/master-0-root
1 data directories: /tmp/dist-test-task4cWLoA/test-tmp/auto_rebalancer-test.0.AutoRebalancerTest.MovesScheduledIfAddTserver.1780922334302210-431-0/minicluster-data/master-0-root/data
Total live blocks: 0
Total live bytes: 0
Total live bytes (after alignment): 0
Total number of LBM containers: 0 (0 full)
Did not check for missing blocks
Did not check for orphaned blocks
Total full LBM containers with extra space: 0 (0 repaired)
Total full LBM container extra space in bytes: 0 (0 repaired)
Total incomplete LBM containers: 0 (0 repaired)
Total LBM partial records: 0 (0 repaired)
Total corrupted LBM metadata records in RocksDB: 0 (0 repaired)
I20260608 12:39:15.350068   431 rpc_server.cc:225] running with OpenSSL 1.1.1  11 Sep 2018
I20260608 12:39:15.351341   431 kserver.cc:163] Server-wide thread pool size limit: 3276
I20260608 12:39:15.391014   431 rpc_server.cc:307] RPC server started. Bound to: 127.0.107.254:36685
I20260608 12:39:15.391160  2126 acceptor_pool.cc:272] collecting diagnostics on the listening RPC socket 127.0.107.254:36685 every 8 connection(s)
I20260608 12:39:15.395437  2127 data_dirs.cc:400] Could only allocate 1 dirs of requested 3 for tablet 00000000000000000000000000000000. 1 dirs total, 0 dirs full, 0 dirs failed
I20260608 12:39:15.407264  2127 tablet_bootstrap.cc:492] T 00000000000000000000000000000000 P 55309fbf766e4e33ad55892f202a467c: Bootstrap starting.
I20260608 12:39:15.412742  2127 tablet_bootstrap.cc:654] T 00000000000000000000000000000000 P 55309fbf766e4e33ad55892f202a467c: Neither blocks nor log segments found. Creating new log.
I20260608 12:39:15.417573  2127 tablet_bootstrap.cc:492] T 00000000000000000000000000000000 P 55309fbf766e4e33ad55892f202a467c: No bootstrap required, opened a new log
I20260608 12:39:15.420019  2127 raft_consensus.cc:359] T 00000000000000000000000000000000 P 55309fbf766e4e33ad55892f202a467c [term 0 FOLLOWER]: Replica starting. Triggering 0 pending ops. Active config: opid_index: -1 OBSOLETE_local: true peers { permanent_uuid: "55309fbf766e4e33ad55892f202a467c" member_type: VOTER }
I20260608 12:39:15.420480  2127 raft_consensus.cc:385] T 00000000000000000000000000000000 P 55309fbf766e4e33ad55892f202a467c [term 0 FOLLOWER]: Consensus starting up: Expiring failure detector timer to make a prompt election more likely
I20260608 12:39:15.420702  2127 raft_consensus.cc:740] T 00000000000000000000000000000000 P 55309fbf766e4e33ad55892f202a467c [term 0 FOLLOWER]: Becoming Follower/Learner. State: Replica: 55309fbf766e4e33ad55892f202a467c, State: Initialized, Role: FOLLOWER
I20260608 12:39:15.421330  2127 consensus_queue.cc:260] T 00000000000000000000000000000000 P 55309fbf766e4e33ad55892f202a467c [NON_LEADER]: Queue going to NON_LEADER mode. State: All replicated index: 0, Majority replicated index: 0, Committed index: 0, Last appended: 0.0, Last appended by leader: 0, Current term: 0, Majority size: -1, State: 0, Mode: NON_LEADER, active raft config: opid_index: -1 OBSOLETE_local: true peers { permanent_uuid: "55309fbf766e4e33ad55892f202a467c" member_type: VOTER }
I20260608 12:39:15.421774  2127 raft_consensus.cc:399] T 00000000000000000000000000000000 P 55309fbf766e4e33ad55892f202a467c [term 0 FOLLOWER]: Only one voter in the Raft config. Triggering election immediately
I20260608 12:39:15.421985  2127 raft_consensus.cc:493] T 00000000000000000000000000000000 P 55309fbf766e4e33ad55892f202a467c [term 0 FOLLOWER]: Starting leader election (initial election of a single-replica configuration)
I20260608 12:39:15.422250  2127 raft_consensus.cc:3060] T 00000000000000000000000000000000 P 55309fbf766e4e33ad55892f202a467c [term 0 FOLLOWER]: Advancing to term 1
I20260608 12:39:15.427147  2127 raft_consensus.cc:515] T 00000000000000000000000000000000 P 55309fbf766e4e33ad55892f202a467c [term 1 FOLLOWER]: Starting leader election with config: opid_index: -1 OBSOLETE_local: true peers { permanent_uuid: "55309fbf766e4e33ad55892f202a467c" member_type: VOTER }
I20260608 12:39:15.427697  2127 leader_election.cc:304] T 00000000000000000000000000000000 P 55309fbf766e4e33ad55892f202a467c [CANDIDATE]: Term 1 election: Election decided. Result: candidate won. Election summary: received 1 responses out of 1 voters: 1 yes votes; 0 no votes. yes voters: 55309fbf766e4e33ad55892f202a467c; no voters: 
I20260608 12:39:15.428992  2127 leader_election.cc:290] T 00000000000000000000000000000000 P 55309fbf766e4e33ad55892f202a467c [CANDIDATE]: Term 1 election: Requested vote from peers 
I20260608 12:39:15.429517  2130 raft_consensus.cc:2804] T 00000000000000000000000000000000 P 55309fbf766e4e33ad55892f202a467c [term 1 FOLLOWER]: Leader election won for term 1
I20260608 12:39:15.430914  2130 raft_consensus.cc:697] T 00000000000000000000000000000000 P 55309fbf766e4e33ad55892f202a467c [term 1 LEADER]: Becoming Leader. State: Replica: 55309fbf766e4e33ad55892f202a467c, State: Running, Role: LEADER
I20260608 12:39:15.431692  2130 consensus_queue.cc:237] T 00000000000000000000000000000000 P 55309fbf766e4e33ad55892f202a467c [LEADER]: Queue going to LEADER mode. State: All replicated index: 0, Majority replicated index: 0, Committed index: 0, Last appended: 0.0, Last appended by leader: 0, Current term: 1, Majority size: 1, State: 0, Mode: LEADER, active raft config: opid_index: -1 OBSOLETE_local: true peers { permanent_uuid: "55309fbf766e4e33ad55892f202a467c" member_type: VOTER }
I20260608 12:39:15.432511  2127 sys_catalog.cc:565] T 00000000000000000000000000000000 P 55309fbf766e4e33ad55892f202a467c [sys.catalog]: configured and running, proceeding with master startup.
I20260608 12:39:15.434844  2131 sys_catalog.cc:455] T 00000000000000000000000000000000 P 55309fbf766e4e33ad55892f202a467c [sys.catalog]: SysCatalogTable state changed. Reason: RaftConsensus started. Latest consensus state: current_term: 1 leader_uuid: "55309fbf766e4e33ad55892f202a467c" committed_config { opid_index: -1 OBSOLETE_local: true peers { permanent_uuid: "55309fbf766e4e33ad55892f202a467c" member_type: VOTER } }
I20260608 12:39:15.435560  2131 sys_catalog.cc:458] T 00000000000000000000000000000000 P 55309fbf766e4e33ad55892f202a467c [sys.catalog]: This master's current role is: LEADER
I20260608 12:39:15.434875  2132 sys_catalog.cc:455] T 00000000000000000000000000000000 P 55309fbf766e4e33ad55892f202a467c [sys.catalog]: SysCatalogTable state changed. Reason: New leader 55309fbf766e4e33ad55892f202a467c. Latest consensus state: current_term: 1 leader_uuid: "55309fbf766e4e33ad55892f202a467c" committed_config { opid_index: -1 OBSOLETE_local: true peers { permanent_uuid: "55309fbf766e4e33ad55892f202a467c" member_type: VOTER } }
I20260608 12:39:15.436728  2132 sys_catalog.cc:458] T 00000000000000000000000000000000 P 55309fbf766e4e33ad55892f202a467c [sys.catalog]: This master's current role is: LEADER
I20260608 12:39:15.439216  2135 catalog_manager.cc:1510] Loading table and tablet metadata into memory...
I20260608 12:39:15.447121  2135 catalog_manager.cc:1519] Initializing Kudu cluster ID...
I20260608 12:39:15.448182   431 internal_mini_cluster.cc:184] Waiting to initialize catalog manager on master 0
I20260608 12:39:15.457036  2135 catalog_manager.cc:1382] Generated new cluster ID: bc0e4a6e36de40399e6f57d5f1f4f037
I20260608 12:39:15.457365  2135 catalog_manager.cc:1530] Initializing Kudu internal certificate authority...
I20260608 12:39:15.476858  2135 catalog_manager.cc:1405] Generated new certificate authority record
I20260608 12:39:15.478324  2135 catalog_manager.cc:1539] Loading token signing keys...
I20260608 12:39:15.495805  2135 catalog_manager.cc:6069] T 00000000000000000000000000000000 P 55309fbf766e4e33ad55892f202a467c: Generated new TSK 0
I20260608 12:39:15.496582  2135 catalog_manager.cc:1549] Initializing in-progress tserver states...
I20260608 12:39:15.514501   431 file_cache.cc:492] Constructed file cache file cache with capacity 419430
W20260608 12:39:15.520473  2148 instance_detector.cc:116] could not retrieve AWS instance metadata: Network error: curl error: HTTP response code said error: The requested URL returned error: 404
W20260608 12:39:15.521404  2149 instance_detector.cc:116] could not retrieve Azure instance metadata: Network error: curl error: HTTP response code said error: The requested URL returned error: 404
W20260608 12:39:15.522716  2151 instance_detector.cc:116] could not retrieve OpenStack instance metadata: Network error: curl error: HTTP response code said error: The requested URL returned error: 404
I20260608 12:39:15.522905   431 server_base.cc:1061] running on GCE node
I20260608 12:39:15.523702   431 hybrid_clock.cc:584] initializing the hybrid clock with 'system_unsync' time source
W20260608 12:39:15.523877   431 system_unsync_time.cc:38] NTP support is disabled. Clock error bounds will not be accurate. This configuration is not suitable for distributed clusters.
I20260608 12:39:15.523998   431 hybrid_clock.cc:648] HybridClock initialized: now 1780922355523986 us; error 0 us; skew 500 ppm
I20260608 12:39:15.524540   431 server_base.cc:861] Flag tcmalloc_max_total_thread_cache_bytes is not working since tcmalloc is not enabled.
I20260608 12:39:15.526783   431 webserver.cc:533] Webserver started at http://127.0.107.193:41289/ using document root <none> and password file <none>
I20260608 12:39:15.527240   431 fs_manager.cc:362] Metadata directory not provided
I20260608 12:39:15.527388   431 fs_manager.cc:368] Using write-ahead log directory (fs_wal_dir) as metadata directory
I20260608 12:39:15.527602   431 server_base.cc:909] This appears to be a new deployment of Kudu; creating new FS layout
I20260608 12:39:15.528699   431 fs_manager.cc:1068] Generated new instance metadata in path /tmp/dist-test-task4cWLoA/test-tmp/auto_rebalancer-test.0.AutoRebalancerTest.MovesScheduledIfAddTserver.1780922334302210-431-0/minicluster-data/ts-0-root/instance:
uuid: "1f8c9b38d7544bfab3d69020e22cbb1f"
format_stamp: "Formatted at 2026-06-08 12:39:15 on dist-test-slave-bvz8"
I20260608 12:39:15.533000   431 fs_manager.cc:696] Time spent creating directory manager: real 0.004s	user 0.003s	sys 0.001s
I20260608 12:39:15.536497  2156 log_block_manager.cc:4031] Time spent loading block containers with low live blocks: real 0.000s	user 0.000s	sys 0.000s
I20260608 12:39:15.537191   431 fs_manager.cc:730] Time spent opening block manager: real 0.002s	user 0.002s	sys 0.001s
I20260608 12:39:15.537425   431 fs_manager.cc:647] Opened local filesystem: /tmp/dist-test-task4cWLoA/test-tmp/auto_rebalancer-test.0.AutoRebalancerTest.MovesScheduledIfAddTserver.1780922334302210-431-0/minicluster-data/ts-0-root
uuid: "1f8c9b38d7544bfab3d69020e22cbb1f"
format_stamp: "Formatted at 2026-06-08 12:39:15 on dist-test-slave-bvz8"
I20260608 12:39:15.537674   431 fs_report.cc:389] FS layout report
--------------------
wal directory: /tmp/dist-test-task4cWLoA/test-tmp/auto_rebalancer-test.0.AutoRebalancerTest.MovesScheduledIfAddTserver.1780922334302210-431-0/minicluster-data/ts-0-root
metadata directory: /tmp/dist-test-task4cWLoA/test-tmp/auto_rebalancer-test.0.AutoRebalancerTest.MovesScheduledIfAddTserver.1780922334302210-431-0/minicluster-data/ts-0-root
1 data directories: /tmp/dist-test-task4cWLoA/test-tmp/auto_rebalancer-test.0.AutoRebalancerTest.MovesScheduledIfAddTserver.1780922334302210-431-0/minicluster-data/ts-0-root/data
Total live blocks: 0
Total live bytes: 0
Total live bytes (after alignment): 0
Total number of LBM containers: 0 (0 full)
Did not check for missing blocks
Did not check for orphaned blocks
Total full LBM containers with extra space: 0 (0 repaired)
Total full LBM container extra space in bytes: 0 (0 repaired)
Total incomplete LBM containers: 0 (0 repaired)
Total LBM partial records: 0 (0 repaired)
Total corrupted LBM metadata records in RocksDB: 0 (0 repaired)
I20260608 12:39:15.556416   431 rpc_server.cc:225] running with OpenSSL 1.1.1  11 Sep 2018
I20260608 12:39:15.557559   431 kserver.cc:163] Server-wide thread pool size limit: 3276
I20260608 12:39:15.558954   431 txn_system_client.cc:432] TxnSystemClient initialization is disabled...
I20260608 12:39:15.561205   431 ts_tablet_manager.cc:585] Loaded tablet metadata (0 total tablets, 0 live tablets)
I20260608 12:39:15.561378   431 ts_tablet_manager.cc:531] Time spent load tablet metadata: real 0.000s	user 0.000s	sys 0.000s
I20260608 12:39:15.561618   431 ts_tablet_manager.cc:616] Registered 0 tablets
I20260608 12:39:15.561756   431 ts_tablet_manager.cc:595] Time spent register tablets: real 0.000s	user 0.000s	sys 0.000s
I20260608 12:39:15.600584   431 rpc_server.cc:307] RPC server started. Bound to: 127.0.107.193:38573
I20260608 12:39:15.600687  2218 acceptor_pool.cc:272] collecting diagnostics on the listening RPC socket 127.0.107.193:38573 every 8 connection(s)
I20260608 12:39:15.605840   431 file_cache.cc:492] Constructed file cache file cache with capacity 419430
W20260608 12:39:15.613457  2223 instance_detector.cc:116] could not retrieve AWS instance metadata: Network error: curl error: HTTP response code said error: The requested URL returned error: 404
W20260608 12:39:15.615294  2224 instance_detector.cc:116] could not retrieve Azure instance metadata: Network error: curl error: HTTP response code said error: The requested URL returned error: 404
W20260608 12:39:15.616854  2226 instance_detector.cc:116] could not retrieve OpenStack instance metadata: Network error: curl error: HTTP response code said error: The requested URL returned error: 404
I20260608 12:39:15.616976   431 server_base.cc:1061] running on GCE node
I20260608 12:39:15.617918   431 hybrid_clock.cc:584] initializing the hybrid clock with 'system_unsync' time source
W20260608 12:39:15.618111   431 system_unsync_time.cc:38] NTP support is disabled. Clock error bounds will not be accurate. This configuration is not suitable for distributed clusters.
I20260608 12:39:15.618273   431 hybrid_clock.cc:648] HybridClock initialized: now 1780922355618253 us; error 0 us; skew 500 ppm
I20260608 12:39:15.618975   431 server_base.cc:861] Flag tcmalloc_max_total_thread_cache_bytes is not working since tcmalloc is not enabled.
I20260608 12:39:15.621598   431 webserver.cc:533] Webserver started at http://127.0.107.194:38725/ using document root <none> and password file <none>
I20260608 12:39:15.622174   431 fs_manager.cc:362] Metadata directory not provided
I20260608 12:39:15.622267  2219 heartbeater.cc:344] Connected to a master server at 127.0.107.254:36685
I20260608 12:39:15.622416   431 fs_manager.cc:368] Using write-ahead log directory (fs_wal_dir) as metadata directory
I20260608 12:39:15.622639  2219 heartbeater.cc:461] Registering TS with master...
I20260608 12:39:15.622781   431 server_base.cc:909] This appears to be a new deployment of Kudu; creating new FS layout
I20260608 12:39:15.623301  2219 heartbeater.cc:507] Master 127.0.107.254:36685 requested a full tablet report, sending...
I20260608 12:39:15.623926   431 fs_manager.cc:1068] Generated new instance metadata in path /tmp/dist-test-task4cWLoA/test-tmp/auto_rebalancer-test.0.AutoRebalancerTest.MovesScheduledIfAddTserver.1780922334302210-431-0/minicluster-data/ts-1-root/instance:
uuid: "394a528a590e4d8ea096f0dcb21b40ff"
format_stamp: "Formatted at 2026-06-08 12:39:15 on dist-test-slave-bvz8"
I20260608 12:39:15.625380  2092 ts_manager.cc:194] Registered new tserver with Master: 1f8c9b38d7544bfab3d69020e22cbb1f (127.0.107.193:38573)
I20260608 12:39:15.627256  2092 master_service.cc:502] Signed X509 certificate for tserver {username='slave'} at 127.0.0.1:36572
I20260608 12:39:15.629112   431 fs_manager.cc:696] Time spent creating directory manager: real 0.005s	user 0.003s	sys 0.001s
I20260608 12:39:15.632599  2231 log_block_manager.cc:4031] Time spent loading block containers with low live blocks: real 0.000s	user 0.000s	sys 0.000s
I20260608 12:39:15.633328   431 fs_manager.cc:730] Time spent opening block manager: real 0.002s	user 0.002s	sys 0.001s
I20260608 12:39:15.633646   431 fs_manager.cc:647] Opened local filesystem: /tmp/dist-test-task4cWLoA/test-tmp/auto_rebalancer-test.0.AutoRebalancerTest.MovesScheduledIfAddTserver.1780922334302210-431-0/minicluster-data/ts-1-root
uuid: "394a528a590e4d8ea096f0dcb21b40ff"
format_stamp: "Formatted at 2026-06-08 12:39:15 on dist-test-slave-bvz8"
I20260608 12:39:15.633927   431 fs_report.cc:389] FS layout report
--------------------
wal directory: /tmp/dist-test-task4cWLoA/test-tmp/auto_rebalancer-test.0.AutoRebalancerTest.MovesScheduledIfAddTserver.1780922334302210-431-0/minicluster-data/ts-1-root
metadata directory: /tmp/dist-test-task4cWLoA/test-tmp/auto_rebalancer-test.0.AutoRebalancerTest.MovesScheduledIfAddTserver.1780922334302210-431-0/minicluster-data/ts-1-root
1 data directories: /tmp/dist-test-task4cWLoA/test-tmp/auto_rebalancer-test.0.AutoRebalancerTest.MovesScheduledIfAddTserver.1780922334302210-431-0/minicluster-data/ts-1-root/data
Total live blocks: 0
Total live bytes: 0
Total live bytes (after alignment): 0
Total number of LBM containers: 0 (0 full)
Did not check for missing blocks
Did not check for orphaned blocks
Total full LBM containers with extra space: 0 (0 repaired)
Total full LBM container extra space in bytes: 0 (0 repaired)
Total incomplete LBM containers: 0 (0 repaired)
Total LBM partial records: 0 (0 repaired)
Total corrupted LBM metadata records in RocksDB: 0 (0 repaired)
I20260608 12:39:15.648948   431 rpc_server.cc:225] running with OpenSSL 1.1.1  11 Sep 2018
I20260608 12:39:15.650079   431 kserver.cc:163] Server-wide thread pool size limit: 3276
I20260608 12:39:15.651468   431 txn_system_client.cc:432] TxnSystemClient initialization is disabled...
I20260608 12:39:15.653689   431 ts_tablet_manager.cc:585] Loaded tablet metadata (0 total tablets, 0 live tablets)
I20260608 12:39:15.653879   431 ts_tablet_manager.cc:531] Time spent load tablet metadata: real 0.000s	user 0.000s	sys 0.000s
I20260608 12:39:15.654095   431 ts_tablet_manager.cc:616] Registered 0 tablets
I20260608 12:39:15.654246   431 ts_tablet_manager.cc:595] Time spent register tablets: real 0.000s	user 0.000s	sys 0.000s
I20260608 12:39:15.691504   431 rpc_server.cc:307] RPC server started. Bound to: 127.0.107.194:42339
I20260608 12:39:15.691618  2293 acceptor_pool.cc:272] collecting diagnostics on the listening RPC socket 127.0.107.194:42339 every 8 connection(s)
I20260608 12:39:15.696300   431 file_cache.cc:492] Constructed file cache file cache with capacity 419430
W20260608 12:39:15.703327  2297 instance_detector.cc:116] could not retrieve AWS instance metadata: Network error: curl error: HTTP response code said error: The requested URL returned error: 404
W20260608 12:39:15.704177  2298 instance_detector.cc:116] could not retrieve Azure instance metadata: Network error: curl error: HTTP response code said error: The requested URL returned error: 404
I20260608 12:39:15.706192   431 server_base.cc:1061] running on GCE node
W20260608 12:39:15.706804  2300 instance_detector.cc:116] could not retrieve OpenStack instance metadata: Network error: curl error: HTTP response code said error: The requested URL returned error: 404
I20260608 12:39:15.707813   431 hybrid_clock.cc:584] initializing the hybrid clock with 'system_unsync' time source
W20260608 12:39:15.708087   431 system_unsync_time.cc:38] NTP support is disabled. Clock error bounds will not be accurate. This configuration is not suitable for distributed clusters.
I20260608 12:39:15.708257   431 hybrid_clock.cc:648] HybridClock initialized: now 1780922355708238 us; error 0 us; skew 500 ppm
I20260608 12:39:15.708925  2294 heartbeater.cc:344] Connected to a master server at 127.0.107.254:36685
I20260608 12:39:15.709059   431 server_base.cc:861] Flag tcmalloc_max_total_thread_cache_bytes is not working since tcmalloc is not enabled.
I20260608 12:39:15.709297  2294 heartbeater.cc:461] Registering TS with master...
I20260608 12:39:15.710070  2294 heartbeater.cc:507] Master 127.0.107.254:36685 requested a full tablet report, sending...
I20260608 12:39:15.711930   431 webserver.cc:533] Webserver started at http://127.0.107.195:46565/ using document root <none> and password file <none>
I20260608 12:39:15.711990  2092 ts_manager.cc:194] Registered new tserver with Master: 394a528a590e4d8ea096f0dcb21b40ff (127.0.107.194:42339)
I20260608 12:39:15.712561   431 fs_manager.cc:362] Metadata directory not provided
I20260608 12:39:15.712760   431 fs_manager.cc:368] Using write-ahead log directory (fs_wal_dir) as metadata directory
I20260608 12:39:15.713033   431 server_base.cc:909] This appears to be a new deployment of Kudu; creating new FS layout
I20260608 12:39:15.713505  2092 master_service.cc:502] Signed X509 certificate for tserver {username='slave'} at 127.0.0.1:36574
I20260608 12:39:15.714150   431 fs_manager.cc:1068] Generated new instance metadata in path /tmp/dist-test-task4cWLoA/test-tmp/auto_rebalancer-test.0.AutoRebalancerTest.MovesScheduledIfAddTserver.1780922334302210-431-0/minicluster-data/ts-2-root/instance:
uuid: "474c5906d28e4f548217e3234f20574e"
format_stamp: "Formatted at 2026-06-08 12:39:15 on dist-test-slave-bvz8"
I20260608 12:39:15.718564   431 fs_manager.cc:696] Time spent creating directory manager: real 0.004s	user 0.004s	sys 0.002s
I20260608 12:39:15.721820  2305 log_block_manager.cc:4031] Time spent loading block containers with low live blocks: real 0.000s	user 0.000s	sys 0.000s
I20260608 12:39:15.722504   431 fs_manager.cc:730] Time spent opening block manager: real 0.002s	user 0.001s	sys 0.000s
I20260608 12:39:15.722761   431 fs_manager.cc:647] Opened local filesystem: /tmp/dist-test-task4cWLoA/test-tmp/auto_rebalancer-test.0.AutoRebalancerTest.MovesScheduledIfAddTserver.1780922334302210-431-0/minicluster-data/ts-2-root
uuid: "474c5906d28e4f548217e3234f20574e"
format_stamp: "Formatted at 2026-06-08 12:39:15 on dist-test-slave-bvz8"
I20260608 12:39:15.723048   431 fs_report.cc:389] FS layout report
--------------------
wal directory: /tmp/dist-test-task4cWLoA/test-tmp/auto_rebalancer-test.0.AutoRebalancerTest.MovesScheduledIfAddTserver.1780922334302210-431-0/minicluster-data/ts-2-root
metadata directory: /tmp/dist-test-task4cWLoA/test-tmp/auto_rebalancer-test.0.AutoRebalancerTest.MovesScheduledIfAddTserver.1780922334302210-431-0/minicluster-data/ts-2-root
1 data directories: /tmp/dist-test-task4cWLoA/test-tmp/auto_rebalancer-test.0.AutoRebalancerTest.MovesScheduledIfAddTserver.1780922334302210-431-0/minicluster-data/ts-2-root/data
Total live blocks: 0
Total live bytes: 0
Total live bytes (after alignment): 0
Total number of LBM containers: 0 (0 full)
Did not check for missing blocks
Did not check for orphaned blocks
Total full LBM containers with extra space: 0 (0 repaired)
Total full LBM container extra space in bytes: 0 (0 repaired)
Total incomplete LBM containers: 0 (0 repaired)
Total LBM partial records: 0 (0 repaired)
Total corrupted LBM metadata records in RocksDB: 0 (0 repaired)
I20260608 12:39:15.754290   431 rpc_server.cc:225] running with OpenSSL 1.1.1  11 Sep 2018
I20260608 12:39:15.755470   431 kserver.cc:163] Server-wide thread pool size limit: 3276
I20260608 12:39:15.756916   431 txn_system_client.cc:432] TxnSystemClient initialization is disabled...
I20260608 12:39:15.759259   431 ts_tablet_manager.cc:585] Loaded tablet metadata (0 total tablets, 0 live tablets)
I20260608 12:39:15.759469   431 ts_tablet_manager.cc:531] Time spent load tablet metadata: real 0.000s	user 0.000s	sys 0.000s
I20260608 12:39:15.759689   431 ts_tablet_manager.cc:616] Registered 0 tablets
I20260608 12:39:15.759840   431 ts_tablet_manager.cc:595] Time spent register tablets: real 0.000s	user 0.000s	sys 0.000s
I20260608 12:39:15.797125   431 rpc_server.cc:307] RPC server started. Bound to: 127.0.107.195:38525
I20260608 12:39:15.797245  2367 acceptor_pool.cc:272] collecting diagnostics on the listening RPC socket 127.0.107.195:38525 every 8 connection(s)
I20260608 12:39:15.810693  2368 heartbeater.cc:344] Connected to a master server at 127.0.107.254:36685
I20260608 12:39:15.811046  2368 heartbeater.cc:461] Registering TS with master...
I20260608 12:39:15.811726  2368 heartbeater.cc:507] Master 127.0.107.254:36685 requested a full tablet report, sending...
I20260608 12:39:15.813601  2092 ts_manager.cc:194] Registered new tserver with Master: 474c5906d28e4f548217e3234f20574e (127.0.107.195:38525)
I20260608 12:39:15.813761   431 internal_mini_cluster.cc:371] 3 TS(s) registered with all masters after 0.013417739s
I20260608 12:39:15.814941  2092 master_service.cc:502] Signed X509 certificate for tserver {username='slave'} at 127.0.0.1:36590
I20260608 12:39:16.629841  2219 heartbeater.cc:499] Master 127.0.107.254:36685 was elected leader, sending a full tablet report...
I20260608 12:39:16.715817  2294 heartbeater.cc:499] Master 127.0.107.254:36685 was elected leader, sending a full tablet report...
I20260608 12:39:16.817271  2368 heartbeater.cc:499] Master 127.0.107.254:36685 was elected leader, sending a full tablet report...
I20260608 12:39:16.867965  2092 catalog_manager.cc:2282] Servicing CreateTable request from {username='slave'} at 127.0.0.1:36602:
name: "test-workload"
schema {
  columns {
    name: "key"
    type: INT32
    is_key: true
    is_nullable: false
    encoding: AUTO_ENCODING
    compression: DEFAULT_COMPRESSION
    cfile_block_size: 0
    immutable: false
  }
  columns {
    name: "int_val"
    type: INT32
    is_key: false
    is_nullable: false
    encoding: AUTO_ENCODING
    compression: DEFAULT_COMPRESSION
    cfile_block_size: 0
    immutable: false
  }
  columns {
    name: "string_val"
    type: STRING
    is_key: false
    is_nullable: true
    encoding: AUTO_ENCODING
    compression: DEFAULT_COMPRESSION
    cfile_block_size: 0
    immutable: false
  }
}
num_replicas: 3
split_rows_range_bounds {
  rows: "\004\001\000\377\377\377?""\004\001\000\377\377\377?"
  indirect_data: """"
}
partition_schema {
  range_schema {
    columns {
      name: "key"
    }
  }
}
W20260608 12:39:16.870116  2092 catalog_manager.cc:7076] The number of live tablet servers is not enough to re-replicate a tablet replica of the newly created table test-workload in case of a server failure: 4 tablet servers would be needed, 3 are available. Consider bringing up more tablet servers.
I20260608 12:39:16.914443  2259 tablet_service.cc:1511] Processing CreateTablet for tablet 8e4fb04e5254477695d6df1614543a7e (DEFAULT_TABLE table=test-workload [id=34892d91861a4b69b4bbc274e6cc0aef]), partition=RANGE (key) PARTITION VALUES < 1073741823
I20260608 12:39:16.914829  2258 tablet_service.cc:1511] Processing CreateTablet for tablet 8ea107d161934c0caa4a7ec85c142040 (DEFAULT_TABLE table=test-workload [id=34892d91861a4b69b4bbc274e6cc0aef]), partition=RANGE (key) PARTITION 1073741823 <= VALUES
I20260608 12:39:16.915983  2259 data_dirs.cc:400] Could only allocate 1 dirs of requested 3 for tablet 8e4fb04e5254477695d6df1614543a7e. 1 dirs total, 0 dirs full, 0 dirs failed
I20260608 12:39:16.916851  2258 data_dirs.cc:400] Could only allocate 1 dirs of requested 3 for tablet 8ea107d161934c0caa4a7ec85c142040. 1 dirs total, 0 dirs full, 0 dirs failed
I20260608 12:39:16.919492  2184 tablet_service.cc:1511] Processing CreateTablet for tablet 8e4fb04e5254477695d6df1614543a7e (DEFAULT_TABLE table=test-workload [id=34892d91861a4b69b4bbc274e6cc0aef]), partition=RANGE (key) PARTITION VALUES < 1073741823
I20260608 12:39:16.919935  2183 tablet_service.cc:1511] Processing CreateTablet for tablet 8ea107d161934c0caa4a7ec85c142040 (DEFAULT_TABLE table=test-workload [id=34892d91861a4b69b4bbc274e6cc0aef]), partition=RANGE (key) PARTITION 1073741823 <= VALUES
I20260608 12:39:16.920871  2184 data_dirs.cc:400] Could only allocate 1 dirs of requested 3 for tablet 8e4fb04e5254477695d6df1614543a7e. 1 dirs total, 0 dirs full, 0 dirs failed
I20260608 12:39:16.923022  2183 data_dirs.cc:400] Could only allocate 1 dirs of requested 3 for tablet 8ea107d161934c0caa4a7ec85c142040. 1 dirs total, 0 dirs full, 0 dirs failed
I20260608 12:39:16.928957  2333 tablet_service.cc:1511] Processing CreateTablet for tablet 8e4fb04e5254477695d6df1614543a7e (DEFAULT_TABLE table=test-workload [id=34892d91861a4b69b4bbc274e6cc0aef]), partition=RANGE (key) PARTITION VALUES < 1073741823
I20260608 12:39:16.930457  2333 data_dirs.cc:400] Could only allocate 1 dirs of requested 3 for tablet 8e4fb04e5254477695d6df1614543a7e. 1 dirs total, 0 dirs full, 0 dirs failed
I20260608 12:39:16.935783  2332 tablet_service.cc:1511] Processing CreateTablet for tablet 8ea107d161934c0caa4a7ec85c142040 (DEFAULT_TABLE table=test-workload [id=34892d91861a4b69b4bbc274e6cc0aef]), partition=RANGE (key) PARTITION 1073741823 <= VALUES
I20260608 12:39:16.940729  2332 data_dirs.cc:400] Could only allocate 1 dirs of requested 3 for tablet 8ea107d161934c0caa4a7ec85c142040. 1 dirs total, 0 dirs full, 0 dirs failed
I20260608 12:39:16.959285  2390 tablet_bootstrap.cc:492] T 8e4fb04e5254477695d6df1614543a7e P 474c5906d28e4f548217e3234f20574e: Bootstrap starting.
I20260608 12:39:16.967185  2389 tablet_bootstrap.cc:492] T 8ea107d161934c0caa4a7ec85c142040 P 1f8c9b38d7544bfab3d69020e22cbb1f: Bootstrap starting.
I20260608 12:39:16.969357  2390 tablet_bootstrap.cc:654] T 8e4fb04e5254477695d6df1614543a7e P 474c5906d28e4f548217e3234f20574e: Neither blocks nor log segments found. Creating new log.
I20260608 12:39:16.969549  2388 tablet_bootstrap.cc:492] T 8e4fb04e5254477695d6df1614543a7e P 394a528a590e4d8ea096f0dcb21b40ff: Bootstrap starting.
I20260608 12:39:16.974502  2389 tablet_bootstrap.cc:654] T 8ea107d161934c0caa4a7ec85c142040 P 1f8c9b38d7544bfab3d69020e22cbb1f: Neither blocks nor log segments found. Creating new log.
I20260608 12:39:16.976024  2388 tablet_bootstrap.cc:654] T 8e4fb04e5254477695d6df1614543a7e P 394a528a590e4d8ea096f0dcb21b40ff: Neither blocks nor log segments found. Creating new log.
I20260608 12:39:16.976508  2390 tablet_bootstrap.cc:492] T 8e4fb04e5254477695d6df1614543a7e P 474c5906d28e4f548217e3234f20574e: No bootstrap required, opened a new log
I20260608 12:39:16.977017  2390 ts_tablet_manager.cc:1403] T 8e4fb04e5254477695d6df1614543a7e P 474c5906d28e4f548217e3234f20574e: Time spent bootstrapping tablet: real 0.018s	user 0.009s	sys 0.004s
I20260608 12:39:16.980015  2389 tablet_bootstrap.cc:492] T 8ea107d161934c0caa4a7ec85c142040 P 1f8c9b38d7544bfab3d69020e22cbb1f: No bootstrap required, opened a new log
I20260608 12:39:16.979914  2390 raft_consensus.cc:359] T 8e4fb04e5254477695d6df1614543a7e P 474c5906d28e4f548217e3234f20574e [term 0 FOLLOWER]: Replica starting. Triggering 0 pending ops. Active config: opid_index: -1 OBSOLETE_local: false peers { permanent_uuid: "394a528a590e4d8ea096f0dcb21b40ff" member_type: VOTER last_known_addr { host: "127.0.107.194" port: 42339 } } peers { permanent_uuid: "1f8c9b38d7544bfab3d69020e22cbb1f" member_type: VOTER last_known_addr { host: "127.0.107.193" port: 38573 } } peers { permanent_uuid: "474c5906d28e4f548217e3234f20574e" member_type: VOTER last_known_addr { host: "127.0.107.195" port: 38525 } }
I20260608 12:39:16.980541  2389 ts_tablet_manager.cc:1403] T 8ea107d161934c0caa4a7ec85c142040 P 1f8c9b38d7544bfab3d69020e22cbb1f: Time spent bootstrapping tablet: real 0.014s	user 0.013s	sys 0.000s
I20260608 12:39:16.980687  2390 raft_consensus.cc:385] T 8e4fb04e5254477695d6df1614543a7e P 474c5906d28e4f548217e3234f20574e [term 0 FOLLOWER]: Consensus starting up: Expiring failure detector timer to make a prompt election more likely
I20260608 12:39:16.980794  2388 tablet_bootstrap.cc:492] T 8e4fb04e5254477695d6df1614543a7e P 394a528a590e4d8ea096f0dcb21b40ff: No bootstrap required, opened a new log
I20260608 12:39:16.981066  2390 raft_consensus.cc:740] T 8e4fb04e5254477695d6df1614543a7e P 474c5906d28e4f548217e3234f20574e [term 0 FOLLOWER]: Becoming Follower/Learner. State: Replica: 474c5906d28e4f548217e3234f20574e, State: Initialized, Role: FOLLOWER
I20260608 12:39:16.981333  2388 ts_tablet_manager.cc:1403] T 8e4fb04e5254477695d6df1614543a7e P 394a528a590e4d8ea096f0dcb21b40ff: Time spent bootstrapping tablet: real 0.012s	user 0.007s	sys 0.005s
I20260608 12:39:16.981927  2390 consensus_queue.cc:260] T 8e4fb04e5254477695d6df1614543a7e P 474c5906d28e4f548217e3234f20574e [NON_LEADER]: Queue going to NON_LEADER mode. State: All replicated index: 0, Majority replicated index: 0, Committed index: 0, Last appended: 0.0, Last appended by leader: 0, Current term: 0, Majority size: -1, State: 0, Mode: NON_LEADER, active raft config: opid_index: -1 OBSOLETE_local: false peers { permanent_uuid: "394a528a590e4d8ea096f0dcb21b40ff" member_type: VOTER last_known_addr { host: "127.0.107.194" port: 42339 } } peers { permanent_uuid: "1f8c9b38d7544bfab3d69020e22cbb1f" member_type: VOTER last_known_addr { host: "127.0.107.193" port: 38573 } } peers { permanent_uuid: "474c5906d28e4f548217e3234f20574e" member_type: VOTER last_known_addr { host: "127.0.107.195" port: 38525 } }
I20260608 12:39:16.983503  2389 raft_consensus.cc:359] T 8ea107d161934c0caa4a7ec85c142040 P 1f8c9b38d7544bfab3d69020e22cbb1f [term 0 FOLLOWER]: Replica starting. Triggering 0 pending ops. Active config: opid_index: -1 OBSOLETE_local: false peers { permanent_uuid: "1f8c9b38d7544bfab3d69020e22cbb1f" member_type: VOTER last_known_addr { host: "127.0.107.193" port: 38573 } } peers { permanent_uuid: "394a528a590e4d8ea096f0dcb21b40ff" member_type: VOTER last_known_addr { host: "127.0.107.194" port: 42339 } } peers { permanent_uuid: "474c5906d28e4f548217e3234f20574e" member_type: VOTER last_known_addr { host: "127.0.107.195" port: 38525 } }
I20260608 12:39:16.984277  2389 raft_consensus.cc:385] T 8ea107d161934c0caa4a7ec85c142040 P 1f8c9b38d7544bfab3d69020e22cbb1f [term 0 FOLLOWER]: Consensus starting up: Expiring failure detector timer to make a prompt election more likely
I20260608 12:39:16.983946  2388 raft_consensus.cc:359] T 8e4fb04e5254477695d6df1614543a7e P 394a528a590e4d8ea096f0dcb21b40ff [term 0 FOLLOWER]: Replica starting. Triggering 0 pending ops. Active config: opid_index: -1 OBSOLETE_local: false peers { permanent_uuid: "394a528a590e4d8ea096f0dcb21b40ff" member_type: VOTER last_known_addr { host: "127.0.107.194" port: 42339 } } peers { permanent_uuid: "1f8c9b38d7544bfab3d69020e22cbb1f" member_type: VOTER last_known_addr { host: "127.0.107.193" port: 38573 } } peers { permanent_uuid: "474c5906d28e4f548217e3234f20574e" member_type: VOTER last_known_addr { host: "127.0.107.195" port: 38525 } }
I20260608 12:39:16.984653  2389 raft_consensus.cc:740] T 8ea107d161934c0caa4a7ec85c142040 P 1f8c9b38d7544bfab3d69020e22cbb1f [term 0 FOLLOWER]: Becoming Follower/Learner. State: Replica: 1f8c9b38d7544bfab3d69020e22cbb1f, State: Initialized, Role: FOLLOWER
I20260608 12:39:16.984756  2388 raft_consensus.cc:385] T 8e4fb04e5254477695d6df1614543a7e P 394a528a590e4d8ea096f0dcb21b40ff [term 0 FOLLOWER]: Consensus starting up: Expiring failure detector timer to make a prompt election more likely
I20260608 12:39:16.984884  2390 ts_tablet_manager.cc:1434] T 8e4fb04e5254477695d6df1614543a7e P 474c5906d28e4f548217e3234f20574e: Time spent starting tablet: real 0.008s	user 0.006s	sys 0.001s
I20260608 12:39:16.985231  2388 raft_consensus.cc:740] T 8e4fb04e5254477695d6df1614543a7e P 394a528a590e4d8ea096f0dcb21b40ff [term 0 FOLLOWER]: Becoming Follower/Learner. State: Replica: 394a528a590e4d8ea096f0dcb21b40ff, State: Initialized, Role: FOLLOWER
I20260608 12:39:16.985652  2389 consensus_queue.cc:260] T 8ea107d161934c0caa4a7ec85c142040 P 1f8c9b38d7544bfab3d69020e22cbb1f [NON_LEADER]: Queue going to NON_LEADER mode. State: All replicated index: 0, Majority replicated index: 0, Committed index: 0, Last appended: 0.0, Last appended by leader: 0, Current term: 0, Majority size: -1, State: 0, Mode: NON_LEADER, active raft config: opid_index: -1 OBSOLETE_local: false peers { permanent_uuid: "1f8c9b38d7544bfab3d69020e22cbb1f" member_type: VOTER last_known_addr { host: "127.0.107.193" port: 38573 } } peers { permanent_uuid: "394a528a590e4d8ea096f0dcb21b40ff" member_type: VOTER last_known_addr { host: "127.0.107.194" port: 42339 } } peers { permanent_uuid: "474c5906d28e4f548217e3234f20574e" member_type: VOTER last_known_addr { host: "127.0.107.195" port: 38525 } }
I20260608 12:39:16.986305  2390 tablet_bootstrap.cc:492] T 8ea107d161934c0caa4a7ec85c142040 P 474c5906d28e4f548217e3234f20574e: Bootstrap starting.
I20260608 12:39:16.986125  2388 consensus_queue.cc:260] T 8e4fb04e5254477695d6df1614543a7e P 394a528a590e4d8ea096f0dcb21b40ff [NON_LEADER]: Queue going to NON_LEADER mode. State: All replicated index: 0, Majority replicated index: 0, Committed index: 0, Last appended: 0.0, Last appended by leader: 0, Current term: 0, Majority size: -1, State: 0, Mode: NON_LEADER, active raft config: opid_index: -1 OBSOLETE_local: false peers { permanent_uuid: "394a528a590e4d8ea096f0dcb21b40ff" member_type: VOTER last_known_addr { host: "127.0.107.194" port: 42339 } } peers { permanent_uuid: "1f8c9b38d7544bfab3d69020e22cbb1f" member_type: VOTER last_known_addr { host: "127.0.107.193" port: 38573 } } peers { permanent_uuid: "474c5906d28e4f548217e3234f20574e" member_type: VOTER last_known_addr { host: "127.0.107.195" port: 38525 } }
I20260608 12:39:16.995759  2388 ts_tablet_manager.cc:1434] T 8e4fb04e5254477695d6df1614543a7e P 394a528a590e4d8ea096f0dcb21b40ff: Time spent starting tablet: real 0.014s	user 0.012s	sys 0.000s
I20260608 12:39:17.004410  2388 tablet_bootstrap.cc:492] T 8ea107d161934c0caa4a7ec85c142040 P 394a528a590e4d8ea096f0dcb21b40ff: Bootstrap starting.
I20260608 12:39:17.005089  2389 ts_tablet_manager.cc:1434] T 8ea107d161934c0caa4a7ec85c142040 P 1f8c9b38d7544bfab3d69020e22cbb1f: Time spent starting tablet: real 0.024s	user 0.016s	sys 0.008s
I20260608 12:39:17.006101  2389 tablet_bootstrap.cc:492] T 8e4fb04e5254477695d6df1614543a7e P 1f8c9b38d7544bfab3d69020e22cbb1f: Bootstrap starting.
I20260608 12:39:16.994225  2390 tablet_bootstrap.cc:654] T 8ea107d161934c0caa4a7ec85c142040 P 474c5906d28e4f548217e3234f20574e: Neither blocks nor log segments found. Creating new log.
I20260608 12:39:17.010849  2388 tablet_bootstrap.cc:654] T 8ea107d161934c0caa4a7ec85c142040 P 394a528a590e4d8ea096f0dcb21b40ff: Neither blocks nor log segments found. Creating new log.
I20260608 12:39:17.012224  2389 tablet_bootstrap.cc:654] T 8e4fb04e5254477695d6df1614543a7e P 1f8c9b38d7544bfab3d69020e22cbb1f: Neither blocks nor log segments found. Creating new log.
I20260608 12:39:17.024696  2389 tablet_bootstrap.cc:492] T 8e4fb04e5254477695d6df1614543a7e P 1f8c9b38d7544bfab3d69020e22cbb1f: No bootstrap required, opened a new log
I20260608 12:39:17.025148  2389 ts_tablet_manager.cc:1403] T 8e4fb04e5254477695d6df1614543a7e P 1f8c9b38d7544bfab3d69020e22cbb1f: Time spent bootstrapping tablet: real 0.019s	user 0.016s	sys 0.000s
I20260608 12:39:17.025287  2390 tablet_bootstrap.cc:492] T 8ea107d161934c0caa4a7ec85c142040 P 474c5906d28e4f548217e3234f20574e: No bootstrap required, opened a new log
I20260608 12:39:17.025796  2390 ts_tablet_manager.cc:1403] T 8ea107d161934c0caa4a7ec85c142040 P 474c5906d28e4f548217e3234f20574e: Time spent bootstrapping tablet: real 0.040s	user 0.010s	sys 0.013s
I20260608 12:39:17.025950  2388 tablet_bootstrap.cc:492] T 8ea107d161934c0caa4a7ec85c142040 P 394a528a590e4d8ea096f0dcb21b40ff: No bootstrap required, opened a new log
I20260608 12:39:17.026428  2388 ts_tablet_manager.cc:1403] T 8ea107d161934c0caa4a7ec85c142040 P 394a528a590e4d8ea096f0dcb21b40ff: Time spent bootstrapping tablet: real 0.022s	user 0.012s	sys 0.009s
I20260608 12:39:17.027354  2389 raft_consensus.cc:359] T 8e4fb04e5254477695d6df1614543a7e P 1f8c9b38d7544bfab3d69020e22cbb1f [term 0 FOLLOWER]: Replica starting. Triggering 0 pending ops. Active config: opid_index: -1 OBSOLETE_local: false peers { permanent_uuid: "394a528a590e4d8ea096f0dcb21b40ff" member_type: VOTER last_known_addr { host: "127.0.107.194" port: 42339 } } peers { permanent_uuid: "1f8c9b38d7544bfab3d69020e22cbb1f" member_type: VOTER last_known_addr { host: "127.0.107.193" port: 38573 } } peers { permanent_uuid: "474c5906d28e4f548217e3234f20574e" member_type: VOTER last_known_addr { host: "127.0.107.195" port: 38525 } }
I20260608 12:39:17.027869  2389 raft_consensus.cc:385] T 8e4fb04e5254477695d6df1614543a7e P 1f8c9b38d7544bfab3d69020e22cbb1f [term 0 FOLLOWER]: Consensus starting up: Expiring failure detector timer to make a prompt election more likely
I20260608 12:39:17.028098  2389 raft_consensus.cc:740] T 8e4fb04e5254477695d6df1614543a7e P 1f8c9b38d7544bfab3d69020e22cbb1f [term 0 FOLLOWER]: Becoming Follower/Learner. State: Replica: 1f8c9b38d7544bfab3d69020e22cbb1f, State: Initialized, Role: FOLLOWER
I20260608 12:39:17.028769  2389 consensus_queue.cc:260] T 8e4fb04e5254477695d6df1614543a7e P 1f8c9b38d7544bfab3d69020e22cbb1f [NON_LEADER]: Queue going to NON_LEADER mode. State: All replicated index: 0, Majority replicated index: 0, Committed index: 0, Last appended: 0.0, Last appended by leader: 0, Current term: 0, Majority size: -1, State: 0, Mode: NON_LEADER, active raft config: opid_index: -1 OBSOLETE_local: false peers { permanent_uuid: "394a528a590e4d8ea096f0dcb21b40ff" member_type: VOTER last_known_addr { host: "127.0.107.194" port: 42339 } } peers { permanent_uuid: "1f8c9b38d7544bfab3d69020e22cbb1f" member_type: VOTER last_known_addr { host: "127.0.107.193" port: 38573 } } peers { permanent_uuid: "474c5906d28e4f548217e3234f20574e" member_type: VOTER last_known_addr { host: "127.0.107.195" port: 38525 } }
I20260608 12:39:17.028717  2390 raft_consensus.cc:359] T 8ea107d161934c0caa4a7ec85c142040 P 474c5906d28e4f548217e3234f20574e [term 0 FOLLOWER]: Replica starting. Triggering 0 pending ops. Active config: opid_index: -1 OBSOLETE_local: false peers { permanent_uuid: "1f8c9b38d7544bfab3d69020e22cbb1f" member_type: VOTER last_known_addr { host: "127.0.107.193" port: 38573 } } peers { permanent_uuid: "394a528a590e4d8ea096f0dcb21b40ff" member_type: VOTER last_known_addr { host: "127.0.107.194" port: 42339 } } peers { permanent_uuid: "474c5906d28e4f548217e3234f20574e" member_type: VOTER last_known_addr { host: "127.0.107.195" port: 38525 } }
I20260608 12:39:17.029640  2390 raft_consensus.cc:385] T 8ea107d161934c0caa4a7ec85c142040 P 474c5906d28e4f548217e3234f20574e [term 0 FOLLOWER]: Consensus starting up: Expiring failure detector timer to make a prompt election more likely
I20260608 12:39:17.029315  2388 raft_consensus.cc:359] T 8ea107d161934c0caa4a7ec85c142040 P 394a528a590e4d8ea096f0dcb21b40ff [term 0 FOLLOWER]: Replica starting. Triggering 0 pending ops. Active config: opid_index: -1 OBSOLETE_local: false peers { permanent_uuid: "1f8c9b38d7544bfab3d69020e22cbb1f" member_type: VOTER last_known_addr { host: "127.0.107.193" port: 38573 } } peers { permanent_uuid: "394a528a590e4d8ea096f0dcb21b40ff" member_type: VOTER last_known_addr { host: "127.0.107.194" port: 42339 } } peers { permanent_uuid: "474c5906d28e4f548217e3234f20574e" member_type: VOTER last_known_addr { host: "127.0.107.195" port: 38525 } }
I20260608 12:39:17.029966  2390 raft_consensus.cc:740] T 8ea107d161934c0caa4a7ec85c142040 P 474c5906d28e4f548217e3234f20574e [term 0 FOLLOWER]: Becoming Follower/Learner. State: Replica: 474c5906d28e4f548217e3234f20574e, State: Initialized, Role: FOLLOWER
I20260608 12:39:17.030046  2388 raft_consensus.cc:385] T 8ea107d161934c0caa4a7ec85c142040 P 394a528a590e4d8ea096f0dcb21b40ff [term 0 FOLLOWER]: Consensus starting up: Expiring failure detector timer to make a prompt election more likely
I20260608 12:39:17.030444  2388 raft_consensus.cc:740] T 8ea107d161934c0caa4a7ec85c142040 P 394a528a590e4d8ea096f0dcb21b40ff [term 0 FOLLOWER]: Becoming Follower/Learner. State: Replica: 394a528a590e4d8ea096f0dcb21b40ff, State: Initialized, Role: FOLLOWER
I20260608 12:39:17.030925  2389 ts_tablet_manager.cc:1434] T 8e4fb04e5254477695d6df1614543a7e P 1f8c9b38d7544bfab3d69020e22cbb1f: Time spent starting tablet: real 0.006s	user 0.002s	sys 0.003s
