I20260608 12:38:09.061153  5002 tablet_service.cc:1917] Received RequestConsensusVote() RPC: tablet_id: "e9c74339e64249f99c7aed61b6a9c4ef" candidate_uuid: "e476b25374724237b330ae1e61dbdc38" candidate_term: 1 candidate_status { last_received { term: 0 index: 0 } } ignore_live_leader: false dest_uuid: "68dacc73d1c847659088fe9c7b385eb5" is_pre_election: true
I20260608 12:38:09.061738  5002 raft_consensus.cc:2468] T e9c74339e64249f99c7aed61b6a9c4ef P 68dacc73d1c847659088fe9c7b385eb5 [term 0 FOLLOWER]: Leader pre-election vote request: Granting yes vote for candidate e476b25374724237b330ae1e61dbdc38 in term 0.
W20260608 12:38:09.061592  4894 leader_election.cc:343] T e9c74339e64249f99c7aed61b6a9c4ef P e476b25374724237b330ae1e61dbdc38 [CANDIDATE]: Term 1 pre-election: Tablet error from VoteRequest() call to peer 3e6a6a0ae64c4e20a5b938e2a768d042 (127.0.107.193:38905): Illegal state: must be running to vote when last-logged opid is not known
I20260608 12:38:09.063064  4895 leader_election.cc:304] T e9c74339e64249f99c7aed61b6a9c4ef P e476b25374724237b330ae1e61dbdc38 [CANDIDATE]: Term 1 pre-election: Election decided. Result: candidate won. Election summary: received 3 responses out of 3 voters: 2 yes votes; 1 no votes. yes voters: 68dacc73d1c847659088fe9c7b385eb5, e476b25374724237b330ae1e61dbdc38; no voters: 3e6a6a0ae64c4e20a5b938e2a768d042
I20260608 12:38:09.057103  5050 raft_consensus.cc:359] T 19b02fd4a0ed43d08de699b4a42607db P 68dacc73d1c847659088fe9c7b385eb5 [term 0 FOLLOWER]: Replica starting. Triggering 0 pending ops. Active config: opid_index: -1 OBSOLETE_local: false peers { permanent_uuid: "e476b25374724237b330ae1e61dbdc38" member_type: VOTER last_known_addr { host: "127.0.107.194" port: 38951 } } peers { permanent_uuid: "3e6a6a0ae64c4e20a5b938e2a768d042" member_type: VOTER last_known_addr { host: "127.0.107.193" port: 38905 } } peers { permanent_uuid: "68dacc73d1c847659088fe9c7b385eb5" member_type: VOTER last_known_addr { host: "127.0.107.195" port: 43407 } }
I20260608 12:38:09.064090  5050 raft_consensus.cc:385] T 19b02fd4a0ed43d08de699b4a42607db P 68dacc73d1c847659088fe9c7b385eb5 [term 0 FOLLOWER]: Consensus starting up: Expiring failure detector timer to make a prompt election more likely
I20260608 12:38:09.064509  5050 raft_consensus.cc:740] T 19b02fd4a0ed43d08de699b4a42607db P 68dacc73d1c847659088fe9c7b385eb5 [term 0 FOLLOWER]: Becoming Follower/Learner. State: Replica: 68dacc73d1c847659088fe9c7b385eb5, State: Initialized, Role: FOLLOWER
I20260608 12:38:09.063896  4853 raft_consensus.cc:2468] T c90a76123a6f47fda3cc50b81b8cf719 P 3e6a6a0ae64c4e20a5b938e2a768d042 [term 1 FOLLOWER]: Leader election vote request: Granting yes vote for candidate e476b25374724237b330ae1e61dbdc38 in term 1.
I20260608 12:38:09.065033  5054 leader_election.cc:290] T e9c74339e64249f99c7aed61b6a9c4ef P e476b25374724237b330ae1e61dbdc38 [CANDIDATE]: Term 1 pre-election: Requested pre-vote from peers 3e6a6a0ae64c4e20a5b938e2a768d042 (127.0.107.193:38905), 68dacc73d1c847659088fe9c7b385eb5 (127.0.107.195:43407)
I20260608 12:38:09.067009  4894 leader_election.cc:304] T c90a76123a6f47fda3cc50b81b8cf719 P e476b25374724237b330ae1e61dbdc38 [CANDIDATE]: Term 1 election: Election decided. Result: candidate won. Election summary: received 3 responses out of 3 voters: 2 yes votes; 1 no votes. yes voters: 3e6a6a0ae64c4e20a5b938e2a768d042, e476b25374724237b330ae1e61dbdc38; no voters: 68dacc73d1c847659088fe9c7b385eb5
I20260608 12:38:09.067298  5050 consensus_queue.cc:260] T 19b02fd4a0ed43d08de699b4a42607db P 68dacc73d1c847659088fe9c7b385eb5 [NON_LEADER]: Queue going to NON_LEADER mode. State: All replicated index: 0, Majority replicated index: 0, Committed index: 0, Last appended: 0.0, Last appended by leader: 0, Current term: 0, Majority size: -1, State: 0, Mode: NON_LEADER, active raft config: opid_index: -1 OBSOLETE_local: false peers { permanent_uuid: "e476b25374724237b330ae1e61dbdc38" member_type: VOTER last_known_addr { host: "127.0.107.194" port: 38951 } } peers { permanent_uuid: "3e6a6a0ae64c4e20a5b938e2a768d042" member_type: VOTER last_known_addr { host: "127.0.107.193" port: 38905 } } peers { permanent_uuid: "68dacc73d1c847659088fe9c7b385eb5" member_type: VOTER last_known_addr { host: "127.0.107.195" port: 43407 } }
I20260608 12:38:09.067020  5054 raft_consensus.cc:2804] T e9c74339e64249f99c7aed61b6a9c4ef P e476b25374724237b330ae1e61dbdc38 [term 0 FOLLOWER]: Leader pre-election won for term 1
I20260608 12:38:09.068553  5054 raft_consensus.cc:493] T e9c74339e64249f99c7aed61b6a9c4ef P e476b25374724237b330ae1e61dbdc38 [term 0 FOLLOWER]: Starting leader election (no leader contacted us within the election timeout)
I20260608 12:38:09.068908  5054 raft_consensus.cc:3060] T e9c74339e64249f99c7aed61b6a9c4ef P e476b25374724237b330ae1e61dbdc38 [term 0 FOLLOWER]: Advancing to term 1
I20260608 12:38:09.070032  5095 raft_consensus.cc:515] T dc000aa1a9674831ac6ae052660c51dd P 3e6a6a0ae64c4e20a5b938e2a768d042 [term 1 FOLLOWER]: Starting leader election with config: opid_index: -1 OBSOLETE_local: false peers { permanent_uuid: "3e6a6a0ae64c4e20a5b938e2a768d042" member_type: VOTER last_known_addr { host: "127.0.107.193" port: 38905 } } peers { permanent_uuid: "e476b25374724237b330ae1e61dbdc38" member_type: VOTER last_known_addr { host: "127.0.107.194" port: 38951 } } peers { permanent_uuid: "68dacc73d1c847659088fe9c7b385eb5" member_type: VOTER last_known_addr { host: "127.0.107.195" port: 43407 } }
I20260608 12:38:09.072062  5098 raft_consensus.cc:515] T dc000aa1a9674831ac6ae052660c51dd P e476b25374724237b330ae1e61dbdc38 [term 1 FOLLOWER]: Starting leader election with config: opid_index: -1 OBSOLETE_local: false peers { permanent_uuid: "3e6a6a0ae64c4e20a5b938e2a768d042" member_type: VOTER last_known_addr { host: "127.0.107.193" port: 38905 } } peers { permanent_uuid: "e476b25374724237b330ae1e61dbdc38" member_type: VOTER last_known_addr { host: "127.0.107.194" port: 38951 } } peers { permanent_uuid: "68dacc73d1c847659088fe9c7b385eb5" member_type: VOTER last_known_addr { host: "127.0.107.195" port: 43407 } }
I20260608 12:38:09.074829  5098 leader_election.cc:290] T dc000aa1a9674831ac6ae052660c51dd P e476b25374724237b330ae1e61dbdc38 [CANDIDATE]: Term 1 election: Requested vote from peers 3e6a6a0ae64c4e20a5b938e2a768d042 (127.0.107.193:38905), 68dacc73d1c847659088fe9c7b385eb5 (127.0.107.195:43407)
I20260608 12:38:09.075423  4853 tablet_service.cc:1917] Received RequestConsensusVote() RPC: tablet_id: "dc000aa1a9674831ac6ae052660c51dd" candidate_uuid: "e476b25374724237b330ae1e61dbdc38" candidate_term: 1 candidate_status { last_received { term: 0 index: 0 } } ignore_live_leader: false dest_uuid: "3e6a6a0ae64c4e20a5b938e2a768d042"
I20260608 12:38:09.075974  5002 tablet_service.cc:1917] Received RequestConsensusVote() RPC: tablet_id: "dc000aa1a9674831ac6ae052660c51dd" candidate_uuid: "e476b25374724237b330ae1e61dbdc38" candidate_term: 1 candidate_status { last_received { term: 0 index: 0 } } ignore_live_leader: false dest_uuid: "68dacc73d1c847659088fe9c7b385eb5"
I20260608 12:38:09.076618  5002 raft_consensus.cc:3060] T dc000aa1a9674831ac6ae052660c51dd P 68dacc73d1c847659088fe9c7b385eb5 [term 0 FOLLOWER]: Advancing to term 1
I20260608 12:38:09.077905  5095 leader_election.cc:290] T dc000aa1a9674831ac6ae052660c51dd P 3e6a6a0ae64c4e20a5b938e2a768d042 [CANDIDATE]: Term 1 election: Requested vote from peers e476b25374724237b330ae1e61dbdc38 (127.0.107.194:38951), 68dacc73d1c847659088fe9c7b385eb5 (127.0.107.195:43407)
I20260608 12:38:09.078584  5098 raft_consensus.cc:2804] T c90a76123a6f47fda3cc50b81b8cf719 P e476b25374724237b330ae1e61dbdc38 [term 1 FOLLOWER]: Leader election won for term 1
I20260608 12:38:09.078521  5003 tablet_service.cc:1917] Received RequestConsensusVote() RPC: tablet_id: "dc000aa1a9674831ac6ae052660c51dd" candidate_uuid: "3e6a6a0ae64c4e20a5b938e2a768d042" candidate_term: 1 candidate_status { last_received { term: 0 index: 0 } } ignore_live_leader: false dest_uuid: "68dacc73d1c847659088fe9c7b385eb5"
I20260608 12:38:09.079207  5098 raft_consensus.cc:697] T c90a76123a6f47fda3cc50b81b8cf719 P e476b25374724237b330ae1e61dbdc38 [term 1 LEADER]: Becoming Leader. State: Replica: e476b25374724237b330ae1e61dbdc38, State: Running, Role: LEADER
I20260608 12:38:09.080039  4928 tablet_service.cc:1917] Received RequestConsensusVote() RPC: tablet_id: "dc000aa1a9674831ac6ae052660c51dd" candidate_uuid: "3e6a6a0ae64c4e20a5b938e2a768d042" candidate_term: 1 candidate_status { last_received { term: 0 index: 0 } } ignore_live_leader: false dest_uuid: "e476b25374724237b330ae1e61dbdc38"
I20260608 12:38:09.076226  4853 raft_consensus.cc:2393] T dc000aa1a9674831ac6ae052660c51dd P 3e6a6a0ae64c4e20a5b938e2a768d042 [term 1 FOLLOWER]: Leader election vote request: Denying vote to candidate e476b25374724237b330ae1e61dbdc38 in current term 1: Already voted for candidate 3e6a6a0ae64c4e20a5b938e2a768d042 in this term.
I20260608 12:38:09.081245  4928 raft_consensus.cc:2393] T dc000aa1a9674831ac6ae052660c51dd P e476b25374724237b330ae1e61dbdc38 [term 1 FOLLOWER]: Leader election vote request: Denying vote to candidate 3e6a6a0ae64c4e20a5b938e2a768d042 in current term 1: Already voted for candidate e476b25374724237b330ae1e61dbdc38 in this term.
I20260608 12:38:09.080111  5098 consensus_queue.cc:237] T c90a76123a6f47fda3cc50b81b8cf719 P e476b25374724237b330ae1e61dbdc38 [LEADER]: Queue going to LEADER mode. State: All replicated index: 0, Majority replicated index: 0, Committed index: 0, Last appended: 0.0, Last appended by leader: 0, Current term: 1, Majority size: 2, State: 0, Mode: LEADER, active raft config: opid_index: -1 OBSOLETE_local: false peers { permanent_uuid: "3e6a6a0ae64c4e20a5b938e2a768d042" member_type: VOTER last_known_addr { host: "127.0.107.193" port: 38905 } } peers { permanent_uuid: "e476b25374724237b330ae1e61dbdc38" member_type: VOTER last_known_addr { host: "127.0.107.194" port: 38951 } } peers { permanent_uuid: "68dacc73d1c847659088fe9c7b385eb5" member_type: VOTER last_known_addr { host: "127.0.107.195" port: 43407 } }
I20260608 12:38:09.084827  4819 leader_election.cc:304] T dc000aa1a9674831ac6ae052660c51dd P 3e6a6a0ae64c4e20a5b938e2a768d042 [CANDIDATE]: Term 1 election: Election decided. Result: candidate lost. Election summary: received 3 responses out of 3 voters: 1 yes votes; 2 no votes. yes voters: 3e6a6a0ae64c4e20a5b938e2a768d042; no voters: 68dacc73d1c847659088fe9c7b385eb5, e476b25374724237b330ae1e61dbdc38
I20260608 12:38:09.085971  5095 raft_consensus.cc:2749] T dc000aa1a9674831ac6ae052660c51dd P 3e6a6a0ae64c4e20a5b938e2a768d042 [term 1 FOLLOWER]: Leader election lost for term 1. Reason: could not achieve majority
I20260608 12:38:09.088951  5048 tablet_bootstrap.cc:492] T e21c9362c3e2426785d00e67d30edfba P 3e6a6a0ae64c4e20a5b938e2a768d042: No bootstrap required, opened a new log
I20260608 12:38:09.089465  5048 ts_tablet_manager.cc:1403] T e21c9362c3e2426785d00e67d30edfba P 3e6a6a0ae64c4e20a5b938e2a768d042: Time spent bootstrapping tablet: real 0.060s	user 0.012s	sys 0.012s
I20260608 12:38:09.089160  5054 raft_consensus.cc:515] T e9c74339e64249f99c7aed61b6a9c4ef P e476b25374724237b330ae1e61dbdc38 [term 1 FOLLOWER]: Starting leader election with config: opid_index: -1 OBSOLETE_local: false peers { permanent_uuid: "3e6a6a0ae64c4e20a5b938e2a768d042" member_type: VOTER last_known_addr { host: "127.0.107.193" port: 38905 } } peers { permanent_uuid: "e476b25374724237b330ae1e61dbdc38" member_type: VOTER last_known_addr { host: "127.0.107.194" port: 38951 } } peers { permanent_uuid: "68dacc73d1c847659088fe9c7b385eb5" member_type: VOTER last_known_addr { host: "127.0.107.195" port: 43407 } }
I20260608 12:38:09.090353  5050 ts_tablet_manager.cc:1434] T 19b02fd4a0ed43d08de699b4a42607db P 68dacc73d1c847659088fe9c7b385eb5: Time spent starting tablet: real 0.038s	user 0.007s	sys 0.001s
I20260608 12:38:09.091298  5054 leader_election.cc:290] T e9c74339e64249f99c7aed61b6a9c4ef P e476b25374724237b330ae1e61dbdc38 [CANDIDATE]: Term 1 election: Requested vote from peers 3e6a6a0ae64c4e20a5b938e2a768d042 (127.0.107.193:38905), 68dacc73d1c847659088fe9c7b385eb5 (127.0.107.195:43407)
I20260608 12:38:09.091997  4853 tablet_service.cc:1917] Received RequestConsensusVote() RPC: tablet_id: "e9c74339e64249f99c7aed61b6a9c4ef" candidate_uuid: "e476b25374724237b330ae1e61dbdc38" candidate_term: 1 candidate_status { last_received { term: 0 index: 0 } } ignore_live_leader: false dest_uuid: "3e6a6a0ae64c4e20a5b938e2a768d042"
I20260608 12:38:09.092301  5048 raft_consensus.cc:359] T e21c9362c3e2426785d00e67d30edfba P 3e6a6a0ae64c4e20a5b938e2a768d042 [term 0 FOLLOWER]: Replica starting. Triggering 0 pending ops. Active config: opid_index: -1 OBSOLETE_local: false peers { permanent_uuid: "3e6a6a0ae64c4e20a5b938e2a768d042" member_type: VOTER last_known_addr { host: "127.0.107.193" port: 38905 } } peers { permanent_uuid: "e476b25374724237b330ae1e61dbdc38" member_type: VOTER last_known_addr { host: "127.0.107.194" port: 38951 } } peers { permanent_uuid: "68dacc73d1c847659088fe9c7b385eb5" member_type: VOTER last_known_addr { host: "127.0.107.195" port: 43407 } }
I20260608 12:38:09.092581  5003 tablet_service.cc:1917] Received RequestConsensusVote() RPC: tablet_id: "e9c74339e64249f99c7aed61b6a9c4ef" candidate_uuid: "e476b25374724237b330ae1e61dbdc38" candidate_term: 1 candidate_status { last_received { term: 0 index: 0 } } ignore_live_leader: false dest_uuid: "68dacc73d1c847659088fe9c7b385eb5"
I20260608 12:38:09.087497  4749 catalog_manager.cc:5696] T 0759bae4e37445a59af8a28b7d190c16 P 3e6a6a0ae64c4e20a5b938e2a768d042 reported cstate change: term changed from 0 to 1, leader changed from <none> to 3e6a6a0ae64c4e20a5b938e2a768d042 (127.0.107.193). New cstate: current_term: 1 leader_uuid: "3e6a6a0ae64c4e20a5b938e2a768d042" committed_config { opid_index: -1 OBSOLETE_local: false peers { permanent_uuid: "3e6a6a0ae64c4e20a5b938e2a768d042" member_type: VOTER last_known_addr { host: "127.0.107.193" port: 38905 } health_report { overall_health: HEALTHY } } peers { permanent_uuid: "e476b25374724237b330ae1e61dbdc38" member_type: VOTER last_known_addr { host: "127.0.107.194" port: 38951 } health_report { overall_health: UNKNOWN } } peers { permanent_uuid: "68dacc73d1c847659088fe9c7b385eb5" member_type: VOTER last_known_addr { host: "127.0.107.195" port: 43407 } health_report { overall_health: UNKNOWN } } }
I20260608 12:38:09.096473  5003 raft_consensus.cc:3060] T e9c74339e64249f99c7aed61b6a9c4ef P 68dacc73d1c847659088fe9c7b385eb5 [term 0 FOLLOWER]: Advancing to term 1
W20260608 12:38:09.097182  4894 leader_election.cc:343] T e9c74339e64249f99c7aed61b6a9c4ef P e476b25374724237b330ae1e61dbdc38 [CANDIDATE]: Term 1 election: Tablet error from VoteRequest() call to peer 3e6a6a0ae64c4e20a5b938e2a768d042 (127.0.107.193:38905): Illegal state: must be running to vote when last-logged opid is not known
I20260608 12:38:09.097834  5050 tablet_bootstrap.cc:492] T 0759bae4e37445a59af8a28b7d190c16 P 68dacc73d1c847659088fe9c7b385eb5: Bootstrap starting.
I20260608 12:38:09.104499  5003 raft_consensus.cc:2468] T e9c74339e64249f99c7aed61b6a9c4ef P 68dacc73d1c847659088fe9c7b385eb5 [term 1 FOLLOWER]: Leader election vote request: Granting yes vote for candidate e476b25374724237b330ae1e61dbdc38 in term 1.
I20260608 12:38:09.105332  5048 raft_consensus.cc:385] T e21c9362c3e2426785d00e67d30edfba P 3e6a6a0ae64c4e20a5b938e2a768d042 [term 0 FOLLOWER]: Consensus starting up: Expiring failure detector timer to make a prompt election more likely
I20260608 12:38:09.105525  5002 raft_consensus.cc:2468] T dc000aa1a9674831ac6ae052660c51dd P 68dacc73d1c847659088fe9c7b385eb5 [term 1 FOLLOWER]: Leader election vote request: Granting yes vote for candidate e476b25374724237b330ae1e61dbdc38 in term 1.
I20260608 12:38:09.105649  5048 raft_consensus.cc:740] T e21c9362c3e2426785d00e67d30edfba P 3e6a6a0ae64c4e20a5b938e2a768d042 [term 0 FOLLOWER]: Becoming Follower/Learner. State: Replica: 3e6a6a0ae64c4e20a5b938e2a768d042, State: Initialized, Role: FOLLOWER
I20260608 12:38:09.106508  5048 consensus_queue.cc:260] T e21c9362c3e2426785d00e67d30edfba P 3e6a6a0ae64c4e20a5b938e2a768d042 [NON_LEADER]: Queue going to NON_LEADER mode. State: All replicated index: 0, Majority replicated index: 0, Committed index: 0, Last appended: 0.0, Last appended by leader: 0, Current term: 0, Majority size: -1, State: 0, Mode: NON_LEADER, active raft config: opid_index: -1 OBSOLETE_local: false peers { permanent_uuid: "3e6a6a0ae64c4e20a5b938e2a768d042" member_type: VOTER last_known_addr { host: "127.0.107.193" port: 38905 } } peers { permanent_uuid: "e476b25374724237b330ae1e61dbdc38" member_type: VOTER last_known_addr { host: "127.0.107.194" port: 38951 } } peers { permanent_uuid: "68dacc73d1c847659088fe9c7b385eb5" member_type: VOTER last_known_addr { host: "127.0.107.195" port: 43407 } }
I20260608 12:38:09.107491  5050 tablet_bootstrap.cc:654] T 0759bae4e37445a59af8a28b7d190c16 P 68dacc73d1c847659088fe9c7b385eb5: Neither blocks nor log segments found. Creating new log.
I20260608 12:38:09.108480  4895 leader_election.cc:304] T e9c74339e64249f99c7aed61b6a9c4ef P e476b25374724237b330ae1e61dbdc38 [CANDIDATE]: Term 1 election: Election decided. Result: candidate won. Election summary: received 3 responses out of 3 voters: 2 yes votes; 1 no votes. yes voters: 68dacc73d1c847659088fe9c7b385eb5, e476b25374724237b330ae1e61dbdc38; no voters: 3e6a6a0ae64c4e20a5b938e2a768d042
I20260608 12:38:09.110203  4895 leader_election.cc:304] T dc000aa1a9674831ac6ae052660c51dd P e476b25374724237b330ae1e61dbdc38 [CANDIDATE]: Term 1 election: Election decided. Result: candidate won. Election summary: received 3 responses out of 3 voters: 2 yes votes; 1 no votes. yes voters: 68dacc73d1c847659088fe9c7b385eb5, e476b25374724237b330ae1e61dbdc38; no voters: 3e6a6a0ae64c4e20a5b938e2a768d042
I20260608 12:38:09.111500  5054 raft_consensus.cc:2804] T e9c74339e64249f99c7aed61b6a9c4ef P e476b25374724237b330ae1e61dbdc38 [term 1 FOLLOWER]: Leader election won for term 1
I20260608 12:38:09.116696  5100 raft_consensus.cc:2804] T dc000aa1a9674831ac6ae052660c51dd P e476b25374724237b330ae1e61dbdc38 [term 1 FOLLOWER]: Leader election won for term 1
I20260608 12:38:09.108906  5048 ts_tablet_manager.cc:1434] T e21c9362c3e2426785d00e67d30edfba P 3e6a6a0ae64c4e20a5b938e2a768d042: Time spent starting tablet: real 0.019s	user 0.007s	sys 0.000s
I20260608 12:38:09.117550  5049 ts_tablet_manager.cc:1434] T 537e91c2a9b54419a8f9d7fd13e05254 P e476b25374724237b330ae1e61dbdc38: Time spent starting tablet: real 0.080s	user 0.032s	sys 0.012s
I20260608 12:38:09.118511  5048 tablet_bootstrap.cc:492] T e9c74339e64249f99c7aed61b6a9c4ef P 3e6a6a0ae64c4e20a5b938e2a768d042: Bootstrap starting.
I20260608 12:38:09.118667  5049 tablet_bootstrap.cc:492] T 06a94bfc9647446f80398ab68883daeb P e476b25374724237b330ae1e61dbdc38: Bootstrap starting.
I20260608 12:38:09.125213  5048 tablet_bootstrap.cc:654] T e9c74339e64249f99c7aed61b6a9c4ef P 3e6a6a0ae64c4e20a5b938e2a768d042: Neither blocks nor log segments found. Creating new log.
I20260608 12:38:09.126579  5049 tablet_bootstrap.cc:654] T 06a94bfc9647446f80398ab68883daeb P e476b25374724237b330ae1e61dbdc38: Neither blocks nor log segments found. Creating new log.
I20260608 12:38:09.130097  5054 raft_consensus.cc:697] T e9c74339e64249f99c7aed61b6a9c4ef P e476b25374724237b330ae1e61dbdc38 [term 1 LEADER]: Becoming Leader. State: Replica: e476b25374724237b330ae1e61dbdc38, State: Running, Role: LEADER
I20260608 12:38:09.131374  5054 consensus_queue.cc:237] T e9c74339e64249f99c7aed61b6a9c4ef P e476b25374724237b330ae1e61dbdc38 [LEADER]: Queue going to LEADER mode. State: All replicated index: 0, Majority replicated index: 0, Committed index: 0, Last appended: 0.0, Last appended by leader: 0, Current term: 1, Majority size: 2, State: 0, Mode: LEADER, active raft config: opid_index: -1 OBSOLETE_local: false peers { permanent_uuid: "3e6a6a0ae64c4e20a5b938e2a768d042" member_type: VOTER last_known_addr { host: "127.0.107.193" port: 38905 } } peers { permanent_uuid: "e476b25374724237b330ae1e61dbdc38" member_type: VOTER last_known_addr { host: "127.0.107.194" port: 38951 } } peers { permanent_uuid: "68dacc73d1c847659088fe9c7b385eb5" member_type: VOTER last_known_addr { host: "127.0.107.195" port: 43407 } }
I20260608 12:38:09.136394  5049 tablet_bootstrap.cc:492] T 06a94bfc9647446f80398ab68883daeb P e476b25374724237b330ae1e61dbdc38: No bootstrap required, opened a new log
I20260608 12:38:09.136983  5049 ts_tablet_manager.cc:1403] T 06a94bfc9647446f80398ab68883daeb P e476b25374724237b330ae1e61dbdc38: Time spent bootstrapping tablet: real 0.019s	user 0.012s	sys 0.003s
I20260608 12:38:09.137681  4749 catalog_manager.cc:5696] T c90a76123a6f47fda3cc50b81b8cf719 P e476b25374724237b330ae1e61dbdc38 reported cstate change: term changed from 0 to 1, leader changed from <none> to e476b25374724237b330ae1e61dbdc38 (127.0.107.194). New cstate: current_term: 1 leader_uuid: "e476b25374724237b330ae1e61dbdc38" committed_config { opid_index: -1 OBSOLETE_local: false peers { permanent_uuid: "3e6a6a0ae64c4e20a5b938e2a768d042" member_type: VOTER last_known_addr { host: "127.0.107.193" port: 38905 } health_report { overall_health: UNKNOWN } } peers { permanent_uuid: "e476b25374724237b330ae1e61dbdc38" member_type: VOTER last_known_addr { host: "127.0.107.194" port: 38951 } health_report { overall_health: HEALTHY } } peers { permanent_uuid: "68dacc73d1c847659088fe9c7b385eb5" member_type: VOTER last_known_addr { host: "127.0.107.195" port: 43407 } health_report { overall_health: UNKNOWN } } }
I20260608 12:38:09.141090  5049 raft_consensus.cc:359] T 06a94bfc9647446f80398ab68883daeb P e476b25374724237b330ae1e61dbdc38 [term 0 FOLLOWER]: Replica starting. Triggering 0 pending ops. Active config: opid_index: -1 OBSOLETE_local: false peers { permanent_uuid: "3e6a6a0ae64c4e20a5b938e2a768d042" member_type: VOTER last_known_addr { host: "127.0.107.193" port: 38905 } } peers { permanent_uuid: "e476b25374724237b330ae1e61dbdc38" member_type: VOTER last_known_addr { host: "127.0.107.194" port: 38951 } } peers { permanent_uuid: "68dacc73d1c847659088fe9c7b385eb5" member_type: VOTER last_known_addr { host: "127.0.107.195" port: 43407 } }
I20260608 12:38:09.141746  5049 raft_consensus.cc:385] T 06a94bfc9647446f80398ab68883daeb P e476b25374724237b330ae1e61dbdc38 [term 0 FOLLOWER]: Consensus starting up: Expiring failure detector timer to make a prompt election more likely
I20260608 12:38:09.142019  5049 raft_consensus.cc:740] T 06a94bfc9647446f80398ab68883daeb P e476b25374724237b330ae1e61dbdc38 [term 0 FOLLOWER]: Becoming Follower/Learner. State: Replica: e476b25374724237b330ae1e61dbdc38, State: Initialized, Role: FOLLOWER
I20260608 12:38:09.142951  5049 consensus_queue.cc:260] T 06a94bfc9647446f80398ab68883daeb P e476b25374724237b330ae1e61dbdc38 [NON_LEADER]: Queue going to NON_LEADER mode. State: All replicated index: 0, Majority replicated index: 0, Committed index: 0, Last appended: 0.0, Last appended by leader: 0, Current term: 0, Majority size: -1, State: 0, Mode: NON_LEADER, active raft config: opid_index: -1 OBSOLETE_local: false peers { permanent_uuid: "3e6a6a0ae64c4e20a5b938e2a768d042" member_type: VOTER last_known_addr { host: "127.0.107.193" port: 38905 } } peers { permanent_uuid: "e476b25374724237b330ae1e61dbdc38" member_type: VOTER last_known_addr { host: "127.0.107.194" port: 38951 } } peers { permanent_uuid: "68dacc73d1c847659088fe9c7b385eb5" member_type: VOTER last_known_addr { host: "127.0.107.195" port: 43407 } }
I20260608 12:38:09.144419  5050 tablet_bootstrap.cc:492] T 0759bae4e37445a59af8a28b7d190c16 P 68dacc73d1c847659088fe9c7b385eb5: No bootstrap required, opened a new log
I20260608 12:38:09.144948  5050 ts_tablet_manager.cc:1403] T 0759bae4e37445a59af8a28b7d190c16 P 68dacc73d1c847659088fe9c7b385eb5: Time spent bootstrapping tablet: real 0.047s	user 0.009s	sys 0.006s
I20260608 12:38:09.145648  5049 ts_tablet_manager.cc:1434] T 06a94bfc9647446f80398ab68883daeb P e476b25374724237b330ae1e61dbdc38: Time spent starting tablet: real 0.008s	user 0.007s	sys 0.000s
I20260608 12:38:09.146332  5100 raft_consensus.cc:697] T dc000aa1a9674831ac6ae052660c51dd P e476b25374724237b330ae1e61dbdc38 [term 1 LEADER]: Becoming Leader. State: Replica: e476b25374724237b330ae1e61dbdc38, State: Running, Role: LEADER
I20260608 12:38:09.146739  5049 tablet_bootstrap.cc:492] T e21c9362c3e2426785d00e67d30edfba P e476b25374724237b330ae1e61dbdc38: Bootstrap starting.
I20260608 12:38:09.147177  5100 consensus_queue.cc:237] T dc000aa1a9674831ac6ae052660c51dd P e476b25374724237b330ae1e61dbdc38 [LEADER]: Queue going to LEADER mode. State: All replicated index: 0, Majority replicated index: 0, Committed index: 0, Last appended: 0.0, Last appended by leader: 0, Current term: 1, Majority size: 2, State: 0, Mode: LEADER, active raft config: opid_index: -1 OBSOLETE_local: false peers { permanent_uuid: "3e6a6a0ae64c4e20a5b938e2a768d042" member_type: VOTER last_known_addr { host: "127.0.107.193" port: 38905 } } peers { permanent_uuid: "e476b25374724237b330ae1e61dbdc38" member_type: VOTER last_known_addr { host: "127.0.107.194" port: 38951 } } peers { permanent_uuid: "68dacc73d1c847659088fe9c7b385eb5" member_type: VOTER last_known_addr { host: "127.0.107.195" port: 43407 } }
I20260608 12:38:09.148530  5050 raft_consensus.cc:359] T 0759bae4e37445a59af8a28b7d190c16 P 68dacc73d1c847659088fe9c7b385eb5 [term 0 FOLLOWER]: Replica starting. Triggering 0 pending ops. Active config: opid_index: -1 OBSOLETE_local: false peers { permanent_uuid: "3e6a6a0ae64c4e20a5b938e2a768d042" member_type: VOTER last_known_addr { host: "127.0.107.193" port: 38905 } } peers { permanent_uuid: "e476b25374724237b330ae1e61dbdc38" member_type: VOTER last_known_addr { host: "127.0.107.194" port: 38951 } } peers { permanent_uuid: "68dacc73d1c847659088fe9c7b385eb5" member_type: VOTER last_known_addr { host: "127.0.107.195" port: 43407 } }
I20260608 12:38:09.149283  5050 raft_consensus.cc:385] T 0759bae4e37445a59af8a28b7d190c16 P 68dacc73d1c847659088fe9c7b385eb5 [term 0 FOLLOWER]: Consensus starting up: Expiring failure detector timer to make a prompt election more likely
I20260608 12:38:09.149614  5050 raft_consensus.cc:740] T 0759bae4e37445a59af8a28b7d190c16 P 68dacc73d1c847659088fe9c7b385eb5 [term 0 FOLLOWER]: Becoming Follower/Learner. State: Replica: 68dacc73d1c847659088fe9c7b385eb5, State: Initialized, Role: FOLLOWER
I20260608 12:38:09.150327  5048 tablet_bootstrap.cc:492] T e9c74339e64249f99c7aed61b6a9c4ef P 3e6a6a0ae64c4e20a5b938e2a768d042: No bootstrap required, opened a new log
I20260608 12:38:09.150799  5048 ts_tablet_manager.cc:1403] T e9c74339e64249f99c7aed61b6a9c4ef P 3e6a6a0ae64c4e20a5b938e2a768d042: Time spent bootstrapping tablet: real 0.033s	user 0.011s	sys 0.011s
I20260608 12:38:09.150619  5050 consensus_queue.cc:260] T 0759bae4e37445a59af8a28b7d190c16 P 68dacc73d1c847659088fe9c7b385eb5 [NON_LEADER]: Queue going to NON_LEADER mode. State: All replicated index: 0, Majority replicated index: 0, Committed index: 0, Last appended: 0.0, Last appended by leader: 0, Current term: 0, Majority size: -1, State: 0, Mode: NON_LEADER, active raft config: opid_index: -1 OBSOLETE_local: false peers { permanent_uuid: "3e6a6a0ae64c4e20a5b938e2a768d042" member_type: VOTER last_known_addr { host: "127.0.107.193" port: 38905 } } peers { permanent_uuid: "e476b25374724237b330ae1e61dbdc38" member_type: VOTER last_known_addr { host: "127.0.107.194" port: 38951 } } peers { permanent_uuid: "68dacc73d1c847659088fe9c7b385eb5" member_type: VOTER last_known_addr { host: "127.0.107.195" port: 43407 } }
I20260608 12:38:09.153218  5050 ts_tablet_manager.cc:1434] T 0759bae4e37445a59af8a28b7d190c16 P 68dacc73d1c847659088fe9c7b385eb5: Time spent starting tablet: real 0.008s	user 0.005s	sys 0.000s
I20260608 12:38:09.153613  5048 raft_consensus.cc:359] T e9c74339e64249f99c7aed61b6a9c4ef P 3e6a6a0ae64c4e20a5b938e2a768d042 [term 0 FOLLOWER]: Replica starting. Triggering 0 pending ops. Active config: opid_index: -1 OBSOLETE_local: false peers { permanent_uuid: "3e6a6a0ae64c4e20a5b938e2a768d042" member_type: VOTER last_known_addr { host: "127.0.107.193" port: 38905 } } peers { permanent_uuid: "e476b25374724237b330ae1e61dbdc38" member_type: VOTER last_known_addr { host: "127.0.107.194" port: 38951 } } peers { permanent_uuid: "68dacc73d1c847659088fe9c7b385eb5" member_type: VOTER last_known_addr { host: "127.0.107.195" port: 43407 } }
I20260608 12:38:09.154258  5048 raft_consensus.cc:385] T e9c74339e64249f99c7aed61b6a9c4ef P 3e6a6a0ae64c4e20a5b938e2a768d042 [term 0 FOLLOWER]: Consensus starting up: Expiring failure detector timer to make a prompt election more likely
I20260608 12:38:09.154309  5050 tablet_bootstrap.cc:492] T c90a76123a6f47fda3cc50b81b8cf719 P 68dacc73d1c847659088fe9c7b385eb5: Bootstrap starting.
I20260608 12:38:09.154656  5048 raft_consensus.cc:740] T e9c74339e64249f99c7aed61b6a9c4ef P 3e6a6a0ae64c4e20a5b938e2a768d042 [term 0 FOLLOWER]: Becoming Follower/Learner. State: Replica: 3e6a6a0ae64c4e20a5b938e2a768d042, State: Initialized, Role: FOLLOWER
I20260608 12:38:09.155704  5049 tablet_bootstrap.cc:654] T e21c9362c3e2426785d00e67d30edfba P e476b25374724237b330ae1e61dbdc38: Neither blocks nor log segments found. Creating new log.
I20260608 12:38:09.155563  5048 consensus_queue.cc:260] T e9c74339e64249f99c7aed61b6a9c4ef P 3e6a6a0ae64c4e20a5b938e2a768d042 [NON_LEADER]: Queue going to NON_LEADER mode. State: All replicated index: 0, Majority replicated index: 0, Committed index: 0, Last appended: 0.0, Last appended by leader: 0, Current term: 0, Majority size: -1, State: 0, Mode: NON_LEADER, active raft config: opid_index: -1 OBSOLETE_local: false peers { permanent_uuid: "3e6a6a0ae64c4e20a5b938e2a768d042" member_type: VOTER last_known_addr { host: "127.0.107.193" port: 38905 } } peers { permanent_uuid: "e476b25374724237b330ae1e61dbdc38" member_type: VOTER last_known_addr { host: "127.0.107.194" port: 38951 } } peers { permanent_uuid: "68dacc73d1c847659088fe9c7b385eb5" member_type: VOTER last_known_addr { host: "127.0.107.195" port: 43407 } }
I20260608 12:38:09.160970  5048 ts_tablet_manager.cc:1434] T e9c74339e64249f99c7aed61b6a9c4ef P 3e6a6a0ae64c4e20a5b938e2a768d042: Time spent starting tablet: real 0.010s	user 0.006s	sys 0.000s
I20260608 12:38:09.161935  5048 tablet_bootstrap.cc:492] T 1ef7f7d2e6a94878ae3ea9e375468617 P 3e6a6a0ae64c4e20a5b938e2a768d042: Bootstrap starting.
I20260608 12:38:09.167626  5049 tablet_bootstrap.cc:492] T e21c9362c3e2426785d00e67d30edfba P e476b25374724237b330ae1e61dbdc38: No bootstrap required, opened a new log
I20260608 12:38:09.167908  5048 tablet_bootstrap.cc:654] T 1ef7f7d2e6a94878ae3ea9e375468617 P 3e6a6a0ae64c4e20a5b938e2a768d042: Neither blocks nor log segments found. Creating new log.
I20260608 12:38:09.168242  5049 ts_tablet_manager.cc:1403] T e21c9362c3e2426785d00e67d30edfba P e476b25374724237b330ae1e61dbdc38: Time spent bootstrapping tablet: real 0.022s	user 0.010s	sys 0.007s
I20260608 12:38:09.172143  5049 raft_consensus.cc:359] T e21c9362c3e2426785d00e67d30edfba P e476b25374724237b330ae1e61dbdc38 [term 0 FOLLOWER]: Replica starting. Triggering 0 pending ops. Active config: opid_index: -1 OBSOLETE_local: false peers { permanent_uuid: "3e6a6a0ae64c4e20a5b938e2a768d042" member_type: VOTER last_known_addr { host: "127.0.107.193" port: 38905 } } peers { permanent_uuid: "e476b25374724237b330ae1e61dbdc38" member_type: VOTER last_known_addr { host: "127.0.107.194" port: 38951 } } peers { permanent_uuid: "68dacc73d1c847659088fe9c7b385eb5" member_type: VOTER last_known_addr { host: "127.0.107.195" port: 43407 } }
I20260608 12:38:09.173098  5049 raft_consensus.cc:385] T e21c9362c3e2426785d00e67d30edfba P e476b25374724237b330ae1e61dbdc38 [term 0 FOLLOWER]: Consensus starting up: Expiring failure detector timer to make a prompt election more likely
I20260608 12:38:09.173476  5049 raft_consensus.cc:740] T e21c9362c3e2426785d00e67d30edfba P e476b25374724237b330ae1e61dbdc38 [term 0 FOLLOWER]: Becoming Follower/Learner. State: Replica: e476b25374724237b330ae1e61dbdc38, State: Initialized, Role: FOLLOWER
I20260608 12:38:09.174441  5049 consensus_queue.cc:260] T e21c9362c3e2426785d00e67d30edfba P e476b25374724237b330ae1e61dbdc38 [NON_LEADER]: Queue going to NON_LEADER mode. State: All replicated index: 0, Majority replicated index: 0, Committed index: 0, Last appended: 0.0, Last appended by leader: 0, Current term: 0, Majority size: -1, State: 0, Mode: NON_LEADER, active raft config: opid_index: -1 OBSOLETE_local: false peers { permanent_uuid: "3e6a6a0ae64c4e20a5b938e2a768d042" member_type: VOTER last_known_addr { host: "127.0.107.193" port: 38905 } } peers { permanent_uuid: "e476b25374724237b330ae1e61dbdc38" member_type: VOTER last_known_addr { host: "127.0.107.194" port: 38951 } } peers { permanent_uuid: "68dacc73d1c847659088fe9c7b385eb5" member_type: VOTER last_known_addr { host: "127.0.107.195" port: 43407 } }
I20260608 12:38:09.175163  5050 tablet_bootstrap.cc:654] T c90a76123a6f47fda3cc50b81b8cf719 P 68dacc73d1c847659088fe9c7b385eb5: Neither blocks nor log segments found. Creating new log.
I20260608 12:38:09.177085  5049 ts_tablet_manager.cc:1434] T e21c9362c3e2426785d00e67d30edfba P e476b25374724237b330ae1e61dbdc38: Time spent starting tablet: real 0.009s	user 0.007s	sys 0.000s
I20260608 12:38:09.178131  5049 tablet_bootstrap.cc:492] T 1ef7f7d2e6a94878ae3ea9e375468617 P e476b25374724237b330ae1e61dbdc38: Bootstrap starting.
I20260608 12:38:09.179189  5048 tablet_bootstrap.cc:492] T 1ef7f7d2e6a94878ae3ea9e375468617 P 3e6a6a0ae64c4e20a5b938e2a768d042: No bootstrap required, opened a new log
I20260608 12:38:09.179809  5048 ts_tablet_manager.cc:1403] T 1ef7f7d2e6a94878ae3ea9e375468617 P 3e6a6a0ae64c4e20a5b938e2a768d042: Time spent bootstrapping tablet: real 0.018s	user 0.007s	sys 0.009s
I20260608 12:38:09.183408  5048 raft_consensus.cc:359] T 1ef7f7d2e6a94878ae3ea9e375468617 P 3e6a6a0ae64c4e20a5b938e2a768d042 [term 0 FOLLOWER]: Replica starting. Triggering 0 pending ops. Active config: opid_index: -1 OBSOLETE_local: false peers { permanent_uuid: "3e6a6a0ae64c4e20a5b938e2a768d042" member_type: VOTER last_known_addr { host: "127.0.107.193" port: 38905 } } peers { permanent_uuid: "e476b25374724237b330ae1e61dbdc38" member_type: VOTER last_known_addr { host: "127.0.107.194" port: 38951 } } peers { permanent_uuid: "68dacc73d1c847659088fe9c7b385eb5" member_type: VOTER last_known_addr { host: "127.0.107.195" port: 43407 } }
I20260608 12:38:09.184258  5048 raft_consensus.cc:385] T 1ef7f7d2e6a94878ae3ea9e375468617 P 3e6a6a0ae64c4e20a5b938e2a768d042 [term 0 FOLLOWER]: Consensus starting up: Expiring failure detector timer to make a prompt election more likely
I20260608 12:38:09.184592  5048 raft_consensus.cc:740] T 1ef7f7d2e6a94878ae3ea9e375468617 P 3e6a6a0ae64c4e20a5b938e2a768d042 [term 0 FOLLOWER]: Becoming Follower/Learner. State: Replica: 3e6a6a0ae64c4e20a5b938e2a768d042, State: Initialized, Role: FOLLOWER
I20260608 12:38:09.184836  5049 tablet_bootstrap.cc:654] T 1ef7f7d2e6a94878ae3ea9e375468617 P e476b25374724237b330ae1e61dbdc38: Neither blocks nor log segments found. Creating new log.
I20260608 12:38:09.185791  5048 consensus_queue.cc:260] T 1ef7f7d2e6a94878ae3ea9e375468617 P 3e6a6a0ae64c4e20a5b938e2a768d042 [NON_LEADER]: Queue going to NON_LEADER mode. State: All replicated index: 0, Majority replicated index: 0, Committed index: 0, Last appended: 0.0, Last appended by leader: 0, Current term: 0, Majority size: -1, State: 0, Mode: NON_LEADER, active raft config: opid_index: -1 OBSOLETE_local: false peers { permanent_uuid: "3e6a6a0ae64c4e20a5b938e2a768d042" member_type: VOTER last_known_addr { host: "127.0.107.193" port: 38905 } } peers { permanent_uuid: "e476b25374724237b330ae1e61dbdc38" member_type: VOTER last_known_addr { host: "127.0.107.194" port: 38951 } } peers { permanent_uuid: "68dacc73d1c847659088fe9c7b385eb5" member_type: VOTER last_known_addr { host: "127.0.107.195" port: 43407 } }
I20260608 12:38:09.186527  4752 catalog_manager.cc:5696] T e9c74339e64249f99c7aed61b6a9c4ef P e476b25374724237b330ae1e61dbdc38 reported cstate change: term changed from 0 to 1, leader changed from <none> to e476b25374724237b330ae1e61dbdc38 (127.0.107.194). New cstate: current_term: 1 leader_uuid: "e476b25374724237b330ae1e61dbdc38" committed_config { opid_index: -1 OBSOLETE_local: false peers { permanent_uuid: "3e6a6a0ae64c4e20a5b938e2a768d042" member_type: VOTER last_known_addr { host: "127.0.107.193" port: 38905 } health_report { overall_health: UNKNOWN } } peers { permanent_uuid: "e476b25374724237b330ae1e61dbdc38" member_type: VOTER last_known_addr { host: "127.0.107.194" port: 38951 } health_report { overall_health: HEALTHY } } peers { permanent_uuid: "68dacc73d1c847659088fe9c7b385eb5" member_type: VOTER last_known_addr { host: "127.0.107.195" port: 43407 } health_report { overall_health: UNKNOWN } } }
I20260608 12:38:09.189138  4752 catalog_manager.cc:5696] T dc000aa1a9674831ac6ae052660c51dd P e476b25374724237b330ae1e61dbdc38 reported cstate change: term changed from 0 to 1, leader changed from <none> to e476b25374724237b330ae1e61dbdc38 (127.0.107.194). New cstate: current_term: 1 leader_uuid: "e476b25374724237b330ae1e61dbdc38" committed_config { opid_index: -1 OBSOLETE_local: false peers { permanent_uuid: "3e6a6a0ae64c4e20a5b938e2a768d042" member_type: VOTER last_known_addr { host: "127.0.107.193" port: 38905 } health_report { overall_health: UNKNOWN } } peers { permanent_uuid: "e476b25374724237b330ae1e61dbdc38" member_type: VOTER last_known_addr { host: "127.0.107.194" port: 38951 } health_report { overall_health: HEALTHY } } peers { permanent_uuid: "68dacc73d1c847659088fe9c7b385eb5" member_type: VOTER last_known_addr { host: "127.0.107.195" port: 43407 } health_report { overall_health: UNKNOWN } } }
I20260608 12:38:09.193007  5048 ts_tablet_manager.cc:1434] T 1ef7f7d2e6a94878ae3ea9e375468617 P 3e6a6a0ae64c4e20a5b938e2a768d042: Time spent starting tablet: real 0.013s	user 0.005s	sys 0.003s
I20260608 12:38:09.196296  5050 tablet_bootstrap.cc:492] T c90a76123a6f47fda3cc50b81b8cf719 P 68dacc73d1c847659088fe9c7b385eb5: No bootstrap required, opened a new log
I20260608 12:38:09.196681  5049 tablet_bootstrap.cc:492] T 1ef7f7d2e6a94878ae3ea9e375468617 P e476b25374724237b330ae1e61dbdc38: No bootstrap required, opened a new log
I20260608 12:38:09.196813  5050 ts_tablet_manager.cc:1403] T c90a76123a6f47fda3cc50b81b8cf719 P 68dacc73d1c847659088fe9c7b385eb5: Time spent bootstrapping tablet: real 0.043s	user 0.015s	sys 0.011s
I20260608 12:38:09.197201  5049 ts_tablet_manager.cc:1403] T 1ef7f7d2e6a94878ae3ea9e375468617 P e476b25374724237b330ae1e61dbdc38: Time spent bootstrapping tablet: real 0.019s	user 0.012s	sys 0.004s
I20260608 12:38:09.199292  5050 raft_consensus.cc:359] T c90a76123a6f47fda3cc50b81b8cf719 P 68dacc73d1c847659088fe9c7b385eb5 [term 0 FOLLOWER]: Replica starting. Triggering 0 pending ops. Active config: opid_index: -1 OBSOLETE_local: false peers { permanent_uuid: "3e6a6a0ae64c4e20a5b938e2a768d042" member_type: VOTER last_known_addr { host: "127.0.107.193" port: 38905 } } peers { permanent_uuid: "e476b25374724237b330ae1e61dbdc38" member_type: VOTER last_known_addr { host: "127.0.107.194" port: 38951 } } peers { permanent_uuid: "68dacc73d1c847659088fe9c7b385eb5" member_type: VOTER last_known_addr { host: "127.0.107.195" port: 43407 } }
I20260608 12:38:09.200007  5050 raft_consensus.cc:385] T c90a76123a6f47fda3cc50b81b8cf719 P 68dacc73d1c847659088fe9c7b385eb5 [term 0 FOLLOWER]: Consensus starting up: Expiring failure detector timer to make a prompt election more likely
I20260608 12:38:09.200309  5049 raft_consensus.cc:359] T 1ef7f7d2e6a94878ae3ea9e375468617 P e476b25374724237b330ae1e61dbdc38 [term 0 FOLLOWER]: Replica starting. Triggering 0 pending ops. Active config: opid_index: -1 OBSOLETE_local: false peers { permanent_uuid: "3e6a6a0ae64c4e20a5b938e2a768d042" member_type: VOTER last_known_addr { host: "127.0.107.193" port: 38905 } } peers { permanent_uuid: "e476b25374724237b330ae1e61dbdc38" member_type: VOTER last_known_addr { host: "127.0.107.194" port: 38951 } } peers { permanent_uuid: "68dacc73d1c847659088fe9c7b385eb5" member_type: VOTER last_known_addr { host: "127.0.107.195" port: 43407 } }
I20260608 12:38:09.201143  5049 raft_consensus.cc:385] T 1ef7f7d2e6a94878ae3ea9e375468617 P e476b25374724237b330ae1e61dbdc38 [term 0 FOLLOWER]: Consensus starting up: Expiring failure detector timer to make a prompt election more likely
I20260608 12:38:09.201411  5049 raft_consensus.cc:740] T 1ef7f7d2e6a94878ae3ea9e375468617 P e476b25374724237b330ae1e61dbdc38 [term 0 FOLLOWER]: Becoming Follower/Learner. State: Replica: e476b25374724237b330ae1e61dbdc38, State: Initialized, Role: FOLLOWER
I20260608 12:38:09.202139  5049 consensus_queue.cc:260] T 1ef7f7d2e6a94878ae3ea9e375468617 P e476b25374724237b330ae1e61dbdc38 [NON_LEADER]: Queue going to NON_LEADER mode. State: All replicated index: 0, Majority replicated index: 0, Committed index: 0, Last appended: 0.0, Last appended by leader: 0, Current term: 0, Majority size: -1, State: 0, Mode: NON_LEADER, active raft config: opid_index: -1 OBSOLETE_local: false peers { permanent_uuid: "3e6a6a0ae64c4e20a5b938e2a768d042" member_type: VOTER last_known_addr { host: "127.0.107.193" port: 38905 } } peers { permanent_uuid: "e476b25374724237b330ae1e61dbdc38" member_type: VOTER last_known_addr { host: "127.0.107.194" port: 38951 } } peers { permanent_uuid: "68dacc73d1c847659088fe9c7b385eb5" member_type: VOTER last_known_addr { host: "127.0.107.195" port: 43407 } }
I20260608 12:38:09.200327  5050 raft_consensus.cc:740] T c90a76123a6f47fda3cc50b81b8cf719 P 68dacc73d1c847659088fe9c7b385eb5 [term 0 FOLLOWER]: Becoming Follower/Learner. State: Replica: 68dacc73d1c847659088fe9c7b385eb5, State: Initialized, Role: FOLLOWER
I20260608 12:38:09.204267  5049 ts_tablet_manager.cc:1434] T 1ef7f7d2e6a94878ae3ea9e375468617 P e476b25374724237b330ae1e61dbdc38: Time spent starting tablet: real 0.007s	user 0.008s	sys 0.000s
I20260608 12:38:09.204363  5050 consensus_queue.cc:260] T c90a76123a6f47fda3cc50b81b8cf719 P 68dacc73d1c847659088fe9c7b385eb5 [NON_LEADER]: Queue going to NON_LEADER mode. State: All replicated index: 0, Majority replicated index: 0, Committed index: 0, Last appended: 0.0, Last appended by leader: 0, Current term: 0, Majority size: -1, State: 0, Mode: NON_LEADER, active raft config: opid_index: -1 OBSOLETE_local: false peers { permanent_uuid: "3e6a6a0ae64c4e20a5b938e2a768d042" member_type: VOTER last_known_addr { host: "127.0.107.193" port: 38905 } } peers { permanent_uuid: "e476b25374724237b330ae1e61dbdc38" member_type: VOTER last_known_addr { host: "127.0.107.194" port: 38951 } } peers { permanent_uuid: "68dacc73d1c847659088fe9c7b385eb5" member_type: VOTER last_known_addr { host: "127.0.107.195" port: 43407 } }
I20260608 12:38:09.206663  5050 ts_tablet_manager.cc:1434] T c90a76123a6f47fda3cc50b81b8cf719 P 68dacc73d1c847659088fe9c7b385eb5: Time spent starting tablet: real 0.009s	user 0.004s	sys 0.000s
I20260608 12:38:09.207691  5050 tablet_bootstrap.cc:492] T 06a94bfc9647446f80398ab68883daeb P 68dacc73d1c847659088fe9c7b385eb5: Bootstrap starting.
I20260608 12:38:09.213858  5050 tablet_bootstrap.cc:654] T 06a94bfc9647446f80398ab68883daeb P 68dacc73d1c847659088fe9c7b385eb5: Neither blocks nor log segments found. Creating new log.
I20260608 12:38:09.218994  5057 consensus_queue.cc:1048] T ffbdd1a95a2a4b72ba15c331d2a37d5e P 68dacc73d1c847659088fe9c7b385eb5 [LEADER]: Connected to new peer: Peer: permanent_uuid: "e476b25374724237b330ae1e61dbdc38" member_type: VOTER last_known_addr { host: "127.0.107.194" port: 38951 }, Status: LMP_MISMATCH, Last received: 0.0, Next index: 1, Last known committed idx: 0, Time since last communication: 0.000s
I20260608 12:38:09.223032  5050 tablet_bootstrap.cc:492] T 06a94bfc9647446f80398ab68883daeb P 68dacc73d1c847659088fe9c7b385eb5: No bootstrap required, opened a new log
I20260608 12:38:09.223548  5050 ts_tablet_manager.cc:1403] T 06a94bfc9647446f80398ab68883daeb P 68dacc73d1c847659088fe9c7b385eb5: Time spent bootstrapping tablet: real 0.016s	user 0.012s	sys 0.003s
I20260608 12:38:09.226764  5050 raft_consensus.cc:359] T 06a94bfc9647446f80398ab68883daeb P 68dacc73d1c847659088fe9c7b385eb5 [term 0 FOLLOWER]: Replica starting. Triggering 0 pending ops. Active config: opid_index: -1 OBSOLETE_local: false peers { permanent_uuid: "3e6a6a0ae64c4e20a5b938e2a768d042" member_type: VOTER last_known_addr { host: "127.0.107.193" port: 38905 } } peers { permanent_uuid: "e476b25374724237b330ae1e61dbdc38" member_type: VOTER last_known_addr { host: "127.0.107.194" port: 38951 } } peers { permanent_uuid: "68dacc73d1c847659088fe9c7b385eb5" member_type: VOTER last_known_addr { host: "127.0.107.195" port: 43407 } }
I20260608 12:38:09.227480  5050 raft_consensus.cc:385] T 06a94bfc9647446f80398ab68883daeb P 68dacc73d1c847659088fe9c7b385eb5 [term 0 FOLLOWER]: Consensus starting up: Expiring failure detector timer to make a prompt election more likely
I20260608 12:38:09.227783  5050 raft_consensus.cc:740] T 06a94bfc9647446f80398ab68883daeb P 68dacc73d1c847659088fe9c7b385eb5 [term 0 FOLLOWER]: Becoming Follower/Learner. State: Replica: 68dacc73d1c847659088fe9c7b385eb5, State: Initialized, Role: FOLLOWER
I20260608 12:38:09.228578  5050 consensus_queue.cc:260] T 06a94bfc9647446f80398ab68883daeb P 68dacc73d1c847659088fe9c7b385eb5 [NON_LEADER]: Queue going to NON_LEADER mode. State: All replicated index: 0, Majority replicated index: 0, Committed index: 0, Last appended: 0.0, Last appended by leader: 0, Current term: 0, Majority size: -1, State: 0, Mode: NON_LEADER, active raft config: opid_index: -1 OBSOLETE_local: false peers { permanent_uuid: "3e6a6a0ae64c4e20a5b938e2a768d042" member_type: VOTER last_known_addr { host: "127.0.107.193" port: 38905 } } peers { permanent_uuid: "e476b25374724237b330ae1e61dbdc38" member_type: VOTER last_known_addr { host: "127.0.107.194" port: 38951 } } peers { permanent_uuid: "68dacc73d1c847659088fe9c7b385eb5" member_type: VOTER last_known_addr { host: "127.0.107.195" port: 43407 } }
I20260608 12:38:09.230664  5050 ts_tablet_manager.cc:1434] T 06a94bfc9647446f80398ab68883daeb P 68dacc73d1c847659088fe9c7b385eb5: Time spent starting tablet: real 0.007s	user 0.004s	sys 0.000s
I20260608 12:38:09.231577  5050 tablet_bootstrap.cc:492] T 537e91c2a9b54419a8f9d7fd13e05254 P 68dacc73d1c847659088fe9c7b385eb5: Bootstrap starting.
I20260608 12:38:09.237066  5095 raft_consensus.cc:493] T 537e91c2a9b54419a8f9d7fd13e05254 P 3e6a6a0ae64c4e20a5b938e2a768d042 [term 0 FOLLOWER]: Starting pre-election (no leader contacted us within the election timeout)
I20260608 12:38:09.237248  5050 tablet_bootstrap.cc:654] T 537e91c2a9b54419a8f9d7fd13e05254 P 68dacc73d1c847659088fe9c7b385eb5: Neither blocks nor log segments found. Creating new log.
I20260608 12:38:09.237581  5095 raft_consensus.cc:515] T 537e91c2a9b54419a8f9d7fd13e05254 P 3e6a6a0ae64c4e20a5b938e2a768d042 [term 0 FOLLOWER]: Starting pre-election with config: opid_index: -1 OBSOLETE_local: false peers { permanent_uuid: "3e6a6a0ae64c4e20a5b938e2a768d042" member_type: VOTER last_known_addr { host: "127.0.107.193" port: 38905 } } peers { permanent_uuid: "e476b25374724237b330ae1e61dbdc38" member_type: VOTER last_known_addr { host: "127.0.107.194" port: 38951 } } peers { permanent_uuid: "68dacc73d1c847659088fe9c7b385eb5" member_type: VOTER last_known_addr { host: "127.0.107.195" port: 43407 } }
I20260608 12:38:09.239828  5094 raft_consensus.cc:493] T e9c74339e64249f99c7aed61b6a9c4ef P 3e6a6a0ae64c4e20a5b938e2a768d042 [term 0 FOLLOWER]: Starting pre-election (no leader contacted us within the election timeout)
I20260608 12:38:09.240278  5094 raft_consensus.cc:515] T e9c74339e64249f99c7aed61b6a9c4ef P 3e6a6a0ae64c4e20a5b938e2a768d042 [term 0 FOLLOWER]: Starting pre-election with config: opid_index: -1 OBSOLETE_local: false peers { permanent_uuid: "3e6a6a0ae64c4e20a5b938e2a768d042" member_type: VOTER last_known_addr { host: "127.0.107.193" port: 38905 } } peers { permanent_uuid: "e476b25374724237b330ae1e61dbdc38" member_type: VOTER last_known_addr { host: "127.0.107.194" port: 38951 } } peers { permanent_uuid: "68dacc73d1c847659088fe9c7b385eb5" member_type: VOTER last_known_addr { host: "127.0.107.195" port: 43407 } }
I20260608 12:38:09.242614  5094 leader_election.cc:290] T e9c74339e64249f99c7aed61b6a9c4ef P 3e6a6a0ae64c4e20a5b938e2a768d042 [CANDIDATE]: Term 1 pre-election: Requested pre-vote from peers e476b25374724237b330ae1e61dbdc38 (127.0.107.194:38951), 68dacc73d1c847659088fe9c7b385eb5 (127.0.107.195:43407)
I20260608 12:38:09.244621  4929 tablet_service.cc:1917] Received RequestConsensusVote() RPC: tablet_id: "537e91c2a9b54419a8f9d7fd13e05254" candidate_uuid: "3e6a6a0ae64c4e20a5b938e2a768d042" candidate_term: 1 candidate_status { last_received { term: 0 index: 0 } } ignore_live_leader: false dest_uuid: "e476b25374724237b330ae1e61dbdc38" is_pre_election: true
I20260608 12:38:09.244844  5002 tablet_service.cc:1917] Received RequestConsensusVote() RPC: tablet_id: "e9c74339e64249f99c7aed61b6a9c4ef" candidate_uuid: "3e6a6a0ae64c4e20a5b938e2a768d042" candidate_term: 1 candidate_status { last_received { term: 0 index: 0 } } ignore_live_leader: false dest_uuid: "68dacc73d1c847659088fe9c7b385eb5" is_pre_election: true
I20260608 12:38:09.245045  4927 tablet_service.cc:1917] Received RequestConsensusVote() RPC: tablet_id: "e9c74339e64249f99c7aed61b6a9c4ef" candidate_uuid: "3e6a6a0ae64c4e20a5b938e2a768d042" candidate_term: 1 candidate_status { last_received { term: 0 index: 0 } } ignore_live_leader: false dest_uuid: "e476b25374724237b330ae1e61dbdc38" is_pre_election: true
I20260608 12:38:09.245381  4929 raft_consensus.cc:2468] T 537e91c2a9b54419a8f9d7fd13e05254 P e476b25374724237b330ae1e61dbdc38 [term 0 FOLLOWER]: Leader pre-election vote request: Granting yes vote for candidate 3e6a6a0ae64c4e20a5b938e2a768d042 in term 0.
