I20260608 12:37:35.136230  3852 consensus_queue.cc:1048] T 407e9cefe21f4a018c3474753dca5733 P b60295f3c8964ce09118ed22dc953c80 [LEADER]: Connected to new peer: Peer: permanent_uuid: "c1b39f1a466b4d40bce6a61e52991388" member_type: VOTER last_known_addr { host: "127.0.107.194" port: 46173 }, Status: LMP_MISMATCH, Last received: 0.0, Next index: 4, Last known committed idx: 3, Time since last communication: 0.000s
I20260608 12:37:35.143889  3875 ts_tablet_manager.cc:1929] T 655b76461e2c44faa47d97089983b45e P c1b39f1a466b4d40bce6a61e52991388: tablet deleted with delete type TABLET_DATA_TOMBSTONED: last-logged OpId 1.3
I20260608 12:37:35.144425  3875 log.cc:1199] T 655b76461e2c44faa47d97089983b45e P c1b39f1a466b4d40bce6a61e52991388: Deleting WAL directory at /tmp/dist-test-task4SZ22Q/test-tmp/auto_rebalancer-test.0.AutoRebalancerTest.RangeAwareRebalancesNewRangeReplicas.1780922170372890-431-0/minicluster-data/ts-1-root/wals/655b76461e2c44faa47d97089983b45e
I20260608 12:37:35.144433  3852 raft_consensus.cc:2955] T 407e9cefe21f4a018c3474753dca5733 P b60295f3c8964ce09118ed22dc953c80 [term 1 LEADER]: Committing config change with OpId 1.4: config changed from index 3 to 4, VOTER 2d008fb5bee74eb1ac2c08d9371334a9 (127.0.107.193) evicted. New config: { opid_index: 4 OBSOLETE_local: false peers { permanent_uuid: "c1b39f1a466b4d40bce6a61e52991388" member_type: VOTER last_known_addr { host: "127.0.107.194" port: 46173 } } peers { permanent_uuid: "b60295f3c8964ce09118ed22dc953c80" member_type: VOTER last_known_addr { host: "127.0.107.195" port: 39671 } } peers { permanent_uuid: "830b0c0b3c544d5e838a44787d812776" member_type: VOTER last_known_addr { host: "127.0.107.196" port: 44657 } attrs { promote: false } } }
I20260608 12:37:35.147415  3272 catalog_manager.cc:5027] TS c1b39f1a466b4d40bce6a61e52991388 (127.0.107.194:46173): tablet 655b76461e2c44faa47d97089983b45e (table range_aware_rebalance_new_range [id=5a3e05c862b840ddadc6d9484121e35b]) successfully deleted
I20260608 12:37:35.149261  3464 raft_consensus.cc:2955] T 407e9cefe21f4a018c3474753dca5733 P c1b39f1a466b4d40bce6a61e52991388 [term 1 FOLLOWER]: Committing config change with OpId 1.4: config changed from index 3 to 4, VOTER 2d008fb5bee74eb1ac2c08d9371334a9 (127.0.107.193) evicted. New config: { opid_index: 4 OBSOLETE_local: false peers { permanent_uuid: "c1b39f1a466b4d40bce6a61e52991388" member_type: VOTER last_known_addr { host: "127.0.107.194" port: 46173 } } peers { permanent_uuid: "b60295f3c8964ce09118ed22dc953c80" member_type: VOTER last_known_addr { host: "127.0.107.195" port: 39671 } } peers { permanent_uuid: "830b0c0b3c544d5e838a44787d812776" member_type: VOTER last_known_addr { host: "127.0.107.196" port: 44657 } attrs { promote: false } } }
I20260608 12:37:35.150127  3687 raft_consensus.cc:2955] T 407e9cefe21f4a018c3474753dca5733 P 830b0c0b3c544d5e838a44787d812776 [term 1 FOLLOWER]: Committing config change with OpId 1.4: config changed from index 3 to 4, VOTER 2d008fb5bee74eb1ac2c08d9371334a9 (127.0.107.193) evicted. New config: { opid_index: 4 OBSOLETE_local: false peers { permanent_uuid: "c1b39f1a466b4d40bce6a61e52991388" member_type: VOTER last_known_addr { host: "127.0.107.194" port: 46173 } } peers { permanent_uuid: "b60295f3c8964ce09118ed22dc953c80" member_type: VOTER last_known_addr { host: "127.0.107.195" port: 39671 } } peers { permanent_uuid: "830b0c0b3c544d5e838a44787d812776" member_type: VOTER last_known_addr { host: "127.0.107.196" port: 44657 } attrs { promote: false } } }
I20260608 12:37:35.155480  3272 catalog_manager.cc:5209] ChangeConfig:REMOVE_PEER RPC for tablet 407e9cefe21f4a018c3474753dca5733 with cas_config_opid_index 3: ChangeConfig:REMOVE_PEER succeeded (attempt 1)
I20260608 12:37:35.161859  3284 catalog_manager.cc:5696] T 407e9cefe21f4a018c3474753dca5733 P b60295f3c8964ce09118ed22dc953c80 reported cstate change: config changed from index 3 to 4, VOTER 2d008fb5bee74eb1ac2c08d9371334a9 (127.0.107.193) evicted. New cstate: current_term: 1 leader_uuid: "b60295f3c8964ce09118ed22dc953c80" committed_config { opid_index: 4 OBSOLETE_local: false peers { permanent_uuid: "c1b39f1a466b4d40bce6a61e52991388" member_type: VOTER last_known_addr { host: "127.0.107.194" port: 46173 } health_report { overall_health: HEALTHY } } peers { permanent_uuid: "b60295f3c8964ce09118ed22dc953c80" member_type: VOTER last_known_addr { host: "127.0.107.195" port: 39671 } health_report { overall_health: HEALTHY } } peers { permanent_uuid: "830b0c0b3c544d5e838a44787d812776" member_type: VOTER last_known_addr { host: "127.0.107.196" port: 44657 } attrs { promote: false } health_report { overall_health: HEALTHY } } }
I20260608 12:37:35.175146  3378 tablet_service.cc:1558] Processing DeleteTablet for tablet 407e9cefe21f4a018c3474753dca5733 with delete_type TABLET_DATA_TOMBSTONED (TS 2d008fb5bee74eb1ac2c08d9371334a9 not found in new config with opid_index 4) from {username='slave'} at 127.0.0.1:46628
I20260608 12:37:35.176115  3868 tablet_replica.cc:333] T 407e9cefe21f4a018c3474753dca5733 P 2d008fb5bee74eb1ac2c08d9371334a9: stopping tablet replica
I20260608 12:37:35.176782  3868 raft_consensus.cc:2243] T 407e9cefe21f4a018c3474753dca5733 P 2d008fb5bee74eb1ac2c08d9371334a9 [term 1 FOLLOWER]: Raft consensus shutting down.
I20260608 12:37:35.177457  3868 raft_consensus.cc:2272] T 407e9cefe21f4a018c3474753dca5733 P 2d008fb5bee74eb1ac2c08d9371334a9 [term 1 FOLLOWER]: Raft consensus is shut down!
I20260608 12:37:35.179967  3868 ts_tablet_manager.cc:1916] T 407e9cefe21f4a018c3474753dca5733 P 2d008fb5bee74eb1ac2c08d9371334a9: Deleting tablet data with delete state TABLET_DATA_TOMBSTONED
I20260608 12:37:35.190456  3868 ts_tablet_manager.cc:1929] T 407e9cefe21f4a018c3474753dca5733 P 2d008fb5bee74eb1ac2c08d9371334a9: tablet deleted with delete type TABLET_DATA_TOMBSTONED: last-logged OpId 1.3
I20260608 12:37:35.190862  3868 log.cc:1199] T 407e9cefe21f4a018c3474753dca5733 P 2d008fb5bee74eb1ac2c08d9371334a9: Deleting WAL directory at /tmp/dist-test-task4SZ22Q/test-tmp/auto_rebalancer-test.0.AutoRebalancerTest.RangeAwareRebalancesNewRangeReplicas.1780922170372890-431-0/minicluster-data/ts-0-root/wals/407e9cefe21f4a018c3474753dca5733
I20260608 12:37:35.192508  3273 catalog_manager.cc:5027] TS 2d008fb5bee74eb1ac2c08d9371334a9 (127.0.107.193:35617): tablet 407e9cefe21f4a018c3474753dca5733 (table range_aware_rebalance_new_range [id=5a3e05c862b840ddadc6d9484121e35b]) successfully deleted
I20260608 12:37:35.583549  3866 raft_consensus.cc:993] T f4aacbd3456a482c871bf5c5d46ae06a P c1b39f1a466b4d40bce6a61e52991388: : Instructing follower 830b0c0b3c544d5e838a44787d812776 to start an election
I20260608 12:37:35.584064  3866 raft_consensus.cc:1081] T f4aacbd3456a482c871bf5c5d46ae06a P c1b39f1a466b4d40bce6a61e52991388 [term 2 LEADER]: Signalling peer 830b0c0b3c544d5e838a44787d812776 to start an election
I20260608 12:37:35.585633  3687 tablet_service.cc:2044] Received Run Leader Election RPC: tablet_id: "f4aacbd3456a482c871bf5c5d46ae06a"
dest_uuid: "830b0c0b3c544d5e838a44787d812776"
 from {username='slave'} at 127.0.0.1:45956
I20260608 12:37:35.586056  3687 raft_consensus.cc:493] T f4aacbd3456a482c871bf5c5d46ae06a P 830b0c0b3c544d5e838a44787d812776 [term 2 FOLLOWER]: Starting forced leader election (received explicit request)
I20260608 12:37:35.586336  3687 raft_consensus.cc:3060] T f4aacbd3456a482c871bf5c5d46ae06a P 830b0c0b3c544d5e838a44787d812776 [term 2 FOLLOWER]: Advancing to term 3
I20260608 12:37:35.590191  3687 raft_consensus.cc:515] T f4aacbd3456a482c871bf5c5d46ae06a P 830b0c0b3c544d5e838a44787d812776 [term 3 FOLLOWER]: Starting forced leader election with config: opid_index: -1 OBSOLETE_local: false peers { permanent_uuid: "830b0c0b3c544d5e838a44787d812776" member_type: VOTER last_known_addr { host: "127.0.107.196" port: 44657 } } peers { permanent_uuid: "c1b39f1a466b4d40bce6a61e52991388" member_type: VOTER last_known_addr { host: "127.0.107.194" port: 46173 } } peers { permanent_uuid: "b60295f3c8964ce09118ed22dc953c80" member_type: VOTER last_known_addr { host: "127.0.107.195" port: 39671 } }
I20260608 12:37:35.591639  3687 leader_election.cc:290] T f4aacbd3456a482c871bf5c5d46ae06a P 830b0c0b3c544d5e838a44787d812776 [CANDIDATE]: Term 3 election: Requested vote from peers c1b39f1a466b4d40bce6a61e52991388 (127.0.107.194:46173), b60295f3c8964ce09118ed22dc953c80 (127.0.107.195:39671)
I20260608 12:37:35.592523  3464 tablet_service.cc:1917] Received RequestConsensusVote() RPC: tablet_id: "f4aacbd3456a482c871bf5c5d46ae06a" candidate_uuid: "830b0c0b3c544d5e838a44787d812776" candidate_term: 3 candidate_status { last_received { term: 2 index: 2 } } ignore_live_leader: true dest_uuid: "c1b39f1a466b4d40bce6a61e52991388"
I20260608 12:37:35.592614  3538 tablet_service.cc:1917] Received RequestConsensusVote() RPC: tablet_id: "f4aacbd3456a482c871bf5c5d46ae06a" candidate_uuid: "830b0c0b3c544d5e838a44787d812776" candidate_term: 3 candidate_status { last_received { term: 2 index: 2 } } ignore_live_leader: true dest_uuid: "b60295f3c8964ce09118ed22dc953c80"
I20260608 12:37:35.593130  3464 raft_consensus.cc:3055] T f4aacbd3456a482c871bf5c5d46ae06a P c1b39f1a466b4d40bce6a61e52991388 [term 2 LEADER]: Stepping down as leader of term 2
I20260608 12:37:35.593216  3538 raft_consensus.cc:3060] T f4aacbd3456a482c871bf5c5d46ae06a P b60295f3c8964ce09118ed22dc953c80 [term 2 FOLLOWER]: Advancing to term 3
I20260608 12:37:35.593449  3464 raft_consensus.cc:740] T f4aacbd3456a482c871bf5c5d46ae06a P c1b39f1a466b4d40bce6a61e52991388 [term 2 LEADER]: Becoming Follower/Learner. State: Replica: c1b39f1a466b4d40bce6a61e52991388, State: Running, Role: LEADER
I20260608 12:37:35.594274  3464 consensus_queue.cc:260] T f4aacbd3456a482c871bf5c5d46ae06a P c1b39f1a466b4d40bce6a61e52991388 [NON_LEADER]: Queue going to NON_LEADER mode. State: All replicated index: 0, Majority replicated index: 2, Committed index: 2, Last appended: 2.2, Last appended by leader: 2, Current term: 2, Majority size: -1, State: 0, Mode: NON_LEADER, active raft config: opid_index: -1 OBSOLETE_local: false peers { permanent_uuid: "830b0c0b3c544d5e838a44787d812776" member_type: VOTER last_known_addr { host: "127.0.107.196" port: 44657 } } peers { permanent_uuid: "c1b39f1a466b4d40bce6a61e52991388" member_type: VOTER last_known_addr { host: "127.0.107.194" port: 46173 } } peers { permanent_uuid: "b60295f3c8964ce09118ed22dc953c80" member_type: VOTER last_known_addr { host: "127.0.107.195" port: 39671 } }
I20260608 12:37:35.595378  3464 raft_consensus.cc:3060] T f4aacbd3456a482c871bf5c5d46ae06a P c1b39f1a466b4d40bce6a61e52991388 [term 2 FOLLOWER]: Advancing to term 3
I20260608 12:37:35.597786  3538 raft_consensus.cc:2468] T f4aacbd3456a482c871bf5c5d46ae06a P b60295f3c8964ce09118ed22dc953c80 [term 3 FOLLOWER]: Leader election vote request: Granting yes vote for candidate 830b0c0b3c544d5e838a44787d812776 in term 3.
I20260608 12:37:35.598817  3652 leader_election.cc:304] T f4aacbd3456a482c871bf5c5d46ae06a P 830b0c0b3c544d5e838a44787d812776 [CANDIDATE]: Term 3 election: Election decided. Result: candidate won. Election summary: received 2 responses out of 3 voters: 2 yes votes; 0 no votes. yes voters: 830b0c0b3c544d5e838a44787d812776, b60295f3c8964ce09118ed22dc953c80; no voters: 
I20260608 12:37:35.599603  3876 raft_consensus.cc:2804] T f4aacbd3456a482c871bf5c5d46ae06a P 830b0c0b3c544d5e838a44787d812776 [term 3 FOLLOWER]: Leader election won for term 3
I20260608 12:37:35.599999  3876 raft_consensus.cc:697] T f4aacbd3456a482c871bf5c5d46ae06a P 830b0c0b3c544d5e838a44787d812776 [term 3 LEADER]: Becoming Leader. State: Replica: 830b0c0b3c544d5e838a44787d812776, State: Running, Role: LEADER
I20260608 12:37:35.600376  3464 raft_consensus.cc:2468] T f4aacbd3456a482c871bf5c5d46ae06a P c1b39f1a466b4d40bce6a61e52991388 [term 3 FOLLOWER]: Leader election vote request: Granting yes vote for candidate 830b0c0b3c544d5e838a44787d812776 in term 3.
I20260608 12:37:35.600732  3876 consensus_queue.cc:237] T f4aacbd3456a482c871bf5c5d46ae06a P 830b0c0b3c544d5e838a44787d812776 [LEADER]: Queue going to LEADER mode. State: All replicated index: 0, Majority replicated index: 2, Committed index: 2, Last appended: 2.2, Last appended by leader: 2, Current term: 3, Majority size: 2, State: 0, Mode: LEADER, active raft config: opid_index: -1 OBSOLETE_local: false peers { permanent_uuid: "830b0c0b3c544d5e838a44787d812776" member_type: VOTER last_known_addr { host: "127.0.107.196" port: 44657 } } peers { permanent_uuid: "c1b39f1a466b4d40bce6a61e52991388" member_type: VOTER last_known_addr { host: "127.0.107.194" port: 46173 } } peers { permanent_uuid: "b60295f3c8964ce09118ed22dc953c80" member_type: VOTER last_known_addr { host: "127.0.107.195" port: 39671 } }
I20260608 12:37:35.608284  3283 catalog_manager.cc:5696] T f4aacbd3456a482c871bf5c5d46ae06a P 830b0c0b3c544d5e838a44787d812776 reported cstate change: term changed from 2 to 3, leader changed from c1b39f1a466b4d40bce6a61e52991388 (127.0.107.194) to 830b0c0b3c544d5e838a44787d812776 (127.0.107.196). New cstate: current_term: 3 leader_uuid: "830b0c0b3c544d5e838a44787d812776" committed_config { opid_index: -1 OBSOLETE_local: false peers { permanent_uuid: "830b0c0b3c544d5e838a44787d812776" member_type: VOTER last_known_addr { host: "127.0.107.196" port: 44657 } health_report { overall_health: HEALTHY } } peers { permanent_uuid: "c1b39f1a466b4d40bce6a61e52991388" member_type: VOTER last_known_addr { host: "127.0.107.194" port: 46173 } health_report { overall_health: UNKNOWN } } peers { permanent_uuid: "b60295f3c8964ce09118ed22dc953c80" member_type: VOTER last_known_addr { host: "127.0.107.195" port: 39671 } health_report { overall_health: UNKNOWN } } }
I20260608 12:37:36.032672  3538 raft_consensus.cc:1275] T f4aacbd3456a482c871bf5c5d46ae06a P b60295f3c8964ce09118ed22dc953c80 [term 3 FOLLOWER]: Refusing update from remote peer 830b0c0b3c544d5e838a44787d812776: Log matching property violated. Preceding OpId in replica: term: 2 index: 2. Preceding OpId from leader: term: 3 index: 3. (index mismatch)
I20260608 12:37:36.033906  3876 consensus_queue.cc:1048] T f4aacbd3456a482c871bf5c5d46ae06a P 830b0c0b3c544d5e838a44787d812776 [LEADER]: Connected to new peer: Peer: permanent_uuid: "b60295f3c8964ce09118ed22dc953c80" member_type: VOTER last_known_addr { host: "127.0.107.195" port: 39671 }, Status: LMP_MISMATCH, Last received: 0.0, Next index: 3, Last known committed idx: 2, Time since last communication: 0.000s
I20260608 12:37:36.048847  3464 raft_consensus.cc:1275] T f4aacbd3456a482c871bf5c5d46ae06a P c1b39f1a466b4d40bce6a61e52991388 [term 3 FOLLOWER]: Refusing update from remote peer 830b0c0b3c544d5e838a44787d812776: Log matching property violated. Preceding OpId in replica: term: 2 index: 2. Preceding OpId from leader: term: 3 index: 3. (index mismatch)
I20260608 12:37:36.050289  3838 consensus_queue.cc:1048] T f4aacbd3456a482c871bf5c5d46ae06a P 830b0c0b3c544d5e838a44787d812776 [LEADER]: Connected to new peer: Peer: permanent_uuid: "c1b39f1a466b4d40bce6a61e52991388" member_type: VOTER last_known_addr { host: "127.0.107.194" port: 46173 }, Status: LMP_MISMATCH, Last received: 0.0, Next index: 3, Last known committed idx: 2, Time since last communication: 0.000s
I20260608 12:37:36.196981  3387 consensus_queue.cc:237] T dd5d5b3d516d435cb78cf3a2ba7c3c69 P 2d008fb5bee74eb1ac2c08d9371334a9 [LEADER]: Queue going to LEADER mode. State: All replicated index: 0, Majority replicated index: 1, Committed index: 1, Last appended: 1.1, Last appended by leader: 0, Current term: 1, Majority size: 2, State: 0, Mode: LEADER, active raft config: opid_index: 2 OBSOLETE_local: false peers { permanent_uuid: "830b0c0b3c544d5e838a44787d812776" member_type: VOTER last_known_addr { host: "127.0.107.196" port: 44657 } attrs { replace: true } } peers { permanent_uuid: "b60295f3c8964ce09118ed22dc953c80" member_type: VOTER last_known_addr { host: "127.0.107.195" port: 39671 } } peers { permanent_uuid: "2d008fb5bee74eb1ac2c08d9371334a9" member_type: VOTER last_known_addr { host: "127.0.107.193" port: 35617 } } peers { permanent_uuid: "c1b39f1a466b4d40bce6a61e52991388" member_type: NON_VOTER last_known_addr { host: "127.0.107.194" port: 46173 } attrs { promote: true } }
I20260608 12:37:36.204022  3538 raft_consensus.cc:1275] T dd5d5b3d516d435cb78cf3a2ba7c3c69 P b60295f3c8964ce09118ed22dc953c80 [term 1 FOLLOWER]: Refusing update from remote peer 2d008fb5bee74eb1ac2c08d9371334a9: Log matching property violated. Preceding OpId in replica: term: 1 index: 1. Preceding OpId from leader: term: 1 index: 2. (index mismatch)
I20260608 12:37:36.205369  3846 consensus_queue.cc:1048] T dd5d5b3d516d435cb78cf3a2ba7c3c69 P 2d008fb5bee74eb1ac2c08d9371334a9 [LEADER]: Connected to new peer: Peer: permanent_uuid: "b60295f3c8964ce09118ed22dc953c80" member_type: VOTER last_known_addr { host: "127.0.107.195" port: 39671 }, Status: LMP_MISMATCH, Last received: 0.0, Next index: 2, Last known committed idx: 1, Time since last communication: 0.000s
W20260608 12:37:36.206158  3353 consensus_peers.cc:597] T dd5d5b3d516d435cb78cf3a2ba7c3c69 P 2d008fb5bee74eb1ac2c08d9371334a9 -> Peer c1b39f1a466b4d40bce6a61e52991388 (127.0.107.194:46173): Couldn't send request to peer c1b39f1a466b4d40bce6a61e52991388. Error code: TABLET_NOT_FOUND (6). Status: Not found: Tablet not found: dd5d5b3d516d435cb78cf3a2ba7c3c69. This is attempt 1: this message will repeat every 5th retry.
I20260608 12:37:36.206493  3687 raft_consensus.cc:1275] T dd5d5b3d516d435cb78cf3a2ba7c3c69 P 830b0c0b3c544d5e838a44787d812776 [term 1 FOLLOWER]: Refusing update from remote peer 2d008fb5bee74eb1ac2c08d9371334a9: Log matching property violated. Preceding OpId in replica: term: 1 index: 1. Preceding OpId from leader: term: 1 index: 2. (index mismatch)
I20260608 12:37:36.207712  3846 consensus_queue.cc:1048] T dd5d5b3d516d435cb78cf3a2ba7c3c69 P 2d008fb5bee74eb1ac2c08d9371334a9 [LEADER]: Connected to new peer: Peer: permanent_uuid: "830b0c0b3c544d5e838a44787d812776" member_type: VOTER last_known_addr { host: "127.0.107.196" port: 44657 } attrs { replace: true }, Status: LMP_MISMATCH, Last received: 0.0, Next index: 2, Last known committed idx: 1, Time since last communication: 0.000s
I20260608 12:37:36.212477  3886 raft_consensus.cc:2955] T dd5d5b3d516d435cb78cf3a2ba7c3c69 P 2d008fb5bee74eb1ac2c08d9371334a9 [term 1 LEADER]: Committing config change with OpId 1.2: config changed from index -1 to 2, NON_VOTER c1b39f1a466b4d40bce6a61e52991388 (127.0.107.194) added. New config: { opid_index: 2 OBSOLETE_local: false peers { permanent_uuid: "830b0c0b3c544d5e838a44787d812776" member_type: VOTER last_known_addr { host: "127.0.107.196" port: 44657 } attrs { replace: true } } peers { permanent_uuid: "b60295f3c8964ce09118ed22dc953c80" member_type: VOTER last_known_addr { host: "127.0.107.195" port: 39671 } } peers { permanent_uuid: "2d008fb5bee74eb1ac2c08d9371334a9" member_type: VOTER last_known_addr { host: "127.0.107.193" port: 35617 } } peers { permanent_uuid: "c1b39f1a466b4d40bce6a61e52991388" member_type: NON_VOTER last_known_addr { host: "127.0.107.194" port: 46173 } attrs { promote: true } } }
I20260608 12:37:36.214267  3538 raft_consensus.cc:2955] T dd5d5b3d516d435cb78cf3a2ba7c3c69 P b60295f3c8964ce09118ed22dc953c80 [term 1 FOLLOWER]: Committing config change with OpId 1.2: config changed from index -1 to 2, NON_VOTER c1b39f1a466b4d40bce6a61e52991388 (127.0.107.194) added. New config: { opid_index: 2 OBSOLETE_local: false peers { permanent_uuid: "830b0c0b3c544d5e838a44787d812776" member_type: VOTER last_known_addr { host: "127.0.107.196" port: 44657 } attrs { replace: true } } peers { permanent_uuid: "b60295f3c8964ce09118ed22dc953c80" member_type: VOTER last_known_addr { host: "127.0.107.195" port: 39671 } } peers { permanent_uuid: "2d008fb5bee74eb1ac2c08d9371334a9" member_type: VOTER last_known_addr { host: "127.0.107.193" port: 35617 } } peers { permanent_uuid: "c1b39f1a466b4d40bce6a61e52991388" member_type: NON_VOTER last_known_addr { host: "127.0.107.194" port: 46173 } attrs { promote: true } } }
I20260608 12:37:36.216578  3687 raft_consensus.cc:2955] T dd5d5b3d516d435cb78cf3a2ba7c3c69 P 830b0c0b3c544d5e838a44787d812776 [term 1 FOLLOWER]: Committing config change with OpId 1.2: config changed from index -1 to 2, NON_VOTER c1b39f1a466b4d40bce6a61e52991388 (127.0.107.194) added. New config: { opid_index: 2 OBSOLETE_local: false peers { permanent_uuid: "830b0c0b3c544d5e838a44787d812776" member_type: VOTER last_known_addr { host: "127.0.107.196" port: 44657 } attrs { replace: true } } peers { permanent_uuid: "b60295f3c8964ce09118ed22dc953c80" member_type: VOTER last_known_addr { host: "127.0.107.195" port: 39671 } } peers { permanent_uuid: "2d008fb5bee74eb1ac2c08d9371334a9" member_type: VOTER last_known_addr { host: "127.0.107.193" port: 35617 } } peers { permanent_uuid: "c1b39f1a466b4d40bce6a61e52991388" member_type: NON_VOTER last_known_addr { host: "127.0.107.194" port: 46173 } attrs { promote: true } } }
I20260608 12:37:36.225970  3287 catalog_manager.cc:5696] T dd5d5b3d516d435cb78cf3a2ba7c3c69 P b60295f3c8964ce09118ed22dc953c80 reported cstate change: config changed from index -1 to 2, NON_VOTER c1b39f1a466b4d40bce6a61e52991388 (127.0.107.194) added. New cstate: current_term: 1 leader_uuid: "2d008fb5bee74eb1ac2c08d9371334a9" committed_config { opid_index: 2 OBSOLETE_local: false peers { permanent_uuid: "830b0c0b3c544d5e838a44787d812776" member_type: VOTER last_known_addr { host: "127.0.107.196" port: 44657 } attrs { replace: true } } peers { permanent_uuid: "b60295f3c8964ce09118ed22dc953c80" member_type: VOTER last_known_addr { host: "127.0.107.195" port: 39671 } } peers { permanent_uuid: "2d008fb5bee74eb1ac2c08d9371334a9" member_type: VOTER last_known_addr { host: "127.0.107.193" port: 35617 } } peers { permanent_uuid: "c1b39f1a466b4d40bce6a61e52991388" member_type: NON_VOTER last_known_addr { host: "127.0.107.194" port: 46173 } attrs { promote: true } } }
I20260608 12:37:36.230983  3387 consensus_queue.cc:237] T e891250abe274a76bd0485f06b89742a P 2d008fb5bee74eb1ac2c08d9371334a9 [LEADER]: Queue going to LEADER mode. State: All replicated index: 0, Majority replicated index: 1, Committed index: 1, Last appended: 1.1, Last appended by leader: 0, Current term: 1, Majority size: 2, State: 0, Mode: LEADER, active raft config: opid_index: 2 OBSOLETE_local: false peers { permanent_uuid: "2d008fb5bee74eb1ac2c08d9371334a9" member_type: VOTER last_known_addr { host: "127.0.107.193" port: 35617 } } peers { permanent_uuid: "c1b39f1a466b4d40bce6a61e52991388" member_type: VOTER last_known_addr { host: "127.0.107.194" port: 46173 } attrs { replace: true } } peers { permanent_uuid: "b60295f3c8964ce09118ed22dc953c80" member_type: VOTER last_known_addr { host: "127.0.107.195" port: 39671 } } peers { permanent_uuid: "830b0c0b3c544d5e838a44787d812776" member_type: NON_VOTER last_known_addr { host: "127.0.107.196" port: 44657 } attrs { promote: true } }
I20260608 12:37:36.238296  3538 raft_consensus.cc:1275] T e891250abe274a76bd0485f06b89742a P b60295f3c8964ce09118ed22dc953c80 [term 1 FOLLOWER]: Refusing update from remote peer 2d008fb5bee74eb1ac2c08d9371334a9: Log matching property violated. Preceding OpId in replica: term: 1 index: 1. Preceding OpId from leader: term: 1 index: 2. (index mismatch)
W20260608 12:37:36.238713  3354 consensus_peers.cc:597] T e891250abe274a76bd0485f06b89742a P 2d008fb5bee74eb1ac2c08d9371334a9 -> Peer 830b0c0b3c544d5e838a44787d812776 (127.0.107.196:44657): Couldn't send request to peer 830b0c0b3c544d5e838a44787d812776. Error code: TABLET_NOT_FOUND (6). Status: Not found: Tablet not found: e891250abe274a76bd0485f06b89742a. This is attempt 1: this message will repeat every 5th retry.
I20260608 12:37:36.239885  3886 consensus_queue.cc:1048] T e891250abe274a76bd0485f06b89742a P 2d008fb5bee74eb1ac2c08d9371334a9 [LEADER]: Connected to new peer: Peer: permanent_uuid: "b60295f3c8964ce09118ed22dc953c80" member_type: VOTER last_known_addr { host: "127.0.107.195" port: 39671 }, Status: LMP_MISMATCH, Last received: 0.0, Next index: 2, Last known committed idx: 1, Time since last communication: 0.000s
I20260608 12:37:36.241955  3464 raft_consensus.cc:1275] T e891250abe274a76bd0485f06b89742a P c1b39f1a466b4d40bce6a61e52991388 [term 1 FOLLOWER]: Refusing update from remote peer 2d008fb5bee74eb1ac2c08d9371334a9: Log matching property violated. Preceding OpId in replica: term: 1 index: 1. Preceding OpId from leader: term: 1 index: 2. (index mismatch)
I20260608 12:37:36.247318  3886 consensus_queue.cc:1048] T e891250abe274a76bd0485f06b89742a P 2d008fb5bee74eb1ac2c08d9371334a9 [LEADER]: Connected to new peer: Peer: permanent_uuid: "c1b39f1a466b4d40bce6a61e52991388" member_type: VOTER last_known_addr { host: "127.0.107.194" port: 46173 } attrs { replace: true }, Status: LMP_MISMATCH, Last received: 0.0, Next index: 2, Last known committed idx: 1, Time since last communication: 0.000s
I20260608 12:37:36.251950  3889 raft_consensus.cc:2955] T e891250abe274a76bd0485f06b89742a P 2d008fb5bee74eb1ac2c08d9371334a9 [term 1 LEADER]: Committing config change with OpId 1.2: config changed from index -1 to 2, NON_VOTER 830b0c0b3c544d5e838a44787d812776 (127.0.107.196) added. New config: { opid_index: 2 OBSOLETE_local: false peers { permanent_uuid: "2d008fb5bee74eb1ac2c08d9371334a9" member_type: VOTER last_known_addr { host: "127.0.107.193" port: 35617 } } peers { permanent_uuid: "c1b39f1a466b4d40bce6a61e52991388" member_type: VOTER last_known_addr { host: "127.0.107.194" port: 46173 } attrs { replace: true } } peers { permanent_uuid: "b60295f3c8964ce09118ed22dc953c80" member_type: VOTER last_known_addr { host: "127.0.107.195" port: 39671 } } peers { permanent_uuid: "830b0c0b3c544d5e838a44787d812776" member_type: NON_VOTER last_known_addr { host: "127.0.107.196" port: 44657 } attrs { promote: true } } }
I20260608 12:37:36.253885  3538 raft_consensus.cc:2955] T e891250abe274a76bd0485f06b89742a P b60295f3c8964ce09118ed22dc953c80 [term 1 FOLLOWER]: Committing config change with OpId 1.2: config changed from index -1 to 2, NON_VOTER 830b0c0b3c544d5e838a44787d812776 (127.0.107.196) added. New config: { opid_index: 2 OBSOLETE_local: false peers { permanent_uuid: "2d008fb5bee74eb1ac2c08d9371334a9" member_type: VOTER last_known_addr { host: "127.0.107.193" port: 35617 } } peers { permanent_uuid: "c1b39f1a466b4d40bce6a61e52991388" member_type: VOTER last_known_addr { host: "127.0.107.194" port: 46173 } attrs { replace: true } } peers { permanent_uuid: "b60295f3c8964ce09118ed22dc953c80" member_type: VOTER last_known_addr { host: "127.0.107.195" port: 39671 } } peers { permanent_uuid: "830b0c0b3c544d5e838a44787d812776" member_type: NON_VOTER last_known_addr { host: "127.0.107.196" port: 44657 } attrs { promote: true } } }
I20260608 12:37:36.257609  3464 raft_consensus.cc:2955] T e891250abe274a76bd0485f06b89742a P c1b39f1a466b4d40bce6a61e52991388 [term 1 FOLLOWER]: Committing config change with OpId 1.2: config changed from index -1 to 2, NON_VOTER 830b0c0b3c544d5e838a44787d812776 (127.0.107.196) added. New config: { opid_index: 2 OBSOLETE_local: false peers { permanent_uuid: "2d008fb5bee74eb1ac2c08d9371334a9" member_type: VOTER last_known_addr { host: "127.0.107.193" port: 35617 } } peers { permanent_uuid: "c1b39f1a466b4d40bce6a61e52991388" member_type: VOTER last_known_addr { host: "127.0.107.194" port: 46173 } attrs { replace: true } } peers { permanent_uuid: "b60295f3c8964ce09118ed22dc953c80" member_type: VOTER last_known_addr { host: "127.0.107.195" port: 39671 } } peers { permanent_uuid: "830b0c0b3c544d5e838a44787d812776" member_type: NON_VOTER last_known_addr { host: "127.0.107.196" port: 44657 } attrs { promote: true } } }
I20260608 12:37:36.266455  3284 catalog_manager.cc:5696] T e891250abe274a76bd0485f06b89742a P b60295f3c8964ce09118ed22dc953c80 reported cstate change: config changed from index -1 to 2, NON_VOTER 830b0c0b3c544d5e838a44787d812776 (127.0.107.196) added. New cstate: current_term: 1 leader_uuid: "2d008fb5bee74eb1ac2c08d9371334a9" committed_config { opid_index: 2 OBSOLETE_local: false peers { permanent_uuid: "2d008fb5bee74eb1ac2c08d9371334a9" member_type: VOTER last_known_addr { host: "127.0.107.193" port: 35617 } } peers { permanent_uuid: "c1b39f1a466b4d40bce6a61e52991388" member_type: VOTER last_known_addr { host: "127.0.107.194" port: 46173 } attrs { replace: true } } peers { permanent_uuid: "b60295f3c8964ce09118ed22dc953c80" member_type: VOTER last_known_addr { host: "127.0.107.195" port: 39671 } } peers { permanent_uuid: "830b0c0b3c544d5e838a44787d812776" member_type: NON_VOTER last_known_addr { host: "127.0.107.196" port: 44657 } attrs { promote: true } } }
I20260608 12:37:36.267082  3387 consensus_queue.cc:237] T 6cea63fc328e45c580de8c6926b5d6ec P 2d008fb5bee74eb1ac2c08d9371334a9 [LEADER]: Queue going to LEADER mode. State: All replicated index: 0, Majority replicated index: 1, Committed index: 1, Last appended: 1.1, Last appended by leader: 0, Current term: 1, Majority size: 2, State: 0, Mode: LEADER, active raft config: opid_index: 2 OBSOLETE_local: false peers { permanent_uuid: "2d008fb5bee74eb1ac2c08d9371334a9" member_type: VOTER last_known_addr { host: "127.0.107.193" port: 35617 } } peers { permanent_uuid: "830b0c0b3c544d5e838a44787d812776" member_type: VOTER last_known_addr { host: "127.0.107.196" port: 44657 } attrs { replace: true } } peers { permanent_uuid: "c1b39f1a466b4d40bce6a61e52991388" member_type: VOTER last_known_addr { host: "127.0.107.194" port: 46173 } } peers { permanent_uuid: "b60295f3c8964ce09118ed22dc953c80" member_type: NON_VOTER last_known_addr { host: "127.0.107.195" port: 39671 } attrs { promote: true } }
W20260608 12:37:36.274392  3353 consensus_peers.cc:597] T 6cea63fc328e45c580de8c6926b5d6ec P 2d008fb5bee74eb1ac2c08d9371334a9 -> Peer b60295f3c8964ce09118ed22dc953c80 (127.0.107.195:39671): Couldn't send request to peer b60295f3c8964ce09118ed22dc953c80. Error code: TABLET_NOT_FOUND (6). Status: Not found: Tablet not found: 6cea63fc328e45c580de8c6926b5d6ec. This is attempt 1: this message will repeat every 5th retry.
I20260608 12:37:36.274835  3464 raft_consensus.cc:1275] T 6cea63fc328e45c580de8c6926b5d6ec P c1b39f1a466b4d40bce6a61e52991388 [term 1 FOLLOWER]: Refusing update from remote peer 2d008fb5bee74eb1ac2c08d9371334a9: Log matching property violated. Preceding OpId in replica: term: 1 index: 1. Preceding OpId from leader: term: 1 index: 2. (index mismatch)
I20260608 12:37:36.275846  3687 raft_consensus.cc:1275] T 6cea63fc328e45c580de8c6926b5d6ec P 830b0c0b3c544d5e838a44787d812776 [term 1 FOLLOWER]: Refusing update from remote peer 2d008fb5bee74eb1ac2c08d9371334a9: Log matching property violated. Preceding OpId in replica: term: 1 index: 1. Preceding OpId from leader: term: 1 index: 2. (index mismatch)
I20260608 12:37:36.276187  3846 consensus_queue.cc:1048] T 6cea63fc328e45c580de8c6926b5d6ec P 2d008fb5bee74eb1ac2c08d9371334a9 [LEADER]: Connected to new peer: Peer: permanent_uuid: "c1b39f1a466b4d40bce6a61e52991388" member_type: VOTER last_known_addr { host: "127.0.107.194" port: 46173 }, Status: LMP_MISMATCH, Last received: 0.0, Next index: 2, Last known committed idx: 1, Time since last communication: 0.000s
I20260608 12:37:36.277429  3886 consensus_queue.cc:1048] T 6cea63fc328e45c580de8c6926b5d6ec P 2d008fb5bee74eb1ac2c08d9371334a9 [LEADER]: Connected to new peer: Peer: permanent_uuid: "830b0c0b3c544d5e838a44787d812776" member_type: VOTER last_known_addr { host: "127.0.107.196" port: 44657 } attrs { replace: true }, Status: LMP_MISMATCH, Last received: 0.0, Next index: 2, Last known committed idx: 1, Time since last communication: 0.000s
I20260608 12:37:36.287009  3846 raft_consensus.cc:2955] T 6cea63fc328e45c580de8c6926b5d6ec P 2d008fb5bee74eb1ac2c08d9371334a9 [term 1 LEADER]: Committing config change with OpId 1.2: config changed from index -1 to 2, NON_VOTER b60295f3c8964ce09118ed22dc953c80 (127.0.107.195) added. New config: { opid_index: 2 OBSOLETE_local: false peers { permanent_uuid: "2d008fb5bee74eb1ac2c08d9371334a9" member_type: VOTER last_known_addr { host: "127.0.107.193" port: 35617 } } peers { permanent_uuid: "830b0c0b3c544d5e838a44787d812776" member_type: VOTER last_known_addr { host: "127.0.107.196" port: 44657 } attrs { replace: true } } peers { permanent_uuid: "c1b39f1a466b4d40bce6a61e52991388" member_type: VOTER last_known_addr { host: "127.0.107.194" port: 46173 } } peers { permanent_uuid: "b60295f3c8964ce09118ed22dc953c80" member_type: NON_VOTER last_known_addr { host: "127.0.107.195" port: 39671 } attrs { promote: true } } }
I20260608 12:37:36.289192  3464 raft_consensus.cc:2955] T 6cea63fc328e45c580de8c6926b5d6ec P c1b39f1a466b4d40bce6a61e52991388 [term 1 FOLLOWER]: Committing config change with OpId 1.2: config changed from index -1 to 2, NON_VOTER b60295f3c8964ce09118ed22dc953c80 (127.0.107.195) added. New config: { opid_index: 2 OBSOLETE_local: false peers { permanent_uuid: "2d008fb5bee74eb1ac2c08d9371334a9" member_type: VOTER last_known_addr { host: "127.0.107.193" port: 35617 } } peers { permanent_uuid: "830b0c0b3c544d5e838a44787d812776" member_type: VOTER last_known_addr { host: "127.0.107.196" port: 44657 } attrs { replace: true } } peers { permanent_uuid: "c1b39f1a466b4d40bce6a61e52991388" member_type: VOTER last_known_addr { host: "127.0.107.194" port: 46173 } } peers { permanent_uuid: "b60295f3c8964ce09118ed22dc953c80" member_type: NON_VOTER last_known_addr { host: "127.0.107.195" port: 39671 } attrs { promote: true } } }
I20260608 12:37:36.289184  3687 raft_consensus.cc:2955] T 6cea63fc328e45c580de8c6926b5d6ec P 830b0c0b3c544d5e838a44787d812776 [term 1 FOLLOWER]: Committing config change with OpId 1.2: config changed from index -1 to 2, NON_VOTER b60295f3c8964ce09118ed22dc953c80 (127.0.107.195) added. New config: { opid_index: 2 OBSOLETE_local: false peers { permanent_uuid: "2d008fb5bee74eb1ac2c08d9371334a9" member_type: VOTER last_known_addr { host: "127.0.107.193" port: 35617 } } peers { permanent_uuid: "830b0c0b3c544d5e838a44787d812776" member_type: VOTER last_known_addr { host: "127.0.107.196" port: 44657 } attrs { replace: true } } peers { permanent_uuid: "c1b39f1a466b4d40bce6a61e52991388" member_type: VOTER last_known_addr { host: "127.0.107.194" port: 46173 } } peers { permanent_uuid: "b60295f3c8964ce09118ed22dc953c80" member_type: NON_VOTER last_known_addr { host: "127.0.107.195" port: 39671 } attrs { promote: true } } }
I20260608 12:37:36.300812  3287 catalog_manager.cc:5696] T 6cea63fc328e45c580de8c6926b5d6ec P 2d008fb5bee74eb1ac2c08d9371334a9 reported cstate change: config changed from index -1 to 2, NON_VOTER b60295f3c8964ce09118ed22dc953c80 (127.0.107.195) added. New cstate: current_term: 1 leader_uuid: "2d008fb5bee74eb1ac2c08d9371334a9" committed_config { opid_index: 2 OBSOLETE_local: false peers { permanent_uuid: "2d008fb5bee74eb1ac2c08d9371334a9" member_type: VOTER last_known_addr { host: "127.0.107.193" port: 35617 } health_report { overall_health: HEALTHY } } peers { permanent_uuid: "830b0c0b3c544d5e838a44787d812776" member_type: VOTER last_known_addr { host: "127.0.107.196" port: 44657 } attrs { replace: true } health_report { overall_health: HEALTHY } } peers { permanent_uuid: "c1b39f1a466b4d40bce6a61e52991388" member_type: VOTER last_known_addr { host: "127.0.107.194" port: 46173 } health_report { overall_health: HEALTHY } } peers { permanent_uuid: "b60295f3c8964ce09118ed22dc953c80" member_type: NON_VOTER last_known_addr { host: "127.0.107.195" port: 39671 } attrs { promote: true } health_report { overall_health: UNKNOWN } } }
I20260608 12:37:36.330626  3464 consensus_queue.cc:237] T cd207005cad543c6a00bec689e4d95fa P c1b39f1a466b4d40bce6a61e52991388 [LEADER]: Queue going to LEADER mode. State: All replicated index: 0, Majority replicated index: 1, Committed index: 1, Last appended: 1.1, Last appended by leader: 0, Current term: 1, Majority size: 2, State: 0, Mode: LEADER, active raft config: opid_index: 2 OBSOLETE_local: false peers { permanent_uuid: "2d008fb5bee74eb1ac2c08d9371334a9" member_type: VOTER last_known_addr { host: "127.0.107.193" port: 35617 } } peers { permanent_uuid: "c1b39f1a466b4d40bce6a61e52991388" member_type: VOTER last_known_addr { host: "127.0.107.194" port: 46173 } } peers { permanent_uuid: "b60295f3c8964ce09118ed22dc953c80" member_type: VOTER last_known_addr { host: "127.0.107.195" port: 39671 } attrs { replace: true } } peers { permanent_uuid: "830b0c0b3c544d5e838a44787d812776" member_type: NON_VOTER last_known_addr { host: "127.0.107.196" port: 44657 } attrs { promote: true } }
I20260608 12:37:36.338366  3538 raft_consensus.cc:1275] T cd207005cad543c6a00bec689e4d95fa P b60295f3c8964ce09118ed22dc953c80 [term 1 FOLLOWER]: Refusing update from remote peer c1b39f1a466b4d40bce6a61e52991388: Log matching property violated. Preceding OpId in replica: term: 1 index: 1. Preceding OpId from leader: term: 1 index: 2. (index mismatch)
W20260608 12:37:36.338434  3429 consensus_peers.cc:597] T cd207005cad543c6a00bec689e4d95fa P c1b39f1a466b4d40bce6a61e52991388 -> Peer 830b0c0b3c544d5e838a44787d812776 (127.0.107.196:44657): Couldn't send request to peer 830b0c0b3c544d5e838a44787d812776. Error code: TABLET_NOT_FOUND (6). Status: Not found: Tablet not found: cd207005cad543c6a00bec689e4d95fa. This is attempt 1: this message will repeat every 5th retry.
I20260608 12:37:36.338366  3387 raft_consensus.cc:1275] T cd207005cad543c6a00bec689e4d95fa P 2d008fb5bee74eb1ac2c08d9371334a9 [term 1 FOLLOWER]: Refusing update from remote peer c1b39f1a466b4d40bce6a61e52991388: Log matching property violated. Preceding OpId in replica: term: 1 index: 1. Preceding OpId from leader: term: 1 index: 2. (index mismatch)
I20260608 12:37:36.339938  3903 consensus_queue.cc:1048] T cd207005cad543c6a00bec689e4d95fa P c1b39f1a466b4d40bce6a61e52991388 [LEADER]: Connected to new peer: Peer: permanent_uuid: "b60295f3c8964ce09118ed22dc953c80" member_type: VOTER last_known_addr { host: "127.0.107.195" port: 39671 } attrs { replace: true }, Status: LMP_MISMATCH, Last received: 0.0, Next index: 2, Last known committed idx: 1, Time since last communication: 0.000s
I20260608 12:37:36.340915  3866 consensus_queue.cc:1048] T cd207005cad543c6a00bec689e4d95fa P c1b39f1a466b4d40bce6a61e52991388 [LEADER]: Connected to new peer: Peer: permanent_uuid: "2d008fb5bee74eb1ac2c08d9371334a9" member_type: VOTER last_known_addr { host: "127.0.107.193" port: 35617 }, Status: LMP_MISMATCH, Last received: 0.0, Next index: 2, Last known committed idx: 1, Time since last communication: 0.000s
I20260608 12:37:36.349604  3894 raft_consensus.cc:2955] T cd207005cad543c6a00bec689e4d95fa P c1b39f1a466b4d40bce6a61e52991388 [term 1 LEADER]: Committing config change with OpId 1.2: config changed from index -1 to 2, NON_VOTER 830b0c0b3c544d5e838a44787d812776 (127.0.107.196) added. New config: { opid_index: 2 OBSOLETE_local: false peers { permanent_uuid: "2d008fb5bee74eb1ac2c08d9371334a9" member_type: VOTER last_known_addr { host: "127.0.107.193" port: 35617 } } peers { permanent_uuid: "c1b39f1a466b4d40bce6a61e52991388" member_type: VOTER last_known_addr { host: "127.0.107.194" port: 46173 } } peers { permanent_uuid: "b60295f3c8964ce09118ed22dc953c80" member_type: VOTER last_known_addr { host: "127.0.107.195" port: 39671 } attrs { replace: true } } peers { permanent_uuid: "830b0c0b3c544d5e838a44787d812776" member_type: NON_VOTER last_known_addr { host: "127.0.107.196" port: 44657 } attrs { promote: true } } }
I20260608 12:37:36.350929  3387 raft_consensus.cc:2955] T cd207005cad543c6a00bec689e4d95fa P 2d008fb5bee74eb1ac2c08d9371334a9 [term 1 FOLLOWER]: Committing config change with OpId 1.2: config changed from index -1 to 2, NON_VOTER 830b0c0b3c544d5e838a44787d812776 (127.0.107.196) added. New config: { opid_index: 2 OBSOLETE_local: false peers { permanent_uuid: "2d008fb5bee74eb1ac2c08d9371334a9" member_type: VOTER last_known_addr { host: "127.0.107.193" port: 35617 } } peers { permanent_uuid: "c1b39f1a466b4d40bce6a61e52991388" member_type: VOTER last_known_addr { host: "127.0.107.194" port: 46173 } } peers { permanent_uuid: "b60295f3c8964ce09118ed22dc953c80" member_type: VOTER last_known_addr { host: "127.0.107.195" port: 39671 } attrs { replace: true } } peers { permanent_uuid: "830b0c0b3c544d5e838a44787d812776" member_type: NON_VOTER last_known_addr { host: "127.0.107.196" port: 44657 } attrs { promote: true } } }
I20260608 12:37:36.362465  3538 raft_consensus.cc:2955] T cd207005cad543c6a00bec689e4d95fa P b60295f3c8964ce09118ed22dc953c80 [term 1 FOLLOWER]: Committing config change with OpId 1.2: config changed from index -1 to 2, NON_VOTER 830b0c0b3c544d5e838a44787d812776 (127.0.107.196) added. New config: { opid_index: 2 OBSOLETE_local: false peers { permanent_uuid: "2d008fb5bee74eb1ac2c08d9371334a9" member_type: VOTER last_known_addr { host: "127.0.107.193" port: 35617 } } peers { permanent_uuid: "c1b39f1a466b4d40bce6a61e52991388" member_type: VOTER last_known_addr { host: "127.0.107.194" port: 46173 } } peers { permanent_uuid: "b60295f3c8964ce09118ed22dc953c80" member_type: VOTER last_known_addr { host: "127.0.107.195" port: 39671 } attrs { replace: true } } peers { permanent_uuid: "830b0c0b3c544d5e838a44787d812776" member_type: NON_VOTER last_known_addr { host: "127.0.107.196" port: 44657 } attrs { promote: true } } }
I20260608 12:37:36.366726  3284 catalog_manager.cc:5696] T cd207005cad543c6a00bec689e4d95fa P 2d008fb5bee74eb1ac2c08d9371334a9 reported cstate change: config changed from index -1 to 2, NON_VOTER 830b0c0b3c544d5e838a44787d812776 (127.0.107.196) added. New cstate: current_term: 1 leader_uuid: "c1b39f1a466b4d40bce6a61e52991388" committed_config { opid_index: 2 OBSOLETE_local: false peers { permanent_uuid: "2d008fb5bee74eb1ac2c08d9371334a9" member_type: VOTER last_known_addr { host: "127.0.107.193" port: 35617 } } peers { permanent_uuid: "c1b39f1a466b4d40bce6a61e52991388" member_type: VOTER last_known_addr { host: "127.0.107.194" port: 46173 } } peers { permanent_uuid: "b60295f3c8964ce09118ed22dc953c80" member_type: VOTER last_known_addr { host: "127.0.107.195" port: 39671 } attrs { replace: true } } peers { permanent_uuid: "830b0c0b3c544d5e838a44787d812776" member_type: NON_VOTER last_known_addr { host: "127.0.107.196" port: 44657 } attrs { promote: true } } }
I20260608 12:37:36.716768  3907 ts_tablet_manager.cc:933] T 6cea63fc328e45c580de8c6926b5d6ec P b60295f3c8964ce09118ed22dc953c80: Initiating tablet copy from peer 2d008fb5bee74eb1ac2c08d9371334a9 (127.0.107.193:35617)
I20260608 12:37:36.718487  3907 tablet_copy_client.cc:323] T 6cea63fc328e45c580de8c6926b5d6ec P b60295f3c8964ce09118ed22dc953c80: tablet copy: Beginning tablet copy session from remote peer at address 127.0.107.193:35617
I20260608 12:37:36.720559  3399 tablet_copy_service.cc:140] P 2d008fb5bee74eb1ac2c08d9371334a9: Received BeginTabletCopySession request for tablet 6cea63fc328e45c580de8c6926b5d6ec from peer b60295f3c8964ce09118ed22dc953c80 ({username='slave'} at 127.0.0.1:46654)
I20260608 12:37:36.721009  3399 tablet_copy_service.cc:161] P 2d008fb5bee74eb1ac2c08d9371334a9: Beginning new tablet copy session on tablet 6cea63fc328e45c580de8c6926b5d6ec from peer b60295f3c8964ce09118ed22dc953c80 at {username='slave'} at 127.0.0.1:46654: session id = b60295f3c8964ce09118ed22dc953c80-6cea63fc328e45c580de8c6926b5d6ec
I20260608 12:37:36.725710  3399 tablet_copy_source_session.cc:215] T 6cea63fc328e45c580de8c6926b5d6ec P 2d008fb5bee74eb1ac2c08d9371334a9: Tablet Copy: opened 0 blocks and 1 log segments
I20260608 12:37:36.728767  3907 data_dirs.cc:400] Could only allocate 1 dirs of requested 3 for tablet 6cea63fc328e45c580de8c6926b5d6ec. 1 dirs total, 0 dirs full, 0 dirs failed
I20260608 12:37:36.731482  3909 ts_tablet_manager.cc:933] T dd5d5b3d516d435cb78cf3a2ba7c3c69 P c1b39f1a466b4d40bce6a61e52991388: Initiating tablet copy from peer 2d008fb5bee74eb1ac2c08d9371334a9 (127.0.107.193:35617)
I20260608 12:37:36.742755  3907 tablet_copy_client.cc:806] T 6cea63fc328e45c580de8c6926b5d6ec P b60295f3c8964ce09118ed22dc953c80: tablet copy: Starting download of 0 data blocks...
I20260608 12:37:36.743403  3907 tablet_copy_client.cc:670] T 6cea63fc328e45c580de8c6926b5d6ec P b60295f3c8964ce09118ed22dc953c80: tablet copy: Starting download of 1 WAL segments...
I20260608 12:37:36.745118  3909 tablet_copy_client.cc:323] T dd5d5b3d516d435cb78cf3a2ba7c3c69 P c1b39f1a466b4d40bce6a61e52991388: tablet copy: Beginning tablet copy session from remote peer at address 127.0.107.193:35617
I20260608 12:37:36.747520  3399 tablet_copy_service.cc:140] P 2d008fb5bee74eb1ac2c08d9371334a9: Received BeginTabletCopySession request for tablet dd5d5b3d516d435cb78cf3a2ba7c3c69 from peer c1b39f1a466b4d40bce6a61e52991388 ({username='slave'} at 127.0.0.1:46640)
I20260608 12:37:36.748055  3399 tablet_copy_service.cc:161] P 2d008fb5bee74eb1ac2c08d9371334a9: Beginning new tablet copy session on tablet dd5d5b3d516d435cb78cf3a2ba7c3c69 from peer c1b39f1a466b4d40bce6a61e52991388 at {username='slave'} at 127.0.0.1:46640: session id = c1b39f1a466b4d40bce6a61e52991388-dd5d5b3d516d435cb78cf3a2ba7c3c69
I20260608 12:37:36.753253  3911 ts_tablet_manager.cc:933] T e891250abe274a76bd0485f06b89742a P 830b0c0b3c544d5e838a44787d812776: Initiating tablet copy from peer 2d008fb5bee74eb1ac2c08d9371334a9 (127.0.107.193:35617)
I20260608 12:37:36.755883  3399 tablet_copy_source_session.cc:215] T dd5d5b3d516d435cb78cf3a2ba7c3c69 P 2d008fb5bee74eb1ac2c08d9371334a9: Tablet Copy: opened 0 blocks and 1 log segments
I20260608 12:37:36.755954  3911 tablet_copy_client.cc:323] T e891250abe274a76bd0485f06b89742a P 830b0c0b3c544d5e838a44787d812776: tablet copy: Beginning tablet copy session from remote peer at address 127.0.107.193:35617
I20260608 12:37:36.756873  3907 tablet_copy_client.cc:538] T 6cea63fc328e45c580de8c6926b5d6ec P b60295f3c8964ce09118ed22dc953c80: tablet copy: Tablet Copy complete. Replacing tablet superblock.
I20260608 12:37:36.757890  3398 tablet_copy_service.cc:140] P 2d008fb5bee74eb1ac2c08d9371334a9: Received BeginTabletCopySession request for tablet e891250abe274a76bd0485f06b89742a from peer 830b0c0b3c544d5e838a44787d812776 ({username='slave'} at 127.0.0.1:46670)
I20260608 12:37:36.758422  3398 tablet_copy_service.cc:161] P 2d008fb5bee74eb1ac2c08d9371334a9: Beginning new tablet copy session on tablet e891250abe274a76bd0485f06b89742a from peer 830b0c0b3c544d5e838a44787d812776 at {username='slave'} at 127.0.0.1:46670: session id = 830b0c0b3c544d5e838a44787d812776-e891250abe274a76bd0485f06b89742a
I20260608 12:37:36.758893  3909 data_dirs.cc:400] Could only allocate 1 dirs of requested 3 for tablet dd5d5b3d516d435cb78cf3a2ba7c3c69. 1 dirs total, 0 dirs full, 0 dirs failed
I20260608 12:37:36.766116  3398 tablet_copy_source_session.cc:215] T e891250abe274a76bd0485f06b89742a P 2d008fb5bee74eb1ac2c08d9371334a9: Tablet Copy: opened 0 blocks and 1 log segments
I20260608 12:37:36.769312  3911 data_dirs.cc:400] Could only allocate 1 dirs of requested 3 for tablet e891250abe274a76bd0485f06b89742a. 1 dirs total, 0 dirs full, 0 dirs failed
I20260608 12:37:36.772058  3907 tablet_bootstrap.cc:492] T 6cea63fc328e45c580de8c6926b5d6ec P b60295f3c8964ce09118ed22dc953c80: Bootstrap starting.
I20260608 12:37:36.773792  3909 tablet_copy_client.cc:806] T dd5d5b3d516d435cb78cf3a2ba7c3c69 P c1b39f1a466b4d40bce6a61e52991388: tablet copy: Starting download of 0 data blocks...
I20260608 12:37:36.774367  3909 tablet_copy_client.cc:670] T dd5d5b3d516d435cb78cf3a2ba7c3c69 P c1b39f1a466b4d40bce6a61e52991388: tablet copy: Starting download of 1 WAL segments...
I20260608 12:37:36.785164  3909 tablet_copy_client.cc:538] T dd5d5b3d516d435cb78cf3a2ba7c3c69 P c1b39f1a466b4d40bce6a61e52991388: tablet copy: Tablet Copy complete. Replacing tablet superblock.
I20260608 12:37:36.789638  3911 tablet_copy_client.cc:806] T e891250abe274a76bd0485f06b89742a P 830b0c0b3c544d5e838a44787d812776: tablet copy: Starting download of 0 data blocks...
I20260608 12:37:36.790285  3911 tablet_copy_client.cc:670] T e891250abe274a76bd0485f06b89742a P 830b0c0b3c544d5e838a44787d812776: tablet copy: Starting download of 1 WAL segments...
I20260608 12:37:36.795547  3911 tablet_copy_client.cc:538] T e891250abe274a76bd0485f06b89742a P 830b0c0b3c544d5e838a44787d812776: tablet copy: Tablet Copy complete. Replacing tablet superblock.
I20260608 12:37:36.796797  3909 tablet_bootstrap.cc:492] T dd5d5b3d516d435cb78cf3a2ba7c3c69 P c1b39f1a466b4d40bce6a61e52991388: Bootstrap starting.
I20260608 12:37:36.804445  3907 tablet_bootstrap.cc:492] T 6cea63fc328e45c580de8c6926b5d6ec P b60295f3c8964ce09118ed22dc953c80: Bootstrap replayed 1/1 log segments. Stats: ops{read=2 overwritten=0 applied=2 ignored=0} inserts{seen=0 ignored=0} mutations{seen=0 ignored=0} orphaned_commits=0. Pending: 0 replicates
I20260608 12:37:36.805485  3907 tablet_bootstrap.cc:492] T 6cea63fc328e45c580de8c6926b5d6ec P b60295f3c8964ce09118ed22dc953c80: Bootstrap complete.
I20260608 12:37:36.806231  3907 ts_tablet_manager.cc:1403] T 6cea63fc328e45c580de8c6926b5d6ec P b60295f3c8964ce09118ed22dc953c80: Time spent bootstrapping tablet: real 0.035s	user 0.016s	sys 0.014s
I20260608 12:37:36.809895  3907 raft_consensus.cc:359] T 6cea63fc328e45c580de8c6926b5d6ec P b60295f3c8964ce09118ed22dc953c80 [term 1 LEARNER]: Replica starting. Triggering 0 pending ops. Active config: opid_index: 2 OBSOLETE_local: false peers { permanent_uuid: "2d008fb5bee74eb1ac2c08d9371334a9" member_type: VOTER last_known_addr { host: "127.0.107.193" port: 35617 } } peers { permanent_uuid: "830b0c0b3c544d5e838a44787d812776" member_type: VOTER last_known_addr { host: "127.0.107.196" port: 44657 } attrs { replace: true } } peers { permanent_uuid: "c1b39f1a466b4d40bce6a61e52991388" member_type: VOTER last_known_addr { host: "127.0.107.194" port: 46173 } } peers { permanent_uuid: "b60295f3c8964ce09118ed22dc953c80" member_type: NON_VOTER last_known_addr { host: "127.0.107.195" port: 39671 } attrs { promote: true } }
