I20260608 12:37:32.077001  3388 tablet_service.cc:1917] Received RequestConsensusVote() RPC: tablet_id: "d5e810ba08064f3ba94724085eac588c" candidate_uuid: "c1b39f1a466b4d40bce6a61e52991388" candidate_term: 1 candidate_status { last_received { term: 0 index: 0 } } ignore_live_leader: false dest_uuid: "2d008fb5bee74eb1ac2c08d9371334a9" is_pre_election: true
I20260608 12:37:32.080801  3622 leader_election.cc:290] T d5e810ba08064f3ba94724085eac588c P c1b39f1a466b4d40bce6a61e52991388 [CANDIDATE]: Term 1 pre-election: Requested pre-vote from peers 2d008fb5bee74eb1ac2c08d9371334a9 (127.0.107.193:35617), 830b0c0b3c544d5e838a44787d812776 (127.0.107.196:44657)
W20260608 12:37:32.082490  3429 leader_election.cc:343] T d5e810ba08064f3ba94724085eac588c P c1b39f1a466b4d40bce6a61e52991388 [CANDIDATE]: Term 1 pre-election: Tablet error from VoteRequest() call to peer 2d008fb5bee74eb1ac2c08d9371334a9 (127.0.107.193:35617): Illegal state: must be running to vote when last-logged opid is not known
I20260608 12:37:32.082958  3582 tablet_bootstrap.cc:492] T d5e810ba08064f3ba94724085eac588c P 2d008fb5bee74eb1ac2c08d9371334a9: No bootstrap required, opened a new log
I20260608 12:37:32.083422  3582 ts_tablet_manager.cc:1403] T d5e810ba08064f3ba94724085eac588c P 2d008fb5bee74eb1ac2c08d9371334a9: Time spent bootstrapping tablet: real 0.045s	user 0.014s	sys 0.020s
I20260608 12:37:32.084640  3733 ts_tablet_manager.cc:1434] T f4aacbd3456a482c871bf5c5d46ae06a P b60295f3c8964ce09118ed22dc953c80: Time spent starting tablet: real 0.059s	user 0.009s	sys 0.000s
I20260608 12:37:32.085736  3733 tablet_bootstrap.cc:492] T 3812064cd81344c198f1fdbf0755bf54 P b60295f3c8964ce09118ed22dc953c80: Bootstrap starting.
I20260608 12:37:32.086342  3582 raft_consensus.cc:359] T d5e810ba08064f3ba94724085eac588c P 2d008fb5bee74eb1ac2c08d9371334a9 [term 0 FOLLOWER]: Replica starting. Triggering 0 pending ops. Active config: opid_index: -1 OBSOLETE_local: false peers { permanent_uuid: "c1b39f1a466b4d40bce6a61e52991388" member_type: VOTER last_known_addr { host: "127.0.107.194" port: 46173 } } peers { permanent_uuid: "2d008fb5bee74eb1ac2c08d9371334a9" member_type: VOTER last_known_addr { host: "127.0.107.193" port: 35617 } } peers { permanent_uuid: "830b0c0b3c544d5e838a44787d812776" member_type: VOTER last_known_addr { host: "127.0.107.196" port: 44657 } }
I20260608 12:37:32.092720  3582 raft_consensus.cc:385] T d5e810ba08064f3ba94724085eac588c P 2d008fb5bee74eb1ac2c08d9371334a9 [term 0 FOLLOWER]: Consensus starting up: Expiring failure detector timer to make a prompt election more likely
I20260608 12:37:32.092983  3582 raft_consensus.cc:740] T d5e810ba08064f3ba94724085eac588c P 2d008fb5bee74eb1ac2c08d9371334a9 [term 0 FOLLOWER]: Becoming Follower/Learner. State: Replica: 2d008fb5bee74eb1ac2c08d9371334a9, State: Initialized, Role: FOLLOWER
I20260608 12:37:32.094135  3582 consensus_queue.cc:260] T d5e810ba08064f3ba94724085eac588c P 2d008fb5bee74eb1ac2c08d9371334a9 [NON_LEADER]: Queue going to NON_LEADER mode. State: All replicated index: 0, Majority replicated index: 0, Committed index: 0, Last appended: 0.0, Last appended by leader: 0, Current term: 0, Majority size: -1, State: 0, Mode: NON_LEADER, active raft config: opid_index: -1 OBSOLETE_local: false peers { permanent_uuid: "c1b39f1a466b4d40bce6a61e52991388" member_type: VOTER last_known_addr { host: "127.0.107.194" port: 46173 } } peers { permanent_uuid: "2d008fb5bee74eb1ac2c08d9371334a9" member_type: VOTER last_known_addr { host: "127.0.107.193" port: 35617 } } peers { permanent_uuid: "830b0c0b3c544d5e838a44787d812776" member_type: VOTER last_known_addr { host: "127.0.107.196" port: 44657 } }
I20260608 12:37:32.096227  3688 tablet_service.cc:1917] Received RequestConsensusVote() RPC: tablet_id: "d5e810ba08064f3ba94724085eac588c" candidate_uuid: "c1b39f1a466b4d40bce6a61e52991388" candidate_term: 1 candidate_status { last_received { term: 0 index: 0 } } ignore_live_leader: false dest_uuid: "830b0c0b3c544d5e838a44787d812776" is_pre_election: true
W20260608 12:37:32.098471  3429 leader_election.cc:343] T d5e810ba08064f3ba94724085eac588c P c1b39f1a466b4d40bce6a61e52991388 [CANDIDATE]: Term 1 pre-election: Tablet error from VoteRequest() call to peer 830b0c0b3c544d5e838a44787d812776 (127.0.107.196:44657): Illegal state: must be running to vote when last-logged opid is not known
I20260608 12:37:32.099114  3429 leader_election.cc:304] T d5e810ba08064f3ba94724085eac588c P c1b39f1a466b4d40bce6a61e52991388 [CANDIDATE]: Term 1 pre-election: Election decided. Result: candidate lost. Election summary: received 3 responses out of 3 voters: 1 yes votes; 2 no votes. yes voters: c1b39f1a466b4d40bce6a61e52991388; no voters: 2d008fb5bee74eb1ac2c08d9371334a9, 830b0c0b3c544d5e838a44787d812776
I20260608 12:37:32.101022  3582 ts_tablet_manager.cc:1434] T d5e810ba08064f3ba94724085eac588c P 2d008fb5bee74eb1ac2c08d9371334a9: Time spent starting tablet: real 0.017s	user 0.006s	sys 0.000s
I20260608 12:37:32.101166  3622 raft_consensus.cc:2749] T d5e810ba08064f3ba94724085eac588c P c1b39f1a466b4d40bce6a61e52991388 [term 0 FOLLOWER]: Leader pre-election lost for term 1. Reason: could not achieve majority
I20260608 12:37:32.102029  3582 tablet_bootstrap.cc:492] T 03aefc669c994fb18d47127eb77850fb P 2d008fb5bee74eb1ac2c08d9371334a9: Bootstrap starting.
I20260608 12:37:32.106639  3733 tablet_bootstrap.cc:654] T 3812064cd81344c198f1fdbf0755bf54 P b60295f3c8964ce09118ed22dc953c80: Neither blocks nor log segments found. Creating new log.
I20260608 12:37:32.109026  3582 tablet_bootstrap.cc:654] T 03aefc669c994fb18d47127eb77850fb P 2d008fb5bee74eb1ac2c08d9371334a9: Neither blocks nor log segments found. Creating new log.
I20260608 12:37:32.109601  3583 tablet_bootstrap.cc:492] T f4aacbd3456a482c871bf5c5d46ae06a P c1b39f1a466b4d40bce6a61e52991388: No bootstrap required, opened a new log
I20260608 12:37:32.110183  3583 ts_tablet_manager.cc:1403] T f4aacbd3456a482c871bf5c5d46ae06a P c1b39f1a466b4d40bce6a61e52991388: Time spent bootstrapping tablet: real 0.062s	user 0.027s	sys 0.023s
I20260608 12:37:32.113972  3583 raft_consensus.cc:359] T f4aacbd3456a482c871bf5c5d46ae06a P c1b39f1a466b4d40bce6a61e52991388 [term 0 FOLLOWER]: Replica starting. Triggering 0 pending ops. Active config: opid_index: -1 OBSOLETE_local: false peers { permanent_uuid: "830b0c0b3c544d5e838a44787d812776" member_type: VOTER last_known_addr { host: "127.0.107.196" port: 44657 } } peers { permanent_uuid: "c1b39f1a466b4d40bce6a61e52991388" member_type: VOTER last_known_addr { host: "127.0.107.194" port: 46173 } } peers { permanent_uuid: "b60295f3c8964ce09118ed22dc953c80" member_type: VOTER last_known_addr { host: "127.0.107.195" port: 39671 } }
I20260608 12:37:32.114944  3583 raft_consensus.cc:385] T f4aacbd3456a482c871bf5c5d46ae06a P c1b39f1a466b4d40bce6a61e52991388 [term 0 FOLLOWER]: Consensus starting up: Expiring failure detector timer to make a prompt election more likely
I20260608 12:37:32.115393  3583 raft_consensus.cc:740] T f4aacbd3456a482c871bf5c5d46ae06a P c1b39f1a466b4d40bce6a61e52991388 [term 0 FOLLOWER]: Becoming Follower/Learner. State: Replica: c1b39f1a466b4d40bce6a61e52991388, State: Initialized, Role: FOLLOWER
I20260608 12:37:32.116374  3732 tablet_bootstrap.cc:492] T 3812064cd81344c198f1fdbf0755bf54 P 830b0c0b3c544d5e838a44787d812776: No bootstrap required, opened a new log
I20260608 12:37:32.117066  3732 ts_tablet_manager.cc:1403] T 3812064cd81344c198f1fdbf0755bf54 P 830b0c0b3c544d5e838a44787d812776: Time spent bootstrapping tablet: real 0.113s	user 0.005s	sys 0.008s
I20260608 12:37:32.116534  3583 consensus_queue.cc:260] T f4aacbd3456a482c871bf5c5d46ae06a P c1b39f1a466b4d40bce6a61e52991388 [NON_LEADER]: Queue going to NON_LEADER mode. State: All replicated index: 0, Majority replicated index: 0, Committed index: 0, Last appended: 0.0, Last appended by leader: 0, Current term: 0, Majority size: -1, State: 0, Mode: NON_LEADER, active raft config: opid_index: -1 OBSOLETE_local: false peers { permanent_uuid: "830b0c0b3c544d5e838a44787d812776" member_type: VOTER last_known_addr { host: "127.0.107.196" port: 44657 } } peers { permanent_uuid: "c1b39f1a466b4d40bce6a61e52991388" member_type: VOTER last_known_addr { host: "127.0.107.194" port: 46173 } } peers { permanent_uuid: "b60295f3c8964ce09118ed22dc953c80" member_type: VOTER last_known_addr { host: "127.0.107.195" port: 39671 } }
I20260608 12:37:32.124939  3583 ts_tablet_manager.cc:1434] T f4aacbd3456a482c871bf5c5d46ae06a P c1b39f1a466b4d40bce6a61e52991388: Time spent starting tablet: real 0.014s	user 0.006s	sys 0.001s
I20260608 12:37:32.126199  3583 tablet_bootstrap.cc:492] T cefc0e7a901b4499a768d7a2c13c7bf4 P c1b39f1a466b4d40bce6a61e52991388: Bootstrap starting.
I20260608 12:37:32.133977  3583 tablet_bootstrap.cc:654] T cefc0e7a901b4499a768d7a2c13c7bf4 P c1b39f1a466b4d40bce6a61e52991388: Neither blocks nor log segments found. Creating new log.
I20260608 12:37:32.147084  3583 tablet_bootstrap.cc:492] T cefc0e7a901b4499a768d7a2c13c7bf4 P c1b39f1a466b4d40bce6a61e52991388: No bootstrap required, opened a new log
I20260608 12:37:32.147790  3583 ts_tablet_manager.cc:1403] T cefc0e7a901b4499a768d7a2c13c7bf4 P c1b39f1a466b4d40bce6a61e52991388: Time spent bootstrapping tablet: real 0.022s	user 0.013s	sys 0.007s
I20260608 12:37:32.151832  3583 raft_consensus.cc:359] T cefc0e7a901b4499a768d7a2c13c7bf4 P c1b39f1a466b4d40bce6a61e52991388 [term 0 FOLLOWER]: Replica starting. Triggering 0 pending ops. Active config: opid_index: -1 OBSOLETE_local: false peers { permanent_uuid: "c1b39f1a466b4d40bce6a61e52991388" member_type: VOTER last_known_addr { host: "127.0.107.194" port: 46173 } } peers { permanent_uuid: "830b0c0b3c544d5e838a44787d812776" member_type: VOTER last_known_addr { host: "127.0.107.196" port: 44657 } } peers { permanent_uuid: "b60295f3c8964ce09118ed22dc953c80" member_type: VOTER last_known_addr { host: "127.0.107.195" port: 39671 } }
I20260608 12:37:32.152806  3583 raft_consensus.cc:385] T cefc0e7a901b4499a768d7a2c13c7bf4 P c1b39f1a466b4d40bce6a61e52991388 [term 0 FOLLOWER]: Consensus starting up: Expiring failure detector timer to make a prompt election more likely
I20260608 12:37:32.153223  3583 raft_consensus.cc:740] T cefc0e7a901b4499a768d7a2c13c7bf4 P c1b39f1a466b4d40bce6a61e52991388 [term 0 FOLLOWER]: Becoming Follower/Learner. State: Replica: c1b39f1a466b4d40bce6a61e52991388, State: Initialized, Role: FOLLOWER
I20260608 12:37:32.154314  3583 consensus_queue.cc:260] T cefc0e7a901b4499a768d7a2c13c7bf4 P c1b39f1a466b4d40bce6a61e52991388 [NON_LEADER]: Queue going to NON_LEADER mode. State: All replicated index: 0, Majority replicated index: 0, Committed index: 0, Last appended: 0.0, Last appended by leader: 0, Current term: 0, Majority size: -1, State: 0, Mode: NON_LEADER, active raft config: opid_index: -1 OBSOLETE_local: false peers { permanent_uuid: "c1b39f1a466b4d40bce6a61e52991388" member_type: VOTER last_known_addr { host: "127.0.107.194" port: 46173 } } peers { permanent_uuid: "830b0c0b3c544d5e838a44787d812776" member_type: VOTER last_known_addr { host: "127.0.107.196" port: 44657 } } peers { permanent_uuid: "b60295f3c8964ce09118ed22dc953c80" member_type: VOTER last_known_addr { host: "127.0.107.195" port: 39671 } }
I20260608 12:37:32.155375  3284 catalog_manager.cc:5696] T 6cea63fc328e45c580de8c6926b5d6ec P 2d008fb5bee74eb1ac2c08d9371334a9 reported cstate change: term changed from 0 to 1, leader changed from <none> to 2d008fb5bee74eb1ac2c08d9371334a9 (127.0.107.193). New cstate: current_term: 1 leader_uuid: "2d008fb5bee74eb1ac2c08d9371334a9" committed_config { opid_index: -1 OBSOLETE_local: false peers { permanent_uuid: "2d008fb5bee74eb1ac2c08d9371334a9" member_type: VOTER last_known_addr { host: "127.0.107.193" port: 35617 } health_report { overall_health: HEALTHY } } peers { permanent_uuid: "830b0c0b3c544d5e838a44787d812776" member_type: VOTER last_known_addr { host: "127.0.107.196" port: 44657 } health_report { overall_health: UNKNOWN } } peers { permanent_uuid: "c1b39f1a466b4d40bce6a61e52991388" member_type: VOTER last_known_addr { host: "127.0.107.194" port: 46173 } health_report { overall_health: UNKNOWN } } }
I20260608 12:37:32.161458  3732 raft_consensus.cc:359] T 3812064cd81344c198f1fdbf0755bf54 P 830b0c0b3c544d5e838a44787d812776 [term 0 FOLLOWER]: Replica starting. Triggering 0 pending ops. Active config: opid_index: -1 OBSOLETE_local: false peers { permanent_uuid: "b60295f3c8964ce09118ed22dc953c80" member_type: VOTER last_known_addr { host: "127.0.107.195" port: 39671 } } peers { permanent_uuid: "830b0c0b3c544d5e838a44787d812776" member_type: VOTER last_known_addr { host: "127.0.107.196" port: 44657 } } peers { permanent_uuid: "2d008fb5bee74eb1ac2c08d9371334a9" member_type: VOTER last_known_addr { host: "127.0.107.193" port: 35617 } }
I20260608 12:37:32.162436  3732 raft_consensus.cc:385] T 3812064cd81344c198f1fdbf0755bf54 P 830b0c0b3c544d5e838a44787d812776 [term 0 FOLLOWER]: Consensus starting up: Expiring failure detector timer to make a prompt election more likely
I20260608 12:37:32.162809  3732 raft_consensus.cc:740] T 3812064cd81344c198f1fdbf0755bf54 P 830b0c0b3c544d5e838a44787d812776 [term 0 FOLLOWER]: Becoming Follower/Learner. State: Replica: 830b0c0b3c544d5e838a44787d812776, State: Initialized, Role: FOLLOWER
I20260608 12:37:32.164332  3732 consensus_queue.cc:260] T 3812064cd81344c198f1fdbf0755bf54 P 830b0c0b3c544d5e838a44787d812776 [NON_LEADER]: Queue going to NON_LEADER mode. State: All replicated index: 0, Majority replicated index: 0, Committed index: 0, Last appended: 0.0, Last appended by leader: 0, Current term: 0, Majority size: -1, State: 0, Mode: NON_LEADER, active raft config: opid_index: -1 OBSOLETE_local: false peers { permanent_uuid: "b60295f3c8964ce09118ed22dc953c80" member_type: VOTER last_known_addr { host: "127.0.107.195" port: 39671 } } peers { permanent_uuid: "830b0c0b3c544d5e838a44787d812776" member_type: VOTER last_known_addr { host: "127.0.107.196" port: 44657 } } peers { permanent_uuid: "2d008fb5bee74eb1ac2c08d9371334a9" member_type: VOTER last_known_addr { host: "127.0.107.193" port: 35617 } }
I20260608 12:37:32.167260  3583 ts_tablet_manager.cc:1434] T cefc0e7a901b4499a768d7a2c13c7bf4 P c1b39f1a466b4d40bce6a61e52991388: Time spent starting tablet: real 0.019s	user 0.007s	sys 0.000s
I20260608 12:37:32.169495  3732 ts_tablet_manager.cc:1434] T 3812064cd81344c198f1fdbf0755bf54 P 830b0c0b3c544d5e838a44787d812776: Time spent starting tablet: real 0.052s	user 0.004s	sys 0.006s
I20260608 12:37:32.170838  3732 tablet_bootstrap.cc:492] T dd5d5b3d516d435cb78cf3a2ba7c3c69 P 830b0c0b3c544d5e838a44787d812776: Bootstrap starting.
I20260608 12:37:32.175529  3583 tablet_bootstrap.cc:492] T 79a80eaf32484e89a7a85a27c191d179 P c1b39f1a466b4d40bce6a61e52991388: Bootstrap starting.
I20260608 12:37:32.184366  3729 raft_consensus.cc:493] T d5e810ba08064f3ba94724085eac588c P 2d008fb5bee74eb1ac2c08d9371334a9 [term 0 FOLLOWER]: Starting pre-election (no leader contacted us within the election timeout)
I20260608 12:37:32.185068  3729 raft_consensus.cc:515] T d5e810ba08064f3ba94724085eac588c P 2d008fb5bee74eb1ac2c08d9371334a9 [term 0 FOLLOWER]: Starting pre-election with config: opid_index: -1 OBSOLETE_local: false peers { permanent_uuid: "c1b39f1a466b4d40bce6a61e52991388" member_type: VOTER last_known_addr { host: "127.0.107.194" port: 46173 } } peers { permanent_uuid: "2d008fb5bee74eb1ac2c08d9371334a9" member_type: VOTER last_known_addr { host: "127.0.107.193" port: 35617 } } peers { permanent_uuid: "830b0c0b3c544d5e838a44787d812776" member_type: VOTER last_known_addr { host: "127.0.107.196" port: 44657 } }
I20260608 12:37:32.191982  3462 tablet_service.cc:1917] Received RequestConsensusVote() RPC: tablet_id: "d5e810ba08064f3ba94724085eac588c" candidate_uuid: "2d008fb5bee74eb1ac2c08d9371334a9" candidate_term: 1 candidate_status { last_received { term: 0 index: 0 } } ignore_live_leader: false dest_uuid: "c1b39f1a466b4d40bce6a61e52991388" is_pre_election: true
I20260608 12:37:32.192624  3729 leader_election.cc:290] T d5e810ba08064f3ba94724085eac588c P 2d008fb5bee74eb1ac2c08d9371334a9 [CANDIDATE]: Term 1 pre-election: Requested pre-vote from peers c1b39f1a466b4d40bce6a61e52991388 (127.0.107.194:46173), 830b0c0b3c544d5e838a44787d812776 (127.0.107.196:44657)
I20260608 12:37:32.192755  3462 raft_consensus.cc:2468] T d5e810ba08064f3ba94724085eac588c P c1b39f1a466b4d40bce6a61e52991388 [term 0 FOLLOWER]: Leader pre-election vote request: Granting yes vote for candidate 2d008fb5bee74eb1ac2c08d9371334a9 in term 0.
I20260608 12:37:32.192828  3688 tablet_service.cc:1917] Received RequestConsensusVote() RPC: tablet_id: "d5e810ba08064f3ba94724085eac588c" candidate_uuid: "2d008fb5bee74eb1ac2c08d9371334a9" candidate_term: 1 candidate_status { last_received { term: 0 index: 0 } } ignore_live_leader: false dest_uuid: "830b0c0b3c544d5e838a44787d812776" is_pre_election: true
W20260608 12:37:32.196107  3354 leader_election.cc:343] T d5e810ba08064f3ba94724085eac588c P 2d008fb5bee74eb1ac2c08d9371334a9 [CANDIDATE]: Term 1 pre-election: Tablet error from VoteRequest() call to peer 830b0c0b3c544d5e838a44787d812776 (127.0.107.196:44657): Illegal state: must be running to vote when last-logged opid is not known
I20260608 12:37:32.197624  3583 tablet_bootstrap.cc:654] T 79a80eaf32484e89a7a85a27c191d179 P c1b39f1a466b4d40bce6a61e52991388: Neither blocks nor log segments found. Creating new log.
I20260608 12:37:32.197270  3353 leader_election.cc:304] T d5e810ba08064f3ba94724085eac588c P 2d008fb5bee74eb1ac2c08d9371334a9 [CANDIDATE]: Term 1 pre-election: Election decided. Result: candidate won. Election summary: received 3 responses out of 3 voters: 2 yes votes; 1 no votes. yes voters: 2d008fb5bee74eb1ac2c08d9371334a9, c1b39f1a466b4d40bce6a61e52991388; no voters: 830b0c0b3c544d5e838a44787d812776
I20260608 12:37:32.199018  3729 raft_consensus.cc:2804] T d5e810ba08064f3ba94724085eac588c P 2d008fb5bee74eb1ac2c08d9371334a9 [term 0 FOLLOWER]: Leader pre-election won for term 1
I20260608 12:37:32.199636  3729 raft_consensus.cc:493] T d5e810ba08064f3ba94724085eac588c P 2d008fb5bee74eb1ac2c08d9371334a9 [term 0 FOLLOWER]: Starting leader election (no leader contacted us within the election timeout)
I20260608 12:37:32.200162  3729 raft_consensus.cc:3060] T d5e810ba08064f3ba94724085eac588c P 2d008fb5bee74eb1ac2c08d9371334a9 [term 0 FOLLOWER]: Advancing to term 1
I20260608 12:37:32.205339  3582 tablet_bootstrap.cc:492] T 03aefc669c994fb18d47127eb77850fb P 2d008fb5bee74eb1ac2c08d9371334a9: No bootstrap required, opened a new log
I20260608 12:37:32.206003  3582 ts_tablet_manager.cc:1403] T 03aefc669c994fb18d47127eb77850fb P 2d008fb5bee74eb1ac2c08d9371334a9: Time spent bootstrapping tablet: real 0.104s	user 0.055s	sys 0.033s
I20260608 12:37:32.211048  3582 raft_consensus.cc:359] T 03aefc669c994fb18d47127eb77850fb P 2d008fb5bee74eb1ac2c08d9371334a9 [term 0 FOLLOWER]: Replica starting. Triggering 0 pending ops. Active config: opid_index: -1 OBSOLETE_local: false peers { permanent_uuid: "b60295f3c8964ce09118ed22dc953c80" member_type: VOTER last_known_addr { host: "127.0.107.195" port: 39671 } } peers { permanent_uuid: "2d008fb5bee74eb1ac2c08d9371334a9" member_type: VOTER last_known_addr { host: "127.0.107.193" port: 35617 } } peers { permanent_uuid: "830b0c0b3c544d5e838a44787d812776" member_type: VOTER last_known_addr { host: "127.0.107.196" port: 44657 } }
I20260608 12:37:32.211742  3582 raft_consensus.cc:385] T 03aefc669c994fb18d47127eb77850fb P 2d008fb5bee74eb1ac2c08d9371334a9 [term 0 FOLLOWER]: Consensus starting up: Expiring failure detector timer to make a prompt election more likely
I20260608 12:37:32.212033  3582 raft_consensus.cc:740] T 03aefc669c994fb18d47127eb77850fb P 2d008fb5bee74eb1ac2c08d9371334a9 [term 0 FOLLOWER]: Becoming Follower/Learner. State: Replica: 2d008fb5bee74eb1ac2c08d9371334a9, State: Initialized, Role: FOLLOWER
I20260608 12:37:32.213263  3733 tablet_bootstrap.cc:492] T 3812064cd81344c198f1fdbf0755bf54 P b60295f3c8964ce09118ed22dc953c80: No bootstrap required, opened a new log
I20260608 12:37:32.213831  3733 ts_tablet_manager.cc:1403] T 3812064cd81344c198f1fdbf0755bf54 P b60295f3c8964ce09118ed22dc953c80: Time spent bootstrapping tablet: real 0.128s	user 0.052s	sys 0.052s
I20260608 12:37:32.216101  3583 tablet_bootstrap.cc:492] T 79a80eaf32484e89a7a85a27c191d179 P c1b39f1a466b4d40bce6a61e52991388: No bootstrap required, opened a new log
I20260608 12:37:32.216755  3583 ts_tablet_manager.cc:1403] T 79a80eaf32484e89a7a85a27c191d179 P c1b39f1a466b4d40bce6a61e52991388: Time spent bootstrapping tablet: real 0.042s	user 0.014s	sys 0.000s
I20260608 12:37:32.216158  3729 raft_consensus.cc:515] T d5e810ba08064f3ba94724085eac588c P 2d008fb5bee74eb1ac2c08d9371334a9 [term 1 FOLLOWER]: Starting leader election with config: opid_index: -1 OBSOLETE_local: false peers { permanent_uuid: "c1b39f1a466b4d40bce6a61e52991388" member_type: VOTER last_known_addr { host: "127.0.107.194" port: 46173 } } peers { permanent_uuid: "2d008fb5bee74eb1ac2c08d9371334a9" member_type: VOTER last_known_addr { host: "127.0.107.193" port: 35617 } } peers { permanent_uuid: "830b0c0b3c544d5e838a44787d812776" member_type: VOTER last_known_addr { host: "127.0.107.196" port: 44657 } }
I20260608 12:37:32.217384  3732 tablet_bootstrap.cc:654] T dd5d5b3d516d435cb78cf3a2ba7c3c69 P 830b0c0b3c544d5e838a44787d812776: Neither blocks nor log segments found. Creating new log.
I20260608 12:37:32.217217  3733 raft_consensus.cc:359] T 3812064cd81344c198f1fdbf0755bf54 P b60295f3c8964ce09118ed22dc953c80 [term 0 FOLLOWER]: Replica starting. Triggering 0 pending ops. Active config: opid_index: -1 OBSOLETE_local: false peers { permanent_uuid: "b60295f3c8964ce09118ed22dc953c80" member_type: VOTER last_known_addr { host: "127.0.107.195" port: 39671 } } peers { permanent_uuid: "830b0c0b3c544d5e838a44787d812776" member_type: VOTER last_known_addr { host: "127.0.107.196" port: 44657 } } peers { permanent_uuid: "2d008fb5bee74eb1ac2c08d9371334a9" member_type: VOTER last_known_addr { host: "127.0.107.193" port: 35617 } }
I20260608 12:37:32.217947  3733 raft_consensus.cc:385] T 3812064cd81344c198f1fdbf0755bf54 P b60295f3c8964ce09118ed22dc953c80 [term 0 FOLLOWER]: Consensus starting up: Expiring failure detector timer to make a prompt election more likely
I20260608 12:37:32.218300  3733 raft_consensus.cc:740] T 3812064cd81344c198f1fdbf0755bf54 P b60295f3c8964ce09118ed22dc953c80 [term 0 FOLLOWER]: Becoming Follower/Learner. State: Replica: b60295f3c8964ce09118ed22dc953c80, State: Initialized, Role: FOLLOWER
I20260608 12:37:32.219079  3733 consensus_queue.cc:260] T 3812064cd81344c198f1fdbf0755bf54 P b60295f3c8964ce09118ed22dc953c80 [NON_LEADER]: Queue going to NON_LEADER mode. State: All replicated index: 0, Majority replicated index: 0, Committed index: 0, Last appended: 0.0, Last appended by leader: 0, Current term: 0, Majority size: -1, State: 0, Mode: NON_LEADER, active raft config: opid_index: -1 OBSOLETE_local: false peers { permanent_uuid: "b60295f3c8964ce09118ed22dc953c80" member_type: VOTER last_known_addr { host: "127.0.107.195" port: 39671 } } peers { permanent_uuid: "830b0c0b3c544d5e838a44787d812776" member_type: VOTER last_known_addr { host: "127.0.107.196" port: 44657 } } peers { permanent_uuid: "2d008fb5bee74eb1ac2c08d9371334a9" member_type: VOTER last_known_addr { host: "127.0.107.193" port: 35617 } }
I20260608 12:37:32.219899  3583 raft_consensus.cc:359] T 79a80eaf32484e89a7a85a27c191d179 P c1b39f1a466b4d40bce6a61e52991388 [term 0 FOLLOWER]: Replica starting. Triggering 0 pending ops. Active config: opid_index: -1 OBSOLETE_local: false peers { permanent_uuid: "830b0c0b3c544d5e838a44787d812776" member_type: VOTER last_known_addr { host: "127.0.107.196" port: 44657 } } peers { permanent_uuid: "2d008fb5bee74eb1ac2c08d9371334a9" member_type: VOTER last_known_addr { host: "127.0.107.193" port: 35617 } } peers { permanent_uuid: "c1b39f1a466b4d40bce6a61e52991388" member_type: VOTER last_known_addr { host: "127.0.107.194" port: 46173 } }
I20260608 12:37:32.220403  3745 raft_consensus.cc:493] T 3812064cd81344c198f1fdbf0755bf54 P 2d008fb5bee74eb1ac2c08d9371334a9 [term 0 FOLLOWER]: Starting pre-election (no leader contacted us within the election timeout)
I20260608 12:37:32.220345  3462 tablet_service.cc:1917] Received RequestConsensusVote() RPC: tablet_id: "d5e810ba08064f3ba94724085eac588c" candidate_uuid: "2d008fb5bee74eb1ac2c08d9371334a9" candidate_term: 1 candidate_status { last_received { term: 0 index: 0 } } ignore_live_leader: false dest_uuid: "c1b39f1a466b4d40bce6a61e52991388"
I20260608 12:37:32.221097  3745 raft_consensus.cc:515] T 3812064cd81344c198f1fdbf0755bf54 P 2d008fb5bee74eb1ac2c08d9371334a9 [term 0 FOLLOWER]: Starting pre-election with config: opid_index: -1 OBSOLETE_local: false peers { permanent_uuid: "b60295f3c8964ce09118ed22dc953c80" member_type: VOTER last_known_addr { host: "127.0.107.195" port: 39671 } } peers { permanent_uuid: "830b0c0b3c544d5e838a44787d812776" member_type: VOTER last_known_addr { host: "127.0.107.196" port: 44657 } } peers { permanent_uuid: "2d008fb5bee74eb1ac2c08d9371334a9" member_type: VOTER last_known_addr { host: "127.0.107.193" port: 35617 } }
I20260608 12:37:32.223670  3688 tablet_service.cc:1917] Received RequestConsensusVote() RPC: tablet_id: "d5e810ba08064f3ba94724085eac588c" candidate_uuid: "2d008fb5bee74eb1ac2c08d9371334a9" candidate_term: 1 candidate_status { last_received { term: 0 index: 0 } } ignore_live_leader: false dest_uuid: "830b0c0b3c544d5e838a44787d812776"
I20260608 12:37:32.221314  3462 raft_consensus.cc:3060] T d5e810ba08064f3ba94724085eac588c P c1b39f1a466b4d40bce6a61e52991388 [term 0 FOLLOWER]: Advancing to term 1
I20260608 12:37:32.224491  3733 ts_tablet_manager.cc:1434] T 3812064cd81344c198f1fdbf0755bf54 P b60295f3c8964ce09118ed22dc953c80: Time spent starting tablet: real 0.010s	user 0.007s	sys 0.000s
I20260608 12:37:32.225456  3733 tablet_bootstrap.cc:492] T cefc0e7a901b4499a768d7a2c13c7bf4 P b60295f3c8964ce09118ed22dc953c80: Bootstrap starting.
I20260608 12:37:32.220595  3583 raft_consensus.cc:385] T 79a80eaf32484e89a7a85a27c191d179 P c1b39f1a466b4d40bce6a61e52991388 [term 0 FOLLOWER]: Consensus starting up: Expiring failure detector timer to make a prompt election more likely
I20260608 12:37:32.227155  3583 raft_consensus.cc:740] T 79a80eaf32484e89a7a85a27c191d179 P c1b39f1a466b4d40bce6a61e52991388 [term 0 FOLLOWER]: Becoming Follower/Learner. State: Replica: c1b39f1a466b4d40bce6a61e52991388, State: Initialized, Role: FOLLOWER
I20260608 12:37:32.227664  3538 tablet_service.cc:1917] Received RequestConsensusVote() RPC: tablet_id: "3812064cd81344c198f1fdbf0755bf54" candidate_uuid: "2d008fb5bee74eb1ac2c08d9371334a9" candidate_term: 1 candidate_status { last_received { term: 0 index: 0 } } ignore_live_leader: false dest_uuid: "b60295f3c8964ce09118ed22dc953c80" is_pre_election: true
I20260608 12:37:32.228500  3538 raft_consensus.cc:2468] T 3812064cd81344c198f1fdbf0755bf54 P b60295f3c8964ce09118ed22dc953c80 [term 0 FOLLOWER]: Leader pre-election vote request: Granting yes vote for candidate 2d008fb5bee74eb1ac2c08d9371334a9 in term 0.
I20260608 12:37:32.228863  3583 consensus_queue.cc:260] T 79a80eaf32484e89a7a85a27c191d179 P c1b39f1a466b4d40bce6a61e52991388 [NON_LEADER]: Queue going to NON_LEADER mode. State: All replicated index: 0, Majority replicated index: 0, Committed index: 0, Last appended: 0.0, Last appended by leader: 0, Current term: 0, Majority size: -1, State: 0, Mode: NON_LEADER, active raft config: opid_index: -1 OBSOLETE_local: false peers { permanent_uuid: "830b0c0b3c544d5e838a44787d812776" member_type: VOTER last_known_addr { host: "127.0.107.196" port: 44657 } } peers { permanent_uuid: "2d008fb5bee74eb1ac2c08d9371334a9" member_type: VOTER last_known_addr { host: "127.0.107.193" port: 35617 } } peers { permanent_uuid: "c1b39f1a466b4d40bce6a61e52991388" member_type: VOTER last_known_addr { host: "127.0.107.194" port: 46173 } }
W20260608 12:37:32.230538  3354 leader_election.cc:343] T d5e810ba08064f3ba94724085eac588c P 2d008fb5bee74eb1ac2c08d9371334a9 [CANDIDATE]: Term 1 election: Tablet error from VoteRequest() call to peer 830b0c0b3c544d5e838a44787d812776 (127.0.107.196:44657): Illegal state: must be running to vote when last-logged opid is not known
I20260608 12:37:32.231848  3583 ts_tablet_manager.cc:1434] T 79a80eaf32484e89a7a85a27c191d179 P c1b39f1a466b4d40bce6a61e52991388: Time spent starting tablet: real 0.015s	user 0.009s	sys 0.000s
I20260608 12:37:32.219547  3582 consensus_queue.cc:260] T 03aefc669c994fb18d47127eb77850fb P 2d008fb5bee74eb1ac2c08d9371334a9 [NON_LEADER]: Queue going to NON_LEADER mode. State: All replicated index: 0, Majority replicated index: 0, Committed index: 0, Last appended: 0.0, Last appended by leader: 0, Current term: 0, Majority size: -1, State: 0, Mode: NON_LEADER, active raft config: opid_index: -1 OBSOLETE_local: false peers { permanent_uuid: "b60295f3c8964ce09118ed22dc953c80" member_type: VOTER last_known_addr { host: "127.0.107.195" port: 39671 } } peers { permanent_uuid: "2d008fb5bee74eb1ac2c08d9371334a9" member_type: VOTER last_known_addr { host: "127.0.107.193" port: 35617 } } peers { permanent_uuid: "830b0c0b3c544d5e838a44787d812776" member_type: VOTER last_known_addr { host: "127.0.107.196" port: 44657 } }
I20260608 12:37:32.232903  3733 tablet_bootstrap.cc:654] T cefc0e7a901b4499a768d7a2c13c7bf4 P b60295f3c8964ce09118ed22dc953c80: Neither blocks nor log segments found. Creating new log.
I20260608 12:37:32.231740  3462 raft_consensus.cc:2468] T d5e810ba08064f3ba94724085eac588c P c1b39f1a466b4d40bce6a61e52991388 [term 1 FOLLOWER]: Leader election vote request: Granting yes vote for candidate 2d008fb5bee74eb1ac2c08d9371334a9 in term 1.
I20260608 12:37:32.234803  3582 ts_tablet_manager.cc:1434] T 03aefc669c994fb18d47127eb77850fb P 2d008fb5bee74eb1ac2c08d9371334a9: Time spent starting tablet: real 0.028s	user 0.009s	sys 0.001s
I20260608 12:37:32.235205  3353 leader_election.cc:304] T d5e810ba08064f3ba94724085eac588c P 2d008fb5bee74eb1ac2c08d9371334a9 [CANDIDATE]: Term 1 election: Election decided. Result: candidate won. Election summary: received 3 responses out of 3 voters: 2 yes votes; 1 no votes. yes voters: 2d008fb5bee74eb1ac2c08d9371334a9, c1b39f1a466b4d40bce6a61e52991388; no voters: 830b0c0b3c544d5e838a44787d812776
I20260608 12:37:32.242584  3733 tablet_bootstrap.cc:492] T cefc0e7a901b4499a768d7a2c13c7bf4 P b60295f3c8964ce09118ed22dc953c80: No bootstrap required, opened a new log
I20260608 12:37:32.243352  3733 ts_tablet_manager.cc:1403] T cefc0e7a901b4499a768d7a2c13c7bf4 P b60295f3c8964ce09118ed22dc953c80: Time spent bootstrapping tablet: real 0.018s	user 0.016s	sys 0.001s
I20260608 12:37:32.243777  3353 leader_election.cc:304] T 3812064cd81344c198f1fdbf0755bf54 P 2d008fb5bee74eb1ac2c08d9371334a9 [CANDIDATE]: Term 1 pre-election: Election decided. Result: candidate won. Election summary: received 2 responses out of 3 voters: 2 yes votes; 0 no votes. yes voters: 2d008fb5bee74eb1ac2c08d9371334a9, b60295f3c8964ce09118ed22dc953c80; no voters: 
I20260608 12:37:32.244997  3591 raft_consensus.cc:2804] T d5e810ba08064f3ba94724085eac588c P 2d008fb5bee74eb1ac2c08d9371334a9 [term 1 FOLLOWER]: Leader election won for term 1
I20260608 12:37:32.246739  3614 raft_consensus.cc:2804] T 3812064cd81344c198f1fdbf0755bf54 P 2d008fb5bee74eb1ac2c08d9371334a9 [term 0 FOLLOWER]: Leader pre-election won for term 1
I20260608 12:37:32.247195  3614 raft_consensus.cc:493] T 3812064cd81344c198f1fdbf0755bf54 P 2d008fb5bee74eb1ac2c08d9371334a9 [term 0 FOLLOWER]: Starting leader election (no leader contacted us within the election timeout)
I20260608 12:37:32.247663  3614 raft_consensus.cc:3060] T 3812064cd81344c198f1fdbf0755bf54 P 2d008fb5bee74eb1ac2c08d9371334a9 [term 0 FOLLOWER]: Advancing to term 1
I20260608 12:37:32.247840  3733 raft_consensus.cc:359] T cefc0e7a901b4499a768d7a2c13c7bf4 P b60295f3c8964ce09118ed22dc953c80 [term 0 FOLLOWER]: Replica starting. Triggering 0 pending ops. Active config: opid_index: -1 OBSOLETE_local: false peers { permanent_uuid: "c1b39f1a466b4d40bce6a61e52991388" member_type: VOTER last_known_addr { host: "127.0.107.194" port: 46173 } } peers { permanent_uuid: "830b0c0b3c544d5e838a44787d812776" member_type: VOTER last_known_addr { host: "127.0.107.196" port: 44657 } } peers { permanent_uuid: "b60295f3c8964ce09118ed22dc953c80" member_type: VOTER last_known_addr { host: "127.0.107.195" port: 39671 } }
I20260608 12:37:32.248625  3733 raft_consensus.cc:385] T cefc0e7a901b4499a768d7a2c13c7bf4 P b60295f3c8964ce09118ed22dc953c80 [term 0 FOLLOWER]: Consensus starting up: Expiring failure detector timer to make a prompt election more likely
I20260608 12:37:32.248906  3733 raft_consensus.cc:740] T cefc0e7a901b4499a768d7a2c13c7bf4 P b60295f3c8964ce09118ed22dc953c80 [term 0 FOLLOWER]: Becoming Follower/Learner. State: Replica: b60295f3c8964ce09118ed22dc953c80, State: Initialized, Role: FOLLOWER
I20260608 12:37:32.223840  3745 leader_election.cc:290] T 3812064cd81344c198f1fdbf0755bf54 P 2d008fb5bee74eb1ac2c08d9371334a9 [CANDIDATE]: Term 1 pre-election: Requested pre-vote from peers b60295f3c8964ce09118ed22dc953c80 (127.0.107.195:39671), 830b0c0b3c544d5e838a44787d812776 (127.0.107.196:44657)
I20260608 12:37:32.249859  3733 consensus_queue.cc:260] T cefc0e7a901b4499a768d7a2c13c7bf4 P b60295f3c8964ce09118ed22dc953c80 [NON_LEADER]: Queue going to NON_LEADER mode. State: All replicated index: 0, Majority replicated index: 0, Committed index: 0, Last appended: 0.0, Last appended by leader: 0, Current term: 0, Majority size: -1, State: 0, Mode: NON_LEADER, active raft config: opid_index: -1 OBSOLETE_local: false peers { permanent_uuid: "c1b39f1a466b4d40bce6a61e52991388" member_type: VOTER last_known_addr { host: "127.0.107.194" port: 46173 } } peers { permanent_uuid: "830b0c0b3c544d5e838a44787d812776" member_type: VOTER last_known_addr { host: "127.0.107.196" port: 44657 } } peers { permanent_uuid: "b60295f3c8964ce09118ed22dc953c80" member_type: VOTER last_known_addr { host: "127.0.107.195" port: 39671 } }
I20260608 12:37:32.252436  3733 ts_tablet_manager.cc:1434] T cefc0e7a901b4499a768d7a2c13c7bf4 P b60295f3c8964ce09118ed22dc953c80: Time spent starting tablet: real 0.009s	user 0.003s	sys 0.005s
I20260608 12:37:32.254251  3733 tablet_bootstrap.cc:492] T dd5d5b3d516d435cb78cf3a2ba7c3c69 P b60295f3c8964ce09118ed22dc953c80: Bootstrap starting.
I20260608 12:37:32.241614  3688 tablet_service.cc:1917] Received RequestConsensusVote() RPC: tablet_id: "3812064cd81344c198f1fdbf0755bf54" candidate_uuid: "2d008fb5bee74eb1ac2c08d9371334a9" candidate_term: 1 candidate_status { last_received { term: 0 index: 0 } } ignore_live_leader: false dest_uuid: "830b0c0b3c544d5e838a44787d812776" is_pre_election: true
I20260608 12:37:32.256691  3688 raft_consensus.cc:2468] T 3812064cd81344c198f1fdbf0755bf54 P 830b0c0b3c544d5e838a44787d812776 [term 0 FOLLOWER]: Leader pre-election vote request: Granting yes vote for candidate 2d008fb5bee74eb1ac2c08d9371334a9 in term 0.
I20260608 12:37:32.260003  3589 raft_consensus.cc:493] T f4aacbd3456a482c871bf5c5d46ae06a P b60295f3c8964ce09118ed22dc953c80 [term 0 FOLLOWER]: Starting pre-election (no leader contacted us within the election timeout)
I20260608 12:37:32.236241  3582 tablet_bootstrap.cc:492] T 79a80eaf32484e89a7a85a27c191d179 P 2d008fb5bee74eb1ac2c08d9371334a9: Bootstrap starting.
I20260608 12:37:32.260551  3589 raft_consensus.cc:515] T f4aacbd3456a482c871bf5c5d46ae06a P b60295f3c8964ce09118ed22dc953c80 [term 0 FOLLOWER]: Starting pre-election with config: opid_index: -1 OBSOLETE_local: false peers { permanent_uuid: "830b0c0b3c544d5e838a44787d812776" member_type: VOTER last_known_addr { host: "127.0.107.196" port: 44657 } } peers { permanent_uuid: "c1b39f1a466b4d40bce6a61e52991388" member_type: VOTER last_known_addr { host: "127.0.107.194" port: 46173 } } peers { permanent_uuid: "b60295f3c8964ce09118ed22dc953c80" member_type: VOTER last_known_addr { host: "127.0.107.195" port: 39671 } }
I20260608 12:37:32.266434  3589 leader_election.cc:290] T f4aacbd3456a482c871bf5c5d46ae06a P b60295f3c8964ce09118ed22dc953c80 [CANDIDATE]: Term 1 pre-election: Requested pre-vote from peers 830b0c0b3c544d5e838a44787d812776 (127.0.107.196:44657), c1b39f1a466b4d40bce6a61e52991388 (127.0.107.194:46173)
I20260608 12:37:32.268129  3463 tablet_service.cc:1917] Received RequestConsensusVote() RPC: tablet_id: "f4aacbd3456a482c871bf5c5d46ae06a" candidate_uuid: "b60295f3c8964ce09118ed22dc953c80" candidate_term: 1 candidate_status { last_received { term: 0 index: 0 } } ignore_live_leader: false dest_uuid: "c1b39f1a466b4d40bce6a61e52991388" is_pre_election: true
I20260608 12:37:32.268599  3582 tablet_bootstrap.cc:654] T 79a80eaf32484e89a7a85a27c191d179 P 2d008fb5bee74eb1ac2c08d9371334a9: Neither blocks nor log segments found. Creating new log.
I20260608 12:37:32.269024  3463 raft_consensus.cc:2468] T f4aacbd3456a482c871bf5c5d46ae06a P c1b39f1a466b4d40bce6a61e52991388 [term 0 FOLLOWER]: Leader pre-election vote request: Granting yes vote for candidate b60295f3c8964ce09118ed22dc953c80 in term 0.
I20260608 12:37:32.270895  3502 leader_election.cc:304] T f4aacbd3456a482c871bf5c5d46ae06a P b60295f3c8964ce09118ed22dc953c80 [CANDIDATE]: Term 1 pre-election: Election decided. Result: candidate won. Election summary: received 2 responses out of 3 voters: 2 yes votes; 0 no votes. yes voters: b60295f3c8964ce09118ed22dc953c80, c1b39f1a466b4d40bce6a61e52991388; no voters: 
I20260608 12:37:32.272817  3589 raft_consensus.cc:2804] T f4aacbd3456a482c871bf5c5d46ae06a P b60295f3c8964ce09118ed22dc953c80 [term 0 FOLLOWER]: Leader pre-election won for term 1
I20260608 12:37:32.273332  3589 raft_consensus.cc:493] T f4aacbd3456a482c871bf5c5d46ae06a P b60295f3c8964ce09118ed22dc953c80 [term 0 FOLLOWER]: Starting leader election (no leader contacted us within the election timeout)
I20260608 12:37:32.273888  3589 raft_consensus.cc:3060] T f4aacbd3456a482c871bf5c5d46ae06a P b60295f3c8964ce09118ed22dc953c80 [term 0 FOLLOWER]: Advancing to term 1
I20260608 12:37:32.274679  3733 tablet_bootstrap.cc:654] T dd5d5b3d516d435cb78cf3a2ba7c3c69 P b60295f3c8964ce09118ed22dc953c80: Neither blocks nor log segments found. Creating new log.
I20260608 12:37:32.266238  3729 leader_election.cc:290] T d5e810ba08064f3ba94724085eac588c P 2d008fb5bee74eb1ac2c08d9371334a9 [CANDIDATE]: Term 1 election: Requested vote from peers c1b39f1a466b4d40bce6a61e52991388 (127.0.107.194:46173), 830b0c0b3c544d5e838a44787d812776 (127.0.107.196:44657)
I20260608 12:37:32.289026  3589 raft_consensus.cc:515] T f4aacbd3456a482c871bf5c5d46ae06a P b60295f3c8964ce09118ed22dc953c80 [term 1 FOLLOWER]: Starting leader election with config: opid_index: -1 OBSOLETE_local: false peers { permanent_uuid: "830b0c0b3c544d5e838a44787d812776" member_type: VOTER last_known_addr { host: "127.0.107.196" port: 44657 } } peers { permanent_uuid: "c1b39f1a466b4d40bce6a61e52991388" member_type: VOTER last_known_addr { host: "127.0.107.194" port: 46173 } } peers { permanent_uuid: "b60295f3c8964ce09118ed22dc953c80" member_type: VOTER last_known_addr { host: "127.0.107.195" port: 39671 } }
I20260608 12:37:32.296023  3463 tablet_service.cc:1917] Received RequestConsensusVote() RPC: tablet_id: "f4aacbd3456a482c871bf5c5d46ae06a" candidate_uuid: "b60295f3c8964ce09118ed22dc953c80" candidate_term: 1 candidate_status { last_received { term: 0 index: 0 } } ignore_live_leader: false dest_uuid: "c1b39f1a466b4d40bce6a61e52991388"
I20260608 12:37:32.296614  3463 raft_consensus.cc:3060] T f4aacbd3456a482c871bf5c5d46ae06a P c1b39f1a466b4d40bce6a61e52991388 [term 0 FOLLOWER]: Advancing to term 1
I20260608 12:37:32.290127  3733 tablet_bootstrap.cc:492] T dd5d5b3d516d435cb78cf3a2ba7c3c69 P b60295f3c8964ce09118ed22dc953c80: No bootstrap required, opened a new log
I20260608 12:37:32.305266  3733 ts_tablet_manager.cc:1403] T dd5d5b3d516d435cb78cf3a2ba7c3c69 P b60295f3c8964ce09118ed22dc953c80: Time spent bootstrapping tablet: real 0.051s	user 0.011s	sys 0.003s
I20260608 12:37:32.305094  3463 raft_consensus.cc:2468] T f4aacbd3456a482c871bf5c5d46ae06a P c1b39f1a466b4d40bce6a61e52991388 [term 1 FOLLOWER]: Leader election vote request: Granting yes vote for candidate b60295f3c8964ce09118ed22dc953c80 in term 1.
I20260608 12:37:32.307170  3502 leader_election.cc:304] T f4aacbd3456a482c871bf5c5d46ae06a P b60295f3c8964ce09118ed22dc953c80 [CANDIDATE]: Term 1 election: Election decided. Result: candidate won. Election summary: received 2 responses out of 3 voters: 2 yes votes; 0 no votes. yes voters: b60295f3c8964ce09118ed22dc953c80, c1b39f1a466b4d40bce6a61e52991388; no voters: 
I20260608 12:37:32.308055  3594 raft_consensus.cc:2804] T f4aacbd3456a482c871bf5c5d46ae06a P b60295f3c8964ce09118ed22dc953c80 [term 1 FOLLOWER]: Leader election won for term 1
I20260608 12:37:32.308534  3594 raft_consensus.cc:697] T f4aacbd3456a482c871bf5c5d46ae06a P b60295f3c8964ce09118ed22dc953c80 [term 1 LEADER]: Becoming Leader. State: Replica: b60295f3c8964ce09118ed22dc953c80, State: Running, Role: LEADER
I20260608 12:37:32.309401  3594 consensus_queue.cc:237] T f4aacbd3456a482c871bf5c5d46ae06a P b60295f3c8964ce09118ed22dc953c80 [LEADER]: Queue going to LEADER mode. State: All replicated index: 0, Majority replicated index: 0, Committed index: 0, Last appended: 0.0, Last appended by leader: 0, Current term: 1, Majority size: 2, State: 0, Mode: LEADER, active raft config: opid_index: -1 OBSOLETE_local: false peers { permanent_uuid: "830b0c0b3c544d5e838a44787d812776" member_type: VOTER last_known_addr { host: "127.0.107.196" port: 44657 } } peers { permanent_uuid: "c1b39f1a466b4d40bce6a61e52991388" member_type: VOTER last_known_addr { host: "127.0.107.194" port: 46173 } } peers { permanent_uuid: "b60295f3c8964ce09118ed22dc953c80" member_type: VOTER last_known_addr { host: "127.0.107.195" port: 39671 } }
I20260608 12:37:32.311393  3733 raft_consensus.cc:359] T dd5d5b3d516d435cb78cf3a2ba7c3c69 P b60295f3c8964ce09118ed22dc953c80 [term 0 FOLLOWER]: Replica starting. Triggering 0 pending ops. Active config: opid_index: -1 OBSOLETE_local: false peers { permanent_uuid: "830b0c0b3c544d5e838a44787d812776" member_type: VOTER last_known_addr { host: "127.0.107.196" port: 44657 } } peers { permanent_uuid: "b60295f3c8964ce09118ed22dc953c80" member_type: VOTER last_known_addr { host: "127.0.107.195" port: 39671 } } peers { permanent_uuid: "2d008fb5bee74eb1ac2c08d9371334a9" member_type: VOTER last_known_addr { host: "127.0.107.193" port: 35617 } }
I20260608 12:37:32.312364  3733 raft_consensus.cc:385] T dd5d5b3d516d435cb78cf3a2ba7c3c69 P b60295f3c8964ce09118ed22dc953c80 [term 0 FOLLOWER]: Consensus starting up: Expiring failure detector timer to make a prompt election more likely
I20260608 12:37:32.312712  3733 raft_consensus.cc:740] T dd5d5b3d516d435cb78cf3a2ba7c3c69 P b60295f3c8964ce09118ed22dc953c80 [term 0 FOLLOWER]: Becoming Follower/Learner. State: Replica: b60295f3c8964ce09118ed22dc953c80, State: Initialized, Role: FOLLOWER
I20260608 12:37:32.313565  3733 consensus_queue.cc:260] T dd5d5b3d516d435cb78cf3a2ba7c3c69 P b60295f3c8964ce09118ed22dc953c80 [NON_LEADER]: Queue going to NON_LEADER mode. State: All replicated index: 0, Majority replicated index: 0, Committed index: 0, Last appended: 0.0, Last appended by leader: 0, Current term: 0, Majority size: -1, State: 0, Mode: NON_LEADER, active raft config: opid_index: -1 OBSOLETE_local: false peers { permanent_uuid: "830b0c0b3c544d5e838a44787d812776" member_type: VOTER last_known_addr { host: "127.0.107.196" port: 44657 } } peers { permanent_uuid: "b60295f3c8964ce09118ed22dc953c80" member_type: VOTER last_known_addr { host: "127.0.107.195" port: 39671 } } peers { permanent_uuid: "2d008fb5bee74eb1ac2c08d9371334a9" member_type: VOTER last_known_addr { host: "127.0.107.193" port: 35617 } }
I20260608 12:37:32.314152  3582 tablet_bootstrap.cc:492] T 79a80eaf32484e89a7a85a27c191d179 P 2d008fb5bee74eb1ac2c08d9371334a9: No bootstrap required, opened a new log
I20260608 12:37:32.314635  3582 ts_tablet_manager.cc:1403] T 79a80eaf32484e89a7a85a27c191d179 P 2d008fb5bee74eb1ac2c08d9371334a9: Time spent bootstrapping tablet: real 0.079s	user 0.015s	sys 0.012s
I20260608 12:37:32.316540  3733 ts_tablet_manager.cc:1434] T dd5d5b3d516d435cb78cf3a2ba7c3c69 P b60295f3c8964ce09118ed22dc953c80: Time spent starting tablet: real 0.010s	user 0.008s	sys 0.000s
I20260608 12:37:32.317534  3733 tablet_bootstrap.cc:492] T 03aefc669c994fb18d47127eb77850fb P b60295f3c8964ce09118ed22dc953c80: Bootstrap starting.
I20260608 12:37:32.317394  3582 raft_consensus.cc:359] T 79a80eaf32484e89a7a85a27c191d179 P 2d008fb5bee74eb1ac2c08d9371334a9 [term 0 FOLLOWER]: Replica starting. Triggering 0 pending ops. Active config: opid_index: -1 OBSOLETE_local: false peers { permanent_uuid: "830b0c0b3c544d5e838a44787d812776" member_type: VOTER last_known_addr { host: "127.0.107.196" port: 44657 } } peers { permanent_uuid: "2d008fb5bee74eb1ac2c08d9371334a9" member_type: VOTER last_known_addr { host: "127.0.107.193" port: 35617 } } peers { permanent_uuid: "c1b39f1a466b4d40bce6a61e52991388" member_type: VOTER last_known_addr { host: "127.0.107.194" port: 46173 } }
I20260608 12:37:32.318068  3582 raft_consensus.cc:385] T 79a80eaf32484e89a7a85a27c191d179 P 2d008fb5bee74eb1ac2c08d9371334a9 [term 0 FOLLOWER]: Consensus starting up: Expiring failure detector timer to make a prompt election more likely
I20260608 12:37:32.318337  3582 raft_consensus.cc:740] T 79a80eaf32484e89a7a85a27c191d179 P 2d008fb5bee74eb1ac2c08d9371334a9 [term 0 FOLLOWER]: Becoming Follower/Learner. State: Replica: 2d008fb5bee74eb1ac2c08d9371334a9, State: Initialized, Role: FOLLOWER
I20260608 12:37:32.319361  3589 leader_election.cc:290] T f4aacbd3456a482c871bf5c5d46ae06a P b60295f3c8964ce09118ed22dc953c80 [CANDIDATE]: Term 1 election: Requested vote from peers 830b0c0b3c544d5e838a44787d812776 (127.0.107.196:44657), c1b39f1a466b4d40bce6a61e52991388 (127.0.107.194:46173)
I20260608 12:37:32.320475  3582 consensus_queue.cc:260] T 79a80eaf32484e89a7a85a27c191d179 P 2d008fb5bee74eb1ac2c08d9371334a9 [NON_LEADER]: Queue going to NON_LEADER mode. State: All replicated index: 0, Majority replicated index: 0, Committed index: 0, Last appended: 0.0, Last appended by leader: 0, Current term: 0, Majority size: -1, State: 0, Mode: NON_LEADER, active raft config: opid_index: -1 OBSOLETE_local: false peers { permanent_uuid: "830b0c0b3c544d5e838a44787d812776" member_type: VOTER last_known_addr { host: "127.0.107.196" port: 44657 } } peers { permanent_uuid: "2d008fb5bee74eb1ac2c08d9371334a9" member_type: VOTER last_known_addr { host: "127.0.107.193" port: 35617 } } peers { permanent_uuid: "c1b39f1a466b4d40bce6a61e52991388" member_type: VOTER last_known_addr { host: "127.0.107.194" port: 46173 } }
I20260608 12:37:32.291435  3614 raft_consensus.cc:515] T 3812064cd81344c198f1fdbf0755bf54 P 2d008fb5bee74eb1ac2c08d9371334a9 [term 1 FOLLOWER]: Starting leader election with config: opid_index: -1 OBSOLETE_local: false peers { permanent_uuid: "b60295f3c8964ce09118ed22dc953c80" member_type: VOTER last_known_addr { host: "127.0.107.195" port: 39671 } } peers { permanent_uuid: "830b0c0b3c544d5e838a44787d812776" member_type: VOTER last_known_addr { host: "127.0.107.196" port: 44657 } } peers { permanent_uuid: "2d008fb5bee74eb1ac2c08d9371334a9" member_type: VOTER last_known_addr { host: "127.0.107.193" port: 35617 } }
I20260608 12:37:32.292889  3591 raft_consensus.cc:697] T d5e810ba08064f3ba94724085eac588c P 2d008fb5bee74eb1ac2c08d9371334a9 [term 1 LEADER]: Becoming Leader. State: Replica: 2d008fb5bee74eb1ac2c08d9371334a9, State: Running, Role: LEADER
I20260608 12:37:32.322489  3732 tablet_bootstrap.cc:492] T dd5d5b3d516d435cb78cf3a2ba7c3c69 P 830b0c0b3c544d5e838a44787d812776: No bootstrap required, opened a new log
I20260608 12:37:32.355000  3732 ts_tablet_manager.cc:1403] T dd5d5b3d516d435cb78cf3a2ba7c3c69 P 830b0c0b3c544d5e838a44787d812776: Time spent bootstrapping tablet: real 0.184s	user 0.029s	sys 0.039s
I20260608 12:37:32.355660  3582 ts_tablet_manager.cc:1434] T 79a80eaf32484e89a7a85a27c191d179 P 2d008fb5bee74eb1ac2c08d9371334a9: Time spent starting tablet: real 0.041s	user 0.007s	sys 0.001s
I20260608 12:37:32.328603  3729 raft_consensus.cc:493] T dd5d5b3d516d435cb78cf3a2ba7c3c69 P 2d008fb5bee74eb1ac2c08d9371334a9 [term 0 FOLLOWER]: Starting pre-election (no leader contacted us within the election timeout)
I20260608 12:37:32.359957  3688 tablet_service.cc:1917] Received RequestConsensusVote() RPC: tablet_id: "f4aacbd3456a482c871bf5c5d46ae06a" candidate_uuid: "b60295f3c8964ce09118ed22dc953c80" candidate_term: 1 candidate_status { last_received { term: 0 index: 0 } } ignore_live_leader: false dest_uuid: "830b0c0b3c544d5e838a44787d812776" is_pre_election: true
I20260608 12:37:32.360715  3687 tablet_service.cc:1917] Received RequestConsensusVote() RPC: tablet_id: "f4aacbd3456a482c871bf5c5d46ae06a" candidate_uuid: "b60295f3c8964ce09118ed22dc953c80" candidate_term: 1 candidate_status { last_received { term: 0 index: 0 } } ignore_live_leader: false dest_uuid: "830b0c0b3c544d5e838a44787d812776"
W20260608 12:37:32.361541  3503 leader_election.cc:343] T f4aacbd3456a482c871bf5c5d46ae06a P b60295f3c8964ce09118ed22dc953c80 [CANDIDATE]: Term 1 pre-election: Tablet error from VoteRequest() call to peer 830b0c0b3c544d5e838a44787d812776 (127.0.107.196:44657): Illegal state: must be running to vote when last-logged opid is not known
I20260608 12:37:32.362335  3538 tablet_service.cc:1917] Received RequestConsensusVote() RPC: tablet_id: "3812064cd81344c198f1fdbf0755bf54" candidate_uuid: "2d008fb5bee74eb1ac2c08d9371334a9" candidate_term: 1 candidate_status { last_received { term: 0 index: 0 } } ignore_live_leader: false dest_uuid: "b60295f3c8964ce09118ed22dc953c80"
