I20260608 09:49:01.931630 11343 consensus_queue.cc:237] T ef944af8207b486cb329289cfea2b6f4 P e6fd90eec4df4b7da065af95d75ce569 [LEADER]: Queue going to LEADER mode. State: All replicated index: 0, Majority replicated index: 1, Committed index: 1, Last appended: 1.1, Last appended by leader: 0, Current term: 1, Majority size: 2, State: 0, Mode: LEADER, active raft config: opid_index: 2 OBSOLETE_local: false peers { permanent_uuid: "7346e28a22064bea933b3039f28cfe4c" member_type: VOTER last_known_addr { host: "127.8.20.65" port: 46127 } } peers { permanent_uuid: "e6fd90eec4df4b7da065af95d75ce569" member_type: VOTER last_known_addr { host: "127.8.20.66" port: 34127 } } peers { permanent_uuid: "b71dd16c5c004713a857794b65757734" member_type: VOTER last_known_addr { host: "127.8.20.67" port: 46077 } attrs { replace: true } } peers { permanent_uuid: "29251f2091094e7ba09b587eef178161" member_type: NON_VOTER last_known_addr { host: "127.8.20.68" port: 39049 } attrs { promote: true } }
I20260608 09:49:01.930848 11164 catalog_manager.cc:5696] T 39a363c128e8420e8e78cbceb4978fae P 7346e28a22064bea933b3039f28cfe4c reported cstate change: config changed from index -1 to 4, NON_VOTER 29251f2091094e7ba09b587eef178161 (127.8.20.68) added. New cstate: current_term: 3 leader_uuid: "7346e28a22064bea933b3039f28cfe4c" committed_config { opid_index: 4 OBSOLETE_local: false peers { permanent_uuid: "e6fd90eec4df4b7da065af95d75ce569" member_type: VOTER last_known_addr { host: "127.8.20.66" port: 34127 } health_report { overall_health: HEALTHY } } peers { permanent_uuid: "7346e28a22064bea933b3039f28cfe4c" member_type: VOTER last_known_addr { host: "127.8.20.65" port: 46127 } health_report { overall_health: HEALTHY } } peers { permanent_uuid: "b71dd16c5c004713a857794b65757734" member_type: VOTER last_known_addr { host: "127.8.20.67" port: 46077 } attrs { replace: true } health_report { overall_health: HEALTHY } } peers { permanent_uuid: "29251f2091094e7ba09b587eef178161" member_type: NON_VOTER last_known_addr { host: "127.8.20.68" port: 39049 } attrs { promote: true } health_report { overall_health: UNKNOWN } } }
W20260608 09:49:01.941231 11310 consensus_peers.cc:597] T ef944af8207b486cb329289cfea2b6f4 P e6fd90eec4df4b7da065af95d75ce569 -> Peer 29251f2091094e7ba09b587eef178161 (127.8.20.68:39049): Couldn't send request to peer 29251f2091094e7ba09b587eef178161. Error code: TABLET_NOT_FOUND (6). Status: Not found: Tablet not found: ef944af8207b486cb329289cfea2b6f4. This is attempt 1: this message will repeat every 5th retry.
I20260608 09:49:01.943203 11268 raft_consensus.cc:1275] T ef944af8207b486cb329289cfea2b6f4 P 7346e28a22064bea933b3039f28cfe4c [term 1 FOLLOWER]: Refusing update from remote peer e6fd90eec4df4b7da065af95d75ce569: Log matching property violated. Preceding OpId in replica: term: 1 index: 1. Preceding OpId from leader: term: 1 index: 2. (index mismatch)
I20260608 09:49:01.943809 11416 raft_consensus.cc:1275] T ef944af8207b486cb329289cfea2b6f4 P b71dd16c5c004713a857794b65757734 [term 1 FOLLOWER]: Refusing update from remote peer e6fd90eec4df4b7da065af95d75ce569: Log matching property violated. Preceding OpId in replica: term: 1 index: 1. Preceding OpId from leader: term: 1 index: 2. (index mismatch)
I20260608 09:49:01.945128 11881 consensus_queue.cc:1048] T ef944af8207b486cb329289cfea2b6f4 P e6fd90eec4df4b7da065af95d75ce569 [LEADER]: Connected to new peer: Peer: permanent_uuid: "b71dd16c5c004713a857794b65757734" member_type: VOTER last_known_addr { host: "127.8.20.67" port: 46077 } attrs { replace: true }, Status: LMP_MISMATCH, Last received: 0.0, Next index: 2, Last known committed idx: 1, Time since last communication: 0.000s
I20260608 09:49:01.946729 11893 consensus_queue.cc:1048] T ef944af8207b486cb329289cfea2b6f4 P e6fd90eec4df4b7da065af95d75ce569 [LEADER]: Connected to new peer: Peer: permanent_uuid: "7346e28a22064bea933b3039f28cfe4c" member_type: VOTER last_known_addr { host: "127.8.20.65" port: 46127 }, Status: LMP_MISMATCH, Last received: 0.0, Next index: 2, Last known committed idx: 1, Time since last communication: 0.001s
I20260608 09:49:01.956477 11881 raft_consensus.cc:2955] T ef944af8207b486cb329289cfea2b6f4 P e6fd90eec4df4b7da065af95d75ce569 [term 1 LEADER]: Committing config change with OpId 1.2: config changed from index -1 to 2, NON_VOTER 29251f2091094e7ba09b587eef178161 (127.8.20.68) added. New config: { opid_index: 2 OBSOLETE_local: false peers { permanent_uuid: "7346e28a22064bea933b3039f28cfe4c" member_type: VOTER last_known_addr { host: "127.8.20.65" port: 46127 } } peers { permanent_uuid: "e6fd90eec4df4b7da065af95d75ce569" member_type: VOTER last_known_addr { host: "127.8.20.66" port: 34127 } } peers { permanent_uuid: "b71dd16c5c004713a857794b65757734" member_type: VOTER last_known_addr { host: "127.8.20.67" port: 46077 } attrs { replace: true } } peers { permanent_uuid: "29251f2091094e7ba09b587eef178161" member_type: NON_VOTER last_known_addr { host: "127.8.20.68" port: 39049 } attrs { promote: true } } }
I20260608 09:49:01.958838 11416 raft_consensus.cc:2955] T ef944af8207b486cb329289cfea2b6f4 P b71dd16c5c004713a857794b65757734 [term 1 FOLLOWER]: Committing config change with OpId 1.2: config changed from index -1 to 2, NON_VOTER 29251f2091094e7ba09b587eef178161 (127.8.20.68) added. New config: { opid_index: 2 OBSOLETE_local: false peers { permanent_uuid: "7346e28a22064bea933b3039f28cfe4c" member_type: VOTER last_known_addr { host: "127.8.20.65" port: 46127 } } peers { permanent_uuid: "e6fd90eec4df4b7da065af95d75ce569" member_type: VOTER last_known_addr { host: "127.8.20.66" port: 34127 } } peers { permanent_uuid: "b71dd16c5c004713a857794b65757734" member_type: VOTER last_known_addr { host: "127.8.20.67" port: 46077 } attrs { replace: true } } peers { permanent_uuid: "29251f2091094e7ba09b587eef178161" member_type: NON_VOTER last_known_addr { host: "127.8.20.68" port: 39049 } attrs { promote: true } } }
I20260608 09:49:01.977124 11163 catalog_manager.cc:5696] T ef944af8207b486cb329289cfea2b6f4 P b71dd16c5c004713a857794b65757734 reported cstate change: config changed from index -1 to 2, NON_VOTER 29251f2091094e7ba09b587eef178161 (127.8.20.68) added. New cstate: current_term: 1 leader_uuid: "e6fd90eec4df4b7da065af95d75ce569" committed_config { opid_index: 2 OBSOLETE_local: false peers { permanent_uuid: "7346e28a22064bea933b3039f28cfe4c" member_type: VOTER last_known_addr { host: "127.8.20.65" port: 46127 } } peers { permanent_uuid: "e6fd90eec4df4b7da065af95d75ce569" member_type: VOTER last_known_addr { host: "127.8.20.66" port: 34127 } } peers { permanent_uuid: "b71dd16c5c004713a857794b65757734" member_type: VOTER last_known_addr { host: "127.8.20.67" port: 46077 } attrs { replace: true } } peers { permanent_uuid: "29251f2091094e7ba09b587eef178161" member_type: NON_VOTER last_known_addr { host: "127.8.20.68" port: 39049 } attrs { promote: true } } }
I20260608 09:49:01.977286 11268 raft_consensus.cc:2955] T ef944af8207b486cb329289cfea2b6f4 P 7346e28a22064bea933b3039f28cfe4c [term 1 FOLLOWER]: Committing config change with OpId 1.2: config changed from index -1 to 2, NON_VOTER 29251f2091094e7ba09b587eef178161 (127.8.20.68) added. New config: { opid_index: 2 OBSOLETE_local: false peers { permanent_uuid: "7346e28a22064bea933b3039f28cfe4c" member_type: VOTER last_known_addr { host: "127.8.20.65" port: 46127 } } peers { permanent_uuid: "e6fd90eec4df4b7da065af95d75ce569" member_type: VOTER last_known_addr { host: "127.8.20.66" port: 34127 } } peers { permanent_uuid: "b71dd16c5c004713a857794b65757734" member_type: VOTER last_known_addr { host: "127.8.20.67" port: 46077 } attrs { replace: true } } peers { permanent_uuid: "29251f2091094e7ba09b587eef178161" member_type: NON_VOTER last_known_addr { host: "127.8.20.68" port: 39049 } attrs { promote: true } } }
I20260608 09:49:01.981123 11343 consensus_queue.cc:237] T dd926e0b17f64c16841febfe355b94c9 P e6fd90eec4df4b7da065af95d75ce569 [LEADER]: Queue going to LEADER mode. State: All replicated index: 0, Majority replicated index: 1, Committed index: 1, Last appended: 1.1, Last appended by leader: 0, Current term: 1, Majority size: 2, State: 0, Mode: LEADER, active raft config: opid_index: 2 OBSOLETE_local: false peers { permanent_uuid: "7346e28a22064bea933b3039f28cfe4c" member_type: VOTER last_known_addr { host: "127.8.20.65" port: 46127 } attrs { replace: true } } peers { permanent_uuid: "e6fd90eec4df4b7da065af95d75ce569" member_type: VOTER last_known_addr { host: "127.8.20.66" port: 34127 } } peers { permanent_uuid: "b71dd16c5c004713a857794b65757734" member_type: VOTER last_known_addr { host: "127.8.20.67" port: 46077 } } peers { permanent_uuid: "29251f2091094e7ba09b587eef178161" member_type: NON_VOTER last_known_addr { host: "127.8.20.68" port: 39049 } attrs { promote: true } }
I20260608 09:49:01.992051 11416 raft_consensus.cc:1275] T dd926e0b17f64c16841febfe355b94c9 P b71dd16c5c004713a857794b65757734 [term 1 FOLLOWER]: Refusing update from remote peer e6fd90eec4df4b7da065af95d75ce569: Log matching property violated. Preceding OpId in replica: term: 1 index: 1. Preceding OpId from leader: term: 1 index: 2. (index mismatch)
W20260608 09:49:01.993283 11310 consensus_peers.cc:597] T dd926e0b17f64c16841febfe355b94c9 P e6fd90eec4df4b7da065af95d75ce569 -> Peer 29251f2091094e7ba09b587eef178161 (127.8.20.68:39049): Couldn't send request to peer 29251f2091094e7ba09b587eef178161. Error code: TABLET_NOT_FOUND (6). Status: Not found: Tablet not found: dd926e0b17f64c16841febfe355b94c9. This is attempt 1: this message will repeat every 5th retry.
I20260608 09:49:01.995393 11893 consensus_queue.cc:1048] T dd926e0b17f64c16841febfe355b94c9 P e6fd90eec4df4b7da065af95d75ce569 [LEADER]: Connected to new peer: Peer: permanent_uuid: "b71dd16c5c004713a857794b65757734" member_type: VOTER last_known_addr { host: "127.8.20.67" port: 46077 }, Status: LMP_MISMATCH, Last received: 0.0, Next index: 2, Last known committed idx: 1, Time since last communication: 0.000s
I20260608 09:49:01.997524 11268 raft_consensus.cc:1275] T dd926e0b17f64c16841febfe355b94c9 P 7346e28a22064bea933b3039f28cfe4c [term 1 FOLLOWER]: Refusing update from remote peer e6fd90eec4df4b7da065af95d75ce569: Log matching property violated. Preceding OpId in replica: term: 1 index: 1. Preceding OpId from leader: term: 1 index: 2. (index mismatch)
I20260608 09:49:01.999442 11893 consensus_queue.cc:1048] T dd926e0b17f64c16841febfe355b94c9 P e6fd90eec4df4b7da065af95d75ce569 [LEADER]: Connected to new peer: Peer: permanent_uuid: "7346e28a22064bea933b3039f28cfe4c" member_type: VOTER last_known_addr { host: "127.8.20.65" port: 46127 } attrs { replace: true }, Status: LMP_MISMATCH, Last received: 0.0, Next index: 2, Last known committed idx: 1, Time since last communication: 0.000s
I20260608 09:49:02.004297 11843 raft_consensus.cc:2955] T dd926e0b17f64c16841febfe355b94c9 P e6fd90eec4df4b7da065af95d75ce569 [term 1 LEADER]: Committing config change with OpId 1.2: config changed from index -1 to 2, NON_VOTER 29251f2091094e7ba09b587eef178161 (127.8.20.68) added. New config: { opid_index: 2 OBSOLETE_local: false peers { permanent_uuid: "7346e28a22064bea933b3039f28cfe4c" member_type: VOTER last_known_addr { host: "127.8.20.65" port: 46127 } attrs { replace: true } } peers { permanent_uuid: "e6fd90eec4df4b7da065af95d75ce569" member_type: VOTER last_known_addr { host: "127.8.20.66" port: 34127 } } peers { permanent_uuid: "b71dd16c5c004713a857794b65757734" member_type: VOTER last_known_addr { host: "127.8.20.67" port: 46077 } } peers { permanent_uuid: "29251f2091094e7ba09b587eef178161" member_type: NON_VOTER last_known_addr { host: "127.8.20.68" port: 39049 } attrs { promote: true } } }
I20260608 09:49:02.006637 11416 raft_consensus.cc:2955] T dd926e0b17f64c16841febfe355b94c9 P b71dd16c5c004713a857794b65757734 [term 1 FOLLOWER]: Committing config change with OpId 1.2: config changed from index -1 to 2, NON_VOTER 29251f2091094e7ba09b587eef178161 (127.8.20.68) added. New config: { opid_index: 2 OBSOLETE_local: false peers { permanent_uuid: "7346e28a22064bea933b3039f28cfe4c" member_type: VOTER last_known_addr { host: "127.8.20.65" port: 46127 } attrs { replace: true } } peers { permanent_uuid: "e6fd90eec4df4b7da065af95d75ce569" member_type: VOTER last_known_addr { host: "127.8.20.66" port: 34127 } } peers { permanent_uuid: "b71dd16c5c004713a857794b65757734" member_type: VOTER last_known_addr { host: "127.8.20.67" port: 46077 } } peers { permanent_uuid: "29251f2091094e7ba09b587eef178161" member_type: NON_VOTER last_known_addr { host: "127.8.20.68" port: 39049 } attrs { promote: true } } }
I20260608 09:49:02.011534 11268 raft_consensus.cc:2955] T dd926e0b17f64c16841febfe355b94c9 P 7346e28a22064bea933b3039f28cfe4c [term 1 FOLLOWER]: Committing config change with OpId 1.2: config changed from index -1 to 2, NON_VOTER 29251f2091094e7ba09b587eef178161 (127.8.20.68) added. New config: { opid_index: 2 OBSOLETE_local: false peers { permanent_uuid: "7346e28a22064bea933b3039f28cfe4c" member_type: VOTER last_known_addr { host: "127.8.20.65" port: 46127 } attrs { replace: true } } peers { permanent_uuid: "e6fd90eec4df4b7da065af95d75ce569" member_type: VOTER last_known_addr { host: "127.8.20.66" port: 34127 } } peers { permanent_uuid: "b71dd16c5c004713a857794b65757734" member_type: VOTER last_known_addr { host: "127.8.20.67" port: 46077 } } peers { permanent_uuid: "29251f2091094e7ba09b587eef178161" member_type: NON_VOTER last_known_addr { host: "127.8.20.68" port: 39049 } attrs { promote: true } } }
I20260608 09:49:02.019969 11163 catalog_manager.cc:5696] T dd926e0b17f64c16841febfe355b94c9 P b71dd16c5c004713a857794b65757734 reported cstate change: config changed from index -1 to 2, NON_VOTER 29251f2091094e7ba09b587eef178161 (127.8.20.68) added. New cstate: current_term: 1 leader_uuid: "e6fd90eec4df4b7da065af95d75ce569" committed_config { opid_index: 2 OBSOLETE_local: false peers { permanent_uuid: "7346e28a22064bea933b3039f28cfe4c" member_type: VOTER last_known_addr { host: "127.8.20.65" port: 46127 } attrs { replace: true } } peers { permanent_uuid: "e6fd90eec4df4b7da065af95d75ce569" member_type: VOTER last_known_addr { host: "127.8.20.66" port: 34127 } } peers { permanent_uuid: "b71dd16c5c004713a857794b65757734" member_type: VOTER last_known_addr { host: "127.8.20.67" port: 46077 } } peers { permanent_uuid: "29251f2091094e7ba09b587eef178161" member_type: NON_VOTER last_known_addr { host: "127.8.20.68" port: 39049 } attrs { promote: true } } }
I20260608 09:49:02.291873 11901 ts_tablet_manager.cc:933] T 47e7f74342f34d70a7d5eaaacbf96642 P 29251f2091094e7ba09b587eef178161: Initiating tablet copy from peer 7346e28a22064bea933b3039f28cfe4c (127.8.20.65:46127)
I20260608 09:49:02.294085 11901 tablet_copy_client.cc:323] T 47e7f74342f34d70a7d5eaaacbf96642 P 29251f2091094e7ba09b587eef178161: tablet copy: Beginning tablet copy session from remote peer at address 127.8.20.65:46127
I20260608 09:49:02.296855 11279 tablet_copy_service.cc:140] P 7346e28a22064bea933b3039f28cfe4c: Received BeginTabletCopySession request for tablet 47e7f74342f34d70a7d5eaaacbf96642 from peer 29251f2091094e7ba09b587eef178161 ({username='slave'} at 127.0.0.1:37040)
I20260608 09:49:02.297506 11279 tablet_copy_service.cc:161] P 7346e28a22064bea933b3039f28cfe4c: Beginning new tablet copy session on tablet 47e7f74342f34d70a7d5eaaacbf96642 from peer 29251f2091094e7ba09b587eef178161 at {username='slave'} at 127.0.0.1:37040: session id = 29251f2091094e7ba09b587eef178161-47e7f74342f34d70a7d5eaaacbf96642
I20260608 09:49:02.303884 11279 tablet_copy_source_session.cc:215] T 47e7f74342f34d70a7d5eaaacbf96642 P 7346e28a22064bea933b3039f28cfe4c: Tablet Copy: opened 0 blocks and 1 log segments
I20260608 09:49:02.307453 11901 data_dirs.cc:400] Could only allocate 1 dirs of requested 3 for tablet 47e7f74342f34d70a7d5eaaacbf96642. 1 dirs total, 0 dirs full, 0 dirs failed
I20260608 09:49:02.325033 11901 tablet_copy_client.cc:806] T 47e7f74342f34d70a7d5eaaacbf96642 P 29251f2091094e7ba09b587eef178161: tablet copy: Starting download of 0 data blocks...
I20260608 09:49:02.325768 11901 tablet_copy_client.cc:670] T 47e7f74342f34d70a7d5eaaacbf96642 P 29251f2091094e7ba09b587eef178161: tablet copy: Starting download of 1 WAL segments...
I20260608 09:49:02.331220 11901 tablet_copy_client.cc:538] T 47e7f74342f34d70a7d5eaaacbf96642 P 29251f2091094e7ba09b587eef178161: tablet copy: Tablet Copy complete. Replacing tablet superblock.
I20260608 09:49:02.341028 11901 tablet_bootstrap.cc:492] T 47e7f74342f34d70a7d5eaaacbf96642 P 29251f2091094e7ba09b587eef178161: Bootstrap starting.
I20260608 09:49:02.363936 11901 tablet_bootstrap.cc:492] T 47e7f74342f34d70a7d5eaaacbf96642 P 29251f2091094e7ba09b587eef178161: Bootstrap replayed 1/1 log segments. Stats: ops{read=2 overwritten=0 applied=2 ignored=0} inserts{seen=0 ignored=0} mutations{seen=0 ignored=0} orphaned_commits=0. Pending: 0 replicates
I20260608 09:49:02.364756 11901 tablet_bootstrap.cc:492] T 47e7f74342f34d70a7d5eaaacbf96642 P 29251f2091094e7ba09b587eef178161: Bootstrap complete.
I20260608 09:49:02.365372 11901 ts_tablet_manager.cc:1403] T 47e7f74342f34d70a7d5eaaacbf96642 P 29251f2091094e7ba09b587eef178161: Time spent bootstrapping tablet: real 0.025s	user 0.019s	sys 0.004s
I20260608 09:49:02.368568 11901 raft_consensus.cc:359] T 47e7f74342f34d70a7d5eaaacbf96642 P 29251f2091094e7ba09b587eef178161 [term 1 LEARNER]: Replica starting. Triggering 0 pending ops. Active config: opid_index: 2 OBSOLETE_local: false peers { permanent_uuid: "e6fd90eec4df4b7da065af95d75ce569" member_type: VOTER last_known_addr { host: "127.8.20.66" port: 34127 } attrs { replace: true } } peers { permanent_uuid: "7346e28a22064bea933b3039f28cfe4c" member_type: VOTER last_known_addr { host: "127.8.20.65" port: 46127 } } peers { permanent_uuid: "b71dd16c5c004713a857794b65757734" member_type: VOTER last_known_addr { host: "127.8.20.67" port: 46077 } } peers { permanent_uuid: "29251f2091094e7ba09b587eef178161" member_type: NON_VOTER last_known_addr { host: "127.8.20.68" port: 39049 } attrs { promote: true } }
I20260608 09:49:02.369256 11901 raft_consensus.cc:740] T 47e7f74342f34d70a7d5eaaacbf96642 P 29251f2091094e7ba09b587eef178161 [term 1 LEARNER]: Becoming Follower/Learner. State: Replica: 29251f2091094e7ba09b587eef178161, State: Initialized, Role: LEARNER
I20260608 09:49:02.369896 11901 consensus_queue.cc:260] T 47e7f74342f34d70a7d5eaaacbf96642 P 29251f2091094e7ba09b587eef178161 [NON_LEADER]: Queue going to NON_LEADER mode. State: All replicated index: 0, Majority replicated index: 0, Committed index: 2, Last appended: 1.2, Last appended by leader: 2, Current term: 0, Majority size: -1, State: 0, Mode: NON_LEADER, active raft config: opid_index: 2 OBSOLETE_local: false peers { permanent_uuid: "e6fd90eec4df4b7da065af95d75ce569" member_type: VOTER last_known_addr { host: "127.8.20.66" port: 34127 } attrs { replace: true } } peers { permanent_uuid: "7346e28a22064bea933b3039f28cfe4c" member_type: VOTER last_known_addr { host: "127.8.20.65" port: 46127 } } peers { permanent_uuid: "b71dd16c5c004713a857794b65757734" member_type: VOTER last_known_addr { host: "127.8.20.67" port: 46077 } } peers { permanent_uuid: "29251f2091094e7ba09b587eef178161" member_type: NON_VOTER last_known_addr { host: "127.8.20.68" port: 39049 } attrs { promote: true } }
I20260608 09:49:02.372375 11901 ts_tablet_manager.cc:1434] T 47e7f74342f34d70a7d5eaaacbf96642 P 29251f2091094e7ba09b587eef178161: Time spent starting tablet: real 0.007s	user 0.004s	sys 0.000s
I20260608 09:49:02.374881 11279 tablet_copy_service.cc:342] P 7346e28a22064bea933b3039f28cfe4c: Request end of tablet copy session 29251f2091094e7ba09b587eef178161-47e7f74342f34d70a7d5eaaacbf96642 received from {username='slave'} at 127.0.0.1:37040
I20260608 09:49:02.375406 11279 tablet_copy_service.cc:434] P 7346e28a22064bea933b3039f28cfe4c: ending tablet copy session 29251f2091094e7ba09b587eef178161-47e7f74342f34d70a7d5eaaacbf96642 on tablet 47e7f74342f34d70a7d5eaaacbf96642 with peer 29251f2091094e7ba09b587eef178161
I20260608 09:49:02.502100 11901 ts_tablet_manager.cc:933] T 39a363c128e8420e8e78cbceb4978fae P 29251f2091094e7ba09b587eef178161: Initiating tablet copy from peer 7346e28a22064bea933b3039f28cfe4c (127.8.20.65:46127)
I20260608 09:49:02.503823 11901 tablet_copy_client.cc:323] T 39a363c128e8420e8e78cbceb4978fae P 29251f2091094e7ba09b587eef178161: tablet copy: Beginning tablet copy session from remote peer at address 127.8.20.65:46127
I20260608 09:49:02.505723 11279 tablet_copy_service.cc:140] P 7346e28a22064bea933b3039f28cfe4c: Received BeginTabletCopySession request for tablet 39a363c128e8420e8e78cbceb4978fae from peer 29251f2091094e7ba09b587eef178161 ({username='slave'} at 127.0.0.1:37040)
I20260608 09:49:02.506232 11279 tablet_copy_service.cc:161] P 7346e28a22064bea933b3039f28cfe4c: Beginning new tablet copy session on tablet 39a363c128e8420e8e78cbceb4978fae from peer 29251f2091094e7ba09b587eef178161 at {username='slave'} at 127.0.0.1:37040: session id = 29251f2091094e7ba09b587eef178161-39a363c128e8420e8e78cbceb4978fae
I20260608 09:49:02.512670 11279 tablet_copy_source_session.cc:215] T 39a363c128e8420e8e78cbceb4978fae P 7346e28a22064bea933b3039f28cfe4c: Tablet Copy: opened 0 blocks and 1 log segments
I20260608 09:49:02.515450 11901 data_dirs.cc:400] Could only allocate 1 dirs of requested 3 for tablet 39a363c128e8420e8e78cbceb4978fae. 1 dirs total, 0 dirs full, 0 dirs failed
I20260608 09:49:02.520197 11905 ts_tablet_manager.cc:933] T dd926e0b17f64c16841febfe355b94c9 P 29251f2091094e7ba09b587eef178161: Initiating tablet copy from peer e6fd90eec4df4b7da065af95d75ce569 (127.8.20.66:34127)
I20260608 09:49:02.522195 11905 tablet_copy_client.cc:323] T dd926e0b17f64c16841febfe355b94c9 P 29251f2091094e7ba09b587eef178161: tablet copy: Beginning tablet copy session from remote peer at address 127.8.20.66:34127
I20260608 09:49:02.524492 11355 tablet_copy_service.cc:140] P e6fd90eec4df4b7da065af95d75ce569: Received BeginTabletCopySession request for tablet dd926e0b17f64c16841febfe355b94c9 from peer 29251f2091094e7ba09b587eef178161 ({username='slave'} at 127.0.0.1:55676)
I20260608 09:49:02.525146 11355 tablet_copy_service.cc:161] P e6fd90eec4df4b7da065af95d75ce569: Beginning new tablet copy session on tablet dd926e0b17f64c16841febfe355b94c9 from peer 29251f2091094e7ba09b587eef178161 at {username='slave'} at 127.0.0.1:55676: session id = 29251f2091094e7ba09b587eef178161-dd926e0b17f64c16841febfe355b94c9
I20260608 09:49:02.535544 11901 tablet_copy_client.cc:806] T 39a363c128e8420e8e78cbceb4978fae P 29251f2091094e7ba09b587eef178161: tablet copy: Starting download of 0 data blocks...
I20260608 09:49:02.536113 11901 tablet_copy_client.cc:670] T 39a363c128e8420e8e78cbceb4978fae P 29251f2091094e7ba09b587eef178161: tablet copy: Starting download of 1 WAL segments...
I20260608 09:49:02.536646 11355 tablet_copy_source_session.cc:215] T dd926e0b17f64c16841febfe355b94c9 P e6fd90eec4df4b7da065af95d75ce569: Tablet Copy: opened 0 blocks and 1 log segments
I20260608 09:49:02.540055 11901 tablet_copy_client.cc:538] T 39a363c128e8420e8e78cbceb4978fae P 29251f2091094e7ba09b587eef178161: tablet copy: Tablet Copy complete. Replacing tablet superblock.
I20260608 09:49:02.540154 11905 data_dirs.cc:400] Could only allocate 1 dirs of requested 3 for tablet dd926e0b17f64c16841febfe355b94c9. 1 dirs total, 0 dirs full, 0 dirs failed
I20260608 09:49:02.550761 11901 tablet_bootstrap.cc:492] T 39a363c128e8420e8e78cbceb4978fae P 29251f2091094e7ba09b587eef178161: Bootstrap starting.
I20260608 09:49:02.558218 11905 tablet_copy_client.cc:806] T dd926e0b17f64c16841febfe355b94c9 P 29251f2091094e7ba09b587eef178161: tablet copy: Starting download of 0 data blocks...
I20260608 09:49:02.558838 11905 tablet_copy_client.cc:670] T dd926e0b17f64c16841febfe355b94c9 P 29251f2091094e7ba09b587eef178161: tablet copy: Starting download of 1 WAL segments...
I20260608 09:49:02.564477 11905 tablet_copy_client.cc:538] T dd926e0b17f64c16841febfe355b94c9 P 29251f2091094e7ba09b587eef178161: tablet copy: Tablet Copy complete. Replacing tablet superblock.
I20260608 09:49:02.576067 11905 tablet_bootstrap.cc:492] T dd926e0b17f64c16841febfe355b94c9 P 29251f2091094e7ba09b587eef178161: Bootstrap starting.
I20260608 09:49:02.589237 11901 tablet_bootstrap.cc:492] T 39a363c128e8420e8e78cbceb4978fae P 29251f2091094e7ba09b587eef178161: Bootstrap replayed 1/1 log segments. Stats: ops{read=4 overwritten=0 applied=4 ignored=0} inserts{seen=0 ignored=0} mutations{seen=0 ignored=0} orphaned_commits=0. Pending: 0 replicates
I20260608 09:49:02.590319 11901 tablet_bootstrap.cc:492] T 39a363c128e8420e8e78cbceb4978fae P 29251f2091094e7ba09b587eef178161: Bootstrap complete.
I20260608 09:49:02.591032 11901 ts_tablet_manager.cc:1403] T 39a363c128e8420e8e78cbceb4978fae P 29251f2091094e7ba09b587eef178161: Time spent bootstrapping tablet: real 0.040s	user 0.025s	sys 0.011s
I20260608 09:49:02.591871 11907 ts_tablet_manager.cc:933] T ef944af8207b486cb329289cfea2b6f4 P 29251f2091094e7ba09b587eef178161: Initiating tablet copy from peer e6fd90eec4df4b7da065af95d75ce569 (127.8.20.66:34127)
I20260608 09:49:02.594359 11901 raft_consensus.cc:359] T 39a363c128e8420e8e78cbceb4978fae P 29251f2091094e7ba09b587eef178161 [term 3 LEARNER]: Replica starting. Triggering 0 pending ops. Active config: opid_index: 4 OBSOLETE_local: false peers { permanent_uuid: "e6fd90eec4df4b7da065af95d75ce569" member_type: VOTER last_known_addr { host: "127.8.20.66" port: 34127 } } peers { permanent_uuid: "7346e28a22064bea933b3039f28cfe4c" member_type: VOTER last_known_addr { host: "127.8.20.65" port: 46127 } } peers { permanent_uuid: "b71dd16c5c004713a857794b65757734" member_type: VOTER last_known_addr { host: "127.8.20.67" port: 46077 } attrs { replace: true } } peers { permanent_uuid: "29251f2091094e7ba09b587eef178161" member_type: NON_VOTER last_known_addr { host: "127.8.20.68" port: 39049 } attrs { promote: true } }
I20260608 09:49:02.595371 11901 raft_consensus.cc:740] T 39a363c128e8420e8e78cbceb4978fae P 29251f2091094e7ba09b587eef178161 [term 3 LEARNER]: Becoming Follower/Learner. State: Replica: 29251f2091094e7ba09b587eef178161, State: Initialized, Role: LEARNER
I20260608 09:49:02.596076 11901 consensus_queue.cc:260] T 39a363c128e8420e8e78cbceb4978fae P 29251f2091094e7ba09b587eef178161 [NON_LEADER]: Queue going to NON_LEADER mode. State: All replicated index: 0, Majority replicated index: 0, Committed index: 4, Last appended: 3.4, Last appended by leader: 4, Current term: 0, Majority size: -1, State: 0, Mode: NON_LEADER, active raft config: opid_index: 4 OBSOLETE_local: false peers { permanent_uuid: "e6fd90eec4df4b7da065af95d75ce569" member_type: VOTER last_known_addr { host: "127.8.20.66" port: 34127 } } peers { permanent_uuid: "7346e28a22064bea933b3039f28cfe4c" member_type: VOTER last_known_addr { host: "127.8.20.65" port: 46127 } } peers { permanent_uuid: "b71dd16c5c004713a857794b65757734" member_type: VOTER last_known_addr { host: "127.8.20.67" port: 46077 } attrs { replace: true } } peers { permanent_uuid: "29251f2091094e7ba09b587eef178161" member_type: NON_VOTER last_known_addr { host: "127.8.20.68" port: 39049 } attrs { promote: true } }
I20260608 09:49:02.601130 11901 ts_tablet_manager.cc:1434] T 39a363c128e8420e8e78cbceb4978fae P 29251f2091094e7ba09b587eef178161: Time spent starting tablet: real 0.010s	user 0.007s	sys 0.001s
I20260608 09:49:02.603389 11279 tablet_copy_service.cc:342] P 7346e28a22064bea933b3039f28cfe4c: Request end of tablet copy session 29251f2091094e7ba09b587eef178161-39a363c128e8420e8e78cbceb4978fae received from {username='slave'} at 127.0.0.1:37040
I20260608 09:49:02.603870 11279 tablet_copy_service.cc:434] P 7346e28a22064bea933b3039f28cfe4c: ending tablet copy session 29251f2091094e7ba09b587eef178161-39a363c128e8420e8e78cbceb4978fae on tablet 39a363c128e8420e8e78cbceb4978fae with peer 29251f2091094e7ba09b587eef178161
I20260608 09:49:02.603904 11907 tablet_copy_client.cc:323] T ef944af8207b486cb329289cfea2b6f4 P 29251f2091094e7ba09b587eef178161: tablet copy: Beginning tablet copy session from remote peer at address 127.8.20.66:34127
I20260608 09:49:02.608086 11355 tablet_copy_service.cc:140] P e6fd90eec4df4b7da065af95d75ce569: Received BeginTabletCopySession request for tablet ef944af8207b486cb329289cfea2b6f4 from peer 29251f2091094e7ba09b587eef178161 ({username='slave'} at 127.0.0.1:55676)
I20260608 09:49:02.608690 11355 tablet_copy_service.cc:161] P e6fd90eec4df4b7da065af95d75ce569: Beginning new tablet copy session on tablet ef944af8207b486cb329289cfea2b6f4 from peer 29251f2091094e7ba09b587eef178161 at {username='slave'} at 127.0.0.1:55676: session id = 29251f2091094e7ba09b587eef178161-ef944af8207b486cb329289cfea2b6f4
I20260608 09:49:02.616976 11355 tablet_copy_source_session.cc:215] T ef944af8207b486cb329289cfea2b6f4 P e6fd90eec4df4b7da065af95d75ce569: Tablet Copy: opened 0 blocks and 1 log segments
I20260608 09:49:02.617597 11905 tablet_bootstrap.cc:492] T dd926e0b17f64c16841febfe355b94c9 P 29251f2091094e7ba09b587eef178161: Bootstrap replayed 1/1 log segments. Stats: ops{read=2 overwritten=0 applied=2 ignored=0} inserts{seen=0 ignored=0} mutations{seen=0 ignored=0} orphaned_commits=0. Pending: 0 replicates
I20260608 09:49:02.618530 11905 tablet_bootstrap.cc:492] T dd926e0b17f64c16841febfe355b94c9 P 29251f2091094e7ba09b587eef178161: Bootstrap complete.
I20260608 09:49:02.619194 11905 ts_tablet_manager.cc:1403] T dd926e0b17f64c16841febfe355b94c9 P 29251f2091094e7ba09b587eef178161: Time spent bootstrapping tablet: real 0.043s	user 0.022s	sys 0.012s
I20260608 09:49:02.620281 11907 data_dirs.cc:400] Could only allocate 1 dirs of requested 3 for tablet ef944af8207b486cb329289cfea2b6f4. 1 dirs total, 0 dirs full, 0 dirs failed
I20260608 09:49:02.622429 11905 raft_consensus.cc:359] T dd926e0b17f64c16841febfe355b94c9 P 29251f2091094e7ba09b587eef178161 [term 1 LEARNER]: Replica starting. Triggering 0 pending ops. Active config: opid_index: 2 OBSOLETE_local: false peers { permanent_uuid: "7346e28a22064bea933b3039f28cfe4c" member_type: VOTER last_known_addr { host: "127.8.20.65" port: 46127 } attrs { replace: true } } peers { permanent_uuid: "e6fd90eec4df4b7da065af95d75ce569" member_type: VOTER last_known_addr { host: "127.8.20.66" port: 34127 } } peers { permanent_uuid: "b71dd16c5c004713a857794b65757734" member_type: VOTER last_known_addr { host: "127.8.20.67" port: 46077 } } peers { permanent_uuid: "29251f2091094e7ba09b587eef178161" member_type: NON_VOTER last_known_addr { host: "127.8.20.68" port: 39049 } attrs { promote: true } }
I20260608 09:49:02.623324 11905 raft_consensus.cc:740] T dd926e0b17f64c16841febfe355b94c9 P 29251f2091094e7ba09b587eef178161 [term 1 LEARNER]: Becoming Follower/Learner. State: Replica: 29251f2091094e7ba09b587eef178161, State: Initialized, Role: LEARNER
I20260608 09:49:02.624042 11905 consensus_queue.cc:260] T dd926e0b17f64c16841febfe355b94c9 P 29251f2091094e7ba09b587eef178161 [NON_LEADER]: Queue going to NON_LEADER mode. State: All replicated index: 0, Majority replicated index: 0, Committed index: 2, Last appended: 1.2, Last appended by leader: 2, Current term: 0, Majority size: -1, State: 0, Mode: NON_LEADER, active raft config: opid_index: 2 OBSOLETE_local: false peers { permanent_uuid: "7346e28a22064bea933b3039f28cfe4c" member_type: VOTER last_known_addr { host: "127.8.20.65" port: 46127 } attrs { replace: true } } peers { permanent_uuid: "e6fd90eec4df4b7da065af95d75ce569" member_type: VOTER last_known_addr { host: "127.8.20.66" port: 34127 } } peers { permanent_uuid: "b71dd16c5c004713a857794b65757734" member_type: VOTER last_known_addr { host: "127.8.20.67" port: 46077 } } peers { permanent_uuid: "29251f2091094e7ba09b587eef178161" member_type: NON_VOTER last_known_addr { host: "127.8.20.68" port: 39049 } attrs { promote: true } }
I20260608 09:49:02.626720 11905 ts_tablet_manager.cc:1434] T dd926e0b17f64c16841febfe355b94c9 P 29251f2091094e7ba09b587eef178161: Time spent starting tablet: real 0.007s	user 0.008s	sys 0.000s
I20260608 09:49:02.629305 11355 tablet_copy_service.cc:342] P e6fd90eec4df4b7da065af95d75ce569: Request end of tablet copy session 29251f2091094e7ba09b587eef178161-dd926e0b17f64c16841febfe355b94c9 received from {username='slave'} at 127.0.0.1:55676
I20260608 09:49:02.629850 11355 tablet_copy_service.cc:434] P e6fd90eec4df4b7da065af95d75ce569: ending tablet copy session 29251f2091094e7ba09b587eef178161-dd926e0b17f64c16841febfe355b94c9 on tablet dd926e0b17f64c16841febfe355b94c9 with peer 29251f2091094e7ba09b587eef178161
I20260608 09:49:02.638588 11907 tablet_copy_client.cc:806] T ef944af8207b486cb329289cfea2b6f4 P 29251f2091094e7ba09b587eef178161: tablet copy: Starting download of 0 data blocks...
I20260608 09:49:02.639143 11907 tablet_copy_client.cc:670] T ef944af8207b486cb329289cfea2b6f4 P 29251f2091094e7ba09b587eef178161: tablet copy: Starting download of 1 WAL segments...
I20260608 09:49:02.642787 11907 tablet_copy_client.cc:538] T ef944af8207b486cb329289cfea2b6f4 P 29251f2091094e7ba09b587eef178161: tablet copy: Tablet Copy complete. Replacing tablet superblock.
I20260608 09:49:02.649195 11907 tablet_bootstrap.cc:492] T ef944af8207b486cb329289cfea2b6f4 P 29251f2091094e7ba09b587eef178161: Bootstrap starting.
I20260608 09:49:02.666525 11907 tablet_bootstrap.cc:492] T ef944af8207b486cb329289cfea2b6f4 P 29251f2091094e7ba09b587eef178161: Bootstrap replayed 1/1 log segments. Stats: ops{read=2 overwritten=0 applied=2 ignored=0} inserts{seen=0 ignored=0} mutations{seen=0 ignored=0} orphaned_commits=0. Pending: 0 replicates
I20260608 09:49:02.667311 11907 tablet_bootstrap.cc:492] T ef944af8207b486cb329289cfea2b6f4 P 29251f2091094e7ba09b587eef178161: Bootstrap complete.
I20260608 09:49:02.667928 11907 ts_tablet_manager.cc:1403] T ef944af8207b486cb329289cfea2b6f4 P 29251f2091094e7ba09b587eef178161: Time spent bootstrapping tablet: real 0.019s	user 0.015s	sys 0.004s
I20260608 09:49:02.670589 11907 raft_consensus.cc:359] T ef944af8207b486cb329289cfea2b6f4 P 29251f2091094e7ba09b587eef178161 [term 1 LEARNER]: Replica starting. Triggering 0 pending ops. Active config: opid_index: 2 OBSOLETE_local: false peers { permanent_uuid: "7346e28a22064bea933b3039f28cfe4c" member_type: VOTER last_known_addr { host: "127.8.20.65" port: 46127 } } peers { permanent_uuid: "e6fd90eec4df4b7da065af95d75ce569" member_type: VOTER last_known_addr { host: "127.8.20.66" port: 34127 } } peers { permanent_uuid: "b71dd16c5c004713a857794b65757734" member_type: VOTER last_known_addr { host: "127.8.20.67" port: 46077 } attrs { replace: true } } peers { permanent_uuid: "29251f2091094e7ba09b587eef178161" member_type: NON_VOTER last_known_addr { host: "127.8.20.68" port: 39049 } attrs { promote: true } }
I20260608 09:49:02.671466 11907 raft_consensus.cc:740] T ef944af8207b486cb329289cfea2b6f4 P 29251f2091094e7ba09b587eef178161 [term 1 LEARNER]: Becoming Follower/Learner. State: Replica: 29251f2091094e7ba09b587eef178161, State: Initialized, Role: LEARNER
I20260608 09:49:02.672115 11907 consensus_queue.cc:260] T ef944af8207b486cb329289cfea2b6f4 P 29251f2091094e7ba09b587eef178161 [NON_LEADER]: Queue going to NON_LEADER mode. State: All replicated index: 0, Majority replicated index: 0, Committed index: 2, Last appended: 1.2, Last appended by leader: 2, Current term: 0, Majority size: -1, State: 0, Mode: NON_LEADER, active raft config: opid_index: 2 OBSOLETE_local: false peers { permanent_uuid: "7346e28a22064bea933b3039f28cfe4c" member_type: VOTER last_known_addr { host: "127.8.20.65" port: 46127 } } peers { permanent_uuid: "e6fd90eec4df4b7da065af95d75ce569" member_type: VOTER last_known_addr { host: "127.8.20.66" port: 34127 } } peers { permanent_uuid: "b71dd16c5c004713a857794b65757734" member_type: VOTER last_known_addr { host: "127.8.20.67" port: 46077 } attrs { replace: true } } peers { permanent_uuid: "29251f2091094e7ba09b587eef178161" member_type: NON_VOTER last_known_addr { host: "127.8.20.68" port: 39049 } attrs { promote: true } }
I20260608 09:49:02.674614 11907 ts_tablet_manager.cc:1434] T ef944af8207b486cb329289cfea2b6f4 P 29251f2091094e7ba09b587eef178161: Time spent starting tablet: real 0.006s	user 0.008s	sys 0.000s
I20260608 09:49:02.676335 11355 tablet_copy_service.cc:342] P e6fd90eec4df4b7da065af95d75ce569: Request end of tablet copy session 29251f2091094e7ba09b587eef178161-ef944af8207b486cb329289cfea2b6f4 received from {username='slave'} at 127.0.0.1:55676
I20260608 09:49:02.676798 11355 tablet_copy_service.cc:434] P e6fd90eec4df4b7da065af95d75ce569: ending tablet copy session 29251f2091094e7ba09b587eef178161-ef944af8207b486cb329289cfea2b6f4 on tablet ef944af8207b486cb329289cfea2b6f4 with peer 29251f2091094e7ba09b587eef178161
I20260608 09:49:02.736697 11568 raft_consensus.cc:1217] T 47e7f74342f34d70a7d5eaaacbf96642 P 29251f2091094e7ba09b587eef178161 [term 1 LEARNER]: Deduplicated request from leader. Original: 1.1->[1.2-1.2]   Dedup: 1.2->[]
I20260608 09:49:02.856011 11220 auto_leader_rebalancer.cc:140] leader rebalance for table range_aware_rebalance_new_range
I20260608 09:49:02.876271 11416 tablet_service.cc:2072] Received LeaderStepDown RPC: tablet_id: "8bf5d49bcfe7406b8f4970116d72d8cc"
dest_uuid: "b71dd16c5c004713a857794b65757734"
mode: GRACEFUL
new_leader_uuid: "e6fd90eec4df4b7da065af95d75ce569"
 from {username='slave'} at 127.0.0.1:44118
I20260608 09:49:02.876968 11416 raft_consensus.cc:606] T 8bf5d49bcfe7406b8f4970116d72d8cc P b71dd16c5c004713a857794b65757734 [term 1 LEADER]: Received request to transfer leadership to TS e6fd90eec4df4b7da065af95d75ce569
I20260608 09:49:02.878597 11220 auto_leader_rebalancer.cc:388] table: range_aware_rebalance_new_range, leader rebalance finish, leader transfer count: 1
I20260608 09:49:02.879289 11220 auto_leader_rebalancer.cc:451] All tables' leader rebalancing finished this round
I20260608 09:49:02.946172 11568 raft_consensus.cc:1217] T dd926e0b17f64c16841febfe355b94c9 P 29251f2091094e7ba09b587eef178161 [term 1 LEARNER]: Deduplicated request from leader. Original: 1.1->[1.2-1.2]   Dedup: 1.2->[]
I20260608 09:49:02.980743 11568 raft_consensus.cc:1217] T 39a363c128e8420e8e78cbceb4978fae P 29251f2091094e7ba09b587eef178161 [term 3 LEARNER]: Deduplicated request from leader. Original: 3.3->[3.4-3.4]   Dedup: 3.4->[]
I20260608 09:49:03.149828 11773 raft_consensus.cc:1064] T 47e7f74342f34d70a7d5eaaacbf96642 P 7346e28a22064bea933b3039f28cfe4c: attempting to promote NON_VOTER 29251f2091094e7ba09b587eef178161 to VOTER
I20260608 09:49:03.152491 11773 consensus_queue.cc:237] T 47e7f74342f34d70a7d5eaaacbf96642 P 7346e28a22064bea933b3039f28cfe4c [LEADER]: Queue going to LEADER mode. State: All replicated index: 0, Majority replicated index: 2, Committed index: 2, Last appended: 1.2, Last appended by leader: 0, Current term: 1, Majority size: 3, State: 0, Mode: LEADER, active raft config: opid_index: 3 OBSOLETE_local: false peers { permanent_uuid: "e6fd90eec4df4b7da065af95d75ce569" member_type: VOTER last_known_addr { host: "127.8.20.66" port: 34127 } attrs { replace: true } } peers { permanent_uuid: "7346e28a22064bea933b3039f28cfe4c" member_type: VOTER last_known_addr { host: "127.8.20.65" port: 46127 } } peers { permanent_uuid: "b71dd16c5c004713a857794b65757734" member_type: VOTER last_known_addr { host: "127.8.20.67" port: 46077 } } peers { permanent_uuid: "29251f2091094e7ba09b587eef178161" member_type: VOTER last_known_addr { host: "127.8.20.68" port: 39049 } attrs { promote: false } }
I20260608 09:49:03.154976 11568 raft_consensus.cc:1217] T ef944af8207b486cb329289cfea2b6f4 P 29251f2091094e7ba09b587eef178161 [term 1 LEARNER]: Deduplicated request from leader. Original: 1.1->[1.2-1.2]   Dedup: 1.2->[]
I20260608 09:49:03.173499 11900 raft_consensus.cc:993] T 8bf5d49bcfe7406b8f4970116d72d8cc P b71dd16c5c004713a857794b65757734: : Instructing follower e6fd90eec4df4b7da065af95d75ce569 to start an election
I20260608 09:49:03.174197 11900 raft_consensus.cc:1081] T 8bf5d49bcfe7406b8f4970116d72d8cc P b71dd16c5c004713a857794b65757734 [term 1 LEADER]: Signalling peer e6fd90eec4df4b7da065af95d75ce569 to start an election
I20260608 09:49:03.177134 11345 tablet_service.cc:2044] Received Run Leader Election RPC: tablet_id: "8bf5d49bcfe7406b8f4970116d72d8cc"
dest_uuid: "e6fd90eec4df4b7da065af95d75ce569"
 from {username='slave'} at 127.0.0.1:55638
I20260608 09:49:03.178009 11345 raft_consensus.cc:493] T 8bf5d49bcfe7406b8f4970116d72d8cc P e6fd90eec4df4b7da065af95d75ce569 [term 1 FOLLOWER]: Starting forced leader election (received explicit request)
I20260608 09:49:03.178442 11345 raft_consensus.cc:3060] T 8bf5d49bcfe7406b8f4970116d72d8cc P e6fd90eec4df4b7da065af95d75ce569 [term 1 FOLLOWER]: Advancing to term 2
I20260608 09:49:03.183729 11568 raft_consensus.cc:1275] T 47e7f74342f34d70a7d5eaaacbf96642 P 29251f2091094e7ba09b587eef178161 [term 1 LEARNER]: Refusing update from remote peer 7346e28a22064bea933b3039f28cfe4c: Log matching property violated. Preceding OpId in replica: term: 1 index: 2. Preceding OpId from leader: term: 1 index: 3. (index mismatch)
I20260608 09:49:03.184026 11416 raft_consensus.cc:1275] T 47e7f74342f34d70a7d5eaaacbf96642 P b71dd16c5c004713a857794b65757734 [term 1 FOLLOWER]: Refusing update from remote peer 7346e28a22064bea933b3039f28cfe4c: Log matching property violated. Preceding OpId in replica: term: 1 index: 2. Preceding OpId from leader: term: 1 index: 3. (index mismatch)
I20260608 09:49:03.185878 11913 consensus_queue.cc:1048] T 47e7f74342f34d70a7d5eaaacbf96642 P 7346e28a22064bea933b3039f28cfe4c [LEADER]: Connected to new peer: Peer: permanent_uuid: "29251f2091094e7ba09b587eef178161" member_type: VOTER last_known_addr { host: "127.8.20.68" port: 39049 } attrs { promote: false }, Status: LMP_MISMATCH, Last received: 0.0, Next index: 3, Last known committed idx: 2, Time since last communication: 0.000s
I20260608 09:49:03.187266 11867 consensus_queue.cc:1048] T 47e7f74342f34d70a7d5eaaacbf96642 P 7346e28a22064bea933b3039f28cfe4c [LEADER]: Connected to new peer: Peer: permanent_uuid: "b71dd16c5c004713a857794b65757734" member_type: VOTER last_known_addr { host: "127.8.20.67" port: 46077 }, Status: LMP_MISMATCH, Last received: 0.0, Next index: 3, Last known committed idx: 2, Time since last communication: 0.000s
I20260608 09:49:03.189877 11345 raft_consensus.cc:515] T 8bf5d49bcfe7406b8f4970116d72d8cc P e6fd90eec4df4b7da065af95d75ce569 [term 2 FOLLOWER]: Starting forced leader election with config: opid_index: 4 OBSOLETE_local: false peers { permanent_uuid: "e6fd90eec4df4b7da065af95d75ce569" member_type: VOTER last_known_addr { host: "127.8.20.66" port: 34127 } } peers { permanent_uuid: "b71dd16c5c004713a857794b65757734" member_type: VOTER last_known_addr { host: "127.8.20.67" port: 46077 } } peers { permanent_uuid: "29251f2091094e7ba09b587eef178161" member_type: VOTER last_known_addr { host: "127.8.20.68" port: 39049 } attrs { promote: false } }
I20260608 09:49:03.192786 11419 tablet_service.cc:1917] Received RequestConsensusVote() RPC: tablet_id: "8bf5d49bcfe7406b8f4970116d72d8cc" candidate_uuid: "e6fd90eec4df4b7da065af95d75ce569" candidate_term: 2 candidate_status { last_received { term: 1 index: 4 } } ignore_live_leader: true dest_uuid: "b71dd16c5c004713a857794b65757734"
I20260608 09:49:03.193395 11419 raft_consensus.cc:3055] T 8bf5d49bcfe7406b8f4970116d72d8cc P b71dd16c5c004713a857794b65757734 [term 1 LEADER]: Stepping down as leader of term 1
I20260608 09:49:03.193782 11419 raft_consensus.cc:740] T 8bf5d49bcfe7406b8f4970116d72d8cc P b71dd16c5c004713a857794b65757734 [term 1 LEADER]: Becoming Follower/Learner. State: Replica: b71dd16c5c004713a857794b65757734, State: Running, Role: LEADER
I20260608 09:49:03.194777 11419 consensus_queue.cc:260] T 8bf5d49bcfe7406b8f4970116d72d8cc P b71dd16c5c004713a857794b65757734 [NON_LEADER]: Queue going to NON_LEADER mode. State: All replicated index: 0, Majority replicated index: 4, Committed index: 4, Last appended: 1.4, Last appended by leader: 4, Current term: 1, Majority size: -1, State: 0, Mode: NON_LEADER, active raft config: opid_index: 4 OBSOLETE_local: false peers { permanent_uuid: "e6fd90eec4df4b7da065af95d75ce569" member_type: VOTER last_known_addr { host: "127.8.20.66" port: 34127 } } peers { permanent_uuid: "b71dd16c5c004713a857794b65757734" member_type: VOTER last_known_addr { host: "127.8.20.67" port: 46077 } } peers { permanent_uuid: "29251f2091094e7ba09b587eef178161" member_type: VOTER last_known_addr { host: "127.8.20.68" port: 39049 } attrs { promote: false } }
I20260608 09:49:03.196199 11419 raft_consensus.cc:3060] T 8bf5d49bcfe7406b8f4970116d72d8cc P b71dd16c5c004713a857794b65757734 [term 1 FOLLOWER]: Advancing to term 2
I20260608 09:49:03.208319 11345 leader_election.cc:290] T 8bf5d49bcfe7406b8f4970116d72d8cc P e6fd90eec4df4b7da065af95d75ce569 [CANDIDATE]: Term 2 election: Requested vote from peers b71dd16c5c004713a857794b65757734 (127.8.20.67:46077), 29251f2091094e7ba09b587eef178161 (127.8.20.68:39049)
I20260608 09:49:03.210027 11569 tablet_service.cc:1917] Received RequestConsensusVote() RPC: tablet_id: "8bf5d49bcfe7406b8f4970116d72d8cc" candidate_uuid: "e6fd90eec4df4b7da065af95d75ce569" candidate_term: 2 candidate_status { last_received { term: 1 index: 4 } } ignore_live_leader: true dest_uuid: "29251f2091094e7ba09b587eef178161"
I20260608 09:49:03.210486 11345 raft_consensus.cc:1275] T 47e7f74342f34d70a7d5eaaacbf96642 P e6fd90eec4df4b7da065af95d75ce569 [term 1 FOLLOWER]: Refusing update from remote peer 7346e28a22064bea933b3039f28cfe4c: Log matching property violated. Preceding OpId in replica: term: 1 index: 2. Preceding OpId from leader: term: 1 index: 3. (index mismatch)
I20260608 09:49:03.210734 11569 raft_consensus.cc:3060] T 8bf5d49bcfe7406b8f4970116d72d8cc P 29251f2091094e7ba09b587eef178161 [term 1 FOLLOWER]: Advancing to term 2
I20260608 09:49:03.212275 11913 consensus_queue.cc:1048] T 47e7f74342f34d70a7d5eaaacbf96642 P 7346e28a22064bea933b3039f28cfe4c [LEADER]: Connected to new peer: Peer: permanent_uuid: "e6fd90eec4df4b7da065af95d75ce569" member_type: VOTER last_known_addr { host: "127.8.20.66" port: 34127 } attrs { replace: true }, Status: LMP_MISMATCH, Last received: 0.0, Next index: 3, Last known committed idx: 2, Time since last communication: 0.001s
I20260608 09:49:03.214577 11419 raft_consensus.cc:2468] T 8bf5d49bcfe7406b8f4970116d72d8cc P b71dd16c5c004713a857794b65757734 [term 2 FOLLOWER]: Leader election vote request: Granting yes vote for candidate e6fd90eec4df4b7da065af95d75ce569 in term 2.
I20260608 09:49:03.216531 11308 leader_election.cc:304] T 8bf5d49bcfe7406b8f4970116d72d8cc P e6fd90eec4df4b7da065af95d75ce569 [CANDIDATE]: Term 2 election: Election decided. Result: candidate won. Election summary: received 2 responses out of 3 voters: 2 yes votes; 0 no votes. yes voters: b71dd16c5c004713a857794b65757734, e6fd90eec4df4b7da065af95d75ce569; no voters: 
I20260608 09:49:03.217679 11881 raft_consensus.cc:2804] T 8bf5d49bcfe7406b8f4970116d72d8cc P e6fd90eec4df4b7da065af95d75ce569 [term 2 FOLLOWER]: Leader election won for term 2
I20260608 09:49:03.218333 11881 raft_consensus.cc:697] T 8bf5d49bcfe7406b8f4970116d72d8cc P e6fd90eec4df4b7da065af95d75ce569 [term 2 LEADER]: Becoming Leader. State: Replica: e6fd90eec4df4b7da065af95d75ce569, State: Running, Role: LEADER
I20260608 09:49:03.219731 11881 consensus_queue.cc:237] T 8bf5d49bcfe7406b8f4970116d72d8cc P e6fd90eec4df4b7da065af95d75ce569 [LEADER]: Queue going to LEADER mode. State: All replicated index: 0, Majority replicated index: 4, Committed index: 4, Last appended: 1.4, Last appended by leader: 4, Current term: 2, Majority size: 2, State: 0, Mode: LEADER, active raft config: opid_index: 4 OBSOLETE_local: false peers { permanent_uuid: "e6fd90eec4df4b7da065af95d75ce569" member_type: VOTER last_known_addr { host: "127.8.20.66" port: 34127 } } peers { permanent_uuid: "b71dd16c5c004713a857794b65757734" member_type: VOTER last_known_addr { host: "127.8.20.67" port: 46077 } } peers { permanent_uuid: "29251f2091094e7ba09b587eef178161" member_type: VOTER last_known_addr { host: "127.8.20.68" port: 39049 } attrs { promote: false } }
I20260608 09:49:03.230190 11773 raft_consensus.cc:2955] T 47e7f74342f34d70a7d5eaaacbf96642 P 7346e28a22064bea933b3039f28cfe4c [term 1 LEADER]: Committing config change with OpId 1.3: config changed from index 2 to 3, 29251f2091094e7ba09b587eef178161 (127.8.20.68) changed from NON_VOTER to VOTER. New config: { opid_index: 3 OBSOLETE_local: false peers { permanent_uuid: "e6fd90eec4df4b7da065af95d75ce569" member_type: VOTER last_known_addr { host: "127.8.20.66" port: 34127 } attrs { replace: true } } peers { permanent_uuid: "7346e28a22064bea933b3039f28cfe4c" member_type: VOTER last_known_addr { host: "127.8.20.65" port: 46127 } } peers { permanent_uuid: "b71dd16c5c004713a857794b65757734" member_type: VOTER last_known_addr { host: "127.8.20.67" port: 46077 } } peers { permanent_uuid: "29251f2091094e7ba09b587eef178161" member_type: VOTER last_known_addr { host: "127.8.20.68" port: 39049 } attrs { promote: false } } }
I20260608 09:49:03.236491 11569 raft_consensus.cc:2468] T 8bf5d49bcfe7406b8f4970116d72d8cc P 29251f2091094e7ba09b587eef178161 [term 2 FOLLOWER]: Leader election vote request: Granting yes vote for candidate e6fd90eec4df4b7da065af95d75ce569 in term 2.
