I20260608 09:49:24.604683 27104 ts_tablet_manager.cc:585] Loaded tablet metadata (0 total tablets, 0 live tablets)
I20260608 09:49:24.604875 27104 ts_tablet_manager.cc:531] Time spent load tablet metadata: real 0.000s	user 0.000s	sys 0.000s
I20260608 09:49:24.605296 27104 ts_tablet_manager.cc:616] Registered 0 tablets
I20260608 09:49:24.605448 27104 ts_tablet_manager.cc:595] Time spent register tablets: real 0.000s	user 0.000s	sys 0.000s
I20260608 09:49:24.649912 27104 rpc_server.cc:307] RPC server started. Bound to: 127.26.120.2:43169
I20260608 09:49:24.650038 31420 acceptor_pool.cc:272] collecting diagnostics on the listening RPC socket 127.26.120.2:43169 every 8 connection(s)
I20260608 09:49:24.655737 27104 file_cache.cc:492] Constructed file cache file cache with capacity 419430
W20260608 09:49:24.664479 31424 instance_detector.cc:116] could not retrieve AWS instance metadata: Network error: curl error: HTTP response code said error: The requested URL returned error: 404
W20260608 09:49:24.665191 31425 instance_detector.cc:116] could not retrieve Azure instance metadata: Network error: curl error: HTTP response code said error: The requested URL returned error: 404
W20260608 09:49:24.668429 31427 instance_detector.cc:116] could not retrieve OpenStack instance metadata: Network error: curl error: HTTP response code said error: The requested URL returned error: 404
I20260608 09:49:24.669457 27104 server_base.cc:1061] running on GCE node
I20260608 09:49:24.670562 27104 hybrid_clock.cc:584] initializing the hybrid clock with 'system_unsync' time source
W20260608 09:49:24.670764 27104 system_unsync_time.cc:38] NTP support is disabled. Clock error bounds will not be accurate. This configuration is not suitable for distributed clusters.
I20260608 09:49:24.670996 27104 hybrid_clock.cc:648] HybridClock initialized: now 1780912164670977 us; error 0 us; skew 500 ppm
I20260608 09:49:24.671677 27104 server_base.cc:861] Flag tcmalloc_max_total_thread_cache_bytes is not working since tcmalloc is not enabled.
I20260608 09:49:24.671689 31421 heartbeater.cc:344] Connected to a master server at 127.26.120.62:40991
I20260608 09:49:24.672253 31421 heartbeater.cc:461] Registering TS with master...
I20260608 09:49:24.673297 31421 heartbeater.cc:507] Master 127.26.120.62:40991 requested a full tablet report, sending...
I20260608 09:49:24.674724 27104 webserver.cc:533] Webserver started at http://127.26.120.3:40711/ using document root <none> and password file <none>
I20260608 09:49:24.675419 27104 fs_manager.cc:362] Metadata directory not provided
I20260608 09:49:24.675616 27104 fs_manager.cc:368] Using write-ahead log directory (fs_wal_dir) as metadata directory
I20260608 09:49:24.675925 27104 server_base.cc:909] This appears to be a new deployment of Kudu; creating new FS layout
I20260608 09:49:24.675832 31219 ts_manager.cc:194] Registered new tserver with Master: c92bc624abc143aca1d15a22d78eb90d (127.26.120.2:43169)
I20260608 09:49:24.677248 27104 fs_manager.cc:1068] Generated new instance metadata in path /tmp/dist-test-task8HDOBJ/test-tmp/auto_rebalancer-test.0.AutoRebalancerTest.NoReplicaMovesIfCannotFixPlacementPolicy.1780912048285960-27104-0/minicluster-data/ts-2-root/instance:
uuid: "9eb4877a05f449c1b2f269d639e349bb"
format_stamp: "Formatted at 2026-06-08 09:49:24 on dist-test-slave-hk04"
I20260608 09:49:24.677412 31219 master_service.cc:502] Signed X509 certificate for tserver {username='slave'} at 127.0.0.1:50214
I20260608 09:49:24.682564 27104 fs_manager.cc:696] Time spent creating directory manager: real 0.005s	user 0.002s	sys 0.002s
I20260608 09:49:24.686486 31432 log_block_manager.cc:4031] Time spent loading block containers with low live blocks: real 0.000s	user 0.000s	sys 0.000s
I20260608 09:49:24.687410 27104 fs_manager.cc:730] Time spent opening block manager: real 0.003s	user 0.004s	sys 0.000s
I20260608 09:49:24.687733 27104 fs_manager.cc:647] Opened local filesystem: /tmp/dist-test-task8HDOBJ/test-tmp/auto_rebalancer-test.0.AutoRebalancerTest.NoReplicaMovesIfCannotFixPlacementPolicy.1780912048285960-27104-0/minicluster-data/ts-2-root
uuid: "9eb4877a05f449c1b2f269d639e349bb"
format_stamp: "Formatted at 2026-06-08 09:49:24 on dist-test-slave-hk04"
I20260608 09:49:24.688073 27104 fs_report.cc:389] FS layout report
--------------------
wal directory: /tmp/dist-test-task8HDOBJ/test-tmp/auto_rebalancer-test.0.AutoRebalancerTest.NoReplicaMovesIfCannotFixPlacementPolicy.1780912048285960-27104-0/minicluster-data/ts-2-root
metadata directory: /tmp/dist-test-task8HDOBJ/test-tmp/auto_rebalancer-test.0.AutoRebalancerTest.NoReplicaMovesIfCannotFixPlacementPolicy.1780912048285960-27104-0/minicluster-data/ts-2-root
1 data directories: /tmp/dist-test-task8HDOBJ/test-tmp/auto_rebalancer-test.0.AutoRebalancerTest.NoReplicaMovesIfCannotFixPlacementPolicy.1780912048285960-27104-0/minicluster-data/ts-2-root/data
Total live blocks: 0
Total live bytes: 0
Total live bytes (after alignment): 0
Total number of LBM containers: 0 (0 full)
Did not check for missing blocks
Did not check for orphaned blocks
Total full LBM containers with extra space: 0 (0 repaired)
Total full LBM container extra space in bytes: 0 (0 repaired)
Total incomplete LBM containers: 0 (0 repaired)
Total LBM partial records: 0 (0 repaired)
Total corrupted LBM metadata records in RocksDB: 0 (0 repaired)
I20260608 09:49:24.719784 27104 rpc_server.cc:225] running with OpenSSL 1.1.1  11 Sep 2018
I20260608 09:49:24.721074 27104 kserver.cc:163] Server-wide thread pool size limit: 3276
I20260608 09:49:24.722524 27104 txn_system_client.cc:432] TxnSystemClient initialization is disabled...
I20260608 09:49:24.725072 27104 ts_tablet_manager.cc:585] Loaded tablet metadata (0 total tablets, 0 live tablets)
I20260608 09:49:24.725292 27104 ts_tablet_manager.cc:531] Time spent load tablet metadata: real 0.000s	user 0.000s	sys 0.000s
I20260608 09:49:24.725594 27104 ts_tablet_manager.cc:616] Registered 0 tablets
I20260608 09:49:24.725783 27104 ts_tablet_manager.cc:595] Time spent register tablets: real 0.000s	user 0.001s	sys 0.000s
I20260608 09:49:24.769338 27104 rpc_server.cc:307] RPC server started. Bound to: 127.26.120.3:33249
I20260608 09:49:24.769461 31494 acceptor_pool.cc:272] collecting diagnostics on the listening RPC socket 127.26.120.3:33249 every 8 connection(s)
I20260608 09:49:24.784796 31495 heartbeater.cc:344] Connected to a master server at 127.26.120.62:40991
I20260608 09:49:24.785281 31495 heartbeater.cc:461] Registering TS with master...
I20260608 09:49:24.786085 31495 heartbeater.cc:507] Master 127.26.120.62:40991 requested a full tablet report, sending...
I20260608 09:49:24.788214 31219 ts_manager.cc:194] Registered new tserver with Master: 9eb4877a05f449c1b2f269d639e349bb (127.26.120.3:33249)
I20260608 09:49:24.788981 27104 internal_mini_cluster.cc:371] 3 TS(s) registered with all masters after 0.01605198s
I20260608 09:49:24.789885 31219 master_service.cc:502] Signed X509 certificate for tserver {username='slave'} at 127.0.0.1:50216
I20260608 09:49:25.568739 31346 heartbeater.cc:499] Master 127.26.120.62:40991 was elected leader, sending a full tablet report...
I20260608 09:49:25.680401 31421 heartbeater.cc:499] Master 127.26.120.62:40991 was elected leader, sending a full tablet report...
I20260608 09:49:25.793872 31495 heartbeater.cc:499] Master 127.26.120.62:40991 was elected leader, sending a full tablet report...
I20260608 09:49:25.859457 31219 catalog_manager.cc:2282] Servicing CreateTable request from {username='slave'} at 127.0.0.1:50232:
name: "test-workload"
schema {
  columns {
    name: "key"
    type: INT32
    is_key: true
    is_nullable: false
    encoding: AUTO_ENCODING
    compression: DEFAULT_COMPRESSION
    cfile_block_size: 0
    immutable: false
  }
  columns {
    name: "int_val"
    type: INT32
    is_key: false
    is_nullable: false
    encoding: AUTO_ENCODING
    compression: DEFAULT_COMPRESSION
    cfile_block_size: 0
    immutable: false
  }
  columns {
    name: "string_val"
    type: STRING
    is_key: false
    is_nullable: true
    encoding: AUTO_ENCODING
    compression: DEFAULT_COMPRESSION
    cfile_block_size: 0
    immutable: false
  }
}
num_replicas: 3
split_rows_range_bounds {
}
partition_schema {
  range_schema {
    columns {
      name: "key"
    }
  }
}
W20260608 09:49:25.861768 31219 catalog_manager.cc:7076] The number of live tablet servers is not enough to re-replicate a tablet replica of the newly created table test-workload in case of a server failure: 4 tablet servers would be needed, 3 are available. Consider bringing up more tablet servers.
I20260608 09:49:25.906821 31460 tablet_service.cc:1511] Processing CreateTablet for tablet 04900de3c83c4a44ae0625d362c7cd83 (DEFAULT_TABLE table=test-workload [id=491e535d149744c5860eb27792f02b7e]), partition=RANGE (key) PARTITION UNBOUNDED
I20260608 09:49:25.908325 31460 data_dirs.cc:400] Could only allocate 1 dirs of requested 3 for tablet 04900de3c83c4a44ae0625d362c7cd83. 1 dirs total, 0 dirs full, 0 dirs failed
I20260608 09:49:25.919018 31386 tablet_service.cc:1511] Processing CreateTablet for tablet 04900de3c83c4a44ae0625d362c7cd83 (DEFAULT_TABLE table=test-workload [id=491e535d149744c5860eb27792f02b7e]), partition=RANGE (key) PARTITION UNBOUNDED
I20260608 09:49:25.920534 31386 data_dirs.cc:400] Could only allocate 1 dirs of requested 3 for tablet 04900de3c83c4a44ae0625d362c7cd83. 1 dirs total, 0 dirs full, 0 dirs failed
I20260608 09:49:25.920642 31311 tablet_service.cc:1511] Processing CreateTablet for tablet 04900de3c83c4a44ae0625d362c7cd83 (DEFAULT_TABLE table=test-workload [id=491e535d149744c5860eb27792f02b7e]), partition=RANGE (key) PARTITION UNBOUNDED
I20260608 09:49:25.921953 31311 data_dirs.cc:400] Could only allocate 1 dirs of requested 3 for tablet 04900de3c83c4a44ae0625d362c7cd83. 1 dirs total, 0 dirs full, 0 dirs failed
I20260608 09:49:25.928202 31516 tablet_bootstrap.cc:492] T 04900de3c83c4a44ae0625d362c7cd83 P 9eb4877a05f449c1b2f269d639e349bb: Bootstrap starting.
I20260608 09:49:25.936051 31516 tablet_bootstrap.cc:654] T 04900de3c83c4a44ae0625d362c7cd83 P 9eb4877a05f449c1b2f269d639e349bb: Neither blocks nor log segments found. Creating new log.
I20260608 09:49:25.940316 31517 tablet_bootstrap.cc:492] T 04900de3c83c4a44ae0625d362c7cd83 P c92bc624abc143aca1d15a22d78eb90d: Bootstrap starting.
I20260608 09:49:25.943161 31518 tablet_bootstrap.cc:492] T 04900de3c83c4a44ae0625d362c7cd83 P eeb4e95984c94c9588fef202d8319a8a: Bootstrap starting.
I20260608 09:49:25.948136 31516 tablet_bootstrap.cc:492] T 04900de3c83c4a44ae0625d362c7cd83 P 9eb4877a05f449c1b2f269d639e349bb: No bootstrap required, opened a new log
I20260608 09:49:25.948262 31517 tablet_bootstrap.cc:654] T 04900de3c83c4a44ae0625d362c7cd83 P c92bc624abc143aca1d15a22d78eb90d: Neither blocks nor log segments found. Creating new log.
I20260608 09:49:25.948675 31516 ts_tablet_manager.cc:1403] T 04900de3c83c4a44ae0625d362c7cd83 P 9eb4877a05f449c1b2f269d639e349bb: Time spent bootstrapping tablet: real 0.021s	user 0.007s	sys 0.011s
I20260608 09:49:25.951694 31516 raft_consensus.cc:359] T 04900de3c83c4a44ae0625d362c7cd83 P 9eb4877a05f449c1b2f269d639e349bb [term 0 FOLLOWER]: Replica starting. Triggering 0 pending ops. Active config: opid_index: -1 OBSOLETE_local: false peers { permanent_uuid: "9eb4877a05f449c1b2f269d639e349bb" member_type: VOTER last_known_addr { host: "127.26.120.3" port: 33249 } } peers { permanent_uuid: "eeb4e95984c94c9588fef202d8319a8a" member_type: VOTER last_known_addr { host: "127.26.120.1" port: 38853 } } peers { permanent_uuid: "c92bc624abc143aca1d15a22d78eb90d" member_type: VOTER last_known_addr { host: "127.26.120.2" port: 43169 } }
I20260608 09:49:25.952096 31518 tablet_bootstrap.cc:654] T 04900de3c83c4a44ae0625d362c7cd83 P eeb4e95984c94c9588fef202d8319a8a: Neither blocks nor log segments found. Creating new log.
I20260608 09:49:25.952507 31516 raft_consensus.cc:385] T 04900de3c83c4a44ae0625d362c7cd83 P 9eb4877a05f449c1b2f269d639e349bb [term 0 FOLLOWER]: Consensus starting up: Expiring failure detector timer to make a prompt election more likely
I20260608 09:49:25.952883 31516 raft_consensus.cc:740] T 04900de3c83c4a44ae0625d362c7cd83 P 9eb4877a05f449c1b2f269d639e349bb [term 0 FOLLOWER]: Becoming Follower/Learner. State: Replica: 9eb4877a05f449c1b2f269d639e349bb, State: Initialized, Role: FOLLOWER
I20260608 09:49:25.953786 31516 consensus_queue.cc:260] T 04900de3c83c4a44ae0625d362c7cd83 P 9eb4877a05f449c1b2f269d639e349bb [NON_LEADER]: Queue going to NON_LEADER mode. State: All replicated index: 0, Majority replicated index: 0, Committed index: 0, Last appended: 0.0, Last appended by leader: 0, Current term: 0, Majority size: -1, State: 0, Mode: NON_LEADER, active raft config: opid_index: -1 OBSOLETE_local: false peers { permanent_uuid: "9eb4877a05f449c1b2f269d639e349bb" member_type: VOTER last_known_addr { host: "127.26.120.3" port: 33249 } } peers { permanent_uuid: "eeb4e95984c94c9588fef202d8319a8a" member_type: VOTER last_known_addr { host: "127.26.120.1" port: 38853 } } peers { permanent_uuid: "c92bc624abc143aca1d15a22d78eb90d" member_type: VOTER last_known_addr { host: "127.26.120.2" port: 43169 } }
I20260608 09:49:25.957577 31516 ts_tablet_manager.cc:1434] T 04900de3c83c4a44ae0625d362c7cd83 P 9eb4877a05f449c1b2f269d639e349bb: Time spent starting tablet: real 0.008s	user 0.007s	sys 0.000s
I20260608 09:49:25.961197 31517 tablet_bootstrap.cc:492] T 04900de3c83c4a44ae0625d362c7cd83 P c92bc624abc143aca1d15a22d78eb90d: No bootstrap required, opened a new log
I20260608 09:49:25.962090 31517 ts_tablet_manager.cc:1403] T 04900de3c83c4a44ae0625d362c7cd83 P c92bc624abc143aca1d15a22d78eb90d: Time spent bootstrapping tablet: real 0.023s	user 0.017s	sys 0.003s
I20260608 09:49:25.964727 31518 tablet_bootstrap.cc:492] T 04900de3c83c4a44ae0625d362c7cd83 P eeb4e95984c94c9588fef202d8319a8a: No bootstrap required, opened a new log
I20260608 09:49:25.965296 31518 ts_tablet_manager.cc:1403] T 04900de3c83c4a44ae0625d362c7cd83 P eeb4e95984c94c9588fef202d8319a8a: Time spent bootstrapping tablet: real 0.023s	user 0.011s	sys 0.008s
I20260608 09:49:25.965420 31517 raft_consensus.cc:359] T 04900de3c83c4a44ae0625d362c7cd83 P c92bc624abc143aca1d15a22d78eb90d [term 0 FOLLOWER]: Replica starting. Triggering 0 pending ops. Active config: opid_index: -1 OBSOLETE_local: false peers { permanent_uuid: "9eb4877a05f449c1b2f269d639e349bb" member_type: VOTER last_known_addr { host: "127.26.120.3" port: 33249 } } peers { permanent_uuid: "eeb4e95984c94c9588fef202d8319a8a" member_type: VOTER last_known_addr { host: "127.26.120.1" port: 38853 } } peers { permanent_uuid: "c92bc624abc143aca1d15a22d78eb90d" member_type: VOTER last_known_addr { host: "127.26.120.2" port: 43169 } }
I20260608 09:49:25.966292 31517 raft_consensus.cc:385] T 04900de3c83c4a44ae0625d362c7cd83 P c92bc624abc143aca1d15a22d78eb90d [term 0 FOLLOWER]: Consensus starting up: Expiring failure detector timer to make a prompt election more likely
I20260608 09:49:25.966617 31517 raft_consensus.cc:740] T 04900de3c83c4a44ae0625d362c7cd83 P c92bc624abc143aca1d15a22d78eb90d [term 0 FOLLOWER]: Becoming Follower/Learner. State: Replica: c92bc624abc143aca1d15a22d78eb90d, State: Initialized, Role: FOLLOWER
I20260608 09:49:25.967461 31517 consensus_queue.cc:260] T 04900de3c83c4a44ae0625d362c7cd83 P c92bc624abc143aca1d15a22d78eb90d [NON_LEADER]: Queue going to NON_LEADER mode. State: All replicated index: 0, Majority replicated index: 0, Committed index: 0, Last appended: 0.0, Last appended by leader: 0, Current term: 0, Majority size: -1, State: 0, Mode: NON_LEADER, active raft config: opid_index: -1 OBSOLETE_local: false peers { permanent_uuid: "9eb4877a05f449c1b2f269d639e349bb" member_type: VOTER last_known_addr { host: "127.26.120.3" port: 33249 } } peers { permanent_uuid: "eeb4e95984c94c9588fef202d8319a8a" member_type: VOTER last_known_addr { host: "127.26.120.1" port: 38853 } } peers { permanent_uuid: "c92bc624abc143aca1d15a22d78eb90d" member_type: VOTER last_known_addr { host: "127.26.120.2" port: 43169 } }
I20260608 09:49:25.968582 31518 raft_consensus.cc:359] T 04900de3c83c4a44ae0625d362c7cd83 P eeb4e95984c94c9588fef202d8319a8a [term 0 FOLLOWER]: Replica starting. Triggering 0 pending ops. Active config: opid_index: -1 OBSOLETE_local: false peers { permanent_uuid: "9eb4877a05f449c1b2f269d639e349bb" member_type: VOTER last_known_addr { host: "127.26.120.3" port: 33249 } } peers { permanent_uuid: "eeb4e95984c94c9588fef202d8319a8a" member_type: VOTER last_known_addr { host: "127.26.120.1" port: 38853 } } peers { permanent_uuid: "c92bc624abc143aca1d15a22d78eb90d" member_type: VOTER last_known_addr { host: "127.26.120.2" port: 43169 } }
I20260608 09:49:25.969564 31518 raft_consensus.cc:385] T 04900de3c83c4a44ae0625d362c7cd83 P eeb4e95984c94c9588fef202d8319a8a [term 0 FOLLOWER]: Consensus starting up: Expiring failure detector timer to make a prompt election more likely
I20260608 09:49:25.970103 31518 raft_consensus.cc:740] T 04900de3c83c4a44ae0625d362c7cd83 P eeb4e95984c94c9588fef202d8319a8a [term 0 FOLLOWER]: Becoming Follower/Learner. State: Replica: eeb4e95984c94c9588fef202d8319a8a, State: Initialized, Role: FOLLOWER
I20260608 09:49:25.970772 31517 ts_tablet_manager.cc:1434] T 04900de3c83c4a44ae0625d362c7cd83 P c92bc624abc143aca1d15a22d78eb90d: Time spent starting tablet: real 0.008s	user 0.007s	sys 0.001s
I20260608 09:49:25.970999 31518 consensus_queue.cc:260] T 04900de3c83c4a44ae0625d362c7cd83 P eeb4e95984c94c9588fef202d8319a8a [NON_LEADER]: Queue going to NON_LEADER mode. State: All replicated index: 0, Majority replicated index: 0, Committed index: 0, Last appended: 0.0, Last appended by leader: 0, Current term: 0, Majority size: -1, State: 0, Mode: NON_LEADER, active raft config: opid_index: -1 OBSOLETE_local: false peers { permanent_uuid: "9eb4877a05f449c1b2f269d639e349bb" member_type: VOTER last_known_addr { host: "127.26.120.3" port: 33249 } } peers { permanent_uuid: "eeb4e95984c94c9588fef202d8319a8a" member_type: VOTER last_known_addr { host: "127.26.120.1" port: 38853 } } peers { permanent_uuid: "c92bc624abc143aca1d15a22d78eb90d" member_type: VOTER last_known_addr { host: "127.26.120.2" port: 43169 } }
I20260608 09:49:25.974011 31518 ts_tablet_manager.cc:1434] T 04900de3c83c4a44ae0625d362c7cd83 P eeb4e95984c94c9588fef202d8319a8a: Time spent starting tablet: real 0.008s	user 0.007s	sys 0.001s
I20260608 09:49:26.007368 31523 raft_consensus.cc:493] T 04900de3c83c4a44ae0625d362c7cd83 P c92bc624abc143aca1d15a22d78eb90d [term 0 FOLLOWER]: Starting pre-election (no leader contacted us within the election timeout)
I20260608 09:49:26.007974 31523 raft_consensus.cc:515] T 04900de3c83c4a44ae0625d362c7cd83 P c92bc624abc143aca1d15a22d78eb90d [term 0 FOLLOWER]: Starting pre-election with config: opid_index: -1 OBSOLETE_local: false peers { permanent_uuid: "9eb4877a05f449c1b2f269d639e349bb" member_type: VOTER last_known_addr { host: "127.26.120.3" port: 33249 } } peers { permanent_uuid: "eeb4e95984c94c9588fef202d8319a8a" member_type: VOTER last_known_addr { host: "127.26.120.1" port: 38853 } } peers { permanent_uuid: "c92bc624abc143aca1d15a22d78eb90d" member_type: VOTER last_known_addr { host: "127.26.120.2" port: 43169 } }
I20260608 09:49:26.010957 31523 leader_election.cc:290] T 04900de3c83c4a44ae0625d362c7cd83 P c92bc624abc143aca1d15a22d78eb90d [CANDIDATE]: Term 1 pre-election: Requested pre-vote from peers 9eb4877a05f449c1b2f269d639e349bb (127.26.120.3:33249), eeb4e95984c94c9588fef202d8319a8a (127.26.120.1:38853)
I20260608 09:49:26.024804 31470 tablet_service.cc:1917] Received RequestConsensusVote() RPC: tablet_id: "04900de3c83c4a44ae0625d362c7cd83" candidate_uuid: "c92bc624abc143aca1d15a22d78eb90d" candidate_term: 1 candidate_status { last_received { term: 0 index: 0 } } ignore_live_leader: false dest_uuid: "9eb4877a05f449c1b2f269d639e349bb" is_pre_election: true
I20260608 09:49:26.024613 31321 tablet_service.cc:1917] Received RequestConsensusVote() RPC: tablet_id: "04900de3c83c4a44ae0625d362c7cd83" candidate_uuid: "c92bc624abc143aca1d15a22d78eb90d" candidate_term: 1 candidate_status { last_received { term: 0 index: 0 } } ignore_live_leader: false dest_uuid: "eeb4e95984c94c9588fef202d8319a8a" is_pre_election: true
I20260608 09:49:26.025637 31470 raft_consensus.cc:2468] T 04900de3c83c4a44ae0625d362c7cd83 P 9eb4877a05f449c1b2f269d639e349bb [term 0 FOLLOWER]: Leader pre-election vote request: Granting yes vote for candidate c92bc624abc143aca1d15a22d78eb90d in term 0.
I20260608 09:49:26.025753 31321 raft_consensus.cc:2468] T 04900de3c83c4a44ae0625d362c7cd83 P eeb4e95984c94c9588fef202d8319a8a [term 0 FOLLOWER]: Leader pre-election vote request: Granting yes vote for candidate c92bc624abc143aca1d15a22d78eb90d in term 0.
I20260608 09:49:26.027139 31360 leader_election.cc:304] T 04900de3c83c4a44ae0625d362c7cd83 P c92bc624abc143aca1d15a22d78eb90d [CANDIDATE]: Term 1 pre-election: Election decided. Result: candidate won. Election summary: received 2 responses out of 3 voters: 2 yes votes; 0 no votes. yes voters: 9eb4877a05f449c1b2f269d639e349bb, c92bc624abc143aca1d15a22d78eb90d; no voters: 
I20260608 09:49:26.028071 31523 raft_consensus.cc:2804] T 04900de3c83c4a44ae0625d362c7cd83 P c92bc624abc143aca1d15a22d78eb90d [term 0 FOLLOWER]: Leader pre-election won for term 1
I20260608 09:49:26.028488 31523 raft_consensus.cc:493] T 04900de3c83c4a44ae0625d362c7cd83 P c92bc624abc143aca1d15a22d78eb90d [term 0 FOLLOWER]: Starting leader election (no leader contacted us within the election timeout)
I20260608 09:49:26.028854 31523 raft_consensus.cc:3060] T 04900de3c83c4a44ae0625d362c7cd83 P c92bc624abc143aca1d15a22d78eb90d [term 0 FOLLOWER]: Advancing to term 1
I20260608 09:49:26.034972 31523 raft_consensus.cc:515] T 04900de3c83c4a44ae0625d362c7cd83 P c92bc624abc143aca1d15a22d78eb90d [term 1 FOLLOWER]: Starting leader election with config: opid_index: -1 OBSOLETE_local: false peers { permanent_uuid: "9eb4877a05f449c1b2f269d639e349bb" member_type: VOTER last_known_addr { host: "127.26.120.3" port: 33249 } } peers { permanent_uuid: "eeb4e95984c94c9588fef202d8319a8a" member_type: VOTER last_known_addr { host: "127.26.120.1" port: 38853 } } peers { permanent_uuid: "c92bc624abc143aca1d15a22d78eb90d" member_type: VOTER last_known_addr { host: "127.26.120.2" port: 43169 } }
I20260608 09:49:26.036615 31523 leader_election.cc:290] T 04900de3c83c4a44ae0625d362c7cd83 P c92bc624abc143aca1d15a22d78eb90d [CANDIDATE]: Term 1 election: Requested vote from peers 9eb4877a05f449c1b2f269d639e349bb (127.26.120.3:33249), eeb4e95984c94c9588fef202d8319a8a (127.26.120.1:38853)
I20260608 09:49:26.037591 31470 tablet_service.cc:1917] Received RequestConsensusVote() RPC: tablet_id: "04900de3c83c4a44ae0625d362c7cd83" candidate_uuid: "c92bc624abc143aca1d15a22d78eb90d" candidate_term: 1 candidate_status { last_received { term: 0 index: 0 } } ignore_live_leader: false dest_uuid: "9eb4877a05f449c1b2f269d639e349bb"
I20260608 09:49:26.037720 31321 tablet_service.cc:1917] Received RequestConsensusVote() RPC: tablet_id: "04900de3c83c4a44ae0625d362c7cd83" candidate_uuid: "c92bc624abc143aca1d15a22d78eb90d" candidate_term: 1 candidate_status { last_received { term: 0 index: 0 } } ignore_live_leader: false dest_uuid: "eeb4e95984c94c9588fef202d8319a8a"
I20260608 09:49:26.038302 31321 raft_consensus.cc:3060] T 04900de3c83c4a44ae0625d362c7cd83 P eeb4e95984c94c9588fef202d8319a8a [term 0 FOLLOWER]: Advancing to term 1
I20260608 09:49:26.038296 31470 raft_consensus.cc:3060] T 04900de3c83c4a44ae0625d362c7cd83 P 9eb4877a05f449c1b2f269d639e349bb [term 0 FOLLOWER]: Advancing to term 1
I20260608 09:49:26.046159 31470 raft_consensus.cc:2468] T 04900de3c83c4a44ae0625d362c7cd83 P 9eb4877a05f449c1b2f269d639e349bb [term 1 FOLLOWER]: Leader election vote request: Granting yes vote for candidate c92bc624abc143aca1d15a22d78eb90d in term 1.
I20260608 09:49:26.046159 31321 raft_consensus.cc:2468] T 04900de3c83c4a44ae0625d362c7cd83 P eeb4e95984c94c9588fef202d8319a8a [term 1 FOLLOWER]: Leader election vote request: Granting yes vote for candidate c92bc624abc143aca1d15a22d78eb90d in term 1.
I20260608 09:49:26.047833 31362 leader_election.cc:304] T 04900de3c83c4a44ae0625d362c7cd83 P c92bc624abc143aca1d15a22d78eb90d [CANDIDATE]: Term 1 election: Election decided. Result: candidate won. Election summary: received 2 responses out of 3 voters: 2 yes votes; 0 no votes. yes voters: c92bc624abc143aca1d15a22d78eb90d, eeb4e95984c94c9588fef202d8319a8a; no voters: 
I20260608 09:49:26.048604 31523 raft_consensus.cc:2804] T 04900de3c83c4a44ae0625d362c7cd83 P c92bc624abc143aca1d15a22d78eb90d [term 1 FOLLOWER]: Leader election won for term 1
I20260608 09:49:26.049768 31523 raft_consensus.cc:697] T 04900de3c83c4a44ae0625d362c7cd83 P c92bc624abc143aca1d15a22d78eb90d [term 1 LEADER]: Becoming Leader. State: Replica: c92bc624abc143aca1d15a22d78eb90d, State: Running, Role: LEADER
I20260608 09:49:26.050477 31523 consensus_queue.cc:237] T 04900de3c83c4a44ae0625d362c7cd83 P c92bc624abc143aca1d15a22d78eb90d [LEADER]: Queue going to LEADER mode. State: All replicated index: 0, Majority replicated index: 0, Committed index: 0, Last appended: 0.0, Last appended by leader: 0, Current term: 1, Majority size: 2, State: 0, Mode: LEADER, active raft config: opid_index: -1 OBSOLETE_local: false peers { permanent_uuid: "9eb4877a05f449c1b2f269d639e349bb" member_type: VOTER last_known_addr { host: "127.26.120.3" port: 33249 } } peers { permanent_uuid: "eeb4e95984c94c9588fef202d8319a8a" member_type: VOTER last_known_addr { host: "127.26.120.1" port: 38853 } } peers { permanent_uuid: "c92bc624abc143aca1d15a22d78eb90d" member_type: VOTER last_known_addr { host: "127.26.120.2" port: 43169 } }
I20260608 09:49:26.059108 31217 catalog_manager.cc:5696] T 04900de3c83c4a44ae0625d362c7cd83 P c92bc624abc143aca1d15a22d78eb90d reported cstate change: term changed from 0 to 1, leader changed from <none> to c92bc624abc143aca1d15a22d78eb90d (127.26.120.2). New cstate: current_term: 1 leader_uuid: "c92bc624abc143aca1d15a22d78eb90d" committed_config { opid_index: -1 OBSOLETE_local: false peers { permanent_uuid: "9eb4877a05f449c1b2f269d639e349bb" member_type: VOTER last_known_addr { host: "127.26.120.3" port: 33249 } health_report { overall_health: UNKNOWN } } peers { permanent_uuid: "eeb4e95984c94c9588fef202d8319a8a" member_type: VOTER last_known_addr { host: "127.26.120.1" port: 38853 } health_report { overall_health: UNKNOWN } } peers { permanent_uuid: "c92bc624abc143aca1d15a22d78eb90d" member_type: VOTER last_known_addr { host: "127.26.120.2" port: 43169 } health_report { overall_health: HEALTHY } } }
I20260608 09:49:26.338105 31267 placement_policy_util.cc:407] tablet 04900de3c83c4a44ae0625d362c7cd83: detected majority of replicas (2 of 3) at location L0
I20260608 09:49:26.339448 31272 auto_leader_rebalancer.cc:140] leader rebalance for table test-workload
I20260608 09:49:26.341475 31272 auto_leader_rebalancer.cc:388] table: test-workload, leader rebalance finish, leader transfer count: 0
I20260608 09:49:26.341934 31272 auto_leader_rebalancer.cc:451] All tables' leader rebalancing finished this round
I20260608 09:49:26.516822 31523 consensus_queue.cc:1048] T 04900de3c83c4a44ae0625d362c7cd83 P c92bc624abc143aca1d15a22d78eb90d [LEADER]: Connected to new peer: Peer: permanent_uuid: "9eb4877a05f449c1b2f269d639e349bb" member_type: VOTER last_known_addr { host: "127.26.120.3" port: 33249 }, Status: LMP_MISMATCH, Last received: 0.0, Next index: 1, Last known committed idx: 0, Time since last communication: 0.000s
I20260608 09:49:26.532032 31532 consensus_queue.cc:1048] T 04900de3c83c4a44ae0625d362c7cd83 P c92bc624abc143aca1d15a22d78eb90d [LEADER]: Connected to new peer: Peer: permanent_uuid: "eeb4e95984c94c9588fef202d8319a8a" member_type: VOTER last_known_addr { host: "127.26.120.1" port: 38853 }, Status: LMP_MISMATCH, Last received: 0.0, Next index: 1, Last known committed idx: 0, Time since last communication: 0.001s
I20260608 09:49:27.349318 31267 placement_policy_util.cc:407] tablet 04900de3c83c4a44ae0625d362c7cd83: detected majority of replicas (2 of 3) at location L0
I20260608 09:49:28.343019 31272 auto_leader_rebalancer.cc:140] leader rebalance for table test-workload
I20260608 09:49:28.344376 31272 auto_leader_rebalancer.cc:388] table: test-workload, leader rebalance finish, leader transfer count: 0
I20260608 09:49:28.344642 31272 auto_leader_rebalancer.cc:451] All tables' leader rebalancing finished this round
I20260608 09:49:28.359174 31267 placement_policy_util.cc:407] tablet 04900de3c83c4a44ae0625d362c7cd83: detected majority of replicas (2 of 3) at location L0
I20260608 09:49:29.369287 31267 placement_policy_util.cc:407] tablet 04900de3c83c4a44ae0625d362c7cd83: detected majority of replicas (2 of 3) at location L0
I20260608 09:49:30.345841 31272 auto_leader_rebalancer.cc:140] leader rebalance for table test-workload
I20260608 09:49:30.347504 31272 auto_leader_rebalancer.cc:388] table: test-workload, leader rebalance finish, leader transfer count: 0
I20260608 09:49:30.347859 31272 auto_leader_rebalancer.cc:451] All tables' leader rebalancing finished this round
I20260608 09:49:30.379026 31267 placement_policy_util.cc:407] tablet 04900de3c83c4a44ae0625d362c7cd83: detected majority of replicas (2 of 3) at location L0
I20260608 09:49:31.388310 31267 placement_policy_util.cc:407] tablet 04900de3c83c4a44ae0625d362c7cd83: detected majority of replicas (2 of 3) at location L0
I20260608 09:49:32.348933 31272 auto_leader_rebalancer.cc:140] leader rebalance for table test-workload
I20260608 09:49:32.350658 31272 auto_leader_rebalancer.cc:388] table: test-workload, leader rebalance finish, leader transfer count: 0
I20260608 09:49:32.351060 31272 auto_leader_rebalancer.cc:451] All tables' leader rebalancing finished this round
I20260608 09:49:32.398082 31267 placement_policy_util.cc:407] tablet 04900de3c83c4a44ae0625d362c7cd83: detected majority of replicas (2 of 3) at location L0
I20260608 09:49:33.408010 31267 placement_policy_util.cc:407] tablet 04900de3c83c4a44ae0625d362c7cd83: detected majority of replicas (2 of 3) at location L0
I20260608 09:49:34.352330 31272 auto_leader_rebalancer.cc:140] leader rebalance for table test-workload
I20260608 09:49:34.354051 31272 auto_leader_rebalancer.cc:388] table: test-workload, leader rebalance finish, leader transfer count: 0
I20260608 09:49:34.354398 31272 auto_leader_rebalancer.cc:451] All tables' leader rebalancing finished this round
I20260608 09:49:34.418304 31267 placement_policy_util.cc:407] tablet 04900de3c83c4a44ae0625d362c7cd83: detected majority of replicas (2 of 3) at location L0
I20260608 09:49:35.426342 31267 placement_policy_util.cc:407] tablet 04900de3c83c4a44ae0625d362c7cd83: detected majority of replicas (2 of 3) at location L0
I20260608 09:49:36.355628 31272 auto_leader_rebalancer.cc:140] leader rebalance for table test-workload
I20260608 09:49:36.357362 31272 auto_leader_rebalancer.cc:388] table: test-workload, leader rebalance finish, leader transfer count: 0
I20260608 09:49:36.357810 31272 auto_leader_rebalancer.cc:451] All tables' leader rebalancing finished this round
I20260608 09:49:36.433959 31267 placement_policy_util.cc:407] tablet 04900de3c83c4a44ae0625d362c7cd83: detected majority of replicas (2 of 3) at location L0
I20260608 09:49:37.156037 27104 tablet_server.cc:179] TabletServer@127.26.120.1:0 shutting down...
I20260608 09:49:37.184656 27104 ts_tablet_manager.cc:1507] Shutting down tablet manager...
I20260608 09:49:37.185619 27104 tablet_replica.cc:333] T 04900de3c83c4a44ae0625d362c7cd83 P eeb4e95984c94c9588fef202d8319a8a: stopping tablet replica
I20260608 09:49:37.186406 27104 raft_consensus.cc:2243] T 04900de3c83c4a44ae0625d362c7cd83 P eeb4e95984c94c9588fef202d8319a8a [term 1 FOLLOWER]: Raft consensus shutting down.
I20260608 09:49:37.187162 27104 raft_consensus.cc:2272] T 04900de3c83c4a44ae0625d362c7cd83 P eeb4e95984c94c9588fef202d8319a8a [term 1 FOLLOWER]: Raft consensus is shut down!
I20260608 09:49:37.210842 27104 tablet_server.cc:196] TabletServer@127.26.120.1:0 shutdown complete.
I20260608 09:49:37.225884 27104 tablet_server.cc:179] TabletServer@127.26.120.2:0 shutting down...
I20260608 09:49:37.255084 27104 ts_tablet_manager.cc:1507] Shutting down tablet manager...
I20260608 09:49:37.256036 27104 tablet_replica.cc:333] T 04900de3c83c4a44ae0625d362c7cd83 P c92bc624abc143aca1d15a22d78eb90d: stopping tablet replica
I20260608 09:49:37.256791 27104 raft_consensus.cc:2243] T 04900de3c83c4a44ae0625d362c7cd83 P c92bc624abc143aca1d15a22d78eb90d [term 1 LEADER]: Raft consensus shutting down.
I20260608 09:49:37.257894 27104 raft_consensus.cc:2272] T 04900de3c83c4a44ae0625d362c7cd83 P c92bc624abc143aca1d15a22d78eb90d [term 1 FOLLOWER]: Raft consensus is shut down!
I20260608 09:49:37.280444 27104 tablet_server.cc:196] TabletServer@127.26.120.2:0 shutdown complete.
I20260608 09:49:37.296057 27104 tablet_server.cc:179] TabletServer@127.26.120.3:0 shutting down...
I20260608 09:49:37.331184 27104 ts_tablet_manager.cc:1507] Shutting down tablet manager...
I20260608 09:49:37.332216 27104 tablet_replica.cc:333] T 04900de3c83c4a44ae0625d362c7cd83 P 9eb4877a05f449c1b2f269d639e349bb: stopping tablet replica
I20260608 09:49:37.332957 27104 raft_consensus.cc:2243] T 04900de3c83c4a44ae0625d362c7cd83 P 9eb4877a05f449c1b2f269d639e349bb [term 1 FOLLOWER]: Raft consensus shutting down.
I20260608 09:49:37.333704 27104 raft_consensus.cc:2272] T 04900de3c83c4a44ae0625d362c7cd83 P 9eb4877a05f449c1b2f269d639e349bb [term 1 FOLLOWER]: Raft consensus is shut down!
I20260608 09:49:37.355746 27104 tablet_server.cc:196] TabletServer@127.26.120.3:0 shutdown complete.
I20260608 09:49:37.368880 27104 master.cc:562] Master@127.26.120.62:40991 shutting down...
I20260608 09:49:37.391110 27104 raft_consensus.cc:2243] T 00000000000000000000000000000000 P 743c53e5e7c345c080db0c5d7b967255 [term 1 LEADER]: Raft consensus shutting down.
I20260608 09:49:37.391911 27104 raft_consensus.cc:2272] T 00000000000000000000000000000000 P 743c53e5e7c345c080db0c5d7b967255 [term 1 FOLLOWER]: Raft consensus is shut down!
I20260608 09:49:37.392302 27104 tablet_replica.cc:333] T 00000000000000000000000000000000 P 743c53e5e7c345c080db0c5d7b967255: stopping tablet replica
I20260608 09:49:37.413926 27104 master.cc:584] Master@127.26.120.62:40991 shutdown complete.
[       OK ] AutoRebalancerTest.NoReplicaMovesIfCannotFixPlacementPolicy (13271 ms)
[ RUN      ] AutoRebalancerTest.TestMaxMovesPerServer
I20260608 09:49:37.461812 27104 internal_mini_cluster.cc:156] Creating distributed mini masters. Addrs: 127.26.120.62:38927
I20260608 09:49:37.463487 27104 file_cache.cc:492] Constructed file cache file cache with capacity 419430
W20260608 09:49:37.472114 31541 instance_detector.cc:116] could not retrieve AWS instance metadata: Network error: curl error: HTTP response code said error: The requested URL returned error: 404
W20260608 09:49:37.472555 31542 instance_detector.cc:116] could not retrieve Azure instance metadata: Network error: curl error: HTTP response code said error: The requested URL returned error: 404
I20260608 09:49:37.474200 27104 server_base.cc:1061] running on GCE node
W20260608 09:49:37.474153 31544 instance_detector.cc:116] could not retrieve OpenStack instance metadata: Network error: curl error: HTTP response code said error: The requested URL returned error: 404
I20260608 09:49:37.475567 27104 hybrid_clock.cc:584] initializing the hybrid clock with 'system_unsync' time source
W20260608 09:49:37.475836 27104 system_unsync_time.cc:38] NTP support is disabled. Clock error bounds will not be accurate. This configuration is not suitable for distributed clusters.
I20260608 09:49:37.476069 27104 hybrid_clock.cc:648] HybridClock initialized: now 1780912177476046 us; error 0 us; skew 500 ppm
I20260608 09:49:37.476864 27104 server_base.cc:861] Flag tcmalloc_max_total_thread_cache_bytes is not working since tcmalloc is not enabled.
I20260608 09:49:37.479952 27104 webserver.cc:533] Webserver started at http://127.26.120.62:46509/ using document root <none> and password file <none>
I20260608 09:49:37.480592 27104 fs_manager.cc:362] Metadata directory not provided
I20260608 09:49:37.480844 27104 fs_manager.cc:368] Using write-ahead log directory (fs_wal_dir) as metadata directory
I20260608 09:49:37.481221 27104 server_base.cc:909] This appears to be a new deployment of Kudu; creating new FS layout
I20260608 09:49:37.482887 27104 fs_manager.cc:1068] Generated new instance metadata in path /tmp/dist-test-task8HDOBJ/test-tmp/auto_rebalancer-test.0.AutoRebalancerTest.TestMaxMovesPerServer.1780912048285960-27104-0/minicluster-data/master-0-root/instance:
uuid: "5c4ed6d335144bf28d3490d4a097cda4"
format_stamp: "Formatted at 2026-06-08 09:49:37 on dist-test-slave-hk04"
I20260608 09:49:37.489106 27104 fs_manager.cc:696] Time spent creating directory manager: real 0.005s	user 0.006s	sys 0.001s
I20260608 09:49:37.493831 31549 log_block_manager.cc:4031] Time spent loading block containers with low live blocks: real 0.000s	user 0.000s	sys 0.000s
I20260608 09:49:37.494973 27104 fs_manager.cc:730] Time spent opening block manager: real 0.003s	user 0.003s	sys 0.000s
I20260608 09:49:37.495268 27104 fs_manager.cc:647] Opened local filesystem: /tmp/dist-test-task8HDOBJ/test-tmp/auto_rebalancer-test.0.AutoRebalancerTest.TestMaxMovesPerServer.1780912048285960-27104-0/minicluster-data/master-0-root
uuid: "5c4ed6d335144bf28d3490d4a097cda4"
format_stamp: "Formatted at 2026-06-08 09:49:37 on dist-test-slave-hk04"
I20260608 09:49:37.495580 27104 fs_report.cc:389] FS layout report
--------------------
wal directory: /tmp/dist-test-task8HDOBJ/test-tmp/auto_rebalancer-test.0.AutoRebalancerTest.TestMaxMovesPerServer.1780912048285960-27104-0/minicluster-data/master-0-root
metadata directory: /tmp/dist-test-task8HDOBJ/test-tmp/auto_rebalancer-test.0.AutoRebalancerTest.TestMaxMovesPerServer.1780912048285960-27104-0/minicluster-data/master-0-root
1 data directories: /tmp/dist-test-task8HDOBJ/test-tmp/auto_rebalancer-test.0.AutoRebalancerTest.TestMaxMovesPerServer.1780912048285960-27104-0/minicluster-data/master-0-root/data
Total live blocks: 0
Total live bytes: 0
Total live bytes (after alignment): 0
Total number of LBM containers: 0 (0 full)
Did not check for missing blocks
Did not check for orphaned blocks
Total full LBM containers with extra space: 0 (0 repaired)
Total full LBM container extra space in bytes: 0 (0 repaired)
Total incomplete LBM containers: 0 (0 repaired)
Total LBM partial records: 0 (0 repaired)
Total corrupted LBM metadata records in RocksDB: 0 (0 repaired)
I20260608 09:49:37.521018 27104 rpc_server.cc:225] running with OpenSSL 1.1.1  11 Sep 2018
I20260608 09:49:37.522562 27104 kserver.cc:163] Server-wide thread pool size limit: 3276
I20260608 09:49:37.570511 27104 rpc_server.cc:307] RPC server started. Bound to: 127.26.120.62:38927
I20260608 09:49:37.570636 31600 acceptor_pool.cc:272] collecting diagnostics on the listening RPC socket 127.26.120.62:38927 every 8 connection(s)
I20260608 09:49:37.575317 31601 data_dirs.cc:400] Could only allocate 1 dirs of requested 3 for tablet 00000000000000000000000000000000. 1 dirs total, 0 dirs full, 0 dirs failed
I20260608 09:49:37.587903 31601 tablet_bootstrap.cc:492] T 00000000000000000000000000000000 P 5c4ed6d335144bf28d3490d4a097cda4: Bootstrap starting.
I20260608 09:49:37.593277 31601 tablet_bootstrap.cc:654] T 00000000000000000000000000000000 P 5c4ed6d335144bf28d3490d4a097cda4: Neither blocks nor log segments found. Creating new log.
I20260608 09:49:37.598086 31601 tablet_bootstrap.cc:492] T 00000000000000000000000000000000 P 5c4ed6d335144bf28d3490d4a097cda4: No bootstrap required, opened a new log
I20260608 09:49:37.600483 31601 raft_consensus.cc:359] T 00000000000000000000000000000000 P 5c4ed6d335144bf28d3490d4a097cda4 [term 0 FOLLOWER]: Replica starting. Triggering 0 pending ops. Active config: opid_index: -1 OBSOLETE_local: true peers { permanent_uuid: "5c4ed6d335144bf28d3490d4a097cda4" member_type: VOTER }
I20260608 09:49:37.600905 31601 raft_consensus.cc:385] T 00000000000000000000000000000000 P 5c4ed6d335144bf28d3490d4a097cda4 [term 0 FOLLOWER]: Consensus starting up: Expiring failure detector timer to make a prompt election more likely
I20260608 09:49:37.601219 31601 raft_consensus.cc:740] T 00000000000000000000000000000000 P 5c4ed6d335144bf28d3490d4a097cda4 [term 0 FOLLOWER]: Becoming Follower/Learner. State: Replica: 5c4ed6d335144bf28d3490d4a097cda4, State: Initialized, Role: FOLLOWER
I20260608 09:49:37.601858 31601 consensus_queue.cc:260] T 00000000000000000000000000000000 P 5c4ed6d335144bf28d3490d4a097cda4 [NON_LEADER]: Queue going to NON_LEADER mode. State: All replicated index: 0, Majority replicated index: 0, Committed index: 0, Last appended: 0.0, Last appended by leader: 0, Current term: 0, Majority size: -1, State: 0, Mode: NON_LEADER, active raft config: opid_index: -1 OBSOLETE_local: true peers { permanent_uuid: "5c4ed6d335144bf28d3490d4a097cda4" member_type: VOTER }
I20260608 09:49:37.602340 31601 raft_consensus.cc:399] T 00000000000000000000000000000000 P 5c4ed6d335144bf28d3490d4a097cda4 [term 0 FOLLOWER]: Only one voter in the Raft config. Triggering election immediately
I20260608 09:49:37.602583 31601 raft_consensus.cc:493] T 00000000000000000000000000000000 P 5c4ed6d335144bf28d3490d4a097cda4 [term 0 FOLLOWER]: Starting leader election (initial election of a single-replica configuration)
I20260608 09:49:37.602875 31601 raft_consensus.cc:3060] T 00000000000000000000000000000000 P 5c4ed6d335144bf28d3490d4a097cda4 [term 0 FOLLOWER]: Advancing to term 1
I20260608 09:49:37.608107 31601 raft_consensus.cc:515] T 00000000000000000000000000000000 P 5c4ed6d335144bf28d3490d4a097cda4 [term 1 FOLLOWER]: Starting leader election with config: opid_index: -1 OBSOLETE_local: true peers { permanent_uuid: "5c4ed6d335144bf28d3490d4a097cda4" member_type: VOTER }
I20260608 09:49:37.608685 31601 leader_election.cc:304] T 00000000000000000000000000000000 P 5c4ed6d335144bf28d3490d4a097cda4 [CANDIDATE]: Term 1 election: Election decided. Result: candidate won. Election summary: received 1 responses out of 1 voters: 1 yes votes; 0 no votes. yes voters: 5c4ed6d335144bf28d3490d4a097cda4; no voters: 
I20260608 09:49:37.610307 31601 leader_election.cc:290] T 00000000000000000000000000000000 P 5c4ed6d335144bf28d3490d4a097cda4 [CANDIDATE]: Term 1 election: Requested vote from peers 
I20260608 09:49:37.610755 31604 raft_consensus.cc:2804] T 00000000000000000000000000000000 P 5c4ed6d335144bf28d3490d4a097cda4 [term 1 FOLLOWER]: Leader election won for term 1
I20260608 09:49:37.612636 31604 raft_consensus.cc:697] T 00000000000000000000000000000000 P 5c4ed6d335144bf28d3490d4a097cda4 [term 1 LEADER]: Becoming Leader. State: Replica: 5c4ed6d335144bf28d3490d4a097cda4, State: Running, Role: LEADER
I20260608 09:49:37.613637 31604 consensus_queue.cc:237] T 00000000000000000000000000000000 P 5c4ed6d335144bf28d3490d4a097cda4 [LEADER]: Queue going to LEADER mode. State: All replicated index: 0, Majority replicated index: 0, Committed index: 0, Last appended: 0.0, Last appended by leader: 0, Current term: 1, Majority size: 1, State: 0, Mode: LEADER, active raft config: opid_index: -1 OBSOLETE_local: true peers { permanent_uuid: "5c4ed6d335144bf28d3490d4a097cda4" member_type: VOTER }
I20260608 09:49:37.614123 31601 sys_catalog.cc:565] T 00000000000000000000000000000000 P 5c4ed6d335144bf28d3490d4a097cda4 [sys.catalog]: configured and running, proceeding with master startup.
I20260608 09:49:37.618659 31606 sys_catalog.cc:455] T 00000000000000000000000000000000 P 5c4ed6d335144bf28d3490d4a097cda4 [sys.catalog]: SysCatalogTable state changed. Reason: New leader 5c4ed6d335144bf28d3490d4a097cda4. Latest consensus state: current_term: 1 leader_uuid: "5c4ed6d335144bf28d3490d4a097cda4" committed_config { opid_index: -1 OBSOLETE_local: true peers { permanent_uuid: "5c4ed6d335144bf28d3490d4a097cda4" member_type: VOTER } }
I20260608 09:49:37.619488 31606 sys_catalog.cc:458] T 00000000000000000000000000000000 P 5c4ed6d335144bf28d3490d4a097cda4 [sys.catalog]: This master's current role is: LEADER
I20260608 09:49:37.624588 31605 sys_catalog.cc:455] T 00000000000000000000000000000000 P 5c4ed6d335144bf28d3490d4a097cda4 [sys.catalog]: SysCatalogTable state changed. Reason: RaftConsensus started. Latest consensus state: current_term: 1 leader_uuid: "5c4ed6d335144bf28d3490d4a097cda4" committed_config { opid_index: -1 OBSOLETE_local: true peers { permanent_uuid: "5c4ed6d335144bf28d3490d4a097cda4" member_type: VOTER } }
I20260608 09:49:37.627019 31605 sys_catalog.cc:458] T 00000000000000000000000000000000 P 5c4ed6d335144bf28d3490d4a097cda4 [sys.catalog]: This master's current role is: LEADER
I20260608 09:49:37.633936 31610 catalog_manager.cc:1510] Loading table and tablet metadata into memory...
I20260608 09:49:37.642963 31610 catalog_manager.cc:1519] Initializing Kudu cluster ID...
I20260608 09:49:37.645282 27104 internal_mini_cluster.cc:184] Waiting to initialize catalog manager on master 0
I20260608 09:49:37.654083 31610 catalog_manager.cc:1382] Generated new cluster ID: e41ca1ccfcbf4cd997f450b74c93b115
I20260608 09:49:37.654474 31610 catalog_manager.cc:1530] Initializing Kudu internal certificate authority...
I20260608 09:49:37.669426 31610 catalog_manager.cc:1405] Generated new certificate authority record
I20260608 09:49:37.670915 31610 catalog_manager.cc:1539] Loading token signing keys...
I20260608 09:49:37.687636 31610 catalog_manager.cc:6069] T 00000000000000000000000000000000 P 5c4ed6d335144bf28d3490d4a097cda4: Generated new TSK 0
I20260608 09:49:37.688304 31610 catalog_manager.cc:1549] Initializing in-progress tserver states...
I20260608 09:49:37.713050 27104 file_cache.cc:492] Constructed file cache file cache with capacity 419430
W20260608 09:49:37.719815 31622 instance_detector.cc:116] could not retrieve AWS instance metadata: Network error: curl error: HTTP response code said error: The requested URL returned error: 404
W20260608 09:49:37.721261 31623 instance_detector.cc:116] could not retrieve Azure instance metadata: Network error: curl error: HTTP response code said error: The requested URL returned error: 404
W20260608 09:49:37.726161 31625 instance_detector.cc:116] could not retrieve OpenStack instance metadata: Network error: curl error: HTTP response code said error: The requested URL returned error: 404
I20260608 09:49:37.726785 27104 server_base.cc:1061] running on GCE node
I20260608 09:49:37.731371 27104 hybrid_clock.cc:584] initializing the hybrid clock with 'system_unsync' time source
W20260608 09:49:37.731637 27104 system_unsync_time.cc:38] NTP support is disabled. Clock error bounds will not be accurate. This configuration is not suitable for distributed clusters.
I20260608 09:49:37.731786 27104 hybrid_clock.cc:648] HybridClock initialized: now 1780912177731772 us; error 0 us; skew 500 ppm
I20260608 09:49:37.732388 27104 server_base.cc:861] Flag tcmalloc_max_total_thread_cache_bytes is not working since tcmalloc is not enabled.
I20260608 09:49:37.735670 27104 webserver.cc:533] Webserver started at http://127.26.120.1:45989/ using document root <none> and password file <none>
I20260608 09:49:37.736260 27104 fs_manager.cc:362] Metadata directory not provided
I20260608 09:49:37.736454 27104 fs_manager.cc:368] Using write-ahead log directory (fs_wal_dir) as metadata directory
I20260608 09:49:37.736720 27104 server_base.cc:909] This appears to be a new deployment of Kudu; creating new FS layout
I20260608 09:49:37.738130 27104 fs_manager.cc:1068] Generated new instance metadata in path /tmp/dist-test-task8HDOBJ/test-tmp/auto_rebalancer-test.0.AutoRebalancerTest.TestMaxMovesPerServer.1780912048285960-27104-0/minicluster-data/ts-0-root/instance:
uuid: "d27d307808e74b6e8883338360606ec5"
format_stamp: "Formatted at 2026-06-08 09:49:37 on dist-test-slave-hk04"
I20260608 09:49:37.744094 27104 fs_manager.cc:696] Time spent creating directory manager: real 0.005s	user 0.005s	sys 0.000s
I20260608 09:49:37.748088 31630 log_block_manager.cc:4031] Time spent loading block containers with low live blocks: real 0.000s	user 0.000s	sys 0.000s
I20260608 09:49:37.749099 27104 fs_manager.cc:730] Time spent opening block manager: real 0.003s	user 0.002s	sys 0.000s
I20260608 09:49:37.749524 27104 fs_manager.cc:647] Opened local filesystem: /tmp/dist-test-task8HDOBJ/test-tmp/auto_rebalancer-test.0.AutoRebalancerTest.TestMaxMovesPerServer.1780912048285960-27104-0/minicluster-data/ts-0-root
uuid: "d27d307808e74b6e8883338360606ec5"
format_stamp: "Formatted at 2026-06-08 09:49:37 on dist-test-slave-hk04"
I20260608 09:49:37.749866 27104 fs_report.cc:389] FS layout report
--------------------
wal directory: /tmp/dist-test-task8HDOBJ/test-tmp/auto_rebalancer-test.0.AutoRebalancerTest.TestMaxMovesPerServer.1780912048285960-27104-0/minicluster-data/ts-0-root
metadata directory: /tmp/dist-test-task8HDOBJ/test-tmp/auto_rebalancer-test.0.AutoRebalancerTest.TestMaxMovesPerServer.1780912048285960-27104-0/minicluster-data/ts-0-root
1 data directories: /tmp/dist-test-task8HDOBJ/test-tmp/auto_rebalancer-test.0.AutoRebalancerTest.TestMaxMovesPerServer.1780912048285960-27104-0/minicluster-data/ts-0-root/data
Total live blocks: 0
Total live bytes: 0
Total live bytes (after alignment): 0
Total number of LBM containers: 0 (0 full)
Did not check for missing blocks
Did not check for orphaned blocks
Total full LBM containers with extra space: 0 (0 repaired)
Total full LBM container extra space in bytes: 0 (0 repaired)
Total incomplete LBM containers: 0 (0 repaired)
Total LBM partial records: 0 (0 repaired)
Total corrupted LBM metadata records in RocksDB: 0 (0 repaired)
I20260608 09:49:37.764653 27104 rpc_server.cc:225] running with OpenSSL 1.1.1  11 Sep 2018
I20260608 09:49:37.766147 27104 kserver.cc:163] Server-wide thread pool size limit: 3276
I20260608 09:49:37.768024 27104 txn_system_client.cc:432] TxnSystemClient initialization is disabled...
