I20260608 09:48:54.469877 20512 tablet_service.cc:1917] Received RequestConsensusVote() RPC: tablet_id: "6acb5f5e8f10440996a1ce3f0fa1d74a" candidate_uuid: "2189464228c0415dbb7cf165bbb109f3" candidate_term: 4 candidate_status { last_received { term: 2 index: 2 } } ignore_live_leader: false dest_uuid: "1fa7c78744e94997b61774159f0957ac" is_pre_election: true
I20260608 09:48:54.475728 20675 leader_election.cc:290] T 6acb5f5e8f10440996a1ce3f0fa1d74a P 2189464228c0415dbb7cf165bbb109f3 [CANDIDATE]: Term 4 pre-election: Requested pre-vote from peers 1fa7c78744e94997b61774159f0957ac (127.16.208.68:37753), 81579c52d8d04d7e9cd57f8ccc0ea63d (127.16.208.65:45619)
I20260608 09:48:54.476622 20359 raft_consensus.cc:2468] T 180362d16c4c420ca949ef61f4e57b78 P 34e44035f3404756876b8f1e85380012 [term 3 FOLLOWER]: Leader election vote request: Granting yes vote for candidate 2189464228c0415dbb7cf165bbb109f3 in term 3.
I20260608 09:48:54.478294 20681 leader_election.cc:290] T 996d777140f6489097aae9154ba09557 P 2189464228c0415dbb7cf165bbb109f3 [CANDIDATE]: Term 3 election: Requested vote from peers 81579c52d8d04d7e9cd57f8ccc0ea63d (127.16.208.65:45619), 34e44035f3404756876b8f1e85380012 (127.16.208.67:42367)
I20260608 09:48:54.479763 20252 leader_election.cc:304] T 180362d16c4c420ca949ef61f4e57b78 P 2189464228c0415dbb7cf165bbb109f3 [CANDIDATE]: Term 3 election: Election decided. Result: candidate won. Election summary: received 3 responses out of 3 voters: 2 yes votes; 1 no votes. yes voters: 2189464228c0415dbb7cf165bbb109f3, 34e44035f3404756876b8f1e85380012; no voters: 81579c52d8d04d7e9cd57f8ccc0ea63d
I20260608 09:48:54.480881 20210 tablet_service.cc:1917] Received RequestConsensusVote() RPC: tablet_id: "996d777140f6489097aae9154ba09557" candidate_uuid: "2189464228c0415dbb7cf165bbb109f3" candidate_term: 3 candidate_status { last_received { term: 1 index: 2 } } ignore_live_leader: false dest_uuid: "81579c52d8d04d7e9cd57f8ccc0ea63d"
I20260608 09:48:54.481129 20212 tablet_service.cc:1917] Received RequestConsensusVote() RPC: tablet_id: "6acb5f5e8f10440996a1ce3f0fa1d74a" candidate_uuid: "2189464228c0415dbb7cf165bbb109f3" candidate_term: 4 candidate_status { last_received { term: 2 index: 2 } } ignore_live_leader: false dest_uuid: "81579c52d8d04d7e9cd57f8ccc0ea63d" is_pre_election: true
I20260608 09:48:54.481567 20210 raft_consensus.cc:3060] T 996d777140f6489097aae9154ba09557 P 81579c52d8d04d7e9cd57f8ccc0ea63d [term 1 FOLLOWER]: Advancing to term 3
I20260608 09:48:54.481912 20681 raft_consensus.cc:2804] T 180362d16c4c420ca949ef61f4e57b78 P 2189464228c0415dbb7cf165bbb109f3 [term 3 FOLLOWER]: Leader election won for term 3
I20260608 09:48:54.482015 20212 raft_consensus.cc:2468] T 6acb5f5e8f10440996a1ce3f0fa1d74a P 81579c52d8d04d7e9cd57f8ccc0ea63d [term 3 FOLLOWER]: Leader pre-election vote request: Granting yes vote for candidate 2189464228c0415dbb7cf165bbb109f3 in term 3.
I20260608 09:48:54.483716 20681 raft_consensus.cc:697] T 180362d16c4c420ca949ef61f4e57b78 P 2189464228c0415dbb7cf165bbb109f3 [term 3 LEADER]: Becoming Leader. State: Replica: 2189464228c0415dbb7cf165bbb109f3, State: Running, Role: LEADER
I20260608 09:48:54.484855 20359 tablet_service.cc:1917] Received RequestConsensusVote() RPC: tablet_id: "996d777140f6489097aae9154ba09557" candidate_uuid: "2189464228c0415dbb7cf165bbb109f3" candidate_term: 3 candidate_status { last_received { term: 1 index: 2 } } ignore_live_leader: false dest_uuid: "34e44035f3404756876b8f1e85380012"
I20260608 09:48:54.484930 20681 consensus_queue.cc:237] T 180362d16c4c420ca949ef61f4e57b78 P 2189464228c0415dbb7cf165bbb109f3 [LEADER]: Queue going to LEADER mode. State: All replicated index: 0, Majority replicated index: 1, Committed index: 1, Last appended: 1.1, Last appended by leader: 1, Current term: 3, Majority size: 2, State: 0, Mode: LEADER, active raft config: opid_index: -1 OBSOLETE_local: false peers { permanent_uuid: "81579c52d8d04d7e9cd57f8ccc0ea63d" member_type: VOTER last_known_addr { host: "127.16.208.65" port: 45619 } } peers { permanent_uuid: "2189464228c0415dbb7cf165bbb109f3" member_type: VOTER last_known_addr { host: "127.16.208.66" port: 36893 } } peers { permanent_uuid: "34e44035f3404756876b8f1e85380012" member_type: VOTER last_known_addr { host: "127.16.208.67" port: 42367 } }
I20260608 09:48:54.485728 20359 raft_consensus.cc:3060] T 996d777140f6489097aae9154ba09557 P 34e44035f3404756876b8f1e85380012 [term 2 FOLLOWER]: Advancing to term 3
I20260608 09:48:54.492642 20251 leader_election.cc:304] T 6acb5f5e8f10440996a1ce3f0fa1d74a P 2189464228c0415dbb7cf165bbb109f3 [CANDIDATE]: Term 4 pre-election: Election decided. Result: candidate won. Election summary: received 3 responses out of 3 voters: 2 yes votes; 1 no votes. yes voters: 2189464228c0415dbb7cf165bbb109f3, 81579c52d8d04d7e9cd57f8ccc0ea63d; no voters: 1fa7c78744e94997b61774159f0957ac
I20260608 09:48:54.494002 20675 raft_consensus.cc:2804] T 6acb5f5e8f10440996a1ce3f0fa1d74a P 2189464228c0415dbb7cf165bbb109f3 [term 3 FOLLOWER]: Leader pre-election won for term 4
I20260608 09:48:54.494444 20675 raft_consensus.cc:493] T 6acb5f5e8f10440996a1ce3f0fa1d74a P 2189464228c0415dbb7cf165bbb109f3 [term 3 FOLLOWER]: Starting leader election (no leader contacted us within the election timeout)
I20260608 09:48:54.494827 20675 raft_consensus.cc:3060] T 6acb5f5e8f10440996a1ce3f0fa1d74a P 2189464228c0415dbb7cf165bbb109f3 [term 3 FOLLOWER]: Advancing to term 4
I20260608 09:48:54.501058 20210 raft_consensus.cc:2468] T 996d777140f6489097aae9154ba09557 P 81579c52d8d04d7e9cd57f8ccc0ea63d [term 3 FOLLOWER]: Leader election vote request: Granting yes vote for candidate 2189464228c0415dbb7cf165bbb109f3 in term 3.
I20260608 09:48:54.503032 20251 leader_election.cc:304] T 996d777140f6489097aae9154ba09557 P 2189464228c0415dbb7cf165bbb109f3 [CANDIDATE]: Term 3 election: Election decided. Result: candidate won. Election summary: received 2 responses out of 3 voters: 2 yes votes; 0 no votes. yes voters: 2189464228c0415dbb7cf165bbb109f3, 81579c52d8d04d7e9cd57f8ccc0ea63d; no voters: 
I20260608 09:48:54.504127 20425 raft_consensus.cc:2804] T 996d777140f6489097aae9154ba09557 P 2189464228c0415dbb7cf165bbb109f3 [term 3 FOLLOWER]: Leader election won for term 3
I20260608 09:48:54.507913 20675 raft_consensus.cc:515] T 6acb5f5e8f10440996a1ce3f0fa1d74a P 2189464228c0415dbb7cf165bbb109f3 [term 4 FOLLOWER]: Starting leader election with config: opid_index: -1 OBSOLETE_local: false peers { permanent_uuid: "1fa7c78744e94997b61774159f0957ac" member_type: VOTER last_known_addr { host: "127.16.208.68" port: 37753 } } peers { permanent_uuid: "81579c52d8d04d7e9cd57f8ccc0ea63d" member_type: VOTER last_known_addr { host: "127.16.208.65" port: 45619 } } peers { permanent_uuid: "2189464228c0415dbb7cf165bbb109f3" member_type: VOTER last_known_addr { host: "127.16.208.66" port: 36893 } }
I20260608 09:48:54.512287 20715 raft_consensus.cc:493] T 6acb5f5e8f10440996a1ce3f0fa1d74a P 1fa7c78744e94997b61774159f0957ac [term 2 FOLLOWER]: Starting pre-election (detected failure of leader 2189464228c0415dbb7cf165bbb109f3)
I20260608 09:48:54.513092 20512 tablet_service.cc:1917] Received RequestConsensusVote() RPC: tablet_id: "6acb5f5e8f10440996a1ce3f0fa1d74a" candidate_uuid: "2189464228c0415dbb7cf165bbb109f3" candidate_term: 4 candidate_status { last_received { term: 2 index: 2 } } ignore_live_leader: false dest_uuid: "1fa7c78744e94997b61774159f0957ac"
I20260608 09:48:54.513108 20715 raft_consensus.cc:515] T 6acb5f5e8f10440996a1ce3f0fa1d74a P 1fa7c78744e94997b61774159f0957ac [term 2 FOLLOWER]: Starting pre-election with config: opid_index: -1 OBSOLETE_local: false peers { permanent_uuid: "1fa7c78744e94997b61774159f0957ac" member_type: VOTER last_known_addr { host: "127.16.208.68" port: 37753 } } peers { permanent_uuid: "81579c52d8d04d7e9cd57f8ccc0ea63d" member_type: VOTER last_known_addr { host: "127.16.208.65" port: 45619 } } peers { permanent_uuid: "2189464228c0415dbb7cf165bbb109f3" member_type: VOTER last_known_addr { host: "127.16.208.66" port: 36893 } }
I20260608 09:48:54.512490 20425 raft_consensus.cc:697] T 996d777140f6489097aae9154ba09557 P 2189464228c0415dbb7cf165bbb109f3 [term 3 LEADER]: Becoming Leader. State: Replica: 2189464228c0415dbb7cf165bbb109f3, State: Running, Role: LEADER
I20260608 09:48:54.516507 20715 leader_election.cc:290] T 6acb5f5e8f10440996a1ce3f0fa1d74a P 1fa7c78744e94997b61774159f0957ac [CANDIDATE]: Term 3 pre-election: Requested pre-vote from peers 81579c52d8d04d7e9cd57f8ccc0ea63d (127.16.208.65:45619), 2189464228c0415dbb7cf165bbb109f3 (127.16.208.66:36893)
I20260608 09:48:54.518339 20283 tablet_service.cc:1917] Received RequestConsensusVote() RPC: tablet_id: "6acb5f5e8f10440996a1ce3f0fa1d74a" candidate_uuid: "1fa7c78744e94997b61774159f0957ac" candidate_term: 3 candidate_status { last_received { term: 2 index: 2 } } ignore_live_leader: false dest_uuid: "2189464228c0415dbb7cf165bbb109f3" is_pre_election: true
I20260608 09:48:54.519456 20512 raft_consensus.cc:3060] T 6acb5f5e8f10440996a1ce3f0fa1d74a P 1fa7c78744e94997b61774159f0957ac [term 2 FOLLOWER]: Advancing to term 4
I20260608 09:48:54.519476 20283 raft_consensus.cc:2368] T 6acb5f5e8f10440996a1ce3f0fa1d74a P 2189464228c0415dbb7cf165bbb109f3 [term 4 FOLLOWER]: Leader pre-election vote request: Denying vote to candidate 1fa7c78744e94997b61774159f0957ac for earlier term 3. Current term is 4.
I20260608 09:48:54.521821 20473 leader_election.cc:400] T 6acb5f5e8f10440996a1ce3f0fa1d74a P 1fa7c78744e94997b61774159f0957ac [CANDIDATE]: Term 3 pre-election: Vote denied by peer 2189464228c0415dbb7cf165bbb109f3 (127.16.208.66:36893) with higher term. Message: Invalid argument: T 6acb5f5e8f10440996a1ce3f0fa1d74a P 2189464228c0415dbb7cf165bbb109f3 [term 4 FOLLOWER]: Leader pre-election vote request: Denying vote to candidate 1fa7c78744e94997b61774159f0957ac for earlier term 3. Current term is 4.
I20260608 09:48:54.522122 20473 leader_election.cc:403] T 6acb5f5e8f10440996a1ce3f0fa1d74a P 1fa7c78744e94997b61774159f0957ac [CANDIDATE]: Term 3 pre-election: Cancelling election due to peer responding with higher term
I20260608 09:48:54.522699 20425 consensus_queue.cc:237] T 996d777140f6489097aae9154ba09557 P 2189464228c0415dbb7cf165bbb109f3 [LEADER]: Queue going to LEADER mode. State: All replicated index: 0, Majority replicated index: 2, Committed index: 2, Last appended: 1.2, Last appended by leader: 2, Current term: 3, Majority size: 2, State: 0, Mode: LEADER, active raft config: opid_index: 2 OBSOLETE_local: false peers { permanent_uuid: "2189464228c0415dbb7cf165bbb109f3" member_type: VOTER last_known_addr { host: "127.16.208.66" port: 36893 } } peers { permanent_uuid: "81579c52d8d04d7e9cd57f8ccc0ea63d" member_type: VOTER last_known_addr { host: "127.16.208.65" port: 45619 } attrs { replace: true } } peers { permanent_uuid: "34e44035f3404756876b8f1e85380012" member_type: VOTER last_known_addr { host: "127.16.208.67" port: 42367 } } peers { permanent_uuid: "1fa7c78744e94997b61774159f0957ac" member_type: NON_VOTER last_known_addr { host: "127.16.208.68" port: 37753 } attrs { promote: true } }
I20260608 09:48:54.529701 20512 raft_consensus.cc:2468] T 6acb5f5e8f10440996a1ce3f0fa1d74a P 1fa7c78744e94997b61774159f0957ac [term 4 FOLLOWER]: Leader election vote request: Granting yes vote for candidate 2189464228c0415dbb7cf165bbb109f3 in term 4.
I20260608 09:48:54.537310 20715 raft_consensus.cc:2749] T 6acb5f5e8f10440996a1ce3f0fa1d74a P 1fa7c78744e94997b61774159f0957ac [term 4 FOLLOWER]: Leader pre-election lost for term 3. Reason: Vote denied by peer 2189464228c0415dbb7cf165bbb109f3 (127.16.208.66:36893) with higher term. Message: Invalid argument: T 6acb5f5e8f10440996a1ce3f0fa1d74a P 2189464228c0415dbb7cf165bbb109f3 [term 4 FOLLOWER]: Leader pre-election vote request: Denying vote to candidate 1fa7c78744e94997b61774159f0957ac for earlier term 3. Current term is 4.
I20260608 09:48:54.522086 20210 tablet_service.cc:1917] Received RequestConsensusVote() RPC: tablet_id: "6acb5f5e8f10440996a1ce3f0fa1d74a" candidate_uuid: "1fa7c78744e94997b61774159f0957ac" candidate_term: 3 candidate_status { last_received { term: 2 index: 2 } } ignore_live_leader: false dest_uuid: "81579c52d8d04d7e9cd57f8ccc0ea63d" is_pre_election: true
I20260608 09:48:54.535257 20212 tablet_service.cc:1917] Received RequestConsensusVote() RPC: tablet_id: "6acb5f5e8f10440996a1ce3f0fa1d74a" candidate_uuid: "2189464228c0415dbb7cf165bbb109f3" candidate_term: 4 candidate_status { last_received { term: 2 index: 2 } } ignore_live_leader: false dest_uuid: "81579c52d8d04d7e9cd57f8ccc0ea63d"
I20260608 09:48:54.538779 20212 raft_consensus.cc:3060] T 6acb5f5e8f10440996a1ce3f0fa1d74a P 81579c52d8d04d7e9cd57f8ccc0ea63d [term 3 FOLLOWER]: Advancing to term 4
I20260608 09:48:54.535802 20675 leader_election.cc:290] T 6acb5f5e8f10440996a1ce3f0fa1d74a P 2189464228c0415dbb7cf165bbb109f3 [CANDIDATE]: Term 4 election: Requested vote from peers 1fa7c78744e94997b61774159f0957ac (127.16.208.68:37753), 81579c52d8d04d7e9cd57f8ccc0ea63d (127.16.208.65:45619)
I20260608 09:48:54.553748 20212 raft_consensus.cc:2468] T 6acb5f5e8f10440996a1ce3f0fa1d74a P 81579c52d8d04d7e9cd57f8ccc0ea63d [term 4 FOLLOWER]: Leader election vote request: Granting yes vote for candidate 2189464228c0415dbb7cf165bbb109f3 in term 4.
I20260608 09:48:54.554935 20251 leader_election.cc:304] T 6acb5f5e8f10440996a1ce3f0fa1d74a P 2189464228c0415dbb7cf165bbb109f3 [CANDIDATE]: Term 4 election: Election decided. Result: candidate won. Election summary: received 2 responses out of 3 voters: 2 yes votes; 0 no votes. yes voters: 2189464228c0415dbb7cf165bbb109f3, 81579c52d8d04d7e9cd57f8ccc0ea63d; no voters: 
I20260608 09:48:54.557282 20670 raft_consensus.cc:493] T 0949fb4991774f73872693308e503974 P 34e44035f3404756876b8f1e85380012 [term 1 FOLLOWER]: Starting pre-election (detected failure of leader 1fa7c78744e94997b61774159f0957ac)
I20260608 09:48:54.558104 20670 raft_consensus.cc:515] T 0949fb4991774f73872693308e503974 P 34e44035f3404756876b8f1e85380012 [term 1 FOLLOWER]: Starting pre-election with config: opid_index: -1 OBSOLETE_local: false peers { permanent_uuid: "1fa7c78744e94997b61774159f0957ac" member_type: VOTER last_known_addr { host: "127.16.208.68" port: 37753 } } peers { permanent_uuid: "2189464228c0415dbb7cf165bbb109f3" member_type: VOTER last_known_addr { host: "127.16.208.66" port: 36893 } } peers { permanent_uuid: "34e44035f3404756876b8f1e85380012" member_type: VOTER last_known_addr { host: "127.16.208.67" port: 42367 } }
I20260608 09:48:54.563071 20506 tablet_service.cc:1917] Received RequestConsensusVote() RPC: tablet_id: "0949fb4991774f73872693308e503974" candidate_uuid: "34e44035f3404756876b8f1e85380012" candidate_term: 2 candidate_status { last_received { term: 1 index: 1 } } ignore_live_leader: false dest_uuid: "1fa7c78744e94997b61774159f0957ac" is_pre_election: true
I20260608 09:48:54.566190 20675 raft_consensus.cc:2804] T 6acb5f5e8f10440996a1ce3f0fa1d74a P 2189464228c0415dbb7cf165bbb109f3 [term 4 FOLLOWER]: Leader election won for term 4
I20260608 09:48:54.572321 20670 leader_election.cc:290] T 0949fb4991774f73872693308e503974 P 34e44035f3404756876b8f1e85380012 [CANDIDATE]: Term 2 pre-election: Requested pre-vote from peers 1fa7c78744e94997b61774159f0957ac (127.16.208.68:37753), 2189464228c0415dbb7cf165bbb109f3 (127.16.208.66:36893)
I20260608 09:48:54.577749 20715 raft_consensus.cc:493] T 0a89e7687c3a4e7e85182aac1c57d39c P 1fa7c78744e94997b61774159f0957ac [term 1 FOLLOWER]: Starting pre-election (detected failure of leader 81579c52d8d04d7e9cd57f8ccc0ea63d)
I20260608 09:48:54.578455 20283 tablet_service.cc:1917] Received RequestConsensusVote() RPC: tablet_id: "0949fb4991774f73872693308e503974" candidate_uuid: "34e44035f3404756876b8f1e85380012" candidate_term: 2 candidate_status { last_received { term: 1 index: 1 } } ignore_live_leader: false dest_uuid: "2189464228c0415dbb7cf165bbb109f3" is_pre_election: true
I20260608 09:48:54.578504 20715 raft_consensus.cc:515] T 0a89e7687c3a4e7e85182aac1c57d39c P 1fa7c78744e94997b61774159f0957ac [term 1 FOLLOWER]: Starting pre-election with config: opid_index: -1 OBSOLETE_local: false peers { permanent_uuid: "34e44035f3404756876b8f1e85380012" member_type: VOTER last_known_addr { host: "127.16.208.67" port: 42367 } } peers { permanent_uuid: "1fa7c78744e94997b61774159f0957ac" member_type: VOTER last_known_addr { host: "127.16.208.68" port: 37753 } } peers { permanent_uuid: "81579c52d8d04d7e9cd57f8ccc0ea63d" member_type: VOTER last_known_addr { host: "127.16.208.65" port: 45619 } }
I20260608 09:48:54.579290 20283 raft_consensus.cc:2368] T 0949fb4991774f73872693308e503974 P 2189464228c0415dbb7cf165bbb109f3 [term 3 FOLLOWER]: Leader pre-election vote request: Denying vote to candidate 34e44035f3404756876b8f1e85380012 for earlier term 2. Current term is 3.
I20260608 09:48:54.585696 20324 leader_election.cc:400] T 0949fb4991774f73872693308e503974 P 34e44035f3404756876b8f1e85380012 [CANDIDATE]: Term 2 pre-election: Vote denied by peer 2189464228c0415dbb7cf165bbb109f3 (127.16.208.66:36893) with higher term. Message: Invalid argument: T 0949fb4991774f73872693308e503974 P 2189464228c0415dbb7cf165bbb109f3 [term 3 FOLLOWER]: Leader pre-election vote request: Denying vote to candidate 34e44035f3404756876b8f1e85380012 for earlier term 2. Current term is 3.
I20260608 09:48:54.586078 20324 leader_election.cc:403] T 0949fb4991774f73872693308e503974 P 34e44035f3404756876b8f1e85380012 [CANDIDATE]: Term 2 pre-election: Cancelling election due to peer responding with higher term
I20260608 09:48:54.586803 20670 raft_consensus.cc:3060] T 0949fb4991774f73872693308e503974 P 34e44035f3404756876b8f1e85380012 [term 1 FOLLOWER]: Advancing to term 3
I20260608 09:48:54.589113 20106 catalog_manager.cc:5696] T 8ce7921a6f104a70a89a60c16bdecda1 P 1fa7c78744e94997b61774159f0957ac reported cstate change: term changed from 2 to 4. New cstate: current_term: 4 leader_uuid: "1fa7c78744e94997b61774159f0957ac" committed_config { opid_index: -1 OBSOLETE_local: false peers { permanent_uuid: "81579c52d8d04d7e9cd57f8ccc0ea63d" member_type: VOTER last_known_addr { host: "127.16.208.65" port: 45619 } health_report { overall_health: UNKNOWN } } peers { permanent_uuid: "2189464228c0415dbb7cf165bbb109f3" member_type: VOTER last_known_addr { host: "127.16.208.66" port: 36893 } health_report { overall_health: UNKNOWN } } peers { permanent_uuid: "1fa7c78744e94997b61774159f0957ac" member_type: VOTER last_known_addr { host: "127.16.208.68" port: 37753 } health_report { overall_health: HEALTHY } } }
I20260608 09:48:54.594224 20359 raft_consensus.cc:2468] T 996d777140f6489097aae9154ba09557 P 34e44035f3404756876b8f1e85380012 [term 3 FOLLOWER]: Leader election vote request: Granting yes vote for candidate 2189464228c0415dbb7cf165bbb109f3 in term 3.
I20260608 09:48:54.594863 20210 tablet_service.cc:1917] Received RequestConsensusVote() RPC: tablet_id: "0a89e7687c3a4e7e85182aac1c57d39c" candidate_uuid: "1fa7c78744e94997b61774159f0957ac" candidate_term: 2 candidate_status { last_received { term: 1 index: 1 } } ignore_live_leader: false dest_uuid: "81579c52d8d04d7e9cd57f8ccc0ea63d" is_pre_election: true
I20260608 09:48:54.595666 20210 raft_consensus.cc:2468] T 0a89e7687c3a4e7e85182aac1c57d39c P 81579c52d8d04d7e9cd57f8ccc0ea63d [term 2 FOLLOWER]: Leader pre-election vote request: Granting yes vote for candidate 1fa7c78744e94997b61774159f0957ac in term 2.
I20260608 09:48:54.584005 20675 raft_consensus.cc:697] T 6acb5f5e8f10440996a1ce3f0fa1d74a P 2189464228c0415dbb7cf165bbb109f3 [term 4 LEADER]: Becoming Leader. State: Replica: 2189464228c0415dbb7cf165bbb109f3, State: Running, Role: LEADER
I20260608 09:48:54.596998 20474 leader_election.cc:304] T 0a89e7687c3a4e7e85182aac1c57d39c P 1fa7c78744e94997b61774159f0957ac [CANDIDATE]: Term 2 pre-election: Election decided. Result: candidate won. Election summary: received 2 responses out of 3 voters: 2 yes votes; 0 no votes. yes voters: 1fa7c78744e94997b61774159f0957ac, 81579c52d8d04d7e9cd57f8ccc0ea63d; no voters: 
I20260608 09:48:54.597182 20675 consensus_queue.cc:237] T 6acb5f5e8f10440996a1ce3f0fa1d74a P 2189464228c0415dbb7cf165bbb109f3 [LEADER]: Queue going to LEADER mode. State: All replicated index: 0, Majority replicated index: 2, Committed index: 2, Last appended: 2.2, Last appended by leader: 2, Current term: 4, Majority size: 2, State: 0, Mode: LEADER, active raft config: opid_index: -1 OBSOLETE_local: false peers { permanent_uuid: "1fa7c78744e94997b61774159f0957ac" member_type: VOTER last_known_addr { host: "127.16.208.68" port: 37753 } } peers { permanent_uuid: "81579c52d8d04d7e9cd57f8ccc0ea63d" member_type: VOTER last_known_addr { host: "127.16.208.65" port: 45619 } } peers { permanent_uuid: "2189464228c0415dbb7cf165bbb109f3" member_type: VOTER last_known_addr { host: "127.16.208.66" port: 36893 } }
I20260608 09:48:54.598207 20719 raft_consensus.cc:2804] T 0a89e7687c3a4e7e85182aac1c57d39c P 1fa7c78744e94997b61774159f0957ac [term 1 FOLLOWER]: Leader pre-election won for term 2
I20260608 09:48:54.598605 20719 raft_consensus.cc:493] T 0a89e7687c3a4e7e85182aac1c57d39c P 1fa7c78744e94997b61774159f0957ac [term 1 FOLLOWER]: Starting leader election (detected failure of leader 81579c52d8d04d7e9cd57f8ccc0ea63d)
I20260608 09:48:54.599004 20719 raft_consensus.cc:3060] T 0a89e7687c3a4e7e85182aac1c57d39c P 1fa7c78744e94997b61774159f0957ac [term 1 FOLLOWER]: Advancing to term 2
I20260608 09:48:54.604533 20715 leader_election.cc:290] T 0a89e7687c3a4e7e85182aac1c57d39c P 1fa7c78744e94997b61774159f0957ac [CANDIDATE]: Term 2 pre-election: Requested pre-vote from peers 34e44035f3404756876b8f1e85380012 (127.16.208.67:42367), 81579c52d8d04d7e9cd57f8ccc0ea63d (127.16.208.65:45619)
I20260608 09:48:54.605235 20670 raft_consensus.cc:2749] T 0949fb4991774f73872693308e503974 P 34e44035f3404756876b8f1e85380012 [term 3 FOLLOWER]: Leader pre-election lost for term 2. Reason: Vote denied by peer 2189464228c0415dbb7cf165bbb109f3 (127.16.208.66:36893) with higher term. Message: Invalid argument: T 0949fb4991774f73872693308e503974 P 2189464228c0415dbb7cf165bbb109f3 [term 3 FOLLOWER]: Leader pre-election vote request: Denying vote to candidate 34e44035f3404756876b8f1e85380012 for earlier term 2. Current term is 3.
I20260608 09:48:54.611716 20719 raft_consensus.cc:515] T 0a89e7687c3a4e7e85182aac1c57d39c P 1fa7c78744e94997b61774159f0957ac [term 2 FOLLOWER]: Starting leader election with config: opid_index: -1 OBSOLETE_local: false peers { permanent_uuid: "34e44035f3404756876b8f1e85380012" member_type: VOTER last_known_addr { host: "127.16.208.67" port: 42367 } } peers { permanent_uuid: "1fa7c78744e94997b61774159f0957ac" member_type: VOTER last_known_addr { host: "127.16.208.68" port: 37753 } } peers { permanent_uuid: "81579c52d8d04d7e9cd57f8ccc0ea63d" member_type: VOTER last_known_addr { host: "127.16.208.65" port: 45619 } }
I20260608 09:48:54.612501 20353 tablet_service.cc:1917] Received RequestConsensusVote() RPC: tablet_id: "0a89e7687c3a4e7e85182aac1c57d39c" candidate_uuid: "1fa7c78744e94997b61774159f0957ac" candidate_term: 2 candidate_status { last_received { term: 1 index: 1 } } ignore_live_leader: false dest_uuid: "34e44035f3404756876b8f1e85380012" is_pre_election: true
I20260608 09:48:54.613525 20353 raft_consensus.cc:2393] T 0a89e7687c3a4e7e85182aac1c57d39c P 34e44035f3404756876b8f1e85380012 [term 2 FOLLOWER]: Leader pre-election vote request: Denying vote to candidate 1fa7c78744e94997b61774159f0957ac in current term 2: Already voted for candidate 34e44035f3404756876b8f1e85380012 in this term.
I20260608 09:48:54.614578 20110 catalog_manager.cc:5696] T 180362d16c4c420ca949ef61f4e57b78 P 2189464228c0415dbb7cf165bbb109f3 reported cstate change: term changed from 1 to 3. New cstate: current_term: 3 leader_uuid: "2189464228c0415dbb7cf165bbb109f3" committed_config { opid_index: -1 OBSOLETE_local: false peers { permanent_uuid: "81579c52d8d04d7e9cd57f8ccc0ea63d" member_type: VOTER last_known_addr { host: "127.16.208.65" port: 45619 } health_report { overall_health: UNKNOWN } } peers { permanent_uuid: "2189464228c0415dbb7cf165bbb109f3" member_type: VOTER last_known_addr { host: "127.16.208.66" port: 36893 } health_report { overall_health: HEALTHY } } peers { permanent_uuid: "34e44035f3404756876b8f1e85380012" member_type: VOTER last_known_addr { host: "127.16.208.67" port: 42367 } health_report { overall_health: UNKNOWN } } }
I20260608 09:48:54.615747 20353 tablet_service.cc:1917] Received RequestConsensusVote() RPC: tablet_id: "0a89e7687c3a4e7e85182aac1c57d39c" candidate_uuid: "1fa7c78744e94997b61774159f0957ac" candidate_term: 2 candidate_status { last_received { term: 1 index: 1 } } ignore_live_leader: false dest_uuid: "34e44035f3404756876b8f1e85380012"
I20260608 09:48:54.616629 20353 raft_consensus.cc:2393] T 0a89e7687c3a4e7e85182aac1c57d39c P 34e44035f3404756876b8f1e85380012 [term 2 FOLLOWER]: Leader election vote request: Denying vote to candidate 1fa7c78744e94997b61774159f0957ac in current term 2: Already voted for candidate 34e44035f3404756876b8f1e85380012 in this term.
I20260608 09:48:54.617413 20210 tablet_service.cc:1917] Received RequestConsensusVote() RPC: tablet_id: "0a89e7687c3a4e7e85182aac1c57d39c" candidate_uuid: "1fa7c78744e94997b61774159f0957ac" candidate_term: 2 candidate_status { last_received { term: 1 index: 1 } } ignore_live_leader: false dest_uuid: "81579c52d8d04d7e9cd57f8ccc0ea63d"
I20260608 09:48:54.624640 20719 leader_election.cc:290] T 0a89e7687c3a4e7e85182aac1c57d39c P 1fa7c78744e94997b61774159f0957ac [CANDIDATE]: Term 2 election: Requested vote from peers 34e44035f3404756876b8f1e85380012 (127.16.208.67:42367), 81579c52d8d04d7e9cd57f8ccc0ea63d (127.16.208.65:45619)
I20260608 09:48:54.628391 20210 raft_consensus.cc:2468] T 0a89e7687c3a4e7e85182aac1c57d39c P 81579c52d8d04d7e9cd57f8ccc0ea63d [term 2 FOLLOWER]: Leader election vote request: Granting yes vote for candidate 1fa7c78744e94997b61774159f0957ac in term 2.
I20260608 09:48:54.630051 20474 leader_election.cc:304] T 0a89e7687c3a4e7e85182aac1c57d39c P 1fa7c78744e94997b61774159f0957ac [CANDIDATE]: Term 2 election: Election decided. Result: candidate won. Election summary: received 3 responses out of 3 voters: 2 yes votes; 1 no votes. yes voters: 1fa7c78744e94997b61774159f0957ac, 81579c52d8d04d7e9cd57f8ccc0ea63d; no voters: 34e44035f3404756876b8f1e85380012
I20260608 09:48:54.630995 20719 raft_consensus.cc:2804] T 0a89e7687c3a4e7e85182aac1c57d39c P 1fa7c78744e94997b61774159f0957ac [term 2 FOLLOWER]: Leader election won for term 2
I20260608 09:48:54.631590 20719 raft_consensus.cc:697] T 0a89e7687c3a4e7e85182aac1c57d39c P 1fa7c78744e94997b61774159f0957ac [term 2 LEADER]: Becoming Leader. State: Replica: 1fa7c78744e94997b61774159f0957ac, State: Running, Role: LEADER
I20260608 09:48:54.632634 20719 consensus_queue.cc:237] T 0a89e7687c3a4e7e85182aac1c57d39c P 1fa7c78744e94997b61774159f0957ac [LEADER]: Queue going to LEADER mode. State: All replicated index: 0, Majority replicated index: 1, Committed index: 1, Last appended: 1.1, Last appended by leader: 1, Current term: 2, Majority size: 2, State: 0, Mode: LEADER, active raft config: opid_index: -1 OBSOLETE_local: false peers { permanent_uuid: "34e44035f3404756876b8f1e85380012" member_type: VOTER last_known_addr { host: "127.16.208.67" port: 42367 } } peers { permanent_uuid: "1fa7c78744e94997b61774159f0957ac" member_type: VOTER last_known_addr { host: "127.16.208.68" port: 37753 } } peers { permanent_uuid: "81579c52d8d04d7e9cd57f8ccc0ea63d" member_type: VOTER last_known_addr { host: "127.16.208.65" port: 45619 } }
I20260608 09:48:54.646582 20675 raft_consensus.cc:493] T 8ce7921a6f104a70a89a60c16bdecda1 P 2189464228c0415dbb7cf165bbb109f3 [term 2 FOLLOWER]: Starting pre-election (detected failure of leader 1fa7c78744e94997b61774159f0957ac)
I20260608 09:48:54.648710 20675 raft_consensus.cc:515] T 8ce7921a6f104a70a89a60c16bdecda1 P 2189464228c0415dbb7cf165bbb109f3 [term 2 FOLLOWER]: Starting pre-election with config: opid_index: -1 OBSOLETE_local: false peers { permanent_uuid: "81579c52d8d04d7e9cd57f8ccc0ea63d" member_type: VOTER last_known_addr { host: "127.16.208.65" port: 45619 } } peers { permanent_uuid: "2189464228c0415dbb7cf165bbb109f3" member_type: VOTER last_known_addr { host: "127.16.208.66" port: 36893 } } peers { permanent_uuid: "1fa7c78744e94997b61774159f0957ac" member_type: VOTER last_known_addr { host: "127.16.208.68" port: 37753 } }
I20260608 09:48:54.645505 20110 catalog_manager.cc:5696] T 996d777140f6489097aae9154ba09557 P 2189464228c0415dbb7cf165bbb109f3 reported cstate change: term changed from 1 to 3. New cstate: current_term: 3 leader_uuid: "2189464228c0415dbb7cf165bbb109f3" committed_config { opid_index: 2 OBSOLETE_local: false peers { permanent_uuid: "2189464228c0415dbb7cf165bbb109f3" member_type: VOTER last_known_addr { host: "127.16.208.66" port: 36893 } health_report { overall_health: HEALTHY } } peers { permanent_uuid: "81579c52d8d04d7e9cd57f8ccc0ea63d" member_type: VOTER last_known_addr { host: "127.16.208.65" port: 45619 } attrs { replace: true } health_report { overall_health: UNKNOWN } } peers { permanent_uuid: "34e44035f3404756876b8f1e85380012" member_type: VOTER last_known_addr { host: "127.16.208.67" port: 42367 } health_report { overall_health: UNKNOWN } } peers { permanent_uuid: "1fa7c78744e94997b61774159f0957ac" member_type: NON_VOTER last_known_addr { host: "127.16.208.68" port: 37753 } attrs { promote: true } health_report { overall_health: UNKNOWN } } }
I20260608 09:48:54.651103 20675 leader_election.cc:290] T 8ce7921a6f104a70a89a60c16bdecda1 P 2189464228c0415dbb7cf165bbb109f3 [CANDIDATE]: Term 3 pre-election: Requested pre-vote from peers 81579c52d8d04d7e9cd57f8ccc0ea63d (127.16.208.65:45619), 1fa7c78744e94997b61774159f0957ac (127.16.208.68:37753)
I20260608 09:48:54.651286 20106 catalog_manager.cc:5696] T 0a89e7687c3a4e7e85182aac1c57d39c P 1fa7c78744e94997b61774159f0957ac reported cstate change: term changed from 1 to 2, leader changed from 81579c52d8d04d7e9cd57f8ccc0ea63d (127.16.208.65) to 1fa7c78744e94997b61774159f0957ac (127.16.208.68). New cstate: current_term: 2 leader_uuid: "1fa7c78744e94997b61774159f0957ac" committed_config { opid_index: -1 OBSOLETE_local: false peers { permanent_uuid: "34e44035f3404756876b8f1e85380012" member_type: VOTER last_known_addr { host: "127.16.208.67" port: 42367 } health_report { overall_health: UNKNOWN } } peers { permanent_uuid: "1fa7c78744e94997b61774159f0957ac" member_type: VOTER last_known_addr { host: "127.16.208.68" port: 37753 } health_report { overall_health: HEALTHY } } peers { permanent_uuid: "81579c52d8d04d7e9cd57f8ccc0ea63d" member_type: VOTER last_known_addr { host: "127.16.208.65" port: 45619 } health_report { overall_health: UNKNOWN } } }
I20260608 09:48:54.654500 20110 catalog_manager.cc:5696] T 6acb5f5e8f10440996a1ce3f0fa1d74a P 2189464228c0415dbb7cf165bbb109f3 reported cstate change: term changed from 2 to 4. New cstate: current_term: 4 leader_uuid: "2189464228c0415dbb7cf165bbb109f3" committed_config { opid_index: -1 OBSOLETE_local: false peers { permanent_uuid: "1fa7c78744e94997b61774159f0957ac" member_type: VOTER last_known_addr { host: "127.16.208.68" port: 37753 } health_report { overall_health: UNKNOWN } } peers { permanent_uuid: "81579c52d8d04d7e9cd57f8ccc0ea63d" member_type: VOTER last_known_addr { host: "127.16.208.65" port: 45619 } health_report { overall_health: UNKNOWN } } peers { permanent_uuid: "2189464228c0415dbb7cf165bbb109f3" member_type: VOTER last_known_addr { host: "127.16.208.66" port: 36893 } health_report { overall_health: HEALTHY } } }
I20260608 09:48:54.652438 20210 tablet_service.cc:1917] Received RequestConsensusVote() RPC: tablet_id: "8ce7921a6f104a70a89a60c16bdecda1" candidate_uuid: "2189464228c0415dbb7cf165bbb109f3" candidate_term: 3 candidate_status { last_received { term: 2 index: 2 } } ignore_live_leader: false dest_uuid: "81579c52d8d04d7e9cd57f8ccc0ea63d" is_pre_election: true
I20260608 09:48:54.653093 20512 tablet_service.cc:1917] Received RequestConsensusVote() RPC: tablet_id: "8ce7921a6f104a70a89a60c16bdecda1" candidate_uuid: "2189464228c0415dbb7cf165bbb109f3" candidate_term: 3 candidate_status { last_received { term: 2 index: 2 } } ignore_live_leader: false dest_uuid: "1fa7c78744e94997b61774159f0957ac" is_pre_election: true
I20260608 09:48:54.658694 20210 raft_consensus.cc:2368] T 8ce7921a6f104a70a89a60c16bdecda1 P 81579c52d8d04d7e9cd57f8ccc0ea63d [term 4 FOLLOWER]: Leader pre-election vote request: Denying vote to candidate 2189464228c0415dbb7cf165bbb109f3 for earlier term 3. Current term is 4.
I20260608 09:48:54.659497 20685 raft_consensus.cc:493] T 180362d16c4c420ca949ef61f4e57b78 P 81579c52d8d04d7e9cd57f8ccc0ea63d [term 1 FOLLOWER]: Starting pre-election (detected failure of leader 2189464228c0415dbb7cf165bbb109f3)
I20260608 09:48:54.660365 20251 leader_election.cc:400] T 8ce7921a6f104a70a89a60c16bdecda1 P 2189464228c0415dbb7cf165bbb109f3 [CANDIDATE]: Term 3 pre-election: Vote denied by peer 81579c52d8d04d7e9cd57f8ccc0ea63d (127.16.208.65:45619) with higher term. Message: Invalid argument: T 8ce7921a6f104a70a89a60c16bdecda1 P 81579c52d8d04d7e9cd57f8ccc0ea63d [term 4 FOLLOWER]: Leader pre-election vote request: Denying vote to candidate 2189464228c0415dbb7cf165bbb109f3 for earlier term 3. Current term is 4.
I20260608 09:48:54.660218 20685 raft_consensus.cc:515] T 180362d16c4c420ca949ef61f4e57b78 P 81579c52d8d04d7e9cd57f8ccc0ea63d [term 1 FOLLOWER]: Starting pre-election with config: opid_index: -1 OBSOLETE_local: false peers { permanent_uuid: "81579c52d8d04d7e9cd57f8ccc0ea63d" member_type: VOTER last_known_addr { host: "127.16.208.65" port: 45619 } } peers { permanent_uuid: "2189464228c0415dbb7cf165bbb109f3" member_type: VOTER last_known_addr { host: "127.16.208.66" port: 36893 } } peers { permanent_uuid: "34e44035f3404756876b8f1e85380012" member_type: VOTER last_known_addr { host: "127.16.208.67" port: 42367 } }
I20260608 09:48:54.660768 20251 leader_election.cc:403] T 8ce7921a6f104a70a89a60c16bdecda1 P 2189464228c0415dbb7cf165bbb109f3 [CANDIDATE]: Term 3 pre-election: Cancelling election due to peer responding with higher term
I20260608 09:48:54.663909 20353 tablet_service.cc:1917] Received RequestConsensusVote() RPC: tablet_id: "180362d16c4c420ca949ef61f4e57b78" candidate_uuid: "81579c52d8d04d7e9cd57f8ccc0ea63d" candidate_term: 2 candidate_status { last_received { term: 1 index: 1 } } ignore_live_leader: false dest_uuid: "34e44035f3404756876b8f1e85380012" is_pre_election: true
I20260608 09:48:54.664717 20353 raft_consensus.cc:2368] T 180362d16c4c420ca949ef61f4e57b78 P 34e44035f3404756876b8f1e85380012 [term 3 FOLLOWER]: Leader pre-election vote request: Denying vote to candidate 81579c52d8d04d7e9cd57f8ccc0ea63d for earlier term 2. Current term is 3.
I20260608 09:48:54.664515 20283 tablet_service.cc:1917] Received RequestConsensusVote() RPC: tablet_id: "180362d16c4c420ca949ef61f4e57b78" candidate_uuid: "81579c52d8d04d7e9cd57f8ccc0ea63d" candidate_term: 2 candidate_status { last_received { term: 1 index: 1 } } ignore_live_leader: false dest_uuid: "2189464228c0415dbb7cf165bbb109f3" is_pre_election: true
I20260608 09:48:54.666138 20177 leader_election.cc:400] T 180362d16c4c420ca949ef61f4e57b78 P 81579c52d8d04d7e9cd57f8ccc0ea63d [CANDIDATE]: Term 2 pre-election: Vote denied by peer 34e44035f3404756876b8f1e85380012 (127.16.208.67:42367) with higher term. Message: Invalid argument: T 180362d16c4c420ca949ef61f4e57b78 P 34e44035f3404756876b8f1e85380012 [term 3 FOLLOWER]: Leader pre-election vote request: Denying vote to candidate 81579c52d8d04d7e9cd57f8ccc0ea63d for earlier term 2. Current term is 3.
I20260608 09:48:54.666482 20177 leader_election.cc:403] T 180362d16c4c420ca949ef61f4e57b78 P 81579c52d8d04d7e9cd57f8ccc0ea63d [CANDIDATE]: Term 2 pre-election: Cancelling election due to peer responding with higher term
I20260608 09:48:54.667232 20687 raft_consensus.cc:3060] T 180362d16c4c420ca949ef61f4e57b78 P 81579c52d8d04d7e9cd57f8ccc0ea63d [term 1 FOLLOWER]: Advancing to term 3
I20260608 09:48:54.667909 20685 leader_election.cc:290] T 180362d16c4c420ca949ef61f4e57b78 P 81579c52d8d04d7e9cd57f8ccc0ea63d [CANDIDATE]: Term 2 pre-election: Requested pre-vote from peers 2189464228c0415dbb7cf165bbb109f3 (127.16.208.66:36893), 34e44035f3404756876b8f1e85380012 (127.16.208.67:42367)
I20260608 09:48:54.670931 20675 raft_consensus.cc:3060] T 8ce7921a6f104a70a89a60c16bdecda1 P 2189464228c0415dbb7cf165bbb109f3 [term 2 FOLLOWER]: Advancing to term 4
I20260608 09:48:54.679842 20675 raft_consensus.cc:2749] T 8ce7921a6f104a70a89a60c16bdecda1 P 2189464228c0415dbb7cf165bbb109f3 [term 4 FOLLOWER]: Leader pre-election lost for term 3. Reason: Vote denied by peer 81579c52d8d04d7e9cd57f8ccc0ea63d (127.16.208.65:45619) with higher term. Message: Invalid argument: T 8ce7921a6f104a70a89a60c16bdecda1 P 81579c52d8d04d7e9cd57f8ccc0ea63d [term 4 FOLLOWER]: Leader pre-election vote request: Denying vote to candidate 2189464228c0415dbb7cf165bbb109f3 for earlier term 3. Current term is 4.
I20260608 09:48:54.682057 20687 raft_consensus.cc:2749] T 180362d16c4c420ca949ef61f4e57b78 P 81579c52d8d04d7e9cd57f8ccc0ea63d [term 3 FOLLOWER]: Leader pre-election lost for term 2. Reason: Vote denied by peer 34e44035f3404756876b8f1e85380012 (127.16.208.67:42367) with higher term. Message: Invalid argument: T 180362d16c4c420ca949ef61f4e57b78 P 34e44035f3404756876b8f1e85380012 [term 3 FOLLOWER]: Leader pre-election vote request: Denying vote to candidate 81579c52d8d04d7e9cd57f8ccc0ea63d for earlier term 2. Current term is 3.
I20260608 09:48:54.749434 20670 raft_consensus.cc:493] T 73d662a8bce7403e8a011e5b53a2a011 P 34e44035f3404756876b8f1e85380012 [term 3 FOLLOWER]: Starting pre-election (no leader contacted us within the election timeout)
I20260608 09:48:54.750165 20670 raft_consensus.cc:515] T 73d662a8bce7403e8a011e5b53a2a011 P 34e44035f3404756876b8f1e85380012 [term 3 FOLLOWER]: Starting pre-election with config: opid_index: -1 OBSOLETE_local: false peers { permanent_uuid: "2189464228c0415dbb7cf165bbb109f3" member_type: VOTER last_known_addr { host: "127.16.208.66" port: 36893 } } peers { permanent_uuid: "81579c52d8d04d7e9cd57f8ccc0ea63d" member_type: VOTER last_known_addr { host: "127.16.208.65" port: 45619 } } peers { permanent_uuid: "34e44035f3404756876b8f1e85380012" member_type: VOTER last_known_addr { host: "127.16.208.67" port: 42367 } }
I20260608 09:48:54.753026 20670 leader_election.cc:290] T 73d662a8bce7403e8a011e5b53a2a011 P 34e44035f3404756876b8f1e85380012 [CANDIDATE]: Term 4 pre-election: Requested pre-vote from peers 2189464228c0415dbb7cf165bbb109f3 (127.16.208.66:36893), 81579c52d8d04d7e9cd57f8ccc0ea63d (127.16.208.65:45619)
I20260608 09:48:54.753885 20283 tablet_service.cc:1917] Received RequestConsensusVote() RPC: tablet_id: "73d662a8bce7403e8a011e5b53a2a011" candidate_uuid: "34e44035f3404756876b8f1e85380012" candidate_term: 4 candidate_status { last_received { term: 2 index: 2 } } ignore_live_leader: false dest_uuid: "2189464228c0415dbb7cf165bbb109f3" is_pre_election: true
I20260608 09:48:54.754020 20210 tablet_service.cc:1917] Received RequestConsensusVote() RPC: tablet_id: "73d662a8bce7403e8a011e5b53a2a011" candidate_uuid: "34e44035f3404756876b8f1e85380012" candidate_term: 4 candidate_status { last_received { term: 2 index: 2 } } ignore_live_leader: false dest_uuid: "81579c52d8d04d7e9cd57f8ccc0ea63d" is_pre_election: true
I20260608 09:48:54.754766 20283 raft_consensus.cc:2468] T 73d662a8bce7403e8a011e5b53a2a011 P 2189464228c0415dbb7cf165bbb109f3 [term 2 FOLLOWER]: Leader pre-election vote request: Granting yes vote for candidate 34e44035f3404756876b8f1e85380012 in term 2.
I20260608 09:48:54.754814 20210 raft_consensus.cc:2468] T 73d662a8bce7403e8a011e5b53a2a011 P 81579c52d8d04d7e9cd57f8ccc0ea63d [term 3 FOLLOWER]: Leader pre-election vote request: Granting yes vote for candidate 34e44035f3404756876b8f1e85380012 in term 3.
I20260608 09:48:54.756255 20324 leader_election.cc:304] T 73d662a8bce7403e8a011e5b53a2a011 P 34e44035f3404756876b8f1e85380012 [CANDIDATE]: Term 4 pre-election: Election decided. Result: candidate won. Election summary: received 2 responses out of 3 voters: 2 yes votes; 0 no votes. yes voters: 2189464228c0415dbb7cf165bbb109f3, 34e44035f3404756876b8f1e85380012; no voters: 
I20260608 09:48:54.757179 20670 raft_consensus.cc:2804] T 73d662a8bce7403e8a011e5b53a2a011 P 34e44035f3404756876b8f1e85380012 [term 3 FOLLOWER]: Leader pre-election won for term 4
I20260608 09:48:54.757611 20670 raft_consensus.cc:493] T 73d662a8bce7403e8a011e5b53a2a011 P 34e44035f3404756876b8f1e85380012 [term 3 FOLLOWER]: Starting leader election (no leader contacted us within the election timeout)
I20260608 09:48:54.757982 20670 raft_consensus.cc:3060] T 73d662a8bce7403e8a011e5b53a2a011 P 34e44035f3404756876b8f1e85380012 [term 3 FOLLOWER]: Advancing to term 4
I20260608 09:48:54.765122 20670 raft_consensus.cc:515] T 73d662a8bce7403e8a011e5b53a2a011 P 34e44035f3404756876b8f1e85380012 [term 4 FOLLOWER]: Starting leader election with config: opid_index: -1 OBSOLETE_local: false peers { permanent_uuid: "2189464228c0415dbb7cf165bbb109f3" member_type: VOTER last_known_addr { host: "127.16.208.66" port: 36893 } } peers { permanent_uuid: "81579c52d8d04d7e9cd57f8ccc0ea63d" member_type: VOTER last_known_addr { host: "127.16.208.65" port: 45619 } } peers { permanent_uuid: "34e44035f3404756876b8f1e85380012" member_type: VOTER last_known_addr { host: "127.16.208.67" port: 42367 } }
I20260608 09:48:54.768333 20283 tablet_service.cc:1917] Received RequestConsensusVote() RPC: tablet_id: "73d662a8bce7403e8a011e5b53a2a011" candidate_uuid: "34e44035f3404756876b8f1e85380012" candidate_term: 4 candidate_status { last_received { term: 2 index: 2 } } ignore_live_leader: false dest_uuid: "2189464228c0415dbb7cf165bbb109f3"
I20260608 09:48:54.768450 20210 tablet_service.cc:1917] Received RequestConsensusVote() RPC: tablet_id: "73d662a8bce7403e8a011e5b53a2a011" candidate_uuid: "34e44035f3404756876b8f1e85380012" candidate_term: 4 candidate_status { last_received { term: 2 index: 2 } } ignore_live_leader: false dest_uuid: "81579c52d8d04d7e9cd57f8ccc0ea63d"
I20260608 09:48:54.769002 20283 raft_consensus.cc:3060] T 73d662a8bce7403e8a011e5b53a2a011 P 2189464228c0415dbb7cf165bbb109f3 [term 2 FOLLOWER]: Advancing to term 4
I20260608 09:48:54.769065 20210 raft_consensus.cc:3060] T 73d662a8bce7403e8a011e5b53a2a011 P 81579c52d8d04d7e9cd57f8ccc0ea63d [term 3 FOLLOWER]: Advancing to term 4
I20260608 09:48:54.776204 20210 raft_consensus.cc:2468] T 73d662a8bce7403e8a011e5b53a2a011 P 81579c52d8d04d7e9cd57f8ccc0ea63d [term 4 FOLLOWER]: Leader election vote request: Granting yes vote for candidate 34e44035f3404756876b8f1e85380012 in term 4.
I20260608 09:48:54.777562 20325 leader_election.cc:304] T 73d662a8bce7403e8a011e5b53a2a011 P 34e44035f3404756876b8f1e85380012 [CANDIDATE]: Term 4 election: Election decided. Result: candidate won. Election summary: received 2 responses out of 3 voters: 2 yes votes; 0 no votes. yes voters: 34e44035f3404756876b8f1e85380012, 81579c52d8d04d7e9cd57f8ccc0ea63d; no voters: 
I20260608 09:48:54.778579 20712 raft_consensus.cc:2804] T 73d662a8bce7403e8a011e5b53a2a011 P 34e44035f3404756876b8f1e85380012 [term 4 FOLLOWER]: Leader election won for term 4
I20260608 09:48:54.783237 20283 raft_consensus.cc:2468] T 73d662a8bce7403e8a011e5b53a2a011 P 2189464228c0415dbb7cf165bbb109f3 [term 4 FOLLOWER]: Leader election vote request: Granting yes vote for candidate 34e44035f3404756876b8f1e85380012 in term 4.
I20260608 09:48:54.783500 20670 leader_election.cc:290] T 73d662a8bce7403e8a011e5b53a2a011 P 34e44035f3404756876b8f1e85380012 [CANDIDATE]: Term 4 election: Requested vote from peers 2189464228c0415dbb7cf165bbb109f3 (127.16.208.66:36893), 81579c52d8d04d7e9cd57f8ccc0ea63d (127.16.208.65:45619)
I20260608 09:48:54.790383 20712 raft_consensus.cc:697] T 73d662a8bce7403e8a011e5b53a2a011 P 34e44035f3404756876b8f1e85380012 [term 4 LEADER]: Becoming Leader. State: Replica: 34e44035f3404756876b8f1e85380012, State: Running, Role: LEADER
I20260608 09:48:54.791438 20712 consensus_queue.cc:237] T 73d662a8bce7403e8a011e5b53a2a011 P 34e44035f3404756876b8f1e85380012 [LEADER]: Queue going to LEADER mode. State: All replicated index: 0, Majority replicated index: 2, Committed index: 2, Last appended: 2.2, Last appended by leader: 2, Current term: 4, Majority size: 2, State: 0, Mode: LEADER, active raft config: opid_index: -1 OBSOLETE_local: false peers { permanent_uuid: "2189464228c0415dbb7cf165bbb109f3" member_type: VOTER last_known_addr { host: "127.16.208.66" port: 36893 } } peers { permanent_uuid: "81579c52d8d04d7e9cd57f8ccc0ea63d" member_type: VOTER last_known_addr { host: "127.16.208.65" port: 45619 } } peers { permanent_uuid: "34e44035f3404756876b8f1e85380012" member_type: VOTER last_known_addr { host: "127.16.208.67" port: 42367 } }
I20260608 09:48:54.803980 20106 catalog_manager.cc:5696] T 73d662a8bce7403e8a011e5b53a2a011 P 34e44035f3404756876b8f1e85380012 reported cstate change: term changed from 2 to 4. New cstate: current_term: 4 leader_uuid: "34e44035f3404756876b8f1e85380012" committed_config { opid_index: -1 OBSOLETE_local: false peers { permanent_uuid: "2189464228c0415dbb7cf165bbb109f3" member_type: VOTER last_known_addr { host: "127.16.208.66" port: 36893 } health_report { overall_health: UNKNOWN } } peers { permanent_uuid: "81579c52d8d04d7e9cd57f8ccc0ea63d" member_type: VOTER last_known_addr { host: "127.16.208.65" port: 45619 } health_report { overall_health: UNKNOWN } } peers { permanent_uuid: "34e44035f3404756876b8f1e85380012" member_type: VOTER last_known_addr { host: "127.16.208.67" port: 42367 } health_report { overall_health: HEALTHY } } }
I20260608 09:48:54.837177 20727 raft_consensus.cc:493] T 0a89e7687c3a4e7e85182aac1c57d39c P 34e44035f3404756876b8f1e85380012 [term 2 FOLLOWER]: Starting pre-election (no leader contacted us within the election timeout)
I20260608 09:48:54.837643 20727 raft_consensus.cc:515] T 0a89e7687c3a4e7e85182aac1c57d39c P 34e44035f3404756876b8f1e85380012 [term 2 FOLLOWER]: Starting pre-election with config: opid_index: -1 OBSOLETE_local: false peers { permanent_uuid: "34e44035f3404756876b8f1e85380012" member_type: VOTER last_known_addr { host: "127.16.208.67" port: 42367 } } peers { permanent_uuid: "1fa7c78744e94997b61774159f0957ac" member_type: VOTER last_known_addr { host: "127.16.208.68" port: 37753 } } peers { permanent_uuid: "81579c52d8d04d7e9cd57f8ccc0ea63d" member_type: VOTER last_known_addr { host: "127.16.208.65" port: 45619 } }
I20260608 09:48:54.839749 20727 leader_election.cc:290] T 0a89e7687c3a4e7e85182aac1c57d39c P 34e44035f3404756876b8f1e85380012 [CANDIDATE]: Term 3 pre-election: Requested pre-vote from peers 1fa7c78744e94997b61774159f0957ac (127.16.208.68:37753), 81579c52d8d04d7e9cd57f8ccc0ea63d (127.16.208.65:45619)
I20260608 09:48:54.840577 20512 tablet_service.cc:1917] Received RequestConsensusVote() RPC: tablet_id: "0a89e7687c3a4e7e85182aac1c57d39c" candidate_uuid: "34e44035f3404756876b8f1e85380012" candidate_term: 3 candidate_status { last_received { term: 1 index: 1 } } ignore_live_leader: false dest_uuid: "1fa7c78744e94997b61774159f0957ac" is_pre_election: true
I20260608 09:48:54.841413 20210 tablet_service.cc:1917] Received RequestConsensusVote() RPC: tablet_id: "0a89e7687c3a4e7e85182aac1c57d39c" candidate_uuid: "34e44035f3404756876b8f1e85380012" candidate_term: 3 candidate_status { last_received { term: 1 index: 1 } } ignore_live_leader: false dest_uuid: "81579c52d8d04d7e9cd57f8ccc0ea63d" is_pre_election: true
I20260608 09:48:54.842092 20210 raft_consensus.cc:2468] T 0a89e7687c3a4e7e85182aac1c57d39c P 81579c52d8d04d7e9cd57f8ccc0ea63d [term 2 FOLLOWER]: Leader pre-election vote request: Granting yes vote for candidate 34e44035f3404756876b8f1e85380012 in term 2.
I20260608 09:48:54.843109 20325 leader_election.cc:304] T 0a89e7687c3a4e7e85182aac1c57d39c P 34e44035f3404756876b8f1e85380012 [CANDIDATE]: Term 3 pre-election: Election decided. Result: candidate won. Election summary: received 3 responses out of 3 voters: 2 yes votes; 1 no votes. yes voters: 34e44035f3404756876b8f1e85380012, 81579c52d8d04d7e9cd57f8ccc0ea63d; no voters: 1fa7c78744e94997b61774159f0957ac
I20260608 09:48:54.843811 20727 raft_consensus.cc:2804] T 0a89e7687c3a4e7e85182aac1c57d39c P 34e44035f3404756876b8f1e85380012 [term 2 FOLLOWER]: Leader pre-election won for term 3
I20260608 09:48:54.844235 20727 raft_consensus.cc:493] T 0a89e7687c3a4e7e85182aac1c57d39c P 34e44035f3404756876b8f1e85380012 [term 2 FOLLOWER]: Starting leader election (no leader contacted us within the election timeout)
I20260608 09:48:54.844524 20727 raft_consensus.cc:3060] T 0a89e7687c3a4e7e85182aac1c57d39c P 34e44035f3404756876b8f1e85380012 [term 2 FOLLOWER]: Advancing to term 3
I20260608 09:48:54.849370 20727 raft_consensus.cc:515] T 0a89e7687c3a4e7e85182aac1c57d39c P 34e44035f3404756876b8f1e85380012 [term 3 FOLLOWER]: Starting leader election with config: opid_index: -1 OBSOLETE_local: false peers { permanent_uuid: "34e44035f3404756876b8f1e85380012" member_type: VOTER last_known_addr { host: "127.16.208.67" port: 42367 } } peers { permanent_uuid: "1fa7c78744e94997b61774159f0957ac" member_type: VOTER last_known_addr { host: "127.16.208.68" port: 37753 } } peers { permanent_uuid: "81579c52d8d04d7e9cd57f8ccc0ea63d" member_type: VOTER last_known_addr { host: "127.16.208.65" port: 45619 } }
I20260608 09:48:54.851138 20727 leader_election.cc:290] T 0a89e7687c3a4e7e85182aac1c57d39c P 34e44035f3404756876b8f1e85380012 [CANDIDATE]: Term 3 election: Requested vote from peers 1fa7c78744e94997b61774159f0957ac (127.16.208.68:37753), 81579c52d8d04d7e9cd57f8ccc0ea63d (127.16.208.65:45619)
