I20260608 09:47:29.860790 25149 tablet_service.cc:1917] Received RequestConsensusVote() RPC: tablet_id: "316bdf0efd344ae3a82ec95ea8068305" candidate_uuid: "d0eadc67c1204be58dcdf16fb1381885" candidate_term: 1 candidate_status { last_received { term: 0 index: 0 } } ignore_live_leader: false dest_uuid: "85fa807d53f6469eb1bb23324fcc8ec6" is_pre_election: true
I20260608 09:47:29.861001 25350 consensus_queue.cc:237] T 6f46601138c24b24af2edc8dea30b276 P d0eadc67c1204be58dcdf16fb1381885 [LEADER]: Queue going to LEADER mode. State: All replicated index: 0, Majority replicated index: 0, Committed index: 0, Last appended: 0.0, Last appended by leader: 0, Current term: 1, Majority size: 2, State: 0, Mode: LEADER, active raft config: opid_index: -1 OBSOLETE_local: false peers { permanent_uuid: "85fa807d53f6469eb1bb23324fcc8ec6" member_type: VOTER last_known_addr { host: "127.23.231.129" port: 46191 } } peers { permanent_uuid: "d0eadc67c1204be58dcdf16fb1381885" member_type: VOTER last_known_addr { host: "127.23.231.130" port: 36713 } } peers { permanent_uuid: "01a01fb4bc644585aeeaa5322526f876" member_type: VOTER last_known_addr { host: "127.23.231.131" port: 45445 } }
I20260608 09:47:29.818699 25384 raft_consensus.cc:697] T b91d5de10fc940eb8c71a49d6907fe8a P 01a01fb4bc644585aeeaa5322526f876 [term 1 LEADER]: Becoming Leader. State: Replica: 01a01fb4bc644585aeeaa5322526f876, State: Running, Role: LEADER
I20260608 09:47:29.861713 25149 raft_consensus.cc:2468] T 316bdf0efd344ae3a82ec95ea8068305 P 85fa807d53f6469eb1bb23324fcc8ec6 [term 0 FOLLOWER]: Leader pre-election vote request: Granting yes vote for candidate d0eadc67c1204be58dcdf16fb1381885 in term 0.
I20260608 09:47:29.862630 25384 consensus_queue.cc:237] T b91d5de10fc940eb8c71a49d6907fe8a P 01a01fb4bc644585aeeaa5322526f876 [LEADER]: Queue going to LEADER mode. State: All replicated index: 0, Majority replicated index: 0, Committed index: 0, Last appended: 0.0, Last appended by leader: 0, Current term: 1, Majority size: 2, State: 0, Mode: LEADER, active raft config: opid_index: -1 OBSOLETE_local: false peers { permanent_uuid: "01a01fb4bc644585aeeaa5322526f876" member_type: VOTER last_known_addr { host: "127.23.231.131" port: 45445 } } peers { permanent_uuid: "d0eadc67c1204be58dcdf16fb1381885" member_type: VOTER last_known_addr { host: "127.23.231.130" port: 36713 } } peers { permanent_uuid: "85fa807d53f6469eb1bb23324fcc8ec6" member_type: VOTER last_known_addr { host: "127.23.231.129" port: 46191 } }
I20260608 09:47:29.864892 25374 raft_consensus.cc:515] T cd5aaeda306a4ace9530bb0f2e42ada0 P d0eadc67c1204be58dcdf16fb1381885 [term 1 FOLLOWER]: Starting leader election with config: opid_index: -1 OBSOLETE_local: false peers { permanent_uuid: "85fa807d53f6469eb1bb23324fcc8ec6" member_type: VOTER last_known_addr { host: "127.23.231.129" port: 46191 } } peers { permanent_uuid: "d0eadc67c1204be58dcdf16fb1381885" member_type: VOTER last_known_addr { host: "127.23.231.130" port: 36713 } } peers { permanent_uuid: "01a01fb4bc644585aeeaa5322526f876" member_type: VOTER last_known_addr { host: "127.23.231.131" port: 45445 } }
W20260608 09:47:29.866106 25191 leader_election.cc:343] T 316bdf0efd344ae3a82ec95ea8068305 P d0eadc67c1204be58dcdf16fb1381885 [CANDIDATE]: Term 1 pre-election: Tablet error from VoteRequest() call to peer 01a01fb4bc644585aeeaa5322526f876 (127.23.231.131:45445): Illegal state: must be running to vote when last-logged opid is not known
I20260608 09:47:29.868263 25150 raft_consensus.cc:2468] T b91d5de10fc940eb8c71a49d6907fe8a P 85fa807d53f6469eb1bb23324fcc8ec6 [term 1 FOLLOWER]: Leader election vote request: Granting yes vote for candidate 01a01fb4bc644585aeeaa5322526f876 in term 1.
I20260608 09:47:29.868969 25190 leader_election.cc:304] T 316bdf0efd344ae3a82ec95ea8068305 P d0eadc67c1204be58dcdf16fb1381885 [CANDIDATE]: Term 1 pre-election: Election decided. Result: candidate won. Election summary: received 3 responses out of 3 voters: 2 yes votes; 1 no votes. yes voters: 85fa807d53f6469eb1bb23324fcc8ec6, d0eadc67c1204be58dcdf16fb1381885; no voters: 01a01fb4bc644585aeeaa5322526f876
I20260608 09:47:29.869951 25366 raft_consensus.cc:2804] T 316bdf0efd344ae3a82ec95ea8068305 P d0eadc67c1204be58dcdf16fb1381885 [term 0 FOLLOWER]: Leader pre-election won for term 1
I20260608 09:47:29.870278 25374 leader_election.cc:290] T cd5aaeda306a4ace9530bb0f2e42ada0 P d0eadc67c1204be58dcdf16fb1381885 [CANDIDATE]: Term 1 election: Requested vote from peers 85fa807d53f6469eb1bb23324fcc8ec6 (127.23.231.129:46191), 01a01fb4bc644585aeeaa5322526f876 (127.23.231.131:45445)
I20260608 09:47:29.870343 25366 raft_consensus.cc:493] T 316bdf0efd344ae3a82ec95ea8068305 P d0eadc67c1204be58dcdf16fb1381885 [term 0 FOLLOWER]: Starting leader election (no leader contacted us within the election timeout)
I20260608 09:47:29.871681 25366 raft_consensus.cc:3060] T 316bdf0efd344ae3a82ec95ea8068305 P d0eadc67c1204be58dcdf16fb1381885 [term 0 FOLLOWER]: Advancing to term 1
I20260608 09:47:29.871905 25299 tablet_service.cc:1917] Received RequestConsensusVote() RPC: tablet_id: "cd5aaeda306a4ace9530bb0f2e42ada0" candidate_uuid: "d0eadc67c1204be58dcdf16fb1381885" candidate_term: 1 candidate_status { last_received { term: 0 index: 0 } } ignore_live_leader: false dest_uuid: "01a01fb4bc644585aeeaa5322526f876"
I20260608 09:47:29.872686 25299 raft_consensus.cc:3060] T cd5aaeda306a4ace9530bb0f2e42ada0 P 01a01fb4bc644585aeeaa5322526f876 [term 0 FOLLOWER]: Advancing to term 1
I20260608 09:47:29.872996 25150 tablet_service.cc:1917] Received RequestConsensusVote() RPC: tablet_id: "cd5aaeda306a4ace9530bb0f2e42ada0" candidate_uuid: "d0eadc67c1204be58dcdf16fb1381885" candidate_term: 1 candidate_status { last_received { term: 0 index: 0 } } ignore_live_leader: false dest_uuid: "85fa807d53f6469eb1bb23324fcc8ec6"
I20260608 09:47:29.873644 25150 raft_consensus.cc:3060] T cd5aaeda306a4ace9530bb0f2e42ada0 P 85fa807d53f6469eb1bb23324fcc8ec6 [term 0 FOLLOWER]: Advancing to term 1
I20260608 09:47:29.879989 25046 catalog_manager.cc:5696] T b91d5de10fc940eb8c71a49d6907fe8a P 01a01fb4bc644585aeeaa5322526f876 reported cstate change: term changed from 0 to 1, leader changed from <none> to 01a01fb4bc644585aeeaa5322526f876 (127.23.231.131). New cstate: current_term: 1 leader_uuid: "01a01fb4bc644585aeeaa5322526f876" committed_config { opid_index: -1 OBSOLETE_local: false peers { permanent_uuid: "01a01fb4bc644585aeeaa5322526f876" member_type: VOTER last_known_addr { host: "127.23.231.131" port: 45445 } health_report { overall_health: HEALTHY } } peers { permanent_uuid: "d0eadc67c1204be58dcdf16fb1381885" member_type: VOTER last_known_addr { host: "127.23.231.130" port: 36713 } health_report { overall_health: UNKNOWN } } peers { permanent_uuid: "85fa807d53f6469eb1bb23324fcc8ec6" member_type: VOTER last_known_addr { host: "127.23.231.129" port: 46191 } health_report { overall_health: UNKNOWN } } }
I20260608 09:47:29.882164 25346 tablet_bootstrap.cc:492] T 316bdf0efd344ae3a82ec95ea8068305 P 01a01fb4bc644585aeeaa5322526f876: No bootstrap required, opened a new log
I20260608 09:47:29.882894 25346 ts_tablet_manager.cc:1403] T 316bdf0efd344ae3a82ec95ea8068305 P 01a01fb4bc644585aeeaa5322526f876: Time spent bootstrapping tablet: real 0.073s	user 0.010s	sys 0.005s
I20260608 09:47:29.884284 25364 raft_consensus.cc:493] T 9963ee16f4524be6bec1507d8d2bd319 P 85fa807d53f6469eb1bb23324fcc8ec6 [term 0 FOLLOWER]: Starting pre-election (no leader contacted us within the election timeout)
I20260608 09:47:29.879920 25366 raft_consensus.cc:515] T 316bdf0efd344ae3a82ec95ea8068305 P d0eadc67c1204be58dcdf16fb1381885 [term 1 FOLLOWER]: Starting leader election with config: opid_index: -1 OBSOLETE_local: false peers { permanent_uuid: "85fa807d53f6469eb1bb23324fcc8ec6" member_type: VOTER last_known_addr { host: "127.23.231.129" port: 46191 } } peers { permanent_uuid: "d0eadc67c1204be58dcdf16fb1381885" member_type: VOTER last_known_addr { host: "127.23.231.130" port: 36713 } } peers { permanent_uuid: "01a01fb4bc644585aeeaa5322526f876" member_type: VOTER last_known_addr { host: "127.23.231.131" port: 45445 } }
I20260608 09:47:29.886060 25364 raft_consensus.cc:515] T 9963ee16f4524be6bec1507d8d2bd319 P 85fa807d53f6469eb1bb23324fcc8ec6 [term 0 FOLLOWER]: Starting pre-election with config: opid_index: -1 OBSOLETE_local: false peers { permanent_uuid: "85fa807d53f6469eb1bb23324fcc8ec6" member_type: VOTER last_known_addr { host: "127.23.231.129" port: 46191 } } peers { permanent_uuid: "d0eadc67c1204be58dcdf16fb1381885" member_type: VOTER last_known_addr { host: "127.23.231.130" port: 36713 } } peers { permanent_uuid: "01a01fb4bc644585aeeaa5322526f876" member_type: VOTER last_known_addr { host: "127.23.231.131" port: 45445 } }
I20260608 09:47:29.886976 25299 raft_consensus.cc:2468] T cd5aaeda306a4ace9530bb0f2e42ada0 P 01a01fb4bc644585aeeaa5322526f876 [term 1 FOLLOWER]: Leader election vote request: Granting yes vote for candidate d0eadc67c1204be58dcdf16fb1381885 in term 1.
I20260608 09:47:29.887993 25366 leader_election.cc:290] T 316bdf0efd344ae3a82ec95ea8068305 P d0eadc67c1204be58dcdf16fb1381885 [CANDIDATE]: Term 1 election: Requested vote from peers 85fa807d53f6469eb1bb23324fcc8ec6 (127.23.231.129:46191), 01a01fb4bc644585aeeaa5322526f876 (127.23.231.131:45445)
I20260608 09:47:29.890065 25149 tablet_service.cc:1917] Received RequestConsensusVote() RPC: tablet_id: "316bdf0efd344ae3a82ec95ea8068305" candidate_uuid: "d0eadc67c1204be58dcdf16fb1381885" candidate_term: 1 candidate_status { last_received { term: 0 index: 0 } } ignore_live_leader: false dest_uuid: "85fa807d53f6469eb1bb23324fcc8ec6"
I20260608 09:47:29.890733 25149 raft_consensus.cc:3060] T 316bdf0efd344ae3a82ec95ea8068305 P 85fa807d53f6469eb1bb23324fcc8ec6 [term 0 FOLLOWER]: Advancing to term 1
I20260608 09:47:29.890228 25298 tablet_service.cc:1917] Received RequestConsensusVote() RPC: tablet_id: "316bdf0efd344ae3a82ec95ea8068305" candidate_uuid: "d0eadc67c1204be58dcdf16fb1381885" candidate_term: 1 candidate_status { last_received { term: 0 index: 0 } } ignore_live_leader: false dest_uuid: "01a01fb4bc644585aeeaa5322526f876"
I20260608 09:47:29.888394 25364 leader_election.cc:290] T 9963ee16f4524be6bec1507d8d2bd319 P 85fa807d53f6469eb1bb23324fcc8ec6 [CANDIDATE]: Term 1 pre-election: Requested pre-vote from peers d0eadc67c1204be58dcdf16fb1381885 (127.23.231.130:36713), 01a01fb4bc644585aeeaa5322526f876 (127.23.231.131:45445)
I20260608 09:47:29.891877 25297 tablet_service.cc:1917] Received RequestConsensusVote() RPC: tablet_id: "9963ee16f4524be6bec1507d8d2bd319" candidate_uuid: "85fa807d53f6469eb1bb23324fcc8ec6" candidate_term: 1 candidate_status { last_received { term: 0 index: 0 } } ignore_live_leader: false dest_uuid: "01a01fb4bc644585aeeaa5322526f876" is_pre_election: true
I20260608 09:47:29.892012 25225 tablet_service.cc:1917] Received RequestConsensusVote() RPC: tablet_id: "9963ee16f4524be6bec1507d8d2bd319" candidate_uuid: "85fa807d53f6469eb1bb23324fcc8ec6" candidate_term: 1 candidate_status { last_received { term: 0 index: 0 } } ignore_live_leader: false dest_uuid: "d0eadc67c1204be58dcdf16fb1381885" is_pre_election: true
W20260608 09:47:29.894472 25116 leader_election.cc:343] T 9963ee16f4524be6bec1507d8d2bd319 P 85fa807d53f6469eb1bb23324fcc8ec6 [CANDIDATE]: Term 1 pre-election: Tablet error from VoteRequest() call to peer 01a01fb4bc644585aeeaa5322526f876 (127.23.231.131:45445): Illegal state: must be running to vote when last-logged opid is not known
I20260608 09:47:29.894692 25225 raft_consensus.cc:2468] T 9963ee16f4524be6bec1507d8d2bd319 P d0eadc67c1204be58dcdf16fb1381885 [term 0 FOLLOWER]: Leader pre-election vote request: Granting yes vote for candidate 85fa807d53f6469eb1bb23324fcc8ec6 in term 0.
I20260608 09:47:29.895964 25150 raft_consensus.cc:2468] T cd5aaeda306a4ace9530bb0f2e42ada0 P 85fa807d53f6469eb1bb23324fcc8ec6 [term 1 FOLLOWER]: Leader election vote request: Granting yes vote for candidate d0eadc67c1204be58dcdf16fb1381885 in term 1.
I20260608 09:47:29.897688 25346 raft_consensus.cc:359] T 316bdf0efd344ae3a82ec95ea8068305 P 01a01fb4bc644585aeeaa5322526f876 [term 0 FOLLOWER]: Replica starting. Triggering 0 pending ops. Active config: opid_index: -1 OBSOLETE_local: false peers { permanent_uuid: "85fa807d53f6469eb1bb23324fcc8ec6" member_type: VOTER last_known_addr { host: "127.23.231.129" port: 46191 } } peers { permanent_uuid: "d0eadc67c1204be58dcdf16fb1381885" member_type: VOTER last_known_addr { host: "127.23.231.130" port: 36713 } } peers { permanent_uuid: "01a01fb4bc644585aeeaa5322526f876" member_type: VOTER last_known_addr { host: "127.23.231.131" port: 45445 } }
I20260608 09:47:29.898423 25346 raft_consensus.cc:385] T 316bdf0efd344ae3a82ec95ea8068305 P 01a01fb4bc644585aeeaa5322526f876 [term 0 FOLLOWER]: Consensus starting up: Expiring failure detector timer to make a prompt election more likely
I20260608 09:47:29.898715 25346 raft_consensus.cc:740] T 316bdf0efd344ae3a82ec95ea8068305 P 01a01fb4bc644585aeeaa5322526f876 [term 0 FOLLOWER]: Becoming Follower/Learner. State: Replica: 01a01fb4bc644585aeeaa5322526f876, State: Initialized, Role: FOLLOWER
I20260608 09:47:29.899637 25116 leader_election.cc:304] T 9963ee16f4524be6bec1507d8d2bd319 P 85fa807d53f6469eb1bb23324fcc8ec6 [CANDIDATE]: Term 1 pre-election: Election decided. Result: candidate won. Election summary: received 3 responses out of 3 voters: 2 yes votes; 1 no votes. yes voters: 85fa807d53f6469eb1bb23324fcc8ec6, d0eadc67c1204be58dcdf16fb1381885; no voters: 01a01fb4bc644585aeeaa5322526f876
I20260608 09:47:29.899511 25346 consensus_queue.cc:260] T 316bdf0efd344ae3a82ec95ea8068305 P 01a01fb4bc644585aeeaa5322526f876 [NON_LEADER]: Queue going to NON_LEADER mode. State: All replicated index: 0, Majority replicated index: 0, Committed index: 0, Last appended: 0.0, Last appended by leader: 0, Current term: 0, Majority size: -1, State: 0, Mode: NON_LEADER, active raft config: opid_index: -1 OBSOLETE_local: false peers { permanent_uuid: "85fa807d53f6469eb1bb23324fcc8ec6" member_type: VOTER last_known_addr { host: "127.23.231.129" port: 46191 } } peers { permanent_uuid: "d0eadc67c1204be58dcdf16fb1381885" member_type: VOTER last_known_addr { host: "127.23.231.130" port: 36713 } } peers { permanent_uuid: "01a01fb4bc644585aeeaa5322526f876" member_type: VOTER last_known_addr { host: "127.23.231.131" port: 45445 } }
I20260608 09:47:29.900535 25364 raft_consensus.cc:2804] T 9963ee16f4524be6bec1507d8d2bd319 P 85fa807d53f6469eb1bb23324fcc8ec6 [term 0 FOLLOWER]: Leader pre-election won for term 1
I20260608 09:47:29.900926 25364 raft_consensus.cc:493] T 9963ee16f4524be6bec1507d8d2bd319 P 85fa807d53f6469eb1bb23324fcc8ec6 [term 0 FOLLOWER]: Starting leader election (no leader contacted us within the election timeout)
I20260608 09:47:29.901247 25364 raft_consensus.cc:3060] T 9963ee16f4524be6bec1507d8d2bd319 P 85fa807d53f6469eb1bb23324fcc8ec6 [term 0 FOLLOWER]: Advancing to term 1
I20260608 09:47:29.902062 25346 ts_tablet_manager.cc:1434] T 316bdf0efd344ae3a82ec95ea8068305 P 01a01fb4bc644585aeeaa5322526f876: Time spent starting tablet: real 0.016s	user 0.008s	sys 0.000s
I20260608 09:47:29.902119 25149 raft_consensus.cc:2468] T 316bdf0efd344ae3a82ec95ea8068305 P 85fa807d53f6469eb1bb23324fcc8ec6 [term 1 FOLLOWER]: Leader election vote request: Granting yes vote for candidate d0eadc67c1204be58dcdf16fb1381885 in term 1.
I20260608 09:47:29.903292 25346 tablet_bootstrap.cc:492] T 9963ee16f4524be6bec1507d8d2bd319 P 01a01fb4bc644585aeeaa5322526f876: Bootstrap starting.
I20260608 09:47:29.905362 25191 leader_election.cc:304] T cd5aaeda306a4ace9530bb0f2e42ada0 P d0eadc67c1204be58dcdf16fb1381885 [CANDIDATE]: Term 1 election: Election decided. Result: candidate won. Election summary: received 2 responses out of 3 voters: 2 yes votes; 0 no votes. yes voters: 01a01fb4bc644585aeeaa5322526f876, d0eadc67c1204be58dcdf16fb1381885; no voters: 
I20260608 09:47:29.893973 25047 catalog_manager.cc:5696] T 6f46601138c24b24af2edc8dea30b276 P d0eadc67c1204be58dcdf16fb1381885 reported cstate change: term changed from 0 to 1, leader changed from <none> to d0eadc67c1204be58dcdf16fb1381885 (127.23.231.130). New cstate: current_term: 1 leader_uuid: "d0eadc67c1204be58dcdf16fb1381885" committed_config { opid_index: -1 OBSOLETE_local: false peers { permanent_uuid: "85fa807d53f6469eb1bb23324fcc8ec6" member_type: VOTER last_known_addr { host: "127.23.231.129" port: 46191 } health_report { overall_health: UNKNOWN } } peers { permanent_uuid: "d0eadc67c1204be58dcdf16fb1381885" member_type: VOTER last_known_addr { host: "127.23.231.130" port: 36713 } health_report { overall_health: HEALTHY } } peers { permanent_uuid: "01a01fb4bc644585aeeaa5322526f876" member_type: VOTER last_known_addr { host: "127.23.231.131" port: 45445 } health_report { overall_health: UNKNOWN } } }
I20260608 09:47:29.906883 25366 raft_consensus.cc:2804] T cd5aaeda306a4ace9530bb0f2e42ada0 P d0eadc67c1204be58dcdf16fb1381885 [term 1 FOLLOWER]: Leader election won for term 1
I20260608 09:47:29.907409 25366 raft_consensus.cc:697] T cd5aaeda306a4ace9530bb0f2e42ada0 P d0eadc67c1204be58dcdf16fb1381885 [term 1 LEADER]: Becoming Leader. State: Replica: d0eadc67c1204be58dcdf16fb1381885, State: Running, Role: LEADER
I20260608 09:47:29.909750 25190 leader_election.cc:304] T 316bdf0efd344ae3a82ec95ea8068305 P d0eadc67c1204be58dcdf16fb1381885 [CANDIDATE]: Term 1 election: Election decided. Result: candidate won. Election summary: received 2 responses out of 3 voters: 2 yes votes; 0 no votes. yes voters: 85fa807d53f6469eb1bb23324fcc8ec6, d0eadc67c1204be58dcdf16fb1381885; no voters: 
I20260608 09:47:29.910351 25364 raft_consensus.cc:515] T 9963ee16f4524be6bec1507d8d2bd319 P 85fa807d53f6469eb1bb23324fcc8ec6 [term 1 FOLLOWER]: Starting leader election with config: opid_index: -1 OBSOLETE_local: false peers { permanent_uuid: "85fa807d53f6469eb1bb23324fcc8ec6" member_type: VOTER last_known_addr { host: "127.23.231.129" port: 46191 } } peers { permanent_uuid: "d0eadc67c1204be58dcdf16fb1381885" member_type: VOTER last_known_addr { host: "127.23.231.130" port: 36713 } } peers { permanent_uuid: "01a01fb4bc644585aeeaa5322526f876" member_type: VOTER last_known_addr { host: "127.23.231.131" port: 45445 } }
I20260608 09:47:29.910694 25350 raft_consensus.cc:2804] T 316bdf0efd344ae3a82ec95ea8068305 P d0eadc67c1204be58dcdf16fb1381885 [term 1 FOLLOWER]: Leader election won for term 1
I20260608 09:47:29.908313 25366 consensus_queue.cc:237] T cd5aaeda306a4ace9530bb0f2e42ada0 P d0eadc67c1204be58dcdf16fb1381885 [LEADER]: Queue going to LEADER mode. State: All replicated index: 0, Majority replicated index: 0, Committed index: 0, Last appended: 0.0, Last appended by leader: 0, Current term: 1, Majority size: 2, State: 0, Mode: LEADER, active raft config: opid_index: -1 OBSOLETE_local: false peers { permanent_uuid: "85fa807d53f6469eb1bb23324fcc8ec6" member_type: VOTER last_known_addr { host: "127.23.231.129" port: 46191 } } peers { permanent_uuid: "d0eadc67c1204be58dcdf16fb1381885" member_type: VOTER last_known_addr { host: "127.23.231.130" port: 36713 } } peers { permanent_uuid: "01a01fb4bc644585aeeaa5322526f876" member_type: VOTER last_known_addr { host: "127.23.231.131" port: 45445 } }
I20260608 09:47:29.911296 25350 raft_consensus.cc:697] T 316bdf0efd344ae3a82ec95ea8068305 P d0eadc67c1204be58dcdf16fb1381885 [term 1 LEADER]: Becoming Leader. State: Replica: d0eadc67c1204be58dcdf16fb1381885, State: Running, Role: LEADER
I20260608 09:47:29.912191 25350 consensus_queue.cc:237] T 316bdf0efd344ae3a82ec95ea8068305 P d0eadc67c1204be58dcdf16fb1381885 [LEADER]: Queue going to LEADER mode. State: All replicated index: 0, Majority replicated index: 0, Committed index: 0, Last appended: 0.0, Last appended by leader: 0, Current term: 1, Majority size: 2, State: 0, Mode: LEADER, active raft config: opid_index: -1 OBSOLETE_local: false peers { permanent_uuid: "85fa807d53f6469eb1bb23324fcc8ec6" member_type: VOTER last_known_addr { host: "127.23.231.129" port: 46191 } } peers { permanent_uuid: "d0eadc67c1204be58dcdf16fb1381885" member_type: VOTER last_known_addr { host: "127.23.231.130" port: 36713 } } peers { permanent_uuid: "01a01fb4bc644585aeeaa5322526f876" member_type: VOTER last_known_addr { host: "127.23.231.131" port: 45445 } }
I20260608 09:47:29.915537 25364 leader_election.cc:290] T 9963ee16f4524be6bec1507d8d2bd319 P 85fa807d53f6469eb1bb23324fcc8ec6 [CANDIDATE]: Term 1 election: Requested vote from peers d0eadc67c1204be58dcdf16fb1381885 (127.23.231.130:36713), 01a01fb4bc644585aeeaa5322526f876 (127.23.231.131:45445)
I20260608 09:47:29.920970 25346 tablet_bootstrap.cc:654] T 9963ee16f4524be6bec1507d8d2bd319 P 01a01fb4bc644585aeeaa5322526f876: Neither blocks nor log segments found. Creating new log.
W20260608 09:47:29.913548 25191 leader_election.cc:343] T 316bdf0efd344ae3a82ec95ea8068305 P d0eadc67c1204be58dcdf16fb1381885 [CANDIDATE]: Term 1 election: Tablet error from VoteRequest() call to peer 01a01fb4bc644585aeeaa5322526f876 (127.23.231.131:45445): Illegal state: must be running to vote when last-logged opid is not known
I20260608 09:47:29.922269 25225 tablet_service.cc:1917] Received RequestConsensusVote() RPC: tablet_id: "9963ee16f4524be6bec1507d8d2bd319" candidate_uuid: "85fa807d53f6469eb1bb23324fcc8ec6" candidate_term: 1 candidate_status { last_received { term: 0 index: 0 } } ignore_live_leader: false dest_uuid: "d0eadc67c1204be58dcdf16fb1381885"
I20260608 09:47:29.950558 25225 raft_consensus.cc:3060] T 9963ee16f4524be6bec1507d8d2bd319 P d0eadc67c1204be58dcdf16fb1381885 [term 0 FOLLOWER]: Advancing to term 1
I20260608 09:47:29.921798 25298 tablet_service.cc:1917] Received RequestConsensusVote() RPC: tablet_id: "9963ee16f4524be6bec1507d8d2bd319" candidate_uuid: "85fa807d53f6469eb1bb23324fcc8ec6" candidate_term: 1 candidate_status { last_received { term: 0 index: 0 } } ignore_live_leader: false dest_uuid: "01a01fb4bc644585aeeaa5322526f876"
W20260608 09:47:29.953634 25116 leader_election.cc:343] T 9963ee16f4524be6bec1507d8d2bd319 P 85fa807d53f6469eb1bb23324fcc8ec6 [CANDIDATE]: Term 1 election: Tablet error from VoteRequest() call to peer 01a01fb4bc644585aeeaa5322526f876 (127.23.231.131:45445): Illegal state: must be running to vote when last-logged opid is not known
I20260608 09:47:29.959071 25346 tablet_bootstrap.cc:492] T 9963ee16f4524be6bec1507d8d2bd319 P 01a01fb4bc644585aeeaa5322526f876: No bootstrap required, opened a new log
I20260608 09:47:29.958989 25225 raft_consensus.cc:2468] T 9963ee16f4524be6bec1507d8d2bd319 P d0eadc67c1204be58dcdf16fb1381885 [term 1 FOLLOWER]: Leader election vote request: Granting yes vote for candidate 85fa807d53f6469eb1bb23324fcc8ec6 in term 1.
I20260608 09:47:29.959672 25346 ts_tablet_manager.cc:1403] T 9963ee16f4524be6bec1507d8d2bd319 P 01a01fb4bc644585aeeaa5322526f876: Time spent bootstrapping tablet: real 0.057s	user 0.011s	sys 0.009s
I20260608 09:47:29.960417 25116 leader_election.cc:304] T 9963ee16f4524be6bec1507d8d2bd319 P 85fa807d53f6469eb1bb23324fcc8ec6 [CANDIDATE]: Term 1 election: Election decided. Result: candidate won. Election summary: received 3 responses out of 3 voters: 2 yes votes; 1 no votes. yes voters: 85fa807d53f6469eb1bb23324fcc8ec6, d0eadc67c1204be58dcdf16fb1381885; no voters: 01a01fb4bc644585aeeaa5322526f876
I20260608 09:47:29.961462 25364 raft_consensus.cc:2804] T 9963ee16f4524be6bec1507d8d2bd319 P 85fa807d53f6469eb1bb23324fcc8ec6 [term 1 FOLLOWER]: Leader election won for term 1
I20260608 09:47:29.962002 25364 raft_consensus.cc:697] T 9963ee16f4524be6bec1507d8d2bd319 P 85fa807d53f6469eb1bb23324fcc8ec6 [term 1 LEADER]: Becoming Leader. State: Replica: 85fa807d53f6469eb1bb23324fcc8ec6, State: Running, Role: LEADER
I20260608 09:47:29.962679 25364 consensus_queue.cc:237] T 9963ee16f4524be6bec1507d8d2bd319 P 85fa807d53f6469eb1bb23324fcc8ec6 [LEADER]: Queue going to LEADER mode. State: All replicated index: 0, Majority replicated index: 0, Committed index: 0, Last appended: 0.0, Last appended by leader: 0, Current term: 1, Majority size: 2, State: 0, Mode: LEADER, active raft config: opid_index: -1 OBSOLETE_local: false peers { permanent_uuid: "85fa807d53f6469eb1bb23324fcc8ec6" member_type: VOTER last_known_addr { host: "127.23.231.129" port: 46191 } } peers { permanent_uuid: "d0eadc67c1204be58dcdf16fb1381885" member_type: VOTER last_known_addr { host: "127.23.231.130" port: 36713 } } peers { permanent_uuid: "01a01fb4bc644585aeeaa5322526f876" member_type: VOTER last_known_addr { host: "127.23.231.131" port: 45445 } }
I20260608 09:47:29.963171 25346 raft_consensus.cc:359] T 9963ee16f4524be6bec1507d8d2bd319 P 01a01fb4bc644585aeeaa5322526f876 [term 0 FOLLOWER]: Replica starting. Triggering 0 pending ops. Active config: opid_index: -1 OBSOLETE_local: false peers { permanent_uuid: "85fa807d53f6469eb1bb23324fcc8ec6" member_type: VOTER last_known_addr { host: "127.23.231.129" port: 46191 } } peers { permanent_uuid: "d0eadc67c1204be58dcdf16fb1381885" member_type: VOTER last_known_addr { host: "127.23.231.130" port: 36713 } } peers { permanent_uuid: "01a01fb4bc644585aeeaa5322526f876" member_type: VOTER last_known_addr { host: "127.23.231.131" port: 45445 } }
I20260608 09:47:29.963891 25346 raft_consensus.cc:385] T 9963ee16f4524be6bec1507d8d2bd319 P 01a01fb4bc644585aeeaa5322526f876 [term 0 FOLLOWER]: Consensus starting up: Expiring failure detector timer to make a prompt election more likely
I20260608 09:47:29.964166 25346 raft_consensus.cc:740] T 9963ee16f4524be6bec1507d8d2bd319 P 01a01fb4bc644585aeeaa5322526f876 [term 0 FOLLOWER]: Becoming Follower/Learner. State: Replica: 01a01fb4bc644585aeeaa5322526f876, State: Initialized, Role: FOLLOWER
I20260608 09:47:29.965168 25346 consensus_queue.cc:260] T 9963ee16f4524be6bec1507d8d2bd319 P 01a01fb4bc644585aeeaa5322526f876 [NON_LEADER]: Queue going to NON_LEADER mode. State: All replicated index: 0, Majority replicated index: 0, Committed index: 0, Last appended: 0.0, Last appended by leader: 0, Current term: 0, Majority size: -1, State: 0, Mode: NON_LEADER, active raft config: opid_index: -1 OBSOLETE_local: false peers { permanent_uuid: "85fa807d53f6469eb1bb23324fcc8ec6" member_type: VOTER last_known_addr { host: "127.23.231.129" port: 46191 } } peers { permanent_uuid: "d0eadc67c1204be58dcdf16fb1381885" member_type: VOTER last_known_addr { host: "127.23.231.130" port: 36713 } } peers { permanent_uuid: "01a01fb4bc644585aeeaa5322526f876" member_type: VOTER last_known_addr { host: "127.23.231.131" port: 45445 } }
I20260608 09:47:29.964916 25047 catalog_manager.cc:5696] T 316bdf0efd344ae3a82ec95ea8068305 P d0eadc67c1204be58dcdf16fb1381885 reported cstate change: term changed from 0 to 1, leader changed from <none> to d0eadc67c1204be58dcdf16fb1381885 (127.23.231.130). New cstate: current_term: 1 leader_uuid: "d0eadc67c1204be58dcdf16fb1381885" committed_config { opid_index: -1 OBSOLETE_local: false peers { permanent_uuid: "85fa807d53f6469eb1bb23324fcc8ec6" member_type: VOTER last_known_addr { host: "127.23.231.129" port: 46191 } health_report { overall_health: UNKNOWN } } peers { permanent_uuid: "d0eadc67c1204be58dcdf16fb1381885" member_type: VOTER last_known_addr { host: "127.23.231.130" port: 36713 } health_report { overall_health: HEALTHY } } peers { permanent_uuid: "01a01fb4bc644585aeeaa5322526f876" member_type: VOTER last_known_addr { host: "127.23.231.131" port: 45445 } health_report { overall_health: UNKNOWN } } }
I20260608 09:47:29.967393 25346 ts_tablet_manager.cc:1434] T 9963ee16f4524be6bec1507d8d2bd319 P 01a01fb4bc644585aeeaa5322526f876: Time spent starting tablet: real 0.007s	user 0.006s	sys 0.000s
I20260608 09:47:29.966857 25047 catalog_manager.cc:5696] T cd5aaeda306a4ace9530bb0f2e42ada0 P d0eadc67c1204be58dcdf16fb1381885 reported cstate change: term changed from 0 to 1, leader changed from <none> to d0eadc67c1204be58dcdf16fb1381885 (127.23.231.130). New cstate: current_term: 1 leader_uuid: "d0eadc67c1204be58dcdf16fb1381885" committed_config { opid_index: -1 OBSOLETE_local: false peers { permanent_uuid: "85fa807d53f6469eb1bb23324fcc8ec6" member_type: VOTER last_known_addr { host: "127.23.231.129" port: 46191 } health_report { overall_health: UNKNOWN } } peers { permanent_uuid: "d0eadc67c1204be58dcdf16fb1381885" member_type: VOTER last_known_addr { host: "127.23.231.130" port: 36713 } health_report { overall_health: HEALTHY } } peers { permanent_uuid: "01a01fb4bc644585aeeaa5322526f876" member_type: VOTER last_known_addr { host: "127.23.231.131" port: 45445 } health_report { overall_health: UNKNOWN } } }
I20260608 09:47:29.975641 25046 catalog_manager.cc:5696] T 9963ee16f4524be6bec1507d8d2bd319 P 85fa807d53f6469eb1bb23324fcc8ec6 reported cstate change: term changed from 0 to 1, leader changed from <none> to 85fa807d53f6469eb1bb23324fcc8ec6 (127.23.231.129). New cstate: current_term: 1 leader_uuid: "85fa807d53f6469eb1bb23324fcc8ec6" committed_config { opid_index: -1 OBSOLETE_local: false peers { permanent_uuid: "85fa807d53f6469eb1bb23324fcc8ec6" member_type: VOTER last_known_addr { host: "127.23.231.129" port: 46191 } health_report { overall_health: HEALTHY } } peers { permanent_uuid: "d0eadc67c1204be58dcdf16fb1381885" member_type: VOTER last_known_addr { host: "127.23.231.130" port: 36713 } health_report { overall_health: UNKNOWN } } peers { permanent_uuid: "01a01fb4bc644585aeeaa5322526f876" member_type: VOTER last_known_addr { host: "127.23.231.131" port: 45445 } health_report { overall_health: UNKNOWN } } }
I20260608 09:47:29.999488 25384 raft_consensus.cc:493] T 9963ee16f4524be6bec1507d8d2bd319 P 01a01fb4bc644585aeeaa5322526f876 [term 0 FOLLOWER]: Starting pre-election (no leader contacted us within the election timeout)
I20260608 09:47:29.999985 25384 raft_consensus.cc:515] T 9963ee16f4524be6bec1507d8d2bd319 P 01a01fb4bc644585aeeaa5322526f876 [term 0 FOLLOWER]: Starting pre-election with config: opid_index: -1 OBSOLETE_local: false peers { permanent_uuid: "85fa807d53f6469eb1bb23324fcc8ec6" member_type: VOTER last_known_addr { host: "127.23.231.129" port: 46191 } } peers { permanent_uuid: "d0eadc67c1204be58dcdf16fb1381885" member_type: VOTER last_known_addr { host: "127.23.231.130" port: 36713 } } peers { permanent_uuid: "01a01fb4bc644585aeeaa5322526f876" member_type: VOTER last_known_addr { host: "127.23.231.131" port: 45445 } }
I20260608 09:47:30.002104 25384 leader_election.cc:290] T 9963ee16f4524be6bec1507d8d2bd319 P 01a01fb4bc644585aeeaa5322526f876 [CANDIDATE]: Term 1 pre-election: Requested pre-vote from peers 85fa807d53f6469eb1bb23324fcc8ec6 (127.23.231.129:46191), d0eadc67c1204be58dcdf16fb1381885 (127.23.231.130:36713)
I20260608 09:47:30.003010 25149 tablet_service.cc:1917] Received RequestConsensusVote() RPC: tablet_id: "9963ee16f4524be6bec1507d8d2bd319" candidate_uuid: "01a01fb4bc644585aeeaa5322526f876" candidate_term: 1 candidate_status { last_received { term: 0 index: 0 } } ignore_live_leader: false dest_uuid: "85fa807d53f6469eb1bb23324fcc8ec6" is_pre_election: true
I20260608 09:47:30.003293 25225 tablet_service.cc:1917] Received RequestConsensusVote() RPC: tablet_id: "9963ee16f4524be6bec1507d8d2bd319" candidate_uuid: "01a01fb4bc644585aeeaa5322526f876" candidate_term: 1 candidate_status { last_received { term: 0 index: 0 } } ignore_live_leader: false dest_uuid: "d0eadc67c1204be58dcdf16fb1381885" is_pre_election: true
I20260608 09:47:30.003937 25225 raft_consensus.cc:2393] T 9963ee16f4524be6bec1507d8d2bd319 P d0eadc67c1204be58dcdf16fb1381885 [term 1 FOLLOWER]: Leader pre-election vote request: Denying vote to candidate 01a01fb4bc644585aeeaa5322526f876 in current term 1: Already voted for candidate 85fa807d53f6469eb1bb23324fcc8ec6 in this term.
I20260608 09:47:30.004894 25265 leader_election.cc:304] T 9963ee16f4524be6bec1507d8d2bd319 P 01a01fb4bc644585aeeaa5322526f876 [CANDIDATE]: Term 1 pre-election: Election decided. Result: candidate lost. Election summary: received 3 responses out of 3 voters: 1 yes votes; 2 no votes. yes voters: 01a01fb4bc644585aeeaa5322526f876; no voters: 85fa807d53f6469eb1bb23324fcc8ec6, d0eadc67c1204be58dcdf16fb1381885
I20260608 09:47:30.005728 25384 raft_consensus.cc:3060] T 9963ee16f4524be6bec1507d8d2bd319 P 01a01fb4bc644585aeeaa5322526f876 [term 0 FOLLOWER]: Advancing to term 1
I20260608 09:47:30.010474 25384 raft_consensus.cc:2749] T 9963ee16f4524be6bec1507d8d2bd319 P 01a01fb4bc644585aeeaa5322526f876 [term 1 FOLLOWER]: Leader pre-election lost for term 1. Reason: could not achieve majority
I20260608 09:47:30.082883 25364 consensus_queue.cc:1048] T 67f1a0720133432aaa48bf47977127c0 P 85fa807d53f6469eb1bb23324fcc8ec6 [LEADER]: Connected to new peer: Peer: permanent_uuid: "01a01fb4bc644585aeeaa5322526f876" member_type: VOTER last_known_addr { host: "127.23.231.131" port: 45445 }, Status: LMP_MISMATCH, Last received: 0.0, Next index: 1, Last known committed idx: 0, Time since last communication: 0.000s
I20260608 09:47:30.092929 25351 consensus_queue.cc:1048] T 67f1a0720133432aaa48bf47977127c0 P 85fa807d53f6469eb1bb23324fcc8ec6 [LEADER]: Connected to new peer: Peer: permanent_uuid: "d0eadc67c1204be58dcdf16fb1381885" member_type: VOTER last_known_addr { host: "127.23.231.130" port: 36713 }, Status: LMP_MISMATCH, Last received: 0.0, Next index: 1, Last known committed idx: 0, Time since last communication: 0.001s
I20260608 09:47:30.100798 25366 consensus_queue.cc:1048] T a1f641e4c9994a9cbcbf6b6ec529eac2 P d0eadc67c1204be58dcdf16fb1381885 [LEADER]: Connected to new peer: Peer: permanent_uuid: "01a01fb4bc644585aeeaa5322526f876" member_type: VOTER last_known_addr { host: "127.23.231.131" port: 45445 }, Status: LMP_MISMATCH, Last received: 0.0, Next index: 1, Last known committed idx: 0, Time since last communication: 0.000s
I20260608 09:47:30.114815 25366 consensus_queue.cc:1048] T a1f641e4c9994a9cbcbf6b6ec529eac2 P d0eadc67c1204be58dcdf16fb1381885 [LEADER]: Connected to new peer: Peer: permanent_uuid: "85fa807d53f6469eb1bb23324fcc8ec6" member_type: VOTER last_known_addr { host: "127.23.231.129" port: 46191 }, Status: LMP_MISMATCH, Last received: 0.0, Next index: 1, Last known committed idx: 0, Time since last communication: 0.000s
I20260608 09:47:30.151710 24478 file_cache.cc:492] Constructed file cache file cache with capacity 419430
W20260608 09:47:30.157948 25400 instance_detector.cc:116] could not retrieve AWS instance metadata: Network error: curl error: HTTP response code said error: The requested URL returned error: 404
W20260608 09:47:30.159154 25401 instance_detector.cc:116] could not retrieve Azure instance metadata: Network error: curl error: HTTP response code said error: The requested URL returned error: 404
W20260608 09:47:30.159876 25403 instance_detector.cc:116] could not retrieve OpenStack instance metadata: Network error: curl error: HTTP response code said error: The requested URL returned error: 404
I20260608 09:47:30.160215 24478 server_base.cc:1061] running on GCE node
I20260608 09:47:30.161127 24478 hybrid_clock.cc:584] initializing the hybrid clock with 'system_unsync' time source
W20260608 09:47:30.161374 24478 system_unsync_time.cc:38] NTP support is disabled. Clock error bounds will not be accurate. This configuration is not suitable for distributed clusters.
I20260608 09:47:30.161566 24478 hybrid_clock.cc:648] HybridClock initialized: now 1780912050161547 us; error 0 us; skew 500 ppm
I20260608 09:47:30.162218 24478 server_base.cc:861] Flag tcmalloc_max_total_thread_cache_bytes is not working since tcmalloc is not enabled.
I20260608 09:47:30.164631 24478 webserver.cc:533] Webserver started at http://127.23.231.132:34745/ using document root <none> and password file <none>
I20260608 09:47:30.165153 24478 fs_manager.cc:362] Metadata directory not provided
I20260608 09:47:30.165359 24478 fs_manager.cc:368] Using write-ahead log directory (fs_wal_dir) as metadata directory
I20260608 09:47:30.165644 24478 server_base.cc:909] This appears to be a new deployment of Kudu; creating new FS layout
I20260608 09:47:30.166708 24478 fs_manager.cc:1068] Generated new instance metadata in path /tmp/dist-test-taskvadC5d/test-tmp/auto_rebalancer-test.0.AutoRebalancerTest.AutoRebalancingTurnOffAndOn.1780912042420183-24478-0/minicluster-data/ts-3-root/instance:
uuid: "fdd60abf137e4d9eb9623ff5b2c894ed"
format_stamp: "Formatted at 2026-06-08 09:47:30 on dist-test-slave-mpgr"
I20260608 09:47:30.171250 24478 fs_manager.cc:696] Time spent creating directory manager: real 0.004s	user 0.004s	sys 0.002s
I20260608 09:47:30.174871 25408 log_block_manager.cc:4031] Time spent loading block containers with low live blocks: real 0.000s	user 0.000s	sys 0.000s
I20260608 09:47:30.175743 24478 fs_manager.cc:730] Time spent opening block manager: real 0.002s	user 0.003s	sys 0.000s
I20260608 09:47:30.176081 24478 fs_manager.cc:647] Opened local filesystem: /tmp/dist-test-taskvadC5d/test-tmp/auto_rebalancer-test.0.AutoRebalancerTest.AutoRebalancingTurnOffAndOn.1780912042420183-24478-0/minicluster-data/ts-3-root
uuid: "fdd60abf137e4d9eb9623ff5b2c894ed"
format_stamp: "Formatted at 2026-06-08 09:47:30 on dist-test-slave-mpgr"
I20260608 09:47:30.176422 24478 fs_report.cc:389] FS layout report
--------------------
wal directory: /tmp/dist-test-taskvadC5d/test-tmp/auto_rebalancer-test.0.AutoRebalancerTest.AutoRebalancingTurnOffAndOn.1780912042420183-24478-0/minicluster-data/ts-3-root
metadata directory: /tmp/dist-test-taskvadC5d/test-tmp/auto_rebalancer-test.0.AutoRebalancerTest.AutoRebalancingTurnOffAndOn.1780912042420183-24478-0/minicluster-data/ts-3-root
1 data directories: /tmp/dist-test-taskvadC5d/test-tmp/auto_rebalancer-test.0.AutoRebalancerTest.AutoRebalancingTurnOffAndOn.1780912042420183-24478-0/minicluster-data/ts-3-root/data
Total live blocks: 0
Total live bytes: 0
Total live bytes (after alignment): 0
Total number of LBM containers: 0 (0 full)
Did not check for missing blocks
Did not check for orphaned blocks
Total full LBM containers with extra space: 0 (0 repaired)
Total full LBM container extra space in bytes: 0 (0 repaired)
Total incomplete LBM containers: 0 (0 repaired)
Total LBM partial records: 0 (0 repaired)
Total corrupted LBM metadata records in RocksDB: 0 (0 repaired)
I20260608 09:47:30.186928 25384 raft_consensus.cc:493] T 316bdf0efd344ae3a82ec95ea8068305 P 01a01fb4bc644585aeeaa5322526f876 [term 0 FOLLOWER]: Starting pre-election (no leader contacted us within the election timeout)
I20260608 09:47:30.187522 25384 raft_consensus.cc:515] T 316bdf0efd344ae3a82ec95ea8068305 P 01a01fb4bc644585aeeaa5322526f876 [term 0 FOLLOWER]: Starting pre-election with config: opid_index: -1 OBSOLETE_local: false peers { permanent_uuid: "85fa807d53f6469eb1bb23324fcc8ec6" member_type: VOTER last_known_addr { host: "127.23.231.129" port: 46191 } } peers { permanent_uuid: "d0eadc67c1204be58dcdf16fb1381885" member_type: VOTER last_known_addr { host: "127.23.231.130" port: 36713 } } peers { permanent_uuid: "01a01fb4bc644585aeeaa5322526f876" member_type: VOTER last_known_addr { host: "127.23.231.131" port: 45445 } }
I20260608 09:47:30.189755 25384 leader_election.cc:290] T 316bdf0efd344ae3a82ec95ea8068305 P 01a01fb4bc644585aeeaa5322526f876 [CANDIDATE]: Term 1 pre-election: Requested pre-vote from peers 85fa807d53f6469eb1bb23324fcc8ec6 (127.23.231.129:46191), d0eadc67c1204be58dcdf16fb1381885 (127.23.231.130:36713)
I20260608 09:47:30.190882 25225 tablet_service.cc:1917] Received RequestConsensusVote() RPC: tablet_id: "316bdf0efd344ae3a82ec95ea8068305" candidate_uuid: "01a01fb4bc644585aeeaa5322526f876" candidate_term: 1 candidate_status { last_received { term: 0 index: 0 } } ignore_live_leader: false dest_uuid: "d0eadc67c1204be58dcdf16fb1381885" is_pre_election: true
I20260608 09:47:30.190793 25149 tablet_service.cc:1917] Received RequestConsensusVote() RPC: tablet_id: "316bdf0efd344ae3a82ec95ea8068305" candidate_uuid: "01a01fb4bc644585aeeaa5322526f876" candidate_term: 1 candidate_status { last_received { term: 0 index: 0 } } ignore_live_leader: false dest_uuid: "85fa807d53f6469eb1bb23324fcc8ec6" is_pre_election: true
I20260608 09:47:30.191813 25149 raft_consensus.cc:2393] T 316bdf0efd344ae3a82ec95ea8068305 P 85fa807d53f6469eb1bb23324fcc8ec6 [term 1 FOLLOWER]: Leader pre-election vote request: Denying vote to candidate 01a01fb4bc644585aeeaa5322526f876 in current term 1: Already voted for candidate d0eadc67c1204be58dcdf16fb1381885 in this term.
I20260608 09:47:30.192859 25264 leader_election.cc:304] T 316bdf0efd344ae3a82ec95ea8068305 P 01a01fb4bc644585aeeaa5322526f876 [CANDIDATE]: Term 1 pre-election: Election decided. Result: candidate lost. Election summary: received 3 responses out of 3 voters: 1 yes votes; 2 no votes. yes voters: 01a01fb4bc644585aeeaa5322526f876; no voters: 85fa807d53f6469eb1bb23324fcc8ec6, d0eadc67c1204be58dcdf16fb1381885
I20260608 09:47:30.193616 25384 raft_consensus.cc:3060] T 316bdf0efd344ae3a82ec95ea8068305 P 01a01fb4bc644585aeeaa5322526f876 [term 0 FOLLOWER]: Advancing to term 1
I20260608 09:47:30.200367 25384 raft_consensus.cc:2749] T 316bdf0efd344ae3a82ec95ea8068305 P 01a01fb4bc644585aeeaa5322526f876 [term 1 FOLLOWER]: Leader pre-election lost for term 1. Reason: could not achieve majority
I20260608 09:47:30.207077 24478 rpc_server.cc:225] running with OpenSSL 1.1.1  11 Sep 2018
I20260608 09:47:30.208319 24478 kserver.cc:163] Server-wide thread pool size limit: 3276
I20260608 09:47:30.209689 24478 txn_system_client.cc:432] TxnSystemClient initialization is disabled...
I20260608 09:47:30.212014 24478 ts_tablet_manager.cc:585] Loaded tablet metadata (0 total tablets, 0 live tablets)
I20260608 09:47:30.212237 24478 ts_tablet_manager.cc:531] Time spent load tablet metadata: real 0.000s	user 0.000s	sys 0.000s
I20260608 09:47:30.212492 24478 ts_tablet_manager.cc:616] Registered 0 tablets
I20260608 09:47:30.212652 24478 ts_tablet_manager.cc:595] Time spent register tablets: real 0.000s	user 0.000s	sys 0.000s
I20260608 09:47:30.255849 24478 rpc_server.cc:307] RPC server started. Bound to: 127.23.231.132:40907
I20260608 09:47:30.256050 25470 acceptor_pool.cc:272] collecting diagnostics on the listening RPC socket 127.23.231.132:40907 every 8 connection(s)
I20260608 09:47:30.274622 25471 heartbeater.cc:344] Connected to a master server at 127.23.231.190:33425
I20260608 09:47:30.275055 25471 heartbeater.cc:461] Registering TS with master...
I20260608 09:47:30.275846 25471 heartbeater.cc:507] Master 127.23.231.190:33425 requested a full tablet report, sending...
I20260608 09:47:30.277992 25045 ts_manager.cc:194] Registered new tserver with Master: fdd60abf137e4d9eb9623ff5b2c894ed (127.23.231.132:40907)
I20260608 09:47:30.279721 25045 master_service.cc:502] Signed X509 certificate for tserver {username='slave'} at 127.0.0.1:60094
I20260608 09:47:30.290743 25364 consensus_queue.cc:1048] T 0efa958e273942f3bf1b33f0e9ab76ca P 85fa807d53f6469eb1bb23324fcc8ec6 [LEADER]: Connected to new peer: Peer: permanent_uuid: "01a01fb4bc644585aeeaa5322526f876" member_type: VOTER last_known_addr { host: "127.23.231.131" port: 45445 }, Status: LMP_MISMATCH, Last received: 0.0, Next index: 1, Last known committed idx: 0, Time since last communication: 0.000s
I20260608 09:47:30.303404 25476 consensus_queue.cc:1048] T 0efa958e273942f3bf1b33f0e9ab76ca P 85fa807d53f6469eb1bb23324fcc8ec6 [LEADER]: Connected to new peer: Peer: permanent_uuid: "d0eadc67c1204be58dcdf16fb1381885" member_type: VOTER last_known_addr { host: "127.23.231.130" port: 36713 }, Status: LMP_MISMATCH, Last received: 0.0, Next index: 1, Last known committed idx: 0, Time since last communication: 0.001s
I20260608 09:47:30.327700 25366 consensus_queue.cc:1048] T 6f46601138c24b24af2edc8dea30b276 P d0eadc67c1204be58dcdf16fb1381885 [LEADER]: Connected to new peer: Peer: permanent_uuid: "01a01fb4bc644585aeeaa5322526f876" member_type: VOTER last_known_addr { host: "127.23.231.131" port: 45445 }, Status: LMP_MISMATCH, Last received: 0.0, Next index: 1, Last known committed idx: 0, Time since last communication: 0.000s
I20260608 09:47:30.333176 25366 consensus_queue.cc:1048] T cd5aaeda306a4ace9530bb0f2e42ada0 P d0eadc67c1204be58dcdf16fb1381885 [LEADER]: Connected to new peer: Peer: permanent_uuid: "01a01fb4bc644585aeeaa5322526f876" member_type: VOTER last_known_addr { host: "127.23.231.131" port: 45445 }, Status: LMP_MISMATCH, Last received: 0.0, Next index: 1, Last known committed idx: 0, Time since last communication: 0.000s
I20260608 09:47:30.345057 25374 consensus_queue.cc:1048] T 6f46601138c24b24af2edc8dea30b276 P d0eadc67c1204be58dcdf16fb1381885 [LEADER]: Connected to new peer: Peer: permanent_uuid: "85fa807d53f6469eb1bb23324fcc8ec6" member_type: VOTER last_known_addr { host: "127.23.231.129" port: 46191 }, Status: LMP_MISMATCH, Last received: 0.0, Next index: 1, Last known committed idx: 0, Time since last communication: 0.001s
I20260608 09:47:30.345763 25384 consensus_queue.cc:1048] T b91d5de10fc940eb8c71a49d6907fe8a P 01a01fb4bc644585aeeaa5322526f876 [LEADER]: Connected to new peer: Peer: permanent_uuid: "d0eadc67c1204be58dcdf16fb1381885" member_type: VOTER last_known_addr { host: "127.23.231.130" port: 36713 }, Status: LMP_MISMATCH, Last received: 0.0, Next index: 1, Last known committed idx: 0, Time since last communication: 0.000s
I20260608 09:47:30.365212 25384 consensus_queue.cc:1048] T b91d5de10fc940eb8c71a49d6907fe8a P 01a01fb4bc644585aeeaa5322526f876 [LEADER]: Connected to new peer: Peer: permanent_uuid: "85fa807d53f6469eb1bb23324fcc8ec6" member_type: VOTER last_known_addr { host: "127.23.231.129" port: 46191 }, Status: LMP_MISMATCH, Last received: 0.0, Next index: 1, Last known committed idx: 0, Time since last communication: 0.001s
I20260608 09:47:30.379328 25366 consensus_queue.cc:1048] T cd5aaeda306a4ace9530bb0f2e42ada0 P d0eadc67c1204be58dcdf16fb1381885 [LEADER]: Connected to new peer: Peer: permanent_uuid: "85fa807d53f6469eb1bb23324fcc8ec6" member_type: VOTER last_known_addr { host: "127.23.231.129" port: 46191 }, Status: LMP_MISMATCH, Last received: 0.0, Next index: 1, Last known committed idx: 0, Time since last communication: 0.000s
I20260608 09:47:30.401726 25476 consensus_queue.cc:1048] T 9963ee16f4524be6bec1507d8d2bd319 P 85fa807d53f6469eb1bb23324fcc8ec6 [LEADER]: Connected to new peer: Peer: permanent_uuid: "01a01fb4bc644585aeeaa5322526f876" member_type: VOTER last_known_addr { host: "127.23.231.131" port: 45445 }, Status: LMP_MISMATCH, Last received: 0.0, Next index: 1, Last known committed idx: 0, Time since last communication: 0.000s
I20260608 09:47:30.413272 25351 consensus_queue.cc:1048] T 9963ee16f4524be6bec1507d8d2bd319 P 85fa807d53f6469eb1bb23324fcc8ec6 [LEADER]: Connected to new peer: Peer: permanent_uuid: "d0eadc67c1204be58dcdf16fb1381885" member_type: VOTER last_known_addr { host: "127.23.231.130" port: 36713 }, Status: LMP_MISMATCH, Last received: 0.0, Next index: 1, Last known committed idx: 0, Time since last communication: 0.000s
I20260608 09:47:30.463981 25366 consensus_queue.cc:1048] T 316bdf0efd344ae3a82ec95ea8068305 P d0eadc67c1204be58dcdf16fb1381885 [LEADER]: Connected to new peer: Peer: permanent_uuid: "01a01fb4bc644585aeeaa5322526f876" member_type: VOTER last_known_addr { host: "127.23.231.131" port: 45445 }, Status: LMP_MISMATCH, Last received: 0.0, Next index: 1, Last known committed idx: 0, Time since last communication: 0.000s
I20260608 09:47:30.474920 25350 consensus_queue.cc:1048] T 316bdf0efd344ae3a82ec95ea8068305 P d0eadc67c1204be58dcdf16fb1381885 [LEADER]: Connected to new peer: Peer: permanent_uuid: "85fa807d53f6469eb1bb23324fcc8ec6" member_type: VOTER last_known_addr { host: "127.23.231.129" port: 46191 }, Status: LMP_MISMATCH, Last received: 0.0, Next index: 1, Last known committed idx: 0, Time since last communication: 0.000s
I20260608 09:47:31.282555 25471 heartbeater.cc:499] Master 127.23.231.190:33425 was elected leader, sending a full tablet report...
I20260608 09:47:31.648476 25101 auto_leader_rebalancer.cc:140] leader rebalance for table test-workload
I20260608 09:47:31.666234 25225 tablet_service.cc:2072] Received LeaderStepDown RPC: tablet_id: "6f46601138c24b24af2edc8dea30b276"
dest_uuid: "d0eadc67c1204be58dcdf16fb1381885"
mode: GRACEFUL
new_leader_uuid: "01a01fb4bc644585aeeaa5322526f876"
 from {username='slave'} at 127.0.0.1:45298
I20260608 09:47:31.666903 25225 raft_consensus.cc:606] T 6f46601138c24b24af2edc8dea30b276 P d0eadc67c1204be58dcdf16fb1381885 [term 1 LEADER]: Received request to transfer leadership to TS 01a01fb4bc644585aeeaa5322526f876
I20260608 09:47:31.668175 25101 auto_leader_rebalancer.cc:388] table: test-workload, leader rebalance finish, leader transfer count: 1
I20260608 09:47:31.668708 25101 auto_leader_rebalancer.cc:451] All tables' leader rebalancing finished this round
I20260608 09:47:31.841300 25493 raft_consensus.cc:993] T 6f46601138c24b24af2edc8dea30b276 P d0eadc67c1204be58dcdf16fb1381885: : Instructing follower 01a01fb4bc644585aeeaa5322526f876 to start an election
I20260608 09:47:31.841846 25350 raft_consensus.cc:1081] T 6f46601138c24b24af2edc8dea30b276 P d0eadc67c1204be58dcdf16fb1381885 [term 1 LEADER]: Signalling peer 01a01fb4bc644585aeeaa5322526f876 to start an election
I20260608 09:47:31.843585 25297 tablet_service.cc:2044] Received Run Leader Election RPC: tablet_id: "6f46601138c24b24af2edc8dea30b276"
dest_uuid: "01a01fb4bc644585aeeaa5322526f876"
 from {username='slave'} at 127.0.0.1:52782
I20260608 09:47:31.844101 25297 raft_consensus.cc:493] T 6f46601138c24b24af2edc8dea30b276 P 01a01fb4bc644585aeeaa5322526f876 [term 1 FOLLOWER]: Starting forced leader election (received explicit request)
I20260608 09:47:31.844421 25297 raft_consensus.cc:3060] T 6f46601138c24b24af2edc8dea30b276 P 01a01fb4bc644585aeeaa5322526f876 [term 1 FOLLOWER]: Advancing to term 2
