I20260608 09:48:47.310678 27822 consensus_queue.cc:260] T 5dc564f221ce4d3fa6f421cd1ce66188 P 66e6ee9d1bd644ab944325055a537849 [NON_LEADER]: Queue going to NON_LEADER mode. State: All replicated index: 0, Majority replicated index: 0, Committed index: 0, Last appended: 0.0, Last appended by leader: 0, Current term: 0, Majority size: -1, State: 0, Mode: NON_LEADER, active raft config: opid_index: -1 OBSOLETE_local: false peers { permanent_uuid: "66e6ee9d1bd644ab944325055a537849" member_type: VOTER last_known_addr { host: "127.23.231.131" port: 37883 } } peers { permanent_uuid: "78dbfda88c6c4c939f06ab11aa68db41" member_type: VOTER last_known_addr { host: "127.23.231.130" port: 43157 } } peers { permanent_uuid: "09d3c21837474cc59d3d191d9ec4aa36" member_type: VOTER last_known_addr { host: "127.23.231.132" port: 34927 } }
I20260608 09:48:47.311832 27627 raft_consensus.cc:3060] T 5dc564f221ce4d3fa6f421cd1ce66188 P 66e6ee9d1bd644ab944325055a537849 [term 0 FOLLOWER]: Advancing to term 1
I20260608 09:48:47.320086 27627 raft_consensus.cc:2468] T 5dc564f221ce4d3fa6f421cd1ce66188 P 66e6ee9d1bd644ab944325055a537849 [term 1 FOLLOWER]: Leader election vote request: Granting yes vote for candidate 09d3c21837474cc59d3d191d9ec4aa36 in term 1.
I20260608 09:48:47.323480 27754 leader_election.cc:304] T 5dc564f221ce4d3fa6f421cd1ce66188 P 09d3c21837474cc59d3d191d9ec4aa36 [CANDIDATE]: Term 1 election: Election decided. Result: candidate won. Election summary: received 2 responses out of 3 voters: 2 yes votes; 0 no votes. yes voters: 09d3c21837474cc59d3d191d9ec4aa36, 66e6ee9d1bd644ab944325055a537849; no voters: 
I20260608 09:48:47.324498 27832 raft_consensus.cc:2804] T 5dc564f221ce4d3fa6f421cd1ce66188 P 09d3c21837474cc59d3d191d9ec4aa36 [term 1 FOLLOWER]: Leader election won for term 1
I20260608 09:48:47.326411 27822 ts_tablet_manager.cc:1434] T 5dc564f221ce4d3fa6f421cd1ce66188 P 66e6ee9d1bd644ab944325055a537849: Time spent starting tablet: real 0.142s	user 0.016s	sys 0.005s
I20260608 09:48:47.338872 27373 catalog_manager.cc:5696] T 71d8385a1d44414bb5ff734447ad5439 P ea4e86bdf96f4b29980d62f3102ac7ae reported cstate change: term changed from 0 to 1, leader changed from <none> to ea4e86bdf96f4b29980d62f3102ac7ae (127.23.231.129). New cstate: current_term: 1 leader_uuid: "ea4e86bdf96f4b29980d62f3102ac7ae" committed_config { opid_index: -1 OBSOLETE_local: false peers { permanent_uuid: "ea4e86bdf96f4b29980d62f3102ac7ae" member_type: VOTER last_known_addr { host: "127.23.231.129" port: 38461 } health_report { overall_health: HEALTHY } } peers { permanent_uuid: "09d3c21837474cc59d3d191d9ec4aa36" member_type: VOTER last_known_addr { host: "127.23.231.132" port: 34927 } health_report { overall_health: UNKNOWN } } peers { permanent_uuid: "66e6ee9d1bd644ab944325055a537849" member_type: VOTER last_known_addr { host: "127.23.231.131" port: 37883 } health_report { overall_health: UNKNOWN } } }
I20260608 09:48:47.341921 27832 raft_consensus.cc:697] T 5dc564f221ce4d3fa6f421cd1ce66188 P 09d3c21837474cc59d3d191d9ec4aa36 [term 1 LEADER]: Becoming Leader. State: Replica: 09d3c21837474cc59d3d191d9ec4aa36, State: Running, Role: LEADER
I20260608 09:48:47.343021 27832 consensus_queue.cc:237] T 5dc564f221ce4d3fa6f421cd1ce66188 P 09d3c21837474cc59d3d191d9ec4aa36 [LEADER]: Queue going to LEADER mode. State: All replicated index: 0, Majority replicated index: 0, Committed index: 0, Last appended: 0.0, Last appended by leader: 0, Current term: 1, Majority size: 2, State: 0, Mode: LEADER, active raft config: opid_index: -1 OBSOLETE_local: false peers { permanent_uuid: "66e6ee9d1bd644ab944325055a537849" member_type: VOTER last_known_addr { host: "127.23.231.131" port: 37883 } } peers { permanent_uuid: "78dbfda88c6c4c939f06ab11aa68db41" member_type: VOTER last_known_addr { host: "127.23.231.130" port: 43157 } } peers { permanent_uuid: "09d3c21837474cc59d3d191d9ec4aa36" member_type: VOTER last_known_addr { host: "127.23.231.132" port: 34927 } }
I20260608 09:48:47.354766 27374 catalog_manager.cc:5696] T 5dc564f221ce4d3fa6f421cd1ce66188 P 09d3c21837474cc59d3d191d9ec4aa36 reported cstate change: term changed from 0 to 1, leader changed from <none> to 09d3c21837474cc59d3d191d9ec4aa36 (127.23.231.132). New cstate: current_term: 1 leader_uuid: "09d3c21837474cc59d3d191d9ec4aa36" committed_config { opid_index: -1 OBSOLETE_local: false peers { permanent_uuid: "66e6ee9d1bd644ab944325055a537849" member_type: VOTER last_known_addr { host: "127.23.231.131" port: 37883 } health_report { overall_health: UNKNOWN } } peers { permanent_uuid: "78dbfda88c6c4c939f06ab11aa68db41" member_type: VOTER last_known_addr { host: "127.23.231.130" port: 43157 } health_report { overall_health: UNKNOWN } } peers { permanent_uuid: "09d3c21837474cc59d3d191d9ec4aa36" member_type: VOTER last_known_addr { host: "127.23.231.132" port: 34927 } health_report { overall_health: HEALTHY } } }
I20260608 09:48:47.336146 27375 catalog_manager.cc:5696] T 01afd75bf0d64920abc05cbd08951ed6 P 78dbfda88c6c4c939f06ab11aa68db41 reported cstate change: term changed from 0 to 1, leader changed from <none> to 78dbfda88c6c4c939f06ab11aa68db41 (127.23.231.130). New cstate: current_term: 1 leader_uuid: "78dbfda88c6c4c939f06ab11aa68db41" committed_config { opid_index: -1 OBSOLETE_local: false peers { permanent_uuid: "09d3c21837474cc59d3d191d9ec4aa36" member_type: VOTER last_known_addr { host: "127.23.231.132" port: 34927 } health_report { overall_health: UNKNOWN } } peers { permanent_uuid: "ea4e86bdf96f4b29980d62f3102ac7ae" member_type: VOTER last_known_addr { host: "127.23.231.129" port: 38461 } health_report { overall_health: UNKNOWN } } peers { permanent_uuid: "78dbfda88c6c4c939f06ab11aa68db41" member_type: VOTER last_known_addr { host: "127.23.231.130" port: 43157 } health_report { overall_health: HEALTHY } } }
I20260608 09:48:47.365351 27823 tablet_bootstrap.cc:492] T 83c27550f45d429ebbbe84d1f25d17b5 P 09d3c21837474cc59d3d191d9ec4aa36: No bootstrap required, opened a new log
I20260608 09:48:47.365938 27823 ts_tablet_manager.cc:1403] T 83c27550f45d429ebbbe84d1f25d17b5 P 09d3c21837474cc59d3d191d9ec4aa36: Time spent bootstrapping tablet: real 0.274s	user 0.030s	sys 0.032s
I20260608 09:48:47.369305 27823 raft_consensus.cc:359] T 83c27550f45d429ebbbe84d1f25d17b5 P 09d3c21837474cc59d3d191d9ec4aa36 [term 0 FOLLOWER]: Replica starting. Triggering 0 pending ops. Active config: opid_index: -1 OBSOLETE_local: false peers { permanent_uuid: "78dbfda88c6c4c939f06ab11aa68db41" member_type: VOTER last_known_addr { host: "127.23.231.130" port: 43157 } } peers { permanent_uuid: "09d3c21837474cc59d3d191d9ec4aa36" member_type: VOTER last_known_addr { host: "127.23.231.132" port: 34927 } } peers { permanent_uuid: "66e6ee9d1bd644ab944325055a537849" member_type: VOTER last_known_addr { host: "127.23.231.131" port: 37883 } }
I20260608 09:48:47.373288 27823 raft_consensus.cc:385] T 83c27550f45d429ebbbe84d1f25d17b5 P 09d3c21837474cc59d3d191d9ec4aa36 [term 0 FOLLOWER]: Consensus starting up: Expiring failure detector timer to make a prompt election more likely
I20260608 09:48:47.373704 27823 raft_consensus.cc:740] T 83c27550f45d429ebbbe84d1f25d17b5 P 09d3c21837474cc59d3d191d9ec4aa36 [term 0 FOLLOWER]: Becoming Follower/Learner. State: Replica: 09d3c21837474cc59d3d191d9ec4aa36, State: Initialized, Role: FOLLOWER
I20260608 09:48:47.374712 27823 consensus_queue.cc:260] T 83c27550f45d429ebbbe84d1f25d17b5 P 09d3c21837474cc59d3d191d9ec4aa36 [NON_LEADER]: Queue going to NON_LEADER mode. State: All replicated index: 0, Majority replicated index: 0, Committed index: 0, Last appended: 0.0, Last appended by leader: 0, Current term: 0, Majority size: -1, State: 0, Mode: NON_LEADER, active raft config: opid_index: -1 OBSOLETE_local: false peers { permanent_uuid: "78dbfda88c6c4c939f06ab11aa68db41" member_type: VOTER last_known_addr { host: "127.23.231.130" port: 43157 } } peers { permanent_uuid: "09d3c21837474cc59d3d191d9ec4aa36" member_type: VOTER last_known_addr { host: "127.23.231.132" port: 34927 } } peers { permanent_uuid: "66e6ee9d1bd644ab944325055a537849" member_type: VOTER last_known_addr { host: "127.23.231.131" port: 37883 } }
I20260608 09:48:47.379153 27823 ts_tablet_manager.cc:1434] T 83c27550f45d429ebbbe84d1f25d17b5 P 09d3c21837474cc59d3d191d9ec4aa36: Time spent starting tablet: real 0.013s	user 0.006s	sys 0.001s
I20260608 09:48:47.380261 27823 tablet_bootstrap.cc:492] T b9ba4f5704b54c9fba3ab164a0aa6b57 P 09d3c21837474cc59d3d191d9ec4aa36: Bootstrap starting.
I20260608 09:48:47.380385 27682 consensus_queue.cc:1048] T 4838ab031b684953b6b6385db00604b5 P 66e6ee9d1bd644ab944325055a537849 [LEADER]: Connected to new peer: Peer: permanent_uuid: "ea4e86bdf96f4b29980d62f3102ac7ae" member_type: VOTER last_known_addr { host: "127.23.231.129" port: 38461 }, Status: LMP_MISMATCH, Last received: 0.0, Next index: 1, Last known committed idx: 0, Time since last communication: 0.000s
I20260608 09:48:47.390142 27682 consensus_queue.cc:1048] T 4838ab031b684953b6b6385db00604b5 P 66e6ee9d1bd644ab944325055a537849 [LEADER]: Connected to new peer: Peer: permanent_uuid: "09d3c21837474cc59d3d191d9ec4aa36" member_type: VOTER last_known_addr { host: "127.23.231.132" port: 34927 }, Status: LMP_MISMATCH, Last received: 0.0, Next index: 1, Last known committed idx: 0, Time since last communication: 0.000s
I20260608 09:48:47.394164 27823 tablet_bootstrap.cc:654] T b9ba4f5704b54c9fba3ab164a0aa6b57 P 09d3c21837474cc59d3d191d9ec4aa36: Neither blocks nor log segments found. Creating new log.
I20260608 09:48:47.427579 27823 tablet_bootstrap.cc:492] T b9ba4f5704b54c9fba3ab164a0aa6b57 P 09d3c21837474cc59d3d191d9ec4aa36: No bootstrap required, opened a new log
I20260608 09:48:47.428416 27823 ts_tablet_manager.cc:1403] T b9ba4f5704b54c9fba3ab164a0aa6b57 P 09d3c21837474cc59d3d191d9ec4aa36: Time spent bootstrapping tablet: real 0.048s	user 0.011s	sys 0.018s
I20260608 09:48:47.431556 27823 raft_consensus.cc:359] T b9ba4f5704b54c9fba3ab164a0aa6b57 P 09d3c21837474cc59d3d191d9ec4aa36 [term 0 FOLLOWER]: Replica starting. Triggering 0 pending ops. Active config: opid_index: -1 OBSOLETE_local: false peers { permanent_uuid: "09d3c21837474cc59d3d191d9ec4aa36" member_type: VOTER last_known_addr { host: "127.23.231.132" port: 34927 } } peers { permanent_uuid: "ea4e86bdf96f4b29980d62f3102ac7ae" member_type: VOTER last_known_addr { host: "127.23.231.129" port: 38461 } } peers { permanent_uuid: "78dbfda88c6c4c939f06ab11aa68db41" member_type: VOTER last_known_addr { host: "127.23.231.130" port: 43157 } }
I20260608 09:48:47.432389 27823 raft_consensus.cc:385] T b9ba4f5704b54c9fba3ab164a0aa6b57 P 09d3c21837474cc59d3d191d9ec4aa36 [term 0 FOLLOWER]: Consensus starting up: Expiring failure detector timer to make a prompt election more likely
I20260608 09:48:47.432608 27823 raft_consensus.cc:740] T b9ba4f5704b54c9fba3ab164a0aa6b57 P 09d3c21837474cc59d3d191d9ec4aa36 [term 0 FOLLOWER]: Becoming Follower/Learner. State: Replica: 09d3c21837474cc59d3d191d9ec4aa36, State: Initialized, Role: FOLLOWER
I20260608 09:48:47.433236 27823 consensus_queue.cc:260] T b9ba4f5704b54c9fba3ab164a0aa6b57 P 09d3c21837474cc59d3d191d9ec4aa36 [NON_LEADER]: Queue going to NON_LEADER mode. State: All replicated index: 0, Majority replicated index: 0, Committed index: 0, Last appended: 0.0, Last appended by leader: 0, Current term: 0, Majority size: -1, State: 0, Mode: NON_LEADER, active raft config: opid_index: -1 OBSOLETE_local: false peers { permanent_uuid: "09d3c21837474cc59d3d191d9ec4aa36" member_type: VOTER last_known_addr { host: "127.23.231.132" port: 34927 } } peers { permanent_uuid: "ea4e86bdf96f4b29980d62f3102ac7ae" member_type: VOTER last_known_addr { host: "127.23.231.129" port: 38461 } } peers { permanent_uuid: "78dbfda88c6c4c939f06ab11aa68db41" member_type: VOTER last_known_addr { host: "127.23.231.130" port: 43157 } }
I20260608 09:48:47.435061 27823 ts_tablet_manager.cc:1434] T b9ba4f5704b54c9fba3ab164a0aa6b57 P 09d3c21837474cc59d3d191d9ec4aa36: Time spent starting tablet: real 0.006s	user 0.002s	sys 0.002s
I20260608 09:48:47.435889 27823 tablet_bootstrap.cc:492] T ce8c2664228d4d46a68fb5ade1b97087 P 09d3c21837474cc59d3d191d9ec4aa36: Bootstrap starting.
I20260608 09:48:47.442610 27823 tablet_bootstrap.cc:654] T ce8c2664228d4d46a68fb5ade1b97087 P 09d3c21837474cc59d3d191d9ec4aa36: Neither blocks nor log segments found. Creating new log.
I20260608 09:48:47.446815 27823 tablet_bootstrap.cc:492] T ce8c2664228d4d46a68fb5ade1b97087 P 09d3c21837474cc59d3d191d9ec4aa36: No bootstrap required, opened a new log
I20260608 09:48:47.447218 27823 ts_tablet_manager.cc:1403] T ce8c2664228d4d46a68fb5ade1b97087 P 09d3c21837474cc59d3d191d9ec4aa36: Time spent bootstrapping tablet: real 0.011s	user 0.004s	sys 0.004s
I20260608 09:48:47.449968 27823 raft_consensus.cc:359] T ce8c2664228d4d46a68fb5ade1b97087 P 09d3c21837474cc59d3d191d9ec4aa36 [term 0 FOLLOWER]: Replica starting. Triggering 0 pending ops. Active config: opid_index: -1 OBSOLETE_local: false peers { permanent_uuid: "09d3c21837474cc59d3d191d9ec4aa36" member_type: VOTER last_known_addr { host: "127.23.231.132" port: 34927 } } peers { permanent_uuid: "66e6ee9d1bd644ab944325055a537849" member_type: VOTER last_known_addr { host: "127.23.231.131" port: 37883 } } peers { permanent_uuid: "ea4e86bdf96f4b29980d62f3102ac7ae" member_type: VOTER last_known_addr { host: "127.23.231.129" port: 38461 } }
I20260608 09:48:47.450486 27823 raft_consensus.cc:385] T ce8c2664228d4d46a68fb5ade1b97087 P 09d3c21837474cc59d3d191d9ec4aa36 [term 0 FOLLOWER]: Consensus starting up: Expiring failure detector timer to make a prompt election more likely
I20260608 09:48:47.450682 27823 raft_consensus.cc:740] T ce8c2664228d4d46a68fb5ade1b97087 P 09d3c21837474cc59d3d191d9ec4aa36 [term 0 FOLLOWER]: Becoming Follower/Learner. State: Replica: 09d3c21837474cc59d3d191d9ec4aa36, State: Initialized, Role: FOLLOWER
I20260608 09:48:47.451256 27823 consensus_queue.cc:260] T ce8c2664228d4d46a68fb5ade1b97087 P 09d3c21837474cc59d3d191d9ec4aa36 [NON_LEADER]: Queue going to NON_LEADER mode. State: All replicated index: 0, Majority replicated index: 0, Committed index: 0, Last appended: 0.0, Last appended by leader: 0, Current term: 0, Majority size: -1, State: 0, Mode: NON_LEADER, active raft config: opid_index: -1 OBSOLETE_local: false peers { permanent_uuid: "09d3c21837474cc59d3d191d9ec4aa36" member_type: VOTER last_known_addr { host: "127.23.231.132" port: 34927 } } peers { permanent_uuid: "66e6ee9d1bd644ab944325055a537849" member_type: VOTER last_known_addr { host: "127.23.231.131" port: 37883 } } peers { permanent_uuid: "ea4e86bdf96f4b29980d62f3102ac7ae" member_type: VOTER last_known_addr { host: "127.23.231.129" port: 38461 } }
I20260608 09:48:47.453660 27823 ts_tablet_manager.cc:1434] T ce8c2664228d4d46a68fb5ade1b97087 P 09d3c21837474cc59d3d191d9ec4aa36: Time spent starting tablet: real 0.006s	user 0.006s	sys 0.001s
I20260608 09:48:47.462693 27832 raft_consensus.cc:493] T b9ba4f5704b54c9fba3ab164a0aa6b57 P 09d3c21837474cc59d3d191d9ec4aa36 [term 0 FOLLOWER]: Starting pre-election (no leader contacted us within the election timeout)
I20260608 09:48:47.463281 27832 raft_consensus.cc:515] T b9ba4f5704b54c9fba3ab164a0aa6b57 P 09d3c21837474cc59d3d191d9ec4aa36 [term 0 FOLLOWER]: Starting pre-election with config: opid_index: -1 OBSOLETE_local: false peers { permanent_uuid: "09d3c21837474cc59d3d191d9ec4aa36" member_type: VOTER last_known_addr { host: "127.23.231.132" port: 34927 } } peers { permanent_uuid: "ea4e86bdf96f4b29980d62f3102ac7ae" member_type: VOTER last_known_addr { host: "127.23.231.129" port: 38461 } } peers { permanent_uuid: "78dbfda88c6c4c939f06ab11aa68db41" member_type: VOTER last_known_addr { host: "127.23.231.130" port: 43157 } }
I20260608 09:48:47.465214 27832 leader_election.cc:290] T b9ba4f5704b54c9fba3ab164a0aa6b57 P 09d3c21837474cc59d3d191d9ec4aa36 [CANDIDATE]: Term 1 pre-election: Requested pre-vote from peers ea4e86bdf96f4b29980d62f3102ac7ae (127.23.231.129:38461), 78dbfda88c6c4c939f06ab11aa68db41 (127.23.231.130:43157)
I20260608 09:48:47.467522 27552 tablet_service.cc:1917] Received RequestConsensusVote() RPC: tablet_id: "b9ba4f5704b54c9fba3ab164a0aa6b57" candidate_uuid: "09d3c21837474cc59d3d191d9ec4aa36" candidate_term: 1 candidate_status { last_received { term: 0 index: 0 } } ignore_live_leader: false dest_uuid: "78dbfda88c6c4c939f06ab11aa68db41" is_pre_election: true
I20260608 09:48:47.468499 27552 raft_consensus.cc:2393] T b9ba4f5704b54c9fba3ab164a0aa6b57 P 78dbfda88c6c4c939f06ab11aa68db41 [term 1 FOLLOWER]: Leader pre-election vote request: Denying vote to candidate 09d3c21837474cc59d3d191d9ec4aa36 in current term 1: Already voted for candidate ea4e86bdf96f4b29980d62f3102ac7ae in this term.
I20260608 09:48:47.475200 27477 tablet_service.cc:1917] Received RequestConsensusVote() RPC: tablet_id: "b9ba4f5704b54c9fba3ab164a0aa6b57" candidate_uuid: "09d3c21837474cc59d3d191d9ec4aa36" candidate_term: 1 candidate_status { last_received { term: 0 index: 0 } } ignore_live_leader: false dest_uuid: "ea4e86bdf96f4b29980d62f3102ac7ae" is_pre_election: true
I20260608 09:48:47.476698 27754 leader_election.cc:304] T b9ba4f5704b54c9fba3ab164a0aa6b57 P 09d3c21837474cc59d3d191d9ec4aa36 [CANDIDATE]: Term 1 pre-election: Election decided. Result: candidate lost. Election summary: received 3 responses out of 3 voters: 1 yes votes; 2 no votes. yes voters: 09d3c21837474cc59d3d191d9ec4aa36; no voters: 78dbfda88c6c4c939f06ab11aa68db41, ea4e86bdf96f4b29980d62f3102ac7ae
I20260608 09:48:47.477514 27832 raft_consensus.cc:3060] T b9ba4f5704b54c9fba3ab164a0aa6b57 P 09d3c21837474cc59d3d191d9ec4aa36 [term 0 FOLLOWER]: Advancing to term 1
I20260608 09:48:47.481511 27702 raft_consensus.cc:493] T ce8c2664228d4d46a68fb5ade1b97087 P ea4e86bdf96f4b29980d62f3102ac7ae [term 0 FOLLOWER]: Starting pre-election (no leader contacted us within the election timeout)
I20260608 09:48:47.482038 27702 raft_consensus.cc:515] T ce8c2664228d4d46a68fb5ade1b97087 P ea4e86bdf96f4b29980d62f3102ac7ae [term 0 FOLLOWER]: Starting pre-election with config: opid_index: -1 OBSOLETE_local: false peers { permanent_uuid: "09d3c21837474cc59d3d191d9ec4aa36" member_type: VOTER last_known_addr { host: "127.23.231.132" port: 34927 } } peers { permanent_uuid: "66e6ee9d1bd644ab944325055a537849" member_type: VOTER last_known_addr { host: "127.23.231.131" port: 37883 } } peers { permanent_uuid: "ea4e86bdf96f4b29980d62f3102ac7ae" member_type: VOTER last_known_addr { host: "127.23.231.129" port: 38461 } }
I20260608 09:48:47.483368 27832 raft_consensus.cc:2749] T b9ba4f5704b54c9fba3ab164a0aa6b57 P 09d3c21837474cc59d3d191d9ec4aa36 [term 1 FOLLOWER]: Leader pre-election lost for term 1. Reason: could not achieve majority
I20260608 09:48:47.483873 27702 leader_election.cc:290] T ce8c2664228d4d46a68fb5ade1b97087 P ea4e86bdf96f4b29980d62f3102ac7ae [CANDIDATE]: Term 1 pre-election: Requested pre-vote from peers 09d3c21837474cc59d3d191d9ec4aa36 (127.23.231.132:34927), 66e6ee9d1bd644ab944325055a537849 (127.23.231.131:37883)
I20260608 09:48:47.485216 27627 tablet_service.cc:1917] Received RequestConsensusVote() RPC: tablet_id: "ce8c2664228d4d46a68fb5ade1b97087" candidate_uuid: "ea4e86bdf96f4b29980d62f3102ac7ae" candidate_term: 1 candidate_status { last_received { term: 0 index: 0 } } ignore_live_leader: false dest_uuid: "66e6ee9d1bd644ab944325055a537849" is_pre_election: true
I20260608 09:48:47.485200 27786 tablet_service.cc:1917] Received RequestConsensusVote() RPC: tablet_id: "ce8c2664228d4d46a68fb5ade1b97087" candidate_uuid: "ea4e86bdf96f4b29980d62f3102ac7ae" candidate_term: 1 candidate_status { last_received { term: 0 index: 0 } } ignore_live_leader: false dest_uuid: "09d3c21837474cc59d3d191d9ec4aa36" is_pre_election: true
I20260608 09:48:47.486074 27627 raft_consensus.cc:2468] T ce8c2664228d4d46a68fb5ade1b97087 P 66e6ee9d1bd644ab944325055a537849 [term 0 FOLLOWER]: Leader pre-election vote request: Granting yes vote for candidate ea4e86bdf96f4b29980d62f3102ac7ae in term 0.
I20260608 09:48:47.486150 27786 raft_consensus.cc:2468] T ce8c2664228d4d46a68fb5ade1b97087 P 09d3c21837474cc59d3d191d9ec4aa36 [term 0 FOLLOWER]: Leader pre-election vote request: Granting yes vote for candidate ea4e86bdf96f4b29980d62f3102ac7ae in term 0.
I20260608 09:48:47.487254 27443 leader_election.cc:304] T ce8c2664228d4d46a68fb5ade1b97087 P ea4e86bdf96f4b29980d62f3102ac7ae [CANDIDATE]: Term 1 pre-election: Election decided. Result: candidate won. Election summary: received 2 responses out of 3 voters: 2 yes votes; 0 no votes. yes voters: 66e6ee9d1bd644ab944325055a537849, ea4e86bdf96f4b29980d62f3102ac7ae; no voters: 
I20260608 09:48:47.487963 27702 raft_consensus.cc:2804] T ce8c2664228d4d46a68fb5ade1b97087 P ea4e86bdf96f4b29980d62f3102ac7ae [term 0 FOLLOWER]: Leader pre-election won for term 1
I20260608 09:48:47.488276 27702 raft_consensus.cc:493] T ce8c2664228d4d46a68fb5ade1b97087 P ea4e86bdf96f4b29980d62f3102ac7ae [term 0 FOLLOWER]: Starting leader election (no leader contacted us within the election timeout)
I20260608 09:48:47.488545 27702 raft_consensus.cc:3060] T ce8c2664228d4d46a68fb5ade1b97087 P ea4e86bdf96f4b29980d62f3102ac7ae [term 0 FOLLOWER]: Advancing to term 1
I20260608 09:48:47.493602 27702 raft_consensus.cc:515] T ce8c2664228d4d46a68fb5ade1b97087 P ea4e86bdf96f4b29980d62f3102ac7ae [term 1 FOLLOWER]: Starting leader election with config: opid_index: -1 OBSOLETE_local: false peers { permanent_uuid: "09d3c21837474cc59d3d191d9ec4aa36" member_type: VOTER last_known_addr { host: "127.23.231.132" port: 34927 } } peers { permanent_uuid: "66e6ee9d1bd644ab944325055a537849" member_type: VOTER last_known_addr { host: "127.23.231.131" port: 37883 } } peers { permanent_uuid: "ea4e86bdf96f4b29980d62f3102ac7ae" member_type: VOTER last_known_addr { host: "127.23.231.129" port: 38461 } }
I20260608 09:48:47.495337 27702 leader_election.cc:290] T ce8c2664228d4d46a68fb5ade1b97087 P ea4e86bdf96f4b29980d62f3102ac7ae [CANDIDATE]: Term 1 election: Requested vote from peers 09d3c21837474cc59d3d191d9ec4aa36 (127.23.231.132:34927), 66e6ee9d1bd644ab944325055a537849 (127.23.231.131:37883)
I20260608 09:48:47.496258 27786 tablet_service.cc:1917] Received RequestConsensusVote() RPC: tablet_id: "ce8c2664228d4d46a68fb5ade1b97087" candidate_uuid: "ea4e86bdf96f4b29980d62f3102ac7ae" candidate_term: 1 candidate_status { last_received { term: 0 index: 0 } } ignore_live_leader: false dest_uuid: "09d3c21837474cc59d3d191d9ec4aa36"
I20260608 09:48:47.496383 27627 tablet_service.cc:1917] Received RequestConsensusVote() RPC: tablet_id: "ce8c2664228d4d46a68fb5ade1b97087" candidate_uuid: "ea4e86bdf96f4b29980d62f3102ac7ae" candidate_term: 1 candidate_status { last_received { term: 0 index: 0 } } ignore_live_leader: false dest_uuid: "66e6ee9d1bd644ab944325055a537849"
I20260608 09:48:47.496764 27786 raft_consensus.cc:3060] T ce8c2664228d4d46a68fb5ade1b97087 P 09d3c21837474cc59d3d191d9ec4aa36 [term 0 FOLLOWER]: Advancing to term 1
I20260608 09:48:47.496925 27627 raft_consensus.cc:3060] T ce8c2664228d4d46a68fb5ade1b97087 P 66e6ee9d1bd644ab944325055a537849 [term 0 FOLLOWER]: Advancing to term 1
I20260608 09:48:47.501472 27786 raft_consensus.cc:2468] T ce8c2664228d4d46a68fb5ade1b97087 P 09d3c21837474cc59d3d191d9ec4aa36 [term 1 FOLLOWER]: Leader election vote request: Granting yes vote for candidate ea4e86bdf96f4b29980d62f3102ac7ae in term 1.
I20260608 09:48:47.501945 27627 raft_consensus.cc:2468] T ce8c2664228d4d46a68fb5ade1b97087 P 66e6ee9d1bd644ab944325055a537849 [term 1 FOLLOWER]: Leader election vote request: Granting yes vote for candidate ea4e86bdf96f4b29980d62f3102ac7ae in term 1.
I20260608 09:48:47.502676 27441 leader_election.cc:304] T ce8c2664228d4d46a68fb5ade1b97087 P ea4e86bdf96f4b29980d62f3102ac7ae [CANDIDATE]: Term 1 election: Election decided. Result: candidate won. Election summary: received 2 responses out of 3 voters: 2 yes votes; 0 no votes. yes voters: 09d3c21837474cc59d3d191d9ec4aa36, ea4e86bdf96f4b29980d62f3102ac7ae; no voters: 
I20260608 09:48:47.503533 27702 raft_consensus.cc:2804] T ce8c2664228d4d46a68fb5ade1b97087 P ea4e86bdf96f4b29980d62f3102ac7ae [term 1 FOLLOWER]: Leader election won for term 1
I20260608 09:48:47.503955 27702 raft_consensus.cc:697] T ce8c2664228d4d46a68fb5ade1b97087 P ea4e86bdf96f4b29980d62f3102ac7ae [term 1 LEADER]: Becoming Leader. State: Replica: ea4e86bdf96f4b29980d62f3102ac7ae, State: Running, Role: LEADER
I20260608 09:48:47.504652 27702 consensus_queue.cc:237] T ce8c2664228d4d46a68fb5ade1b97087 P ea4e86bdf96f4b29980d62f3102ac7ae [LEADER]: Queue going to LEADER mode. State: All replicated index: 0, Majority replicated index: 0, Committed index: 0, Last appended: 0.0, Last appended by leader: 0, Current term: 1, Majority size: 2, State: 0, Mode: LEADER, active raft config: opid_index: -1 OBSOLETE_local: false peers { permanent_uuid: "09d3c21837474cc59d3d191d9ec4aa36" member_type: VOTER last_known_addr { host: "127.23.231.132" port: 34927 } } peers { permanent_uuid: "66e6ee9d1bd644ab944325055a537849" member_type: VOTER last_known_addr { host: "127.23.231.131" port: 37883 } } peers { permanent_uuid: "ea4e86bdf96f4b29980d62f3102ac7ae" member_type: VOTER last_known_addr { host: "127.23.231.129" port: 38461 } }
I20260608 09:48:47.512003 27832 raft_consensus.cc:493] T 83c27550f45d429ebbbe84d1f25d17b5 P 09d3c21837474cc59d3d191d9ec4aa36 [term 0 FOLLOWER]: Starting pre-election (no leader contacted us within the election timeout)
I20260608 09:48:47.512593 27832 raft_consensus.cc:515] T 83c27550f45d429ebbbe84d1f25d17b5 P 09d3c21837474cc59d3d191d9ec4aa36 [term 0 FOLLOWER]: Starting pre-election with config: opid_index: -1 OBSOLETE_local: false peers { permanent_uuid: "78dbfda88c6c4c939f06ab11aa68db41" member_type: VOTER last_known_addr { host: "127.23.231.130" port: 43157 } } peers { permanent_uuid: "09d3c21837474cc59d3d191d9ec4aa36" member_type: VOTER last_known_addr { host: "127.23.231.132" port: 34927 } } peers { permanent_uuid: "66e6ee9d1bd644ab944325055a537849" member_type: VOTER last_known_addr { host: "127.23.231.131" port: 37883 } }
I20260608 09:48:47.512941 27373 catalog_manager.cc:5696] T ce8c2664228d4d46a68fb5ade1b97087 P ea4e86bdf96f4b29980d62f3102ac7ae reported cstate change: term changed from 0 to 1, leader changed from <none> to ea4e86bdf96f4b29980d62f3102ac7ae (127.23.231.129). New cstate: current_term: 1 leader_uuid: "ea4e86bdf96f4b29980d62f3102ac7ae" committed_config { opid_index: -1 OBSOLETE_local: false peers { permanent_uuid: "09d3c21837474cc59d3d191d9ec4aa36" member_type: VOTER last_known_addr { host: "127.23.231.132" port: 34927 } health_report { overall_health: UNKNOWN } } peers { permanent_uuid: "66e6ee9d1bd644ab944325055a537849" member_type: VOTER last_known_addr { host: "127.23.231.131" port: 37883 } health_report { overall_health: UNKNOWN } } peers { permanent_uuid: "ea4e86bdf96f4b29980d62f3102ac7ae" member_type: VOTER last_known_addr { host: "127.23.231.129" port: 38461 } health_report { overall_health: HEALTHY } } }
I20260608 09:48:47.514981 27832 leader_election.cc:290] T 83c27550f45d429ebbbe84d1f25d17b5 P 09d3c21837474cc59d3d191d9ec4aa36 [CANDIDATE]: Term 1 pre-election: Requested pre-vote from peers 78dbfda88c6c4c939f06ab11aa68db41 (127.23.231.130:43157), 66e6ee9d1bd644ab944325055a537849 (127.23.231.131:37883)
I20260608 09:48:47.516147 27627 tablet_service.cc:1917] Received RequestConsensusVote() RPC: tablet_id: "83c27550f45d429ebbbe84d1f25d17b5" candidate_uuid: "09d3c21837474cc59d3d191d9ec4aa36" candidate_term: 1 candidate_status { last_received { term: 0 index: 0 } } ignore_live_leader: false dest_uuid: "66e6ee9d1bd644ab944325055a537849" is_pre_election: true
I20260608 09:48:47.516146 27552 tablet_service.cc:1917] Received RequestConsensusVote() RPC: tablet_id: "83c27550f45d429ebbbe84d1f25d17b5" candidate_uuid: "09d3c21837474cc59d3d191d9ec4aa36" candidate_term: 1 candidate_status { last_received { term: 0 index: 0 } } ignore_live_leader: false dest_uuid: "78dbfda88c6c4c939f06ab11aa68db41" is_pre_election: true
I20260608 09:48:47.517498 27552 raft_consensus.cc:2393] T 83c27550f45d429ebbbe84d1f25d17b5 P 78dbfda88c6c4c939f06ab11aa68db41 [term 1 FOLLOWER]: Leader pre-election vote request: Denying vote to candidate 09d3c21837474cc59d3d191d9ec4aa36 in current term 1: Already voted for candidate 66e6ee9d1bd644ab944325055a537849 in this term.
I20260608 09:48:47.518504 27754 leader_election.cc:304] T 83c27550f45d429ebbbe84d1f25d17b5 P 09d3c21837474cc59d3d191d9ec4aa36 [CANDIDATE]: Term 1 pre-election: Election decided. Result: candidate lost. Election summary: received 3 responses out of 3 voters: 1 yes votes; 2 no votes. yes voters: 09d3c21837474cc59d3d191d9ec4aa36; no voters: 66e6ee9d1bd644ab944325055a537849, 78dbfda88c6c4c939f06ab11aa68db41
I20260608 09:48:47.519232 27832 raft_consensus.cc:3060] T 83c27550f45d429ebbbe84d1f25d17b5 P 09d3c21837474cc59d3d191d9ec4aa36 [term 0 FOLLOWER]: Advancing to term 1
I20260608 09:48:47.525213 27832 raft_consensus.cc:2749] T 83c27550f45d429ebbbe84d1f25d17b5 P 09d3c21837474cc59d3d191d9ec4aa36 [term 1 FOLLOWER]: Leader pre-election lost for term 1. Reason: could not achieve majority
I20260608 09:48:47.545113 27702 consensus_queue.cc:1048] T b9ba4f5704b54c9fba3ab164a0aa6b57 P ea4e86bdf96f4b29980d62f3102ac7ae [LEADER]: Connected to new peer: Peer: permanent_uuid: "78dbfda88c6c4c939f06ab11aa68db41" member_type: VOTER last_known_addr { host: "127.23.231.130" port: 43157 }, Status: LMP_MISMATCH, Last received: 0.0, Next index: 1, Last known committed idx: 0, Time since last communication: 0.000s
I20260608 09:48:47.560951 27699 consensus_queue.cc:1048] T b9ba4f5704b54c9fba3ab164a0aa6b57 P ea4e86bdf96f4b29980d62f3102ac7ae [LEADER]: Connected to new peer: Peer: permanent_uuid: "09d3c21837474cc59d3d191d9ec4aa36" member_type: VOTER last_known_addr { host: "127.23.231.132" port: 34927 }, Status: LMP_MISMATCH, Last received: 0.0, Next index: 1, Last known committed idx: 0, Time since last communication: 0.000s
I20260608 09:48:47.563589 27742 consensus_queue.cc:1048] T 83c27550f45d429ebbbe84d1f25d17b5 P 66e6ee9d1bd644ab944325055a537849 [LEADER]: Connected to new peer: Peer: permanent_uuid: "09d3c21837474cc59d3d191d9ec4aa36" member_type: VOTER last_known_addr { host: "127.23.231.132" port: 34927 }, Status: LMP_MISMATCH, Last received: 0.0, Next index: 1, Last known committed idx: 0, Time since last communication: 0.001s
I20260608 09:48:47.588694 27700 consensus_queue.cc:1048] T 83c27550f45d429ebbbe84d1f25d17b5 P 66e6ee9d1bd644ab944325055a537849 [LEADER]: Connected to new peer: Peer: permanent_uuid: "78dbfda88c6c4c939f06ab11aa68db41" member_type: VOTER last_known_addr { host: "127.23.231.130" port: 43157 }, Status: LMP_MISMATCH, Last received: 0.0, Next index: 1, Last known committed idx: 0, Time since last communication: 0.000s
I20260608 09:48:47.648656 27429 auto_leader_rebalancer.cc:140] leader rebalance for table range_aware_rebalance_new_range
I20260608 09:48:47.672340 27552 tablet_service.cc:2072] Received LeaderStepDown RPC: tablet_id: "6692614ca7ba45edb1d35bee9db903a7"
dest_uuid: "78dbfda88c6c4c939f06ab11aa68db41"
mode: GRACEFUL
new_leader_uuid: "ea4e86bdf96f4b29980d62f3102ac7ae"
 from {username='slave'} at 127.0.0.1:58282
I20260608 09:48:47.672963 27552 raft_consensus.cc:606] T 6692614ca7ba45edb1d35bee9db903a7 P 78dbfda88c6c4c939f06ab11aa68db41 [term 1 LEADER]: Received request to transfer leadership to TS ea4e86bdf96f4b29980d62f3102ac7ae
I20260608 09:48:47.684433 27477 tablet_service.cc:2072] Received LeaderStepDown RPC: tablet_id: "71d8385a1d44414bb5ff734447ad5439"
dest_uuid: "ea4e86bdf96f4b29980d62f3102ac7ae"
mode: GRACEFUL
new_leader_uuid: "09d3c21837474cc59d3d191d9ec4aa36"
 from {username='slave'} at 127.0.0.1:57178
I20260608 09:48:47.685236 27477 raft_consensus.cc:606] T 71d8385a1d44414bb5ff734447ad5439 P ea4e86bdf96f4b29980d62f3102ac7ae [term 1 LEADER]: Received request to transfer leadership to TS 09d3c21837474cc59d3d191d9ec4aa36
I20260608 09:48:47.688561 27552 tablet_service.cc:2072] Received LeaderStepDown RPC: tablet_id: "89fbb904be2b407ea2e445314dc9f278"
dest_uuid: "78dbfda88c6c4c939f06ab11aa68db41"
mode: GRACEFUL
new_leader_uuid: "66e6ee9d1bd644ab944325055a537849"
 from {username='slave'} at 127.0.0.1:58282
I20260608 09:48:47.689214 27552 raft_consensus.cc:606] T 89fbb904be2b407ea2e445314dc9f278 P 78dbfda88c6c4c939f06ab11aa68db41 [term 1 LEADER]: Received request to transfer leadership to TS 66e6ee9d1bd644ab944325055a537849
I20260608 09:48:47.690702 27429 auto_leader_rebalancer.cc:388] table: range_aware_rebalance_new_range, leader rebalance finish, leader transfer count: 3
I20260608 09:48:47.691395 27429 auto_leader_rebalancer.cc:451] All tables' leader rebalancing finished this round
I20260608 09:48:47.709178 27627 consensus_queue.cc:237] T 343039478d134d04b4c44668824d3288 P 66e6ee9d1bd644ab944325055a537849 [LEADER]: Queue going to LEADER mode. State: All replicated index: 0, Majority replicated index: 1, Committed index: 1, Last appended: 1.1, Last appended by leader: 0, Current term: 1, Majority size: 2, State: 0, Mode: LEADER, active raft config: opid_index: 2 OBSOLETE_local: false peers { permanent_uuid: "ea4e86bdf96f4b29980d62f3102ac7ae" member_type: VOTER last_known_addr { host: "127.23.231.129" port: 38461 } attrs { replace: true } } peers { permanent_uuid: "78dbfda88c6c4c939f06ab11aa68db41" member_type: VOTER last_known_addr { host: "127.23.231.130" port: 43157 } } peers { permanent_uuid: "66e6ee9d1bd644ab944325055a537849" member_type: VOTER last_known_addr { host: "127.23.231.131" port: 37883 } } peers { permanent_uuid: "09d3c21837474cc59d3d191d9ec4aa36" member_type: NON_VOTER last_known_addr { host: "127.23.231.132" port: 34927 } attrs { promote: true } }
I20260608 09:48:47.715847 27552 raft_consensus.cc:1275] T 343039478d134d04b4c44668824d3288 P 78dbfda88c6c4c939f06ab11aa68db41 [term 1 FOLLOWER]: Refusing update from remote peer 66e6ee9d1bd644ab944325055a537849: Log matching property violated. Preceding OpId in replica: term: 1 index: 1. Preceding OpId from leader: term: 1 index: 2. (index mismatch)
I20260608 09:48:47.716161 27477 raft_consensus.cc:1275] T 343039478d134d04b4c44668824d3288 P ea4e86bdf96f4b29980d62f3102ac7ae [term 1 FOLLOWER]: Refusing update from remote peer 66e6ee9d1bd644ab944325055a537849: Log matching property violated. Preceding OpId in replica: term: 1 index: 1. Preceding OpId from leader: term: 1 index: 2. (index mismatch)
W20260608 09:48:47.716377 27590 consensus_peers.cc:597] T 343039478d134d04b4c44668824d3288 P 66e6ee9d1bd644ab944325055a537849 -> Peer 09d3c21837474cc59d3d191d9ec4aa36 (127.23.231.132:34927): Couldn't send request to peer 09d3c21837474cc59d3d191d9ec4aa36. Error code: TABLET_NOT_FOUND (6). Status: Not found: Tablet not found: 343039478d134d04b4c44668824d3288. This is attempt 1: this message will repeat every 5th retry.
I20260608 09:48:47.717355 27682 consensus_queue.cc:1048] T 343039478d134d04b4c44668824d3288 P 66e6ee9d1bd644ab944325055a537849 [LEADER]: Connected to new peer: Peer: permanent_uuid: "78dbfda88c6c4c939f06ab11aa68db41" member_type: VOTER last_known_addr { host: "127.23.231.130" port: 43157 }, Status: LMP_MISMATCH, Last received: 0.0, Next index: 2, Last known committed idx: 1, Time since last communication: 0.000s
I20260608 09:48:47.718263 27742 consensus_queue.cc:1048] T 343039478d134d04b4c44668824d3288 P 66e6ee9d1bd644ab944325055a537849 [LEADER]: Connected to new peer: Peer: permanent_uuid: "ea4e86bdf96f4b29980d62f3102ac7ae" member_type: VOTER last_known_addr { host: "127.23.231.129" port: 38461 } attrs { replace: true }, Status: LMP_MISMATCH, Last received: 0.0, Next index: 2, Last known committed idx: 1, Time since last communication: 0.000s
I20260608 09:48:47.726408 27700 raft_consensus.cc:2955] T 343039478d134d04b4c44668824d3288 P 66e6ee9d1bd644ab944325055a537849 [term 1 LEADER]: Committing config change with OpId 1.2: config changed from index -1 to 2, NON_VOTER 09d3c21837474cc59d3d191d9ec4aa36 (127.23.231.132) added. New config: { opid_index: 2 OBSOLETE_local: false peers { permanent_uuid: "ea4e86bdf96f4b29980d62f3102ac7ae" member_type: VOTER last_known_addr { host: "127.23.231.129" port: 38461 } attrs { replace: true } } peers { permanent_uuid: "78dbfda88c6c4c939f06ab11aa68db41" member_type: VOTER last_known_addr { host: "127.23.231.130" port: 43157 } } peers { permanent_uuid: "66e6ee9d1bd644ab944325055a537849" member_type: VOTER last_known_addr { host: "127.23.231.131" port: 37883 } } peers { permanent_uuid: "09d3c21837474cc59d3d191d9ec4aa36" member_type: NON_VOTER last_known_addr { host: "127.23.231.132" port: 34927 } attrs { promote: true } } }
I20260608 09:48:47.728794 27477 raft_consensus.cc:2955] T 343039478d134d04b4c44668824d3288 P ea4e86bdf96f4b29980d62f3102ac7ae [term 1 FOLLOWER]: Committing config change with OpId 1.2: config changed from index -1 to 2, NON_VOTER 09d3c21837474cc59d3d191d9ec4aa36 (127.23.231.132) added. New config: { opid_index: 2 OBSOLETE_local: false peers { permanent_uuid: "ea4e86bdf96f4b29980d62f3102ac7ae" member_type: VOTER last_known_addr { host: "127.23.231.129" port: 38461 } attrs { replace: true } } peers { permanent_uuid: "78dbfda88c6c4c939f06ab11aa68db41" member_type: VOTER last_known_addr { host: "127.23.231.130" port: 43157 } } peers { permanent_uuid: "66e6ee9d1bd644ab944325055a537849" member_type: VOTER last_known_addr { host: "127.23.231.131" port: 37883 } } peers { permanent_uuid: "09d3c21837474cc59d3d191d9ec4aa36" member_type: NON_VOTER last_known_addr { host: "127.23.231.132" port: 34927 } attrs { promote: true } } }
I20260608 09:48:47.728820 27552 raft_consensus.cc:2955] T 343039478d134d04b4c44668824d3288 P 78dbfda88c6c4c939f06ab11aa68db41 [term 1 FOLLOWER]: Committing config change with OpId 1.2: config changed from index -1 to 2, NON_VOTER 09d3c21837474cc59d3d191d9ec4aa36 (127.23.231.132) added. New config: { opid_index: 2 OBSOLETE_local: false peers { permanent_uuid: "ea4e86bdf96f4b29980d62f3102ac7ae" member_type: VOTER last_known_addr { host: "127.23.231.129" port: 38461 } attrs { replace: true } } peers { permanent_uuid: "78dbfda88c6c4c939f06ab11aa68db41" member_type: VOTER last_known_addr { host: "127.23.231.130" port: 43157 } } peers { permanent_uuid: "66e6ee9d1bd644ab944325055a537849" member_type: VOTER last_known_addr { host: "127.23.231.131" port: 37883 } } peers { permanent_uuid: "09d3c21837474cc59d3d191d9ec4aa36" member_type: NON_VOTER last_known_addr { host: "127.23.231.132" port: 34927 } attrs { promote: true } } }
I20260608 09:48:47.733778 27724 consensus_queue.cc:1048] T b2e9bf4c83e04cfbb57deba945dea54f P 78dbfda88c6c4c939f06ab11aa68db41 [LEADER]: Connected to new peer: Peer: permanent_uuid: "ea4e86bdf96f4b29980d62f3102ac7ae" member_type: VOTER last_known_addr { host: "127.23.231.129" port: 38461 }, Status: LMP_MISMATCH, Last received: 0.0, Next index: 1, Last known committed idx: 0, Time since last communication: 0.000s
I20260608 09:48:47.743391 27373 catalog_manager.cc:5696] T 343039478d134d04b4c44668824d3288 P 66e6ee9d1bd644ab944325055a537849 reported cstate change: config changed from index -1 to 2, NON_VOTER 09d3c21837474cc59d3d191d9ec4aa36 (127.23.231.132) added. New cstate: current_term: 1 leader_uuid: "66e6ee9d1bd644ab944325055a537849" committed_config { opid_index: 2 OBSOLETE_local: false peers { permanent_uuid: "ea4e86bdf96f4b29980d62f3102ac7ae" member_type: VOTER last_known_addr { host: "127.23.231.129" port: 38461 } attrs { replace: true } health_report { overall_health: HEALTHY } } peers { permanent_uuid: "78dbfda88c6c4c939f06ab11aa68db41" member_type: VOTER last_known_addr { host: "127.23.231.130" port: 43157 } health_report { overall_health: HEALTHY } } peers { permanent_uuid: "66e6ee9d1bd644ab944325055a537849" member_type: VOTER last_known_addr { host: "127.23.231.131" port: 37883 } health_report { overall_health: HEALTHY } } peers { permanent_uuid: "09d3c21837474cc59d3d191d9ec4aa36" member_type: NON_VOTER last_known_addr { host: "127.23.231.132" port: 34927 } attrs { promote: true } health_report { overall_health: UNKNOWN } } }
I20260608 09:48:47.748401 27724 consensus_queue.cc:1048] T b2e9bf4c83e04cfbb57deba945dea54f P 78dbfda88c6c4c939f06ab11aa68db41 [LEADER]: Connected to new peer: Peer: permanent_uuid: "09d3c21837474cc59d3d191d9ec4aa36" member_type: VOTER last_known_addr { host: "127.23.231.132" port: 34927 }, Status: LMP_MISMATCH, Last received: 0.0, Next index: 1, Last known committed idx: 0, Time since last communication: 0.000s
I20260608 09:48:47.751995 27724 raft_consensus.cc:993] T 89fbb904be2b407ea2e445314dc9f278 P 78dbfda88c6c4c939f06ab11aa68db41: : Instructing follower 66e6ee9d1bd644ab944325055a537849 to start an election
I20260608 09:48:47.752506 27724 raft_consensus.cc:1081] T 89fbb904be2b407ea2e445314dc9f278 P 78dbfda88c6c4c939f06ab11aa68db41 [term 1 LEADER]: Signalling peer 66e6ee9d1bd644ab944325055a537849 to start an election
I20260608 09:48:47.754535 27627 tablet_service.cc:2044] Received Run Leader Election RPC: tablet_id: "89fbb904be2b407ea2e445314dc9f278"
dest_uuid: "66e6ee9d1bd644ab944325055a537849"
 from {username='slave'} at 127.0.0.1:53228
I20260608 09:48:47.755203 27627 raft_consensus.cc:493] T 89fbb904be2b407ea2e445314dc9f278 P 66e6ee9d1bd644ab944325055a537849 [term 1 FOLLOWER]: Starting forced leader election (received explicit request)
I20260608 09:48:47.755611 27627 raft_consensus.cc:3060] T 89fbb904be2b407ea2e445314dc9f278 P 66e6ee9d1bd644ab944325055a537849 [term 1 FOLLOWER]: Advancing to term 2
W20260608 09:48:47.761106 27424 auto_rebalancer.cc:591] Failed to schedule move for tablet 6692614ca7ba45edb1d35bee9db903a7: Remote error: Service unavailable: leader transfer in progress
I20260608 09:48:47.774680 27675 consensus_queue.cc:1048] T 01afd75bf0d64920abc05cbd08951ed6 P 78dbfda88c6c4c939f06ab11aa68db41 [LEADER]: Connected to new peer: Peer: permanent_uuid: "ea4e86bdf96f4b29980d62f3102ac7ae" member_type: VOTER last_known_addr { host: "127.23.231.129" port: 38461 }, Status: LMP_MISMATCH, Last received: 0.0, Next index: 1, Last known committed idx: 0, Time since last communication: 0.000s
I20260608 09:48:47.782337 27627 raft_consensus.cc:515] T 89fbb904be2b407ea2e445314dc9f278 P 66e6ee9d1bd644ab944325055a537849 [term 2 FOLLOWER]: Starting forced leader election with config: opid_index: -1 OBSOLETE_local: false peers { permanent_uuid: "ea4e86bdf96f4b29980d62f3102ac7ae" member_type: VOTER last_known_addr { host: "127.23.231.129" port: 38461 } } peers { permanent_uuid: "78dbfda88c6c4c939f06ab11aa68db41" member_type: VOTER last_known_addr { host: "127.23.231.130" port: 43157 } } peers { permanent_uuid: "66e6ee9d1bd644ab944325055a537849" member_type: VOTER last_known_addr { host: "127.23.231.131" port: 37883 } }
I20260608 09:48:47.785475 27477 tablet_service.cc:1917] Received RequestConsensusVote() RPC: tablet_id: "89fbb904be2b407ea2e445314dc9f278" candidate_uuid: "66e6ee9d1bd644ab944325055a537849" candidate_term: 2 candidate_status { last_received { term: 1 index: 1 } } ignore_live_leader: true dest_uuid: "ea4e86bdf96f4b29980d62f3102ac7ae"
I20260608 09:48:47.787796 27477 raft_consensus.cc:3060] T 89fbb904be2b407ea2e445314dc9f278 P ea4e86bdf96f4b29980d62f3102ac7ae [term 1 FOLLOWER]: Advancing to term 2
I20260608 09:48:47.790130 27476 consensus_queue.cc:237] T f9021345a3e84484b016f73c0150b6a1 P ea4e86bdf96f4b29980d62f3102ac7ae [LEADER]: Queue going to LEADER mode. State: All replicated index: 0, Majority replicated index: 1, Committed index: 1, Last appended: 1.1, Last appended by leader: 0, Current term: 1, Majority size: 2, State: 0, Mode: LEADER, active raft config: opid_index: 2 OBSOLETE_local: false peers { permanent_uuid: "ea4e86bdf96f4b29980d62f3102ac7ae" member_type: VOTER last_known_addr { host: "127.23.231.129" port: 38461 } } peers { permanent_uuid: "78dbfda88c6c4c939f06ab11aa68db41" member_type: VOTER last_known_addr { host: "127.23.231.130" port: 43157 } attrs { replace: true } } peers { permanent_uuid: "66e6ee9d1bd644ab944325055a537849" member_type: VOTER last_known_addr { host: "127.23.231.131" port: 37883 } } peers { permanent_uuid: "09d3c21837474cc59d3d191d9ec4aa36" member_type: NON_VOTER last_known_addr { host: "127.23.231.132" port: 34927 } attrs { promote: true } }
I20260608 09:48:47.795120 27477 raft_consensus.cc:2468] T 89fbb904be2b407ea2e445314dc9f278 P ea4e86bdf96f4b29980d62f3102ac7ae [term 2 FOLLOWER]: Leader election vote request: Granting yes vote for candidate 66e6ee9d1bd644ab944325055a537849 in term 2.
I20260608 09:48:47.796660 27627 leader_election.cc:290] T 89fbb904be2b407ea2e445314dc9f278 P 66e6ee9d1bd644ab944325055a537849 [CANDIDATE]: Term 2 election: Requested vote from peers ea4e86bdf96f4b29980d62f3102ac7ae (127.23.231.129:38461), 78dbfda88c6c4c939f06ab11aa68db41 (127.23.231.130:43157)
I20260608 09:48:47.796851 27724 consensus_queue.cc:1048] T 01afd75bf0d64920abc05cbd08951ed6 P 78dbfda88c6c4c939f06ab11aa68db41 [LEADER]: Connected to new peer: Peer: permanent_uuid: "09d3c21837474cc59d3d191d9ec4aa36" member_type: VOTER last_known_addr { host: "127.23.231.132" port: 34927 }, Status: LMP_MISMATCH, Last received: 0.0, Next index: 1, Last known committed idx: 0, Time since last communication: 0.002s
I20260608 09:48:47.798988 27592 leader_election.cc:304] T 89fbb904be2b407ea2e445314dc9f278 P 66e6ee9d1bd644ab944325055a537849 [CANDIDATE]: Term 2 election: Election decided. Result: candidate won. Election summary: received 2 responses out of 3 voters: 2 yes votes; 0 no votes. yes voters: 66e6ee9d1bd644ab944325055a537849, ea4e86bdf96f4b29980d62f3102ac7ae; no voters: 
I20260608 09:48:47.799523 27552 tablet_service.cc:1917] Received RequestConsensusVote() RPC: tablet_id: "89fbb904be2b407ea2e445314dc9f278" candidate_uuid: "66e6ee9d1bd644ab944325055a537849" candidate_term: 2 candidate_status { last_received { term: 1 index: 1 } } ignore_live_leader: true dest_uuid: "78dbfda88c6c4c939f06ab11aa68db41"
I20260608 09:48:47.800091 27700 raft_consensus.cc:2804] T 89fbb904be2b407ea2e445314dc9f278 P 66e6ee9d1bd644ab944325055a537849 [term 2 FOLLOWER]: Leader election won for term 2
I20260608 09:48:47.800165 27552 raft_consensus.cc:3055] T 89fbb904be2b407ea2e445314dc9f278 P 78dbfda88c6c4c939f06ab11aa68db41 [term 1 LEADER]: Stepping down as leader of term 1
I20260608 09:48:47.800611 27552 raft_consensus.cc:740] T 89fbb904be2b407ea2e445314dc9f278 P 78dbfda88c6c4c939f06ab11aa68db41 [term 1 LEADER]: Becoming Follower/Learner. State: Replica: 78dbfda88c6c4c939f06ab11aa68db41, State: Running, Role: LEADER
I20260608 09:48:47.800717 27700 raft_consensus.cc:697] T 89fbb904be2b407ea2e445314dc9f278 P 66e6ee9d1bd644ab944325055a537849 [term 2 LEADER]: Becoming Leader. State: Replica: 66e6ee9d1bd644ab944325055a537849, State: Running, Role: LEADER
I20260608 09:48:47.801414 27552 consensus_queue.cc:260] T 89fbb904be2b407ea2e445314dc9f278 P 78dbfda88c6c4c939f06ab11aa68db41 [NON_LEADER]: Queue going to NON_LEADER mode. State: All replicated index: 0, Majority replicated index: 1, Committed index: 1, Last appended: 1.1, Last appended by leader: 1, Current term: 1, Majority size: -1, State: 0, Mode: NON_LEADER, active raft config: opid_index: -1 OBSOLETE_local: false peers { permanent_uuid: "ea4e86bdf96f4b29980d62f3102ac7ae" member_type: VOTER last_known_addr { host: "127.23.231.129" port: 38461 } } peers { permanent_uuid: "78dbfda88c6c4c939f06ab11aa68db41" member_type: VOTER last_known_addr { host: "127.23.231.130" port: 43157 } } peers { permanent_uuid: "66e6ee9d1bd644ab944325055a537849" member_type: VOTER last_known_addr { host: "127.23.231.131" port: 37883 } }
I20260608 09:48:47.801760 27700 consensus_queue.cc:237] T 89fbb904be2b407ea2e445314dc9f278 P 66e6ee9d1bd644ab944325055a537849 [LEADER]: Queue going to LEADER mode. State: All replicated index: 0, Majority replicated index: 1, Committed index: 1, Last appended: 1.1, Last appended by leader: 1, Current term: 2, Majority size: 2, State: 0, Mode: LEADER, active raft config: opid_index: -1 OBSOLETE_local: false peers { permanent_uuid: "ea4e86bdf96f4b29980d62f3102ac7ae" member_type: VOTER last_known_addr { host: "127.23.231.129" port: 38461 } } peers { permanent_uuid: "78dbfda88c6c4c939f06ab11aa68db41" member_type: VOTER last_known_addr { host: "127.23.231.130" port: 43157 } } peers { permanent_uuid: "66e6ee9d1bd644ab944325055a537849" member_type: VOTER last_known_addr { host: "127.23.231.131" port: 37883 } }
I20260608 09:48:47.802592 27552 raft_consensus.cc:3060] T 89fbb904be2b407ea2e445314dc9f278 P 78dbfda88c6c4c939f06ab11aa68db41 [term 1 FOLLOWER]: Advancing to term 2
W20260608 09:48:47.804937 27441 consensus_peers.cc:597] T f9021345a3e84484b016f73c0150b6a1 P ea4e86bdf96f4b29980d62f3102ac7ae -> Peer 09d3c21837474cc59d3d191d9ec4aa36 (127.23.231.132:34927): Couldn't send request to peer 09d3c21837474cc59d3d191d9ec4aa36. Error code: TABLET_NOT_FOUND (6). Status: Not found: Tablet not found: f9021345a3e84484b016f73c0150b6a1. This is attempt 1: this message will repeat every 5th retry.
I20260608 09:48:47.806782 27553 raft_consensus.cc:1275] T f9021345a3e84484b016f73c0150b6a1 P 78dbfda88c6c4c939f06ab11aa68db41 [term 1 FOLLOWER]: Refusing update from remote peer ea4e86bdf96f4b29980d62f3102ac7ae: Log matching property violated. Preceding OpId in replica: term: 1 index: 1. Preceding OpId from leader: term: 1 index: 2. (index mismatch)
I20260608 09:48:47.808319 27677 consensus_queue.cc:1048] T f9021345a3e84484b016f73c0150b6a1 P ea4e86bdf96f4b29980d62f3102ac7ae [LEADER]: Connected to new peer: Peer: permanent_uuid: "78dbfda88c6c4c939f06ab11aa68db41" member_type: VOTER last_known_addr { host: "127.23.231.130" port: 43157 } attrs { replace: true }, Status: LMP_MISMATCH, Last received: 0.0, Next index: 2, Last known committed idx: 1, Time since last communication: 0.000s
