I20260608 09:49:33.120676  1712 tablet_service.cc:1917] Received RequestConsensusVote() RPC: tablet_id: "3ae5bf371cbe4a8db90cce828b48aef4" candidate_uuid: "948bf031d4be457ca4997ba9a82fda03" candidate_term: 1 candidate_status { last_received { term: 0 index: 0 } } ignore_live_leader: false dest_uuid: "28e66b94508340dfa3cd365ca5b10874" is_pre_election: true
W20260608 09:49:33.121699  1605 leader_election.cc:343] T 57616b506d17492e99a535ad9058a629 P 948bf031d4be457ca4997ba9a82fda03 [CANDIDATE]: Term 1 pre-election: Tablet error from VoteRequest() call to peer 28e66b94508340dfa3cd365ca5b10874 (127.28.202.3:41065): Illegal state: must be running to vote when last-logged opid is not known
I20260608 09:49:33.122260  1605 leader_election.cc:304] T 57616b506d17492e99a535ad9058a629 P 948bf031d4be457ca4997ba9a82fda03 [CANDIDATE]: Term 1 pre-election: Election decided. Result: candidate lost. Election summary: received 3 responses out of 3 voters: 1 yes votes; 2 no votes. yes voters: 948bf031d4be457ca4997ba9a82fda03; no voters: 28e66b94508340dfa3cd365ca5b10874, ae257aa5dd784e268cba6f45c56fe8ab
I20260608 09:49:33.125167  1764 raft_consensus.cc:2749] T 57616b506d17492e99a535ad9058a629 P 948bf031d4be457ca4997ba9a82fda03 [term 0 FOLLOWER]: Leader pre-election lost for term 1. Reason: could not achieve majority
I20260608 09:49:33.126747  1758 tablet_bootstrap.cc:492] T 28d7f7e871114225abd9aed865ad3f6c P 948bf031d4be457ca4997ba9a82fda03: No bootstrap required, opened a new log
W20260608 09:49:33.126688  1605 leader_election.cc:343] T 3ae5bf371cbe4a8db90cce828b48aef4 P 948bf031d4be457ca4997ba9a82fda03 [CANDIDATE]: Term 1 pre-election: Tablet error from VoteRequest() call to peer 28e66b94508340dfa3cd365ca5b10874 (127.28.202.3:41065): Illegal state: must be running to vote when last-logged opid is not known
I20260608 09:49:33.127439  1758 ts_tablet_manager.cc:1403] T 28d7f7e871114225abd9aed865ad3f6c P 948bf031d4be457ca4997ba9a82fda03: Time spent bootstrapping tablet: real 0.067s	user 0.016s	sys 0.007s
I20260608 09:49:33.127285  1605 leader_election.cc:304] T 3ae5bf371cbe4a8db90cce828b48aef4 P 948bf031d4be457ca4997ba9a82fda03 [CANDIDATE]: Term 1 pre-election: Election decided. Result: candidate lost. Election summary: received 3 responses out of 3 voters: 1 yes votes; 2 no votes. yes voters: 948bf031d4be457ca4997ba9a82fda03; no voters: 28e66b94508340dfa3cd365ca5b10874, ae257aa5dd784e268cba6f45c56fe8ab
I20260608 09:49:33.128168  1764 raft_consensus.cc:2749] T 3ae5bf371cbe4a8db90cce828b48aef4 P 948bf031d4be457ca4997ba9a82fda03 [term 0 FOLLOWER]: Leader pre-election lost for term 1. Reason: could not achieve majority
I20260608 09:49:33.123040  1780 raft_consensus.cc:2804] T 91eec33e1fbe4f72bc6ce92af7218de8 P ae257aa5dd784e268cba6f45c56fe8ab [term 1 FOLLOWER]: Leader election won for term 1
I20260608 09:49:33.131798  1712 tablet_service.cc:1917] Received RequestConsensusVote() RPC: tablet_id: "91eec33e1fbe4f72bc6ce92af7218de8" candidate_uuid: "ae257aa5dd784e268cba6f45c56fe8ab" candidate_term: 1 candidate_status { last_received { term: 0 index: 0 } } ignore_live_leader: false dest_uuid: "28e66b94508340dfa3cd365ca5b10874"
I20260608 09:49:33.131000  1758 raft_consensus.cc:359] T 28d7f7e871114225abd9aed865ad3f6c P 948bf031d4be457ca4997ba9a82fda03 [term 0 FOLLOWER]: Replica starting. Triggering 0 pending ops. Active config: opid_index: -1 OBSOLETE_local: false peers { permanent_uuid: "ae257aa5dd784e268cba6f45c56fe8ab" member_type: VOTER last_known_addr { host: "127.28.202.1" port: 42833 } } peers { permanent_uuid: "28e66b94508340dfa3cd365ca5b10874" member_type: VOTER last_known_addr { host: "127.28.202.3" port: 41065 } } peers { permanent_uuid: "948bf031d4be457ca4997ba9a82fda03" member_type: VOTER last_known_addr { host: "127.28.202.2" port: 41073 } }
I20260608 09:49:33.134264  1758 raft_consensus.cc:385] T 28d7f7e871114225abd9aed865ad3f6c P 948bf031d4be457ca4997ba9a82fda03 [term 0 FOLLOWER]: Consensus starting up: Expiring failure detector timer to make a prompt election more likely
I20260608 09:49:33.134601  1758 raft_consensus.cc:740] T 28d7f7e871114225abd9aed865ad3f6c P 948bf031d4be457ca4997ba9a82fda03 [term 0 FOLLOWER]: Becoming Follower/Learner. State: Replica: 948bf031d4be457ca4997ba9a82fda03, State: Initialized, Role: FOLLOWER
W20260608 09:49:33.135411  1530 leader_election.cc:343] T 91eec33e1fbe4f72bc6ce92af7218de8 P ae257aa5dd784e268cba6f45c56fe8ab [CANDIDATE]: Term 1 election: Tablet error from VoteRequest() call to peer 28e66b94508340dfa3cd365ca5b10874 (127.28.202.3:41065): Illegal state: must be running to vote when last-logged opid is not known
I20260608 09:49:33.135581  1758 consensus_queue.cc:260] T 28d7f7e871114225abd9aed865ad3f6c P 948bf031d4be457ca4997ba9a82fda03 [NON_LEADER]: Queue going to NON_LEADER mode. State: All replicated index: 0, Majority replicated index: 0, Committed index: 0, Last appended: 0.0, Last appended by leader: 0, Current term: 0, Majority size: -1, State: 0, Mode: NON_LEADER, active raft config: opid_index: -1 OBSOLETE_local: false peers { permanent_uuid: "ae257aa5dd784e268cba6f45c56fe8ab" member_type: VOTER last_known_addr { host: "127.28.202.1" port: 42833 } } peers { permanent_uuid: "28e66b94508340dfa3cd365ca5b10874" member_type: VOTER last_known_addr { host: "127.28.202.3" port: 41065 } } peers { permanent_uuid: "948bf031d4be457ca4997ba9a82fda03" member_type: VOTER last_known_addr { host: "127.28.202.2" port: 41073 } }
I20260608 09:49:33.133337  1780 raft_consensus.cc:697] T 91eec33e1fbe4f72bc6ce92af7218de8 P ae257aa5dd784e268cba6f45c56fe8ab [term 1 LEADER]: Becoming Leader. State: Replica: ae257aa5dd784e268cba6f45c56fe8ab, State: Running, Role: LEADER
I20260608 09:49:33.136188  1760 tablet_bootstrap.cc:492] T a2dc16e7d6c24a72b0120cca07577c4b P ae257aa5dd784e268cba6f45c56fe8ab: No bootstrap required, opened a new log
I20260608 09:49:33.137198  1760 ts_tablet_manager.cc:1403] T a2dc16e7d6c24a72b0120cca07577c4b P ae257aa5dd784e268cba6f45c56fe8ab: Time spent bootstrapping tablet: real 0.077s	user 0.025s	sys 0.031s
I20260608 09:49:33.139803  1758 ts_tablet_manager.cc:1434] T 28d7f7e871114225abd9aed865ad3f6c P 948bf031d4be457ca4997ba9a82fda03: Time spent starting tablet: real 0.012s	user 0.008s	sys 0.001s
I20260608 09:49:33.139760  1780 consensus_queue.cc:237] T 91eec33e1fbe4f72bc6ce92af7218de8 P ae257aa5dd784e268cba6f45c56fe8ab [LEADER]: Queue going to LEADER mode. State: All replicated index: 0, Majority replicated index: 0, Committed index: 0, Last appended: 0.0, Last appended by leader: 0, Current term: 1, Majority size: 2, State: 0, Mode: LEADER, active raft config: opid_index: -1 OBSOLETE_local: false peers { permanent_uuid: "ae257aa5dd784e268cba6f45c56fe8ab" member_type: VOTER last_known_addr { host: "127.28.202.1" port: 42833 } } peers { permanent_uuid: "948bf031d4be457ca4997ba9a82fda03" member_type: VOTER last_known_addr { host: "127.28.202.2" port: 41073 } } peers { permanent_uuid: "28e66b94508340dfa3cd365ca5b10874" member_type: VOTER last_known_addr { host: "127.28.202.3" port: 41065 } }
I20260608 09:49:33.140801  1759 tablet_bootstrap.cc:492] T 6e6693ef19eb468e8b83b223926b5a7d P 28e66b94508340dfa3cd365ca5b10874: No bootstrap required, opened a new log
I20260608 09:49:33.141175  1758 tablet_bootstrap.cc:492] T b9e3e0ad62364b88840c84e56823441a P 948bf031d4be457ca4997ba9a82fda03: Bootstrap starting.
I20260608 09:49:33.141350  1759 ts_tablet_manager.cc:1403] T 6e6693ef19eb468e8b83b223926b5a7d P 28e66b94508340dfa3cd365ca5b10874: Time spent bootstrapping tablet: real 0.051s	user 0.021s	sys 0.017s
I20260608 09:49:33.142863  1764 raft_consensus.cc:493] T 28d7f7e871114225abd9aed865ad3f6c P 948bf031d4be457ca4997ba9a82fda03 [term 0 FOLLOWER]: Starting pre-election (no leader contacted us within the election timeout)
I20260608 09:49:33.142556  1760 raft_consensus.cc:359] T a2dc16e7d6c24a72b0120cca07577c4b P ae257aa5dd784e268cba6f45c56fe8ab [term 0 FOLLOWER]: Replica starting. Triggering 0 pending ops. Active config: opid_index: -1 OBSOLETE_local: false peers { permanent_uuid: "ae257aa5dd784e268cba6f45c56fe8ab" member_type: VOTER last_known_addr { host: "127.28.202.1" port: 42833 } } peers { permanent_uuid: "948bf031d4be457ca4997ba9a82fda03" member_type: VOTER last_known_addr { host: "127.28.202.2" port: 41073 } } peers { permanent_uuid: "28e66b94508340dfa3cd365ca5b10874" member_type: VOTER last_known_addr { host: "127.28.202.3" port: 41065 } }
I20260608 09:49:33.143556  1760 raft_consensus.cc:385] T a2dc16e7d6c24a72b0120cca07577c4b P ae257aa5dd784e268cba6f45c56fe8ab [term 0 FOLLOWER]: Consensus starting up: Expiring failure detector timer to make a prompt election more likely
I20260608 09:49:33.143399  1764 raft_consensus.cc:515] T 28d7f7e871114225abd9aed865ad3f6c P 948bf031d4be457ca4997ba9a82fda03 [term 0 FOLLOWER]: Starting pre-election with config: opid_index: -1 OBSOLETE_local: false peers { permanent_uuid: "ae257aa5dd784e268cba6f45c56fe8ab" member_type: VOTER last_known_addr { host: "127.28.202.1" port: 42833 } } peers { permanent_uuid: "28e66b94508340dfa3cd365ca5b10874" member_type: VOTER last_known_addr { host: "127.28.202.3" port: 41065 } } peers { permanent_uuid: "948bf031d4be457ca4997ba9a82fda03" member_type: VOTER last_known_addr { host: "127.28.202.2" port: 41073 } }
I20260608 09:49:33.143962  1760 raft_consensus.cc:740] T a2dc16e7d6c24a72b0120cca07577c4b P ae257aa5dd784e268cba6f45c56fe8ab [term 0 FOLLOWER]: Becoming Follower/Learner. State: Replica: ae257aa5dd784e268cba6f45c56fe8ab, State: Initialized, Role: FOLLOWER
I20260608 09:49:33.145093  1760 consensus_queue.cc:260] T a2dc16e7d6c24a72b0120cca07577c4b P ae257aa5dd784e268cba6f45c56fe8ab [NON_LEADER]: Queue going to NON_LEADER mode. State: All replicated index: 0, Majority replicated index: 0, Committed index: 0, Last appended: 0.0, Last appended by leader: 0, Current term: 0, Majority size: -1, State: 0, Mode: NON_LEADER, active raft config: opid_index: -1 OBSOLETE_local: false peers { permanent_uuid: "ae257aa5dd784e268cba6f45c56fe8ab" member_type: VOTER last_known_addr { host: "127.28.202.1" port: 42833 } } peers { permanent_uuid: "948bf031d4be457ca4997ba9a82fda03" member_type: VOTER last_known_addr { host: "127.28.202.2" port: 41073 } } peers { permanent_uuid: "28e66b94508340dfa3cd365ca5b10874" member_type: VOTER last_known_addr { host: "127.28.202.3" port: 41065 } }
I20260608 09:49:33.145888  1764 leader_election.cc:290] T 28d7f7e871114225abd9aed865ad3f6c P 948bf031d4be457ca4997ba9a82fda03 [CANDIDATE]: Term 1 pre-election: Requested pre-vote from peers ae257aa5dd784e268cba6f45c56fe8ab (127.28.202.1:42833), 28e66b94508340dfa3cd365ca5b10874 (127.28.202.3:41065)
I20260608 09:49:33.147841  1712 tablet_service.cc:1917] Received RequestConsensusVote() RPC: tablet_id: "28d7f7e871114225abd9aed865ad3f6c" candidate_uuid: "948bf031d4be457ca4997ba9a82fda03" candidate_term: 1 candidate_status { last_received { term: 0 index: 0 } } ignore_live_leader: false dest_uuid: "28e66b94508340dfa3cd365ca5b10874" is_pre_election: true
I20260608 09:49:33.148267  1760 ts_tablet_manager.cc:1434] T a2dc16e7d6c24a72b0120cca07577c4b P ae257aa5dd784e268cba6f45c56fe8ab: Time spent starting tablet: real 0.011s	user 0.006s	sys 0.001s
I20260608 09:49:33.148612  1712 raft_consensus.cc:2468] T 28d7f7e871114225abd9aed865ad3f6c P 28e66b94508340dfa3cd365ca5b10874 [term 0 FOLLOWER]: Leader pre-election vote request: Granting yes vote for candidate 948bf031d4be457ca4997ba9a82fda03 in term 0.
I20260608 09:49:33.149374  1758 tablet_bootstrap.cc:654] T b9e3e0ad62364b88840c84e56823441a P 948bf031d4be457ca4997ba9a82fda03: Neither blocks nor log segments found. Creating new log.
I20260608 09:49:33.149806  1760 tablet_bootstrap.cc:492] T f2a1f4a3600f4ba3aa5e7de0b997d878 P ae257aa5dd784e268cba6f45c56fe8ab: Bootstrap starting.
I20260608 09:49:33.150249  1605 leader_election.cc:304] T 28d7f7e871114225abd9aed865ad3f6c P 948bf031d4be457ca4997ba9a82fda03 [CANDIDATE]: Term 1 pre-election: Election decided. Result: candidate won. Election summary: received 2 responses out of 3 voters: 2 yes votes; 0 no votes. yes voters: 28e66b94508340dfa3cd365ca5b10874, 948bf031d4be457ca4997ba9a82fda03; no voters: 
I20260608 09:49:33.150956  1564 tablet_service.cc:1917] Received RequestConsensusVote() RPC: tablet_id: "28d7f7e871114225abd9aed865ad3f6c" candidate_uuid: "948bf031d4be457ca4997ba9a82fda03" candidate_term: 1 candidate_status { last_received { term: 0 index: 0 } } ignore_live_leader: false dest_uuid: "ae257aa5dd784e268cba6f45c56fe8ab" is_pre_election: true
I20260608 09:49:33.151335  1764 raft_consensus.cc:2804] T 28d7f7e871114225abd9aed865ad3f6c P 948bf031d4be457ca4997ba9a82fda03 [term 0 FOLLOWER]: Leader pre-election won for term 1
I20260608 09:49:33.151734  1564 raft_consensus.cc:2468] T 28d7f7e871114225abd9aed865ad3f6c P ae257aa5dd784e268cba6f45c56fe8ab [term 0 FOLLOWER]: Leader pre-election vote request: Granting yes vote for candidate 948bf031d4be457ca4997ba9a82fda03 in term 0.
I20260608 09:49:33.151885  1764 raft_consensus.cc:493] T 28d7f7e871114225abd9aed865ad3f6c P 948bf031d4be457ca4997ba9a82fda03 [term 0 FOLLOWER]: Starting leader election (no leader contacted us within the election timeout)
I20260608 09:49:33.153313  1764 raft_consensus.cc:3060] T 28d7f7e871114225abd9aed865ad3f6c P 948bf031d4be457ca4997ba9a82fda03 [term 0 FOLLOWER]: Advancing to term 1
I20260608 09:49:33.155100  1759 raft_consensus.cc:359] T 6e6693ef19eb468e8b83b223926b5a7d P 28e66b94508340dfa3cd365ca5b10874 [term 0 FOLLOWER]: Replica starting. Triggering 0 pending ops. Active config: opid_index: -1 OBSOLETE_local: false peers { permanent_uuid: "ae257aa5dd784e268cba6f45c56fe8ab" member_type: VOTER last_known_addr { host: "127.28.202.1" port: 42833 } } peers { permanent_uuid: "948bf031d4be457ca4997ba9a82fda03" member_type: VOTER last_known_addr { host: "127.28.202.2" port: 41073 } } peers { permanent_uuid: "28e66b94508340dfa3cd365ca5b10874" member_type: VOTER last_known_addr { host: "127.28.202.3" port: 41065 } }
I20260608 09:49:33.155988  1759 raft_consensus.cc:385] T 6e6693ef19eb468e8b83b223926b5a7d P 28e66b94508340dfa3cd365ca5b10874 [term 0 FOLLOWER]: Consensus starting up: Expiring failure detector timer to make a prompt election more likely
I20260608 09:49:33.156334  1759 raft_consensus.cc:740] T 6e6693ef19eb468e8b83b223926b5a7d P 28e66b94508340dfa3cd365ca5b10874 [term 0 FOLLOWER]: Becoming Follower/Learner. State: Replica: 28e66b94508340dfa3cd365ca5b10874, State: Initialized, Role: FOLLOWER
I20260608 09:49:33.159068  1760 tablet_bootstrap.cc:654] T f2a1f4a3600f4ba3aa5e7de0b997d878 P ae257aa5dd784e268cba6f45c56fe8ab: Neither blocks nor log segments found. Creating new log.
I20260608 09:49:33.132138  1765 leader_election.cc:290] T 91eec33e1fbe4f72bc6ce92af7218de8 P ae257aa5dd784e268cba6f45c56fe8ab [CANDIDATE]: Term 1 election: Requested vote from peers 948bf031d4be457ca4997ba9a82fda03 (127.28.202.2:41073), 28e66b94508340dfa3cd365ca5b10874 (127.28.202.3:41065)
I20260608 09:49:33.159581  1759 consensus_queue.cc:260] T 6e6693ef19eb468e8b83b223926b5a7d P 28e66b94508340dfa3cd365ca5b10874 [NON_LEADER]: Queue going to NON_LEADER mode. State: All replicated index: 0, Majority replicated index: 0, Committed index: 0, Last appended: 0.0, Last appended by leader: 0, Current term: 0, Majority size: -1, State: 0, Mode: NON_LEADER, active raft config: opid_index: -1 OBSOLETE_local: false peers { permanent_uuid: "ae257aa5dd784e268cba6f45c56fe8ab" member_type: VOTER last_known_addr { host: "127.28.202.1" port: 42833 } } peers { permanent_uuid: "948bf031d4be457ca4997ba9a82fda03" member_type: VOTER last_known_addr { host: "127.28.202.2" port: 41073 } } peers { permanent_uuid: "28e66b94508340dfa3cd365ca5b10874" member_type: VOTER last_known_addr { host: "127.28.202.3" port: 41065 } }
I20260608 09:49:33.166265  1759 ts_tablet_manager.cc:1434] T 6e6693ef19eb468e8b83b223926b5a7d P 28e66b94508340dfa3cd365ca5b10874: Time spent starting tablet: real 0.025s	user 0.009s	sys 0.001s
I20260608 09:49:33.166406  1758 tablet_bootstrap.cc:492] T b9e3e0ad62364b88840c84e56823441a P 948bf031d4be457ca4997ba9a82fda03: No bootstrap required, opened a new log
I20260608 09:49:33.166999  1758 ts_tablet_manager.cc:1403] T b9e3e0ad62364b88840c84e56823441a P 948bf031d4be457ca4997ba9a82fda03: Time spent bootstrapping tablet: real 0.026s	user 0.012s	sys 0.008s
I20260608 09:49:33.169239  1764 raft_consensus.cc:515] T 28d7f7e871114225abd9aed865ad3f6c P 948bf031d4be457ca4997ba9a82fda03 [term 1 FOLLOWER]: Starting leader election with config: opid_index: -1 OBSOLETE_local: false peers { permanent_uuid: "ae257aa5dd784e268cba6f45c56fe8ab" member_type: VOTER last_known_addr { host: "127.28.202.1" port: 42833 } } peers { permanent_uuid: "28e66b94508340dfa3cd365ca5b10874" member_type: VOTER last_known_addr { host: "127.28.202.3" port: 41065 } } peers { permanent_uuid: "948bf031d4be457ca4997ba9a82fda03" member_type: VOTER last_known_addr { host: "127.28.202.2" port: 41073 } }
I20260608 09:49:33.170521  1758 raft_consensus.cc:359] T b9e3e0ad62364b88840c84e56823441a P 948bf031d4be457ca4997ba9a82fda03 [term 0 FOLLOWER]: Replica starting. Triggering 0 pending ops. Active config: opid_index: -1 OBSOLETE_local: false peers { permanent_uuid: "ae257aa5dd784e268cba6f45c56fe8ab" member_type: VOTER last_known_addr { host: "127.28.202.1" port: 42833 } } peers { permanent_uuid: "948bf031d4be457ca4997ba9a82fda03" member_type: VOTER last_known_addr { host: "127.28.202.2" port: 41073 } } peers { permanent_uuid: "28e66b94508340dfa3cd365ca5b10874" member_type: VOTER last_known_addr { host: "127.28.202.3" port: 41065 } }
I20260608 09:49:33.171437  1758 raft_consensus.cc:385] T b9e3e0ad62364b88840c84e56823441a P 948bf031d4be457ca4997ba9a82fda03 [term 0 FOLLOWER]: Consensus starting up: Expiring failure detector timer to make a prompt election more likely
I20260608 09:49:33.171772  1758 raft_consensus.cc:740] T b9e3e0ad62364b88840c84e56823441a P 948bf031d4be457ca4997ba9a82fda03 [term 0 FOLLOWER]: Becoming Follower/Learner. State: Replica: 948bf031d4be457ca4997ba9a82fda03, State: Initialized, Role: FOLLOWER
I20260608 09:49:33.171841  1462 catalog_manager.cc:5696] T 91eec33e1fbe4f72bc6ce92af7218de8 P ae257aa5dd784e268cba6f45c56fe8ab reported cstate change: term changed from 0 to 1, leader changed from <none> to ae257aa5dd784e268cba6f45c56fe8ab (127.28.202.1). New cstate: current_term: 1 leader_uuid: "ae257aa5dd784e268cba6f45c56fe8ab" committed_config { opid_index: -1 OBSOLETE_local: false peers { permanent_uuid: "ae257aa5dd784e268cba6f45c56fe8ab" member_type: VOTER last_known_addr { host: "127.28.202.1" port: 42833 } health_report { overall_health: HEALTHY } } peers { permanent_uuid: "948bf031d4be457ca4997ba9a82fda03" member_type: VOTER last_known_addr { host: "127.28.202.2" port: 41073 } health_report { overall_health: UNKNOWN } } peers { permanent_uuid: "28e66b94508340dfa3cd365ca5b10874" member_type: VOTER last_known_addr { host: "127.28.202.3" port: 41065 } health_report { overall_health: UNKNOWN } } }
I20260608 09:49:33.172739  1758 consensus_queue.cc:260] T b9e3e0ad62364b88840c84e56823441a P 948bf031d4be457ca4997ba9a82fda03 [NON_LEADER]: Queue going to NON_LEADER mode. State: All replicated index: 0, Majority replicated index: 0, Committed index: 0, Last appended: 0.0, Last appended by leader: 0, Current term: 0, Majority size: -1, State: 0, Mode: NON_LEADER, active raft config: opid_index: -1 OBSOLETE_local: false peers { permanent_uuid: "ae257aa5dd784e268cba6f45c56fe8ab" member_type: VOTER last_known_addr { host: "127.28.202.1" port: 42833 } } peers { permanent_uuid: "948bf031d4be457ca4997ba9a82fda03" member_type: VOTER last_known_addr { host: "127.28.202.2" port: 41073 } } peers { permanent_uuid: "28e66b94508340dfa3cd365ca5b10874" member_type: VOTER last_known_addr { host: "127.28.202.3" port: 41065 } }
I20260608 09:49:33.173326  1564 tablet_service.cc:1917] Received RequestConsensusVote() RPC: tablet_id: "28d7f7e871114225abd9aed865ad3f6c" candidate_uuid: "948bf031d4be457ca4997ba9a82fda03" candidate_term: 1 candidate_status { last_received { term: 0 index: 0 } } ignore_live_leader: false dest_uuid: "ae257aa5dd784e268cba6f45c56fe8ab"
I20260608 09:49:33.171030  1759 tablet_bootstrap.cc:492] T f2a1f4a3600f4ba3aa5e7de0b997d878 P 28e66b94508340dfa3cd365ca5b10874: Bootstrap starting.
I20260608 09:49:33.173956  1564 raft_consensus.cc:3060] T 28d7f7e871114225abd9aed865ad3f6c P ae257aa5dd784e268cba6f45c56fe8ab [term 0 FOLLOWER]: Advancing to term 1
I20260608 09:49:33.182111  1759 tablet_bootstrap.cc:654] T f2a1f4a3600f4ba3aa5e7de0b997d878 P 28e66b94508340dfa3cd365ca5b10874: Neither blocks nor log segments found. Creating new log.
I20260608 09:49:33.184908  1758 ts_tablet_manager.cc:1434] T b9e3e0ad62364b88840c84e56823441a P 948bf031d4be457ca4997ba9a82fda03: Time spent starting tablet: real 0.018s	user 0.006s	sys 0.001s
I20260608 09:49:33.185106  1760 tablet_bootstrap.cc:492] T f2a1f4a3600f4ba3aa5e7de0b997d878 P ae257aa5dd784e268cba6f45c56fe8ab: No bootstrap required, opened a new log
I20260608 09:49:33.185851  1760 ts_tablet_manager.cc:1403] T f2a1f4a3600f4ba3aa5e7de0b997d878 P ae257aa5dd784e268cba6f45c56fe8ab: Time spent bootstrapping tablet: real 0.036s	user 0.011s	sys 0.007s
I20260608 09:49:33.186296  1758 tablet_bootstrap.cc:492] T 8418bdc738f8446a87d0c89beafc1713 P 948bf031d4be457ca4997ba9a82fda03: Bootstrap starting.
I20260608 09:49:33.189590  1760 raft_consensus.cc:359] T f2a1f4a3600f4ba3aa5e7de0b997d878 P ae257aa5dd784e268cba6f45c56fe8ab [term 0 FOLLOWER]: Replica starting. Triggering 0 pending ops. Active config: opid_index: -1 OBSOLETE_local: false peers { permanent_uuid: "ae257aa5dd784e268cba6f45c56fe8ab" member_type: VOTER last_known_addr { host: "127.28.202.1" port: 42833 } } peers { permanent_uuid: "948bf031d4be457ca4997ba9a82fda03" member_type: VOTER last_known_addr { host: "127.28.202.2" port: 41073 } } peers { permanent_uuid: "28e66b94508340dfa3cd365ca5b10874" member_type: VOTER last_known_addr { host: "127.28.202.3" port: 41065 } }
I20260608 09:49:33.190624  1760 raft_consensus.cc:385] T f2a1f4a3600f4ba3aa5e7de0b997d878 P ae257aa5dd784e268cba6f45c56fe8ab [term 0 FOLLOWER]: Consensus starting up: Expiring failure detector timer to make a prompt election more likely
I20260608 09:49:33.191035  1760 raft_consensus.cc:740] T f2a1f4a3600f4ba3aa5e7de0b997d878 P ae257aa5dd784e268cba6f45c56fe8ab [term 0 FOLLOWER]: Becoming Follower/Learner. State: Replica: ae257aa5dd784e268cba6f45c56fe8ab, State: Initialized, Role: FOLLOWER
I20260608 09:49:33.192133  1760 consensus_queue.cc:260] T f2a1f4a3600f4ba3aa5e7de0b997d878 P ae257aa5dd784e268cba6f45c56fe8ab [NON_LEADER]: Queue going to NON_LEADER mode. State: All replicated index: 0, Majority replicated index: 0, Committed index: 0, Last appended: 0.0, Last appended by leader: 0, Current term: 0, Majority size: -1, State: 0, Mode: NON_LEADER, active raft config: opid_index: -1 OBSOLETE_local: false peers { permanent_uuid: "ae257aa5dd784e268cba6f45c56fe8ab" member_type: VOTER last_known_addr { host: "127.28.202.1" port: 42833 } } peers { permanent_uuid: "948bf031d4be457ca4997ba9a82fda03" member_type: VOTER last_known_addr { host: "127.28.202.2" port: 41073 } } peers { permanent_uuid: "28e66b94508340dfa3cd365ca5b10874" member_type: VOTER last_known_addr { host: "127.28.202.3" port: 41065 } }
I20260608 09:49:33.193656  1564 raft_consensus.cc:2468] T 28d7f7e871114225abd9aed865ad3f6c P ae257aa5dd784e268cba6f45c56fe8ab [term 1 FOLLOWER]: Leader election vote request: Granting yes vote for candidate 948bf031d4be457ca4997ba9a82fda03 in term 1.
I20260608 09:49:33.194653  1758 tablet_bootstrap.cc:654] T 8418bdc738f8446a87d0c89beafc1713 P 948bf031d4be457ca4997ba9a82fda03: Neither blocks nor log segments found. Creating new log.
I20260608 09:49:33.195354  1760 ts_tablet_manager.cc:1434] T f2a1f4a3600f4ba3aa5e7de0b997d878 P ae257aa5dd784e268cba6f45c56fe8ab: Time spent starting tablet: real 0.009s	user 0.004s	sys 0.004s
I20260608 09:49:33.195219  1603 leader_election.cc:304] T 28d7f7e871114225abd9aed865ad3f6c P 948bf031d4be457ca4997ba9a82fda03 [CANDIDATE]: Term 1 election: Election decided. Result: candidate won. Election summary: received 2 responses out of 3 voters: 2 yes votes; 0 no votes. yes voters: 948bf031d4be457ca4997ba9a82fda03, ae257aa5dd784e268cba6f45c56fe8ab; no voters: 
I20260608 09:49:33.196415  1786 raft_consensus.cc:2804] T 28d7f7e871114225abd9aed865ad3f6c P 948bf031d4be457ca4997ba9a82fda03 [term 1 FOLLOWER]: Leader election won for term 1
I20260608 09:49:33.197283  1760 tablet_bootstrap.cc:492] T b9e3e0ad62364b88840c84e56823441a P ae257aa5dd784e268cba6f45c56fe8ab: Bootstrap starting.
I20260608 09:49:33.197198  1764 leader_election.cc:290] T 28d7f7e871114225abd9aed865ad3f6c P 948bf031d4be457ca4997ba9a82fda03 [CANDIDATE]: Term 1 election: Requested vote from peers ae257aa5dd784e268cba6f45c56fe8ab (127.28.202.1:42833), 28e66b94508340dfa3cd365ca5b10874 (127.28.202.3:41065)
I20260608 09:49:33.197716  1712 tablet_service.cc:1917] Received RequestConsensusVote() RPC: tablet_id: "28d7f7e871114225abd9aed865ad3f6c" candidate_uuid: "948bf031d4be457ca4997ba9a82fda03" candidate_term: 1 candidate_status { last_received { term: 0 index: 0 } } ignore_live_leader: false dest_uuid: "28e66b94508340dfa3cd365ca5b10874"
I20260608 09:49:33.198449  1712 raft_consensus.cc:3060] T 28d7f7e871114225abd9aed865ad3f6c P 28e66b94508340dfa3cd365ca5b10874 [term 0 FOLLOWER]: Advancing to term 1
I20260608 09:49:33.205721  1760 tablet_bootstrap.cc:654] T b9e3e0ad62364b88840c84e56823441a P ae257aa5dd784e268cba6f45c56fe8ab: Neither blocks nor log segments found. Creating new log.
I20260608 09:49:33.233330  1712 raft_consensus.cc:2468] T 28d7f7e871114225abd9aed865ad3f6c P 28e66b94508340dfa3cd365ca5b10874 [term 1 FOLLOWER]: Leader election vote request: Granting yes vote for candidate 948bf031d4be457ca4997ba9a82fda03 in term 1.
I20260608 09:49:33.246268  1786 raft_consensus.cc:697] T 28d7f7e871114225abd9aed865ad3f6c P 948bf031d4be457ca4997ba9a82fda03 [term 1 LEADER]: Becoming Leader. State: Replica: 948bf031d4be457ca4997ba9a82fda03, State: Running, Role: LEADER
I20260608 09:49:33.247704  1786 consensus_queue.cc:237] T 28d7f7e871114225abd9aed865ad3f6c P 948bf031d4be457ca4997ba9a82fda03 [LEADER]: Queue going to LEADER mode. State: All replicated index: 0, Majority replicated index: 0, Committed index: 0, Last appended: 0.0, Last appended by leader: 0, Current term: 1, Majority size: 2, State: 0, Mode: LEADER, active raft config: opid_index: -1 OBSOLETE_local: false peers { permanent_uuid: "ae257aa5dd784e268cba6f45c56fe8ab" member_type: VOTER last_known_addr { host: "127.28.202.1" port: 42833 } } peers { permanent_uuid: "28e66b94508340dfa3cd365ca5b10874" member_type: VOTER last_known_addr { host: "127.28.202.3" port: 41065 } } peers { permanent_uuid: "948bf031d4be457ca4997ba9a82fda03" member_type: VOTER last_known_addr { host: "127.28.202.2" port: 41073 } }
I20260608 09:49:33.265793  1758 tablet_bootstrap.cc:492] T 8418bdc738f8446a87d0c89beafc1713 P 948bf031d4be457ca4997ba9a82fda03: No bootstrap required, opened a new log
I20260608 09:49:33.266614  1758 ts_tablet_manager.cc:1403] T 8418bdc738f8446a87d0c89beafc1713 P 948bf031d4be457ca4997ba9a82fda03: Time spent bootstrapping tablet: real 0.081s	user 0.018s	sys 0.057s
I20260608 09:49:33.271224  1758 raft_consensus.cc:359] T 8418bdc738f8446a87d0c89beafc1713 P 948bf031d4be457ca4997ba9a82fda03 [term 0 FOLLOWER]: Replica starting. Triggering 0 pending ops. Active config: opid_index: -1 OBSOLETE_local: false peers { permanent_uuid: "ae257aa5dd784e268cba6f45c56fe8ab" member_type: VOTER last_known_addr { host: "127.28.202.1" port: 42833 } } peers { permanent_uuid: "948bf031d4be457ca4997ba9a82fda03" member_type: VOTER last_known_addr { host: "127.28.202.2" port: 41073 } } peers { permanent_uuid: "28e66b94508340dfa3cd365ca5b10874" member_type: VOTER last_known_addr { host: "127.28.202.3" port: 41065 } }
I20260608 09:49:33.272369  1758 raft_consensus.cc:385] T 8418bdc738f8446a87d0c89beafc1713 P 948bf031d4be457ca4997ba9a82fda03 [term 0 FOLLOWER]: Consensus starting up: Expiring failure detector timer to make a prompt election more likely
I20260608 09:49:33.272827  1758 raft_consensus.cc:740] T 8418bdc738f8446a87d0c89beafc1713 P 948bf031d4be457ca4997ba9a82fda03 [term 0 FOLLOWER]: Becoming Follower/Learner. State: Replica: 948bf031d4be457ca4997ba9a82fda03, State: Initialized, Role: FOLLOWER
I20260608 09:49:33.273765  1758 consensus_queue.cc:260] T 8418bdc738f8446a87d0c89beafc1713 P 948bf031d4be457ca4997ba9a82fda03 [NON_LEADER]: Queue going to NON_LEADER mode. State: All replicated index: 0, Majority replicated index: 0, Committed index: 0, Last appended: 0.0, Last appended by leader: 0, Current term: 0, Majority size: -1, State: 0, Mode: NON_LEADER, active raft config: opid_index: -1 OBSOLETE_local: false peers { permanent_uuid: "ae257aa5dd784e268cba6f45c56fe8ab" member_type: VOTER last_known_addr { host: "127.28.202.1" port: 42833 } } peers { permanent_uuid: "948bf031d4be457ca4997ba9a82fda03" member_type: VOTER last_known_addr { host: "127.28.202.2" port: 41073 } } peers { permanent_uuid: "28e66b94508340dfa3cd365ca5b10874" member_type: VOTER last_known_addr { host: "127.28.202.3" port: 41065 } }
I20260608 09:49:33.276054  1759 tablet_bootstrap.cc:492] T f2a1f4a3600f4ba3aa5e7de0b997d878 P 28e66b94508340dfa3cd365ca5b10874: No bootstrap required, opened a new log
I20260608 09:49:33.276417  1758 ts_tablet_manager.cc:1434] T 8418bdc738f8446a87d0c89beafc1713 P 948bf031d4be457ca4997ba9a82fda03: Time spent starting tablet: real 0.009s	user 0.010s	sys 0.002s
I20260608 09:49:33.276662  1759 ts_tablet_manager.cc:1403] T f2a1f4a3600f4ba3aa5e7de0b997d878 P 28e66b94508340dfa3cd365ca5b10874: Time spent bootstrapping tablet: real 0.106s	user 0.052s	sys 0.031s
I20260608 09:49:33.277729  1758 tablet_bootstrap.cc:492] T bc0744643fde40daa42a6755e07f470c P 948bf031d4be457ca4997ba9a82fda03: Bootstrap starting.
I20260608 09:49:33.271638  1462 catalog_manager.cc:5696] T 28d7f7e871114225abd9aed865ad3f6c P 948bf031d4be457ca4997ba9a82fda03 reported cstate change: term changed from 0 to 1, leader changed from <none> to 948bf031d4be457ca4997ba9a82fda03 (127.28.202.2). New cstate: current_term: 1 leader_uuid: "948bf031d4be457ca4997ba9a82fda03" committed_config { opid_index: -1 OBSOLETE_local: false peers { permanent_uuid: "ae257aa5dd784e268cba6f45c56fe8ab" member_type: VOTER last_known_addr { host: "127.28.202.1" port: 42833 } health_report { overall_health: UNKNOWN } } peers { permanent_uuid: "28e66b94508340dfa3cd365ca5b10874" member_type: VOTER last_known_addr { host: "127.28.202.3" port: 41065 } health_report { overall_health: UNKNOWN } } peers { permanent_uuid: "948bf031d4be457ca4997ba9a82fda03" member_type: VOTER last_known_addr { host: "127.28.202.2" port: 41073 } health_report { overall_health: HEALTHY } } }
I20260608 09:49:33.279348  1786 raft_consensus.cc:493] T b9e3e0ad62364b88840c84e56823441a P 948bf031d4be457ca4997ba9a82fda03 [term 0 FOLLOWER]: Starting pre-election (no leader contacted us within the election timeout)
I20260608 09:49:33.279930  1786 raft_consensus.cc:515] T b9e3e0ad62364b88840c84e56823441a P 948bf031d4be457ca4997ba9a82fda03 [term 0 FOLLOWER]: Starting pre-election with config: opid_index: -1 OBSOLETE_local: false peers { permanent_uuid: "ae257aa5dd784e268cba6f45c56fe8ab" member_type: VOTER last_known_addr { host: "127.28.202.1" port: 42833 } } peers { permanent_uuid: "948bf031d4be457ca4997ba9a82fda03" member_type: VOTER last_known_addr { host: "127.28.202.2" port: 41073 } } peers { permanent_uuid: "28e66b94508340dfa3cd365ca5b10874" member_type: VOTER last_known_addr { host: "127.28.202.3" port: 41065 } }
I20260608 09:49:33.280489  1759 raft_consensus.cc:359] T f2a1f4a3600f4ba3aa5e7de0b997d878 P 28e66b94508340dfa3cd365ca5b10874 [term 0 FOLLOWER]: Replica starting. Triggering 0 pending ops. Active config: opid_index: -1 OBSOLETE_local: false peers { permanent_uuid: "ae257aa5dd784e268cba6f45c56fe8ab" member_type: VOTER last_known_addr { host: "127.28.202.1" port: 42833 } } peers { permanent_uuid: "948bf031d4be457ca4997ba9a82fda03" member_type: VOTER last_known_addr { host: "127.28.202.2" port: 41073 } } peers { permanent_uuid: "28e66b94508340dfa3cd365ca5b10874" member_type: VOTER last_known_addr { host: "127.28.202.3" port: 41065 } }
I20260608 09:49:33.281322  1759 raft_consensus.cc:385] T f2a1f4a3600f4ba3aa5e7de0b997d878 P 28e66b94508340dfa3cd365ca5b10874 [term 0 FOLLOWER]: Consensus starting up: Expiring failure detector timer to make a prompt election more likely
I20260608 09:49:33.281685  1759 raft_consensus.cc:740] T f2a1f4a3600f4ba3aa5e7de0b997d878 P 28e66b94508340dfa3cd365ca5b10874 [term 0 FOLLOWER]: Becoming Follower/Learner. State: Replica: 28e66b94508340dfa3cd365ca5b10874, State: Initialized, Role: FOLLOWER
I20260608 09:49:33.282938  1786 leader_election.cc:290] T b9e3e0ad62364b88840c84e56823441a P 948bf031d4be457ca4997ba9a82fda03 [CANDIDATE]: Term 1 pre-election: Requested pre-vote from peers ae257aa5dd784e268cba6f45c56fe8ab (127.28.202.1:42833), 28e66b94508340dfa3cd365ca5b10874 (127.28.202.3:41065)
I20260608 09:49:33.283762  1564 tablet_service.cc:1917] Received RequestConsensusVote() RPC: tablet_id: "b9e3e0ad62364b88840c84e56823441a" candidate_uuid: "948bf031d4be457ca4997ba9a82fda03" candidate_term: 1 candidate_status { last_received { term: 0 index: 0 } } ignore_live_leader: false dest_uuid: "ae257aa5dd784e268cba6f45c56fe8ab" is_pre_election: true
W20260608 09:49:33.285567  1603 leader_election.cc:343] T b9e3e0ad62364b88840c84e56823441a P 948bf031d4be457ca4997ba9a82fda03 [CANDIDATE]: Term 1 pre-election: Tablet error from VoteRequest() call to peer ae257aa5dd784e268cba6f45c56fe8ab (127.28.202.1:42833): Illegal state: must be running to vote when last-logged opid is not known
I20260608 09:49:33.285930  1758 tablet_bootstrap.cc:654] T bc0744643fde40daa42a6755e07f470c P 948bf031d4be457ca4997ba9a82fda03: Neither blocks nor log segments found. Creating new log.
I20260608 09:49:33.286221  1760 tablet_bootstrap.cc:492] T b9e3e0ad62364b88840c84e56823441a P ae257aa5dd784e268cba6f45c56fe8ab: No bootstrap required, opened a new log
I20260608 09:49:33.286806  1760 ts_tablet_manager.cc:1403] T b9e3e0ad62364b88840c84e56823441a P ae257aa5dd784e268cba6f45c56fe8ab: Time spent bootstrapping tablet: real 0.090s	user 0.024s	sys 0.039s
I20260608 09:49:33.286983  1759 consensus_queue.cc:260] T f2a1f4a3600f4ba3aa5e7de0b997d878 P 28e66b94508340dfa3cd365ca5b10874 [NON_LEADER]: Queue going to NON_LEADER mode. State: All replicated index: 0, Majority replicated index: 0, Committed index: 0, Last appended: 0.0, Last appended by leader: 0, Current term: 0, Majority size: -1, State: 0, Mode: NON_LEADER, active raft config: opid_index: -1 OBSOLETE_local: false peers { permanent_uuid: "ae257aa5dd784e268cba6f45c56fe8ab" member_type: VOTER last_known_addr { host: "127.28.202.1" port: 42833 } } peers { permanent_uuid: "948bf031d4be457ca4997ba9a82fda03" member_type: VOTER last_known_addr { host: "127.28.202.2" port: 41073 } } peers { permanent_uuid: "28e66b94508340dfa3cd365ca5b10874" member_type: VOTER last_known_addr { host: "127.28.202.3" port: 41065 } }
I20260608 09:49:33.288419  1712 tablet_service.cc:1917] Received RequestConsensusVote() RPC: tablet_id: "b9e3e0ad62364b88840c84e56823441a" candidate_uuid: "948bf031d4be457ca4997ba9a82fda03" candidate_term: 1 candidate_status { last_received { term: 0 index: 0 } } ignore_live_leader: false dest_uuid: "28e66b94508340dfa3cd365ca5b10874" is_pre_election: true
I20260608 09:49:33.289794  1759 ts_tablet_manager.cc:1434] T f2a1f4a3600f4ba3aa5e7de0b997d878 P 28e66b94508340dfa3cd365ca5b10874: Time spent starting tablet: real 0.013s	user 0.008s	sys 0.000s
I20260608 09:49:33.290635  1760 raft_consensus.cc:359] T b9e3e0ad62364b88840c84e56823441a P ae257aa5dd784e268cba6f45c56fe8ab [term 0 FOLLOWER]: Replica starting. Triggering 0 pending ops. Active config: opid_index: -1 OBSOLETE_local: false peers { permanent_uuid: "ae257aa5dd784e268cba6f45c56fe8ab" member_type: VOTER last_known_addr { host: "127.28.202.1" port: 42833 } } peers { permanent_uuid: "948bf031d4be457ca4997ba9a82fda03" member_type: VOTER last_known_addr { host: "127.28.202.2" port: 41073 } } peers { permanent_uuid: "28e66b94508340dfa3cd365ca5b10874" member_type: VOTER last_known_addr { host: "127.28.202.3" port: 41065 } }
I20260608 09:49:33.291401  1759 tablet_bootstrap.cc:492] T b9e3e0ad62364b88840c84e56823441a P 28e66b94508340dfa3cd365ca5b10874: Bootstrap starting.
I20260608 09:49:33.291746  1760 raft_consensus.cc:385] T b9e3e0ad62364b88840c84e56823441a P ae257aa5dd784e268cba6f45c56fe8ab [term 0 FOLLOWER]: Consensus starting up: Expiring failure detector timer to make a prompt election more likely
I20260608 09:49:33.292151  1760 raft_consensus.cc:740] T b9e3e0ad62364b88840c84e56823441a P ae257aa5dd784e268cba6f45c56fe8ab [term 0 FOLLOWER]: Becoming Follower/Learner. State: Replica: ae257aa5dd784e268cba6f45c56fe8ab, State: Initialized, Role: FOLLOWER
I20260608 09:49:33.293251  1760 consensus_queue.cc:260] T b9e3e0ad62364b88840c84e56823441a P ae257aa5dd784e268cba6f45c56fe8ab [NON_LEADER]: Queue going to NON_LEADER mode. State: All replicated index: 0, Majority replicated index: 0, Committed index: 0, Last appended: 0.0, Last appended by leader: 0, Current term: 0, Majority size: -1, State: 0, Mode: NON_LEADER, active raft config: opid_index: -1 OBSOLETE_local: false peers { permanent_uuid: "ae257aa5dd784e268cba6f45c56fe8ab" member_type: VOTER last_known_addr { host: "127.28.202.1" port: 42833 } } peers { permanent_uuid: "948bf031d4be457ca4997ba9a82fda03" member_type: VOTER last_known_addr { host: "127.28.202.2" port: 41073 } } peers { permanent_uuid: "28e66b94508340dfa3cd365ca5b10874" member_type: VOTER last_known_addr { host: "127.28.202.3" port: 41065 } }
W20260608 09:49:33.294301  1605 leader_election.cc:343] T b9e3e0ad62364b88840c84e56823441a P 948bf031d4be457ca4997ba9a82fda03 [CANDIDATE]: Term 1 pre-election: Tablet error from VoteRequest() call to peer 28e66b94508340dfa3cd365ca5b10874 (127.28.202.3:41065): Illegal state: must be running to vote when last-logged opid is not known
I20260608 09:49:33.294881  1605 leader_election.cc:304] T b9e3e0ad62364b88840c84e56823441a P 948bf031d4be457ca4997ba9a82fda03 [CANDIDATE]: Term 1 pre-election: Election decided. Result: candidate lost. Election summary: received 3 responses out of 3 voters: 1 yes votes; 2 no votes. yes voters: 948bf031d4be457ca4997ba9a82fda03; no voters: 28e66b94508340dfa3cd365ca5b10874, ae257aa5dd784e268cba6f45c56fe8ab
I20260608 09:49:33.301744  1786 raft_consensus.cc:2749] T b9e3e0ad62364b88840c84e56823441a P 948bf031d4be457ca4997ba9a82fda03 [term 0 FOLLOWER]: Leader pre-election lost for term 1. Reason: could not achieve majority
I20260608 09:49:33.302125  1759 tablet_bootstrap.cc:654] T b9e3e0ad62364b88840c84e56823441a P 28e66b94508340dfa3cd365ca5b10874: Neither blocks nor log segments found. Creating new log.
I20260608 09:49:33.306434  1760 ts_tablet_manager.cc:1434] T b9e3e0ad62364b88840c84e56823441a P ae257aa5dd784e268cba6f45c56fe8ab: Time spent starting tablet: real 0.019s	user 0.006s	sys 0.001s
I20260608 09:49:33.316826  1760 tablet_bootstrap.cc:492] T 8418bdc738f8446a87d0c89beafc1713 P ae257aa5dd784e268cba6f45c56fe8ab: Bootstrap starting.
I20260608 09:49:33.322300  1758 tablet_bootstrap.cc:492] T bc0744643fde40daa42a6755e07f470c P 948bf031d4be457ca4997ba9a82fda03: No bootstrap required, opened a new log
I20260608 09:49:33.323028  1758 ts_tablet_manager.cc:1403] T bc0744643fde40daa42a6755e07f470c P 948bf031d4be457ca4997ba9a82fda03: Time spent bootstrapping tablet: real 0.046s	user 0.023s	sys 0.016s
I20260608 09:49:33.324798  1760 tablet_bootstrap.cc:654] T 8418bdc738f8446a87d0c89beafc1713 P ae257aa5dd784e268cba6f45c56fe8ab: Neither blocks nor log segments found. Creating new log.
I20260608 09:49:33.326990  1780 raft_consensus.cc:493] T 6e6693ef19eb468e8b83b223926b5a7d P ae257aa5dd784e268cba6f45c56fe8ab [term 0 FOLLOWER]: Starting pre-election (no leader contacted us within the election timeout)
I20260608 09:49:33.327777  1780 raft_consensus.cc:515] T 6e6693ef19eb468e8b83b223926b5a7d P ae257aa5dd784e268cba6f45c56fe8ab [term 0 FOLLOWER]: Starting pre-election with config: opid_index: -1 OBSOLETE_local: false peers { permanent_uuid: "ae257aa5dd784e268cba6f45c56fe8ab" member_type: VOTER last_known_addr { host: "127.28.202.1" port: 42833 } } peers { permanent_uuid: "948bf031d4be457ca4997ba9a82fda03" member_type: VOTER last_known_addr { host: "127.28.202.2" port: 41073 } } peers { permanent_uuid: "28e66b94508340dfa3cd365ca5b10874" member_type: VOTER last_known_addr { host: "127.28.202.3" port: 41065 } }
I20260608 09:49:33.327948  1758 raft_consensus.cc:359] T bc0744643fde40daa42a6755e07f470c P 948bf031d4be457ca4997ba9a82fda03 [term 0 FOLLOWER]: Replica starting. Triggering 0 pending ops. Active config: opid_index: -1 OBSOLETE_local: false peers { permanent_uuid: "ae257aa5dd784e268cba6f45c56fe8ab" member_type: VOTER last_known_addr { host: "127.28.202.1" port: 42833 } } peers { permanent_uuid: "948bf031d4be457ca4997ba9a82fda03" member_type: VOTER last_known_addr { host: "127.28.202.2" port: 41073 } } peers { permanent_uuid: "28e66b94508340dfa3cd365ca5b10874" member_type: VOTER last_known_addr { host: "127.28.202.3" port: 41065 } }
I20260608 09:49:33.328800  1758 raft_consensus.cc:385] T bc0744643fde40daa42a6755e07f470c P 948bf031d4be457ca4997ba9a82fda03 [term 0 FOLLOWER]: Consensus starting up: Expiring failure detector timer to make a prompt election more likely
I20260608 09:49:33.329460  1758 raft_consensus.cc:740] T bc0744643fde40daa42a6755e07f470c P 948bf031d4be457ca4997ba9a82fda03 [term 0 FOLLOWER]: Becoming Follower/Learner. State: Replica: 948bf031d4be457ca4997ba9a82fda03, State: Initialized, Role: FOLLOWER
I20260608 09:49:33.330332  1759 tablet_bootstrap.cc:492] T b9e3e0ad62364b88840c84e56823441a P 28e66b94508340dfa3cd365ca5b10874: No bootstrap required, opened a new log
I20260608 09:49:33.331130  1759 ts_tablet_manager.cc:1403] T b9e3e0ad62364b88840c84e56823441a P 28e66b94508340dfa3cd365ca5b10874: Time spent bootstrapping tablet: real 0.040s	user 0.020s	sys 0.009s
I20260608 09:49:33.331847  1639 tablet_service.cc:1917] Received RequestConsensusVote() RPC: tablet_id: "6e6693ef19eb468e8b83b223926b5a7d" candidate_uuid: "ae257aa5dd784e268cba6f45c56fe8ab" candidate_term: 1 candidate_status { last_received { term: 0 index: 0 } } ignore_live_leader: false dest_uuid: "948bf031d4be457ca4997ba9a82fda03" is_pre_election: true
I20260608 09:49:33.331856  1780 leader_election.cc:290] T 6e6693ef19eb468e8b83b223926b5a7d P ae257aa5dd784e268cba6f45c56fe8ab [CANDIDATE]: Term 1 pre-election: Requested pre-vote from peers 948bf031d4be457ca4997ba9a82fda03 (127.28.202.2:41073), 28e66b94508340dfa3cd365ca5b10874 (127.28.202.3:41065)
I20260608 09:49:33.332083  1712 tablet_service.cc:1917] Received RequestConsensusVote() RPC: tablet_id: "6e6693ef19eb468e8b83b223926b5a7d" candidate_uuid: "ae257aa5dd784e268cba6f45c56fe8ab" candidate_term: 1 candidate_status { last_received { term: 0 index: 0 } } ignore_live_leader: false dest_uuid: "28e66b94508340dfa3cd365ca5b10874" is_pre_election: true
I20260608 09:49:33.330495  1758 consensus_queue.cc:260] T bc0744643fde40daa42a6755e07f470c P 948bf031d4be457ca4997ba9a82fda03 [NON_LEADER]: Queue going to NON_LEADER mode. State: All replicated index: 0, Majority replicated index: 0, Committed index: 0, Last appended: 0.0, Last appended by leader: 0, Current term: 0, Majority size: -1, State: 0, Mode: NON_LEADER, active raft config: opid_index: -1 OBSOLETE_local: false peers { permanent_uuid: "ae257aa5dd784e268cba6f45c56fe8ab" member_type: VOTER last_known_addr { host: "127.28.202.1" port: 42833 } } peers { permanent_uuid: "948bf031d4be457ca4997ba9a82fda03" member_type: VOTER last_known_addr { host: "127.28.202.2" port: 41073 } } peers { permanent_uuid: "28e66b94508340dfa3cd365ca5b10874" member_type: VOTER last_known_addr { host: "127.28.202.3" port: 41065 } }
I20260608 09:49:33.332913  1712 raft_consensus.cc:2468] T 6e6693ef19eb468e8b83b223926b5a7d P 28e66b94508340dfa3cd365ca5b10874 [term 0 FOLLOWER]: Leader pre-election vote request: Granting yes vote for candidate ae257aa5dd784e268cba6f45c56fe8ab in term 0.
I20260608 09:49:33.334444  1530 leader_election.cc:304] T 6e6693ef19eb468e8b83b223926b5a7d P ae257aa5dd784e268cba6f45c56fe8ab [CANDIDATE]: Term 1 pre-election: Election decided. Result: candidate won. Election summary: received 2 responses out of 3 voters: 2 yes votes; 0 no votes. yes voters: 28e66b94508340dfa3cd365ca5b10874, ae257aa5dd784e268cba6f45c56fe8ab; no voters: 
I20260608 09:49:33.334868  1759 raft_consensus.cc:359] T b9e3e0ad62364b88840c84e56823441a P 28e66b94508340dfa3cd365ca5b10874 [term 0 FOLLOWER]: Replica starting. Triggering 0 pending ops. Active config: opid_index: -1 OBSOLETE_local: false peers { permanent_uuid: "ae257aa5dd784e268cba6f45c56fe8ab" member_type: VOTER last_known_addr { host: "127.28.202.1" port: 42833 } } peers { permanent_uuid: "948bf031d4be457ca4997ba9a82fda03" member_type: VOTER last_known_addr { host: "127.28.202.2" port: 41073 } } peers { permanent_uuid: "28e66b94508340dfa3cd365ca5b10874" member_type: VOTER last_known_addr { host: "127.28.202.3" port: 41065 } }
I20260608 09:49:33.335453  1780 raft_consensus.cc:2804] T 6e6693ef19eb468e8b83b223926b5a7d P ae257aa5dd784e268cba6f45c56fe8ab [term 0 FOLLOWER]: Leader pre-election won for term 1
I20260608 09:49:33.335481  1758 ts_tablet_manager.cc:1434] T bc0744643fde40daa42a6755e07f470c P 948bf031d4be457ca4997ba9a82fda03: Time spent starting tablet: real 0.012s	user 0.009s	sys 0.000s
I20260608 09:49:33.335790  1759 raft_consensus.cc:385] T b9e3e0ad62364b88840c84e56823441a P 28e66b94508340dfa3cd365ca5b10874 [term 0 FOLLOWER]: Consensus starting up: Expiring failure detector timer to make a prompt election more likely
I20260608 09:49:33.336086  1780 raft_consensus.cc:493] T 6e6693ef19eb468e8b83b223926b5a7d P ae257aa5dd784e268cba6f45c56fe8ab [term 0 FOLLOWER]: Starting leader election (no leader contacted us within the election timeout)
I20260608 09:49:33.336315  1759 raft_consensus.cc:740] T b9e3e0ad62364b88840c84e56823441a P 28e66b94508340dfa3cd365ca5b10874 [term 0 FOLLOWER]: Becoming Follower/Learner. State: Replica: 28e66b94508340dfa3cd365ca5b10874, State: Initialized, Role: FOLLOWER
I20260608 09:49:33.336524  1780 raft_consensus.cc:3060] T 6e6693ef19eb468e8b83b223926b5a7d P ae257aa5dd784e268cba6f45c56fe8ab [term 0 FOLLOWER]: Advancing to term 1
I20260608 09:49:33.337142  1758 tablet_bootstrap.cc:492] T 48f432db4a2a4d30a9f6e0a5488c564d P 948bf031d4be457ca4997ba9a82fda03: Bootstrap starting.
W20260608 09:49:33.337380  1529 leader_election.cc:343] T 6e6693ef19eb468e8b83b223926b5a7d P ae257aa5dd784e268cba6f45c56fe8ab [CANDIDATE]: Term 1 pre-election: Tablet error from VoteRequest() call to peer 948bf031d4be457ca4997ba9a82fda03 (127.28.202.2:41073): Illegal state: must be running to vote when last-logged opid is not known
I20260608 09:49:33.339486  1765 raft_consensus.cc:493] T f2a1f4a3600f4ba3aa5e7de0b997d878 P ae257aa5dd784e268cba6f45c56fe8ab [term 0 FOLLOWER]: Starting pre-election (no leader contacted us within the election timeout)
I20260608 09:49:33.340022  1765 raft_consensus.cc:515] T f2a1f4a3600f4ba3aa5e7de0b997d878 P ae257aa5dd784e268cba6f45c56fe8ab [term 0 FOLLOWER]: Starting pre-election with config: opid_index: -1 OBSOLETE_local: false peers { permanent_uuid: "ae257aa5dd784e268cba6f45c56fe8ab" member_type: VOTER last_known_addr { host: "127.28.202.1" port: 42833 } } peers { permanent_uuid: "948bf031d4be457ca4997ba9a82fda03" member_type: VOTER last_known_addr { host: "127.28.202.2" port: 41073 } } peers { permanent_uuid: "28e66b94508340dfa3cd365ca5b10874" member_type: VOTER last_known_addr { host: "127.28.202.3" port: 41065 } }
I20260608 09:49:33.337416  1759 consensus_queue.cc:260] T b9e3e0ad62364b88840c84e56823441a P 28e66b94508340dfa3cd365ca5b10874 [NON_LEADER]: Queue going to NON_LEADER mode. State: All replicated index: 0, Majority replicated index: 0, Committed index: 0, Last appended: 0.0, Last appended by leader: 0, Current term: 0, Majority size: -1, State: 0, Mode: NON_LEADER, active raft config: opid_index: -1 OBSOLETE_local: false peers { permanent_uuid: "ae257aa5dd784e268cba6f45c56fe8ab" member_type: VOTER last_known_addr { host: "127.28.202.1" port: 42833 } } peers { permanent_uuid: "948bf031d4be457ca4997ba9a82fda03" member_type: VOTER last_known_addr { host: "127.28.202.2" port: 41073 } } peers { permanent_uuid: "28e66b94508340dfa3cd365ca5b10874" member_type: VOTER last_known_addr { host: "127.28.202.3" port: 41065 } }
I20260608 09:49:33.342710  1765 leader_election.cc:290] T f2a1f4a3600f4ba3aa5e7de0b997d878 P ae257aa5dd784e268cba6f45c56fe8ab [CANDIDATE]: Term 1 pre-election: Requested pre-vote from peers 948bf031d4be457ca4997ba9a82fda03 (127.28.202.2:41073), 28e66b94508340dfa3cd365ca5b10874 (127.28.202.3:41065)
I20260608 09:49:33.344892  1758 tablet_bootstrap.cc:654] T 48f432db4a2a4d30a9f6e0a5488c564d P 948bf031d4be457ca4997ba9a82fda03: Neither blocks nor log segments found. Creating new log.
I20260608 09:49:33.345403  1780 raft_consensus.cc:515] T 6e6693ef19eb468e8b83b223926b5a7d P ae257aa5dd784e268cba6f45c56fe8ab [term 1 FOLLOWER]: Starting leader election with config: opid_index: -1 OBSOLETE_local: false peers { permanent_uuid: "ae257aa5dd784e268cba6f45c56fe8ab" member_type: VOTER last_known_addr { host: "127.28.202.1" port: 42833 } } peers { permanent_uuid: "948bf031d4be457ca4997ba9a82fda03" member_type: VOTER last_known_addr { host: "127.28.202.2" port: 41073 } } peers { permanent_uuid: "28e66b94508340dfa3cd365ca5b10874" member_type: VOTER last_known_addr { host: "127.28.202.3" port: 41065 } }
