W20260608 10:09:52.113898  6565 debug-util.cc:398] Leaking SignalData structure 0x7b08001d6760 after lost signal to thread 4129
W20260608 10:09:52.114893  6565 debug-util.cc:398] Leaking SignalData structure 0x7b08001a2300 after lost signal to thread 6401
W20260608 10:09:52.115890  6565 debug-util.cc:398] Leaking SignalData structure 0x7b080019d440 after lost signal to thread 6493
W20260608 10:09:52.116684  6565 debug-util.cc:398] Leaking SignalData structure 0x7b08000ac640 after lost signal to thread 6568
W20260608 10:09:52.117493  6565 debug-util.cc:398] Leaking SignalData structure 0x7b08001e2fa0 after lost signal to thread 6642
I20260608 10:09:52.606299  6420 auto_leader_rebalancer.cc:451] All tables' leader rebalancing finished this round
I20260608 10:09:54.607317  6420 auto_leader_rebalancer.cc:451] All tables' leader rebalancing finished this round
I20260608 10:09:55.537902  4126 tablet_server.cc:179] TabletServer@127.4.7.129:0 shutting down...
I20260608 10:09:55.564491  4126 ts_tablet_manager.cc:1507] Shutting down tablet manager...
I20260608 10:09:55.581653  4126 tablet_server.cc:196] TabletServer@127.4.7.129:0 shutdown complete.
I20260608 10:09:55.592337  4126 tablet_server.cc:179] TabletServer@127.4.7.130:0 shutting down...
I20260608 10:09:55.611898  4126 ts_tablet_manager.cc:1507] Shutting down tablet manager...
I20260608 10:09:55.650501  4126 tablet_server.cc:196] TabletServer@127.4.7.130:0 shutdown complete.
I20260608 10:09:55.660195  4126 tablet_server.cc:179] TabletServer@127.4.7.131:0 shutting down...
I20260608 10:09:55.682641  4126 ts_tablet_manager.cc:1507] Shutting down tablet manager...
I20260608 10:09:55.699594  4126 tablet_server.cc:196] TabletServer@127.4.7.131:0 shutdown complete.
I20260608 10:09:55.709049  4126 master.cc:562] Master@127.4.7.190:34375 shutting down...
I20260608 10:09:55.727737  4126 raft_consensus.cc:2243] T 00000000000000000000000000000000 P 0a44aee8e72e4dcb93a545d5d6107238 [term 1 LEADER]: Raft consensus shutting down.
I20260608 10:09:55.728561  4126 raft_consensus.cc:2272] T 00000000000000000000000000000000 P 0a44aee8e72e4dcb93a545d5d6107238 [term 1 FOLLOWER]: Raft consensus is shut down!
I20260608 10:09:55.728935  4126 tablet_replica.cc:333] T 00000000000000000000000000000000 P 0a44aee8e72e4dcb93a545d5d6107238: stopping tablet replica
I20260608 10:09:55.764143  4126 master.cc:584] Master@127.4.7.190:34375 shutdown complete.
[       OK ] AutoRebalancerTest.NoReplicaMovesIfNoTablets (13338 ms)
[ RUN      ] AutoRebalancerTest.RangeAwareBuildClusterInfoGroupsByRange
I20260608 10:09:55.798908  4126 internal_mini_cluster.cc:156] Creating distributed mini masters. Addrs: 127.4.7.190:40827
I20260608 10:09:55.800184  4126 file_cache.cc:492] Constructed file cache file cache with capacity 419430
W20260608 10:09:55.806437  6648 instance_detector.cc:116] could not retrieve AWS instance metadata: Network error: curl error: HTTP response code said error: The requested URL returned error: 404
W20260608 10:09:55.807268  6649 instance_detector.cc:116] could not retrieve Azure instance metadata: Network error: curl error: HTTP response code said error: The requested URL returned error: 404
W20260608 10:09:55.807159  6651 instance_detector.cc:116] could not retrieve OpenStack instance metadata: Network error: curl error: HTTP response code said error: The requested URL returned error: 404
I20260608 10:09:55.809392  4126 server_base.cc:1061] running on GCE node
I20260608 10:09:55.811331  4126 hybrid_clock.cc:584] initializing the hybrid clock with 'system_unsync' time source
W20260608 10:09:55.811568  4126 system_unsync_time.cc:38] NTP support is disabled. Clock error bounds will not be accurate. This configuration is not suitable for distributed clusters.
I20260608 10:09:55.811726  4126 hybrid_clock.cc:648] HybridClock initialized: now 1780913395811709 us; error 0 us; skew 500 ppm
I20260608 10:09:55.812300  4126 server_base.cc:861] Flag tcmalloc_max_total_thread_cache_bytes is not working since tcmalloc is not enabled.
I20260608 10:09:55.814847  4126 webserver.cc:533] Webserver started at http://127.4.7.190:34309/ using document root <none> and password file <none>
I20260608 10:09:55.815374  4126 fs_manager.cc:362] Metadata directory not provided
I20260608 10:09:55.815593  4126 fs_manager.cc:368] Using write-ahead log directory (fs_wal_dir) as metadata directory
I20260608 10:09:55.815876  4126 server_base.cc:909] This appears to be a new deployment of Kudu; creating new FS layout
I20260608 10:09:55.817183  4126 fs_manager.cc:1068] Generated new instance metadata in path /tmp/dist-test-task74I2ex/test-tmp/auto_rebalancer-test.0.AutoRebalancerTest.RangeAwareBuildClusterInfoGroupsByRange.1780913317443150-4126-0/minicluster-data/master-0-root/instance:
uuid: "6b02353d328a413aa0554f025627ce22"
format_stamp: "Formatted at 2026-06-08 10:09:55 on dist-test-slave-t6bb"
I20260608 10:09:55.821926  4126 fs_manager.cc:696] Time spent creating directory manager: real 0.004s	user 0.003s	sys 0.001s
I20260608 10:09:55.825496  6656 log_block_manager.cc:4031] Time spent loading block containers with low live blocks: real 0.000s	user 0.000s	sys 0.000s
I20260608 10:09:55.826407  4126 fs_manager.cc:730] Time spent opening block manager: real 0.002s	user 0.002s	sys 0.001s
I20260608 10:09:55.826653  4126 fs_manager.cc:647] Opened local filesystem: /tmp/dist-test-task74I2ex/test-tmp/auto_rebalancer-test.0.AutoRebalancerTest.RangeAwareBuildClusterInfoGroupsByRange.1780913317443150-4126-0/minicluster-data/master-0-root
uuid: "6b02353d328a413aa0554f025627ce22"
format_stamp: "Formatted at 2026-06-08 10:09:55 on dist-test-slave-t6bb"
I20260608 10:09:55.826887  4126 fs_report.cc:389] FS layout report
--------------------
wal directory: /tmp/dist-test-task74I2ex/test-tmp/auto_rebalancer-test.0.AutoRebalancerTest.RangeAwareBuildClusterInfoGroupsByRange.1780913317443150-4126-0/minicluster-data/master-0-root
metadata directory: /tmp/dist-test-task74I2ex/test-tmp/auto_rebalancer-test.0.AutoRebalancerTest.RangeAwareBuildClusterInfoGroupsByRange.1780913317443150-4126-0/minicluster-data/master-0-root
1 data directories: /tmp/dist-test-task74I2ex/test-tmp/auto_rebalancer-test.0.AutoRebalancerTest.RangeAwareBuildClusterInfoGroupsByRange.1780913317443150-4126-0/minicluster-data/master-0-root/data
Total live blocks: 0
Total live bytes: 0
Total live bytes (after alignment): 0
Total number of LBM containers: 0 (0 full)
Did not check for missing blocks
Did not check for orphaned blocks
Total full LBM containers with extra space: 0 (0 repaired)
Total full LBM container extra space in bytes: 0 (0 repaired)
Total incomplete LBM containers: 0 (0 repaired)
Total LBM partial records: 0 (0 repaired)
Total corrupted LBM metadata records in RocksDB: 0 (0 repaired)
I20260608 10:09:55.852989  4126 rpc_server.cc:225] running with OpenSSL 1.1.1  11 Sep 2018
I20260608 10:09:55.854293  4126 kserver.cc:163] Server-wide thread pool size limit: 3276
I20260608 10:09:55.895779  4126 rpc_server.cc:307] RPC server started. Bound to: 127.4.7.190:40827
I20260608 10:09:55.895937  6707 acceptor_pool.cc:272] collecting diagnostics on the listening RPC socket 127.4.7.190:40827 every 8 connection(s)
I20260608 10:09:55.900266  6708 data_dirs.cc:400] Could only allocate 1 dirs of requested 3 for tablet 00000000000000000000000000000000. 1 dirs total, 0 dirs full, 0 dirs failed
I20260608 10:09:55.911712  6708 tablet_bootstrap.cc:492] T 00000000000000000000000000000000 P 6b02353d328a413aa0554f025627ce22: Bootstrap starting.
I20260608 10:09:55.917120  6708 tablet_bootstrap.cc:654] T 00000000000000000000000000000000 P 6b02353d328a413aa0554f025627ce22: Neither blocks nor log segments found. Creating new log.
I20260608 10:09:55.921753  6708 tablet_bootstrap.cc:492] T 00000000000000000000000000000000 P 6b02353d328a413aa0554f025627ce22: No bootstrap required, opened a new log
I20260608 10:09:55.924114  6708 raft_consensus.cc:359] T 00000000000000000000000000000000 P 6b02353d328a413aa0554f025627ce22 [term 0 FOLLOWER]: Replica starting. Triggering 0 pending ops. Active config: opid_index: -1 OBSOLETE_local: true peers { permanent_uuid: "6b02353d328a413aa0554f025627ce22" member_type: VOTER }
I20260608 10:09:55.924592  6708 raft_consensus.cc:385] T 00000000000000000000000000000000 P 6b02353d328a413aa0554f025627ce22 [term 0 FOLLOWER]: Consensus starting up: Expiring failure detector timer to make a prompt election more likely
I20260608 10:09:55.924818  6708 raft_consensus.cc:740] T 00000000000000000000000000000000 P 6b02353d328a413aa0554f025627ce22 [term 0 FOLLOWER]: Becoming Follower/Learner. State: Replica: 6b02353d328a413aa0554f025627ce22, State: Initialized, Role: FOLLOWER
I20260608 10:09:55.925583  6708 consensus_queue.cc:260] T 00000000000000000000000000000000 P 6b02353d328a413aa0554f025627ce22 [NON_LEADER]: Queue going to NON_LEADER mode. State: All replicated index: 0, Majority replicated index: 0, Committed index: 0, Last appended: 0.0, Last appended by leader: 0, Current term: 0, Majority size: -1, State: 0, Mode: NON_LEADER, active raft config: opid_index: -1 OBSOLETE_local: true peers { permanent_uuid: "6b02353d328a413aa0554f025627ce22" member_type: VOTER }
I20260608 10:09:55.926083  6708 raft_consensus.cc:399] T 00000000000000000000000000000000 P 6b02353d328a413aa0554f025627ce22 [term 0 FOLLOWER]: Only one voter in the Raft config. Triggering election immediately
I20260608 10:09:55.926290  6708 raft_consensus.cc:493] T 00000000000000000000000000000000 P 6b02353d328a413aa0554f025627ce22 [term 0 FOLLOWER]: Starting leader election (initial election of a single-replica configuration)
I20260608 10:09:55.926601  6708 raft_consensus.cc:3060] T 00000000000000000000000000000000 P 6b02353d328a413aa0554f025627ce22 [term 0 FOLLOWER]: Advancing to term 1
I20260608 10:09:55.931483  6708 raft_consensus.cc:515] T 00000000000000000000000000000000 P 6b02353d328a413aa0554f025627ce22 [term 1 FOLLOWER]: Starting leader election with config: opid_index: -1 OBSOLETE_local: true peers { permanent_uuid: "6b02353d328a413aa0554f025627ce22" member_type: VOTER }
I20260608 10:09:55.932021  6708 leader_election.cc:304] T 00000000000000000000000000000000 P 6b02353d328a413aa0554f025627ce22 [CANDIDATE]: Term 1 election: Election decided. Result: candidate won. Election summary: received 1 responses out of 1 voters: 1 yes votes; 0 no votes. yes voters: 6b02353d328a413aa0554f025627ce22; no voters: 
I20260608 10:09:55.933226  6708 leader_election.cc:290] T 00000000000000000000000000000000 P 6b02353d328a413aa0554f025627ce22 [CANDIDATE]: Term 1 election: Requested vote from peers 
I20260608 10:09:55.933717  6711 raft_consensus.cc:2804] T 00000000000000000000000000000000 P 6b02353d328a413aa0554f025627ce22 [term 1 FOLLOWER]: Leader election won for term 1
I20260608 10:09:55.935149  6711 raft_consensus.cc:697] T 00000000000000000000000000000000 P 6b02353d328a413aa0554f025627ce22 [term 1 LEADER]: Becoming Leader. State: Replica: 6b02353d328a413aa0554f025627ce22, State: Running, Role: LEADER
I20260608 10:09:55.935909  6711 consensus_queue.cc:237] T 00000000000000000000000000000000 P 6b02353d328a413aa0554f025627ce22 [LEADER]: Queue going to LEADER mode. State: All replicated index: 0, Majority replicated index: 0, Committed index: 0, Last appended: 0.0, Last appended by leader: 0, Current term: 1, Majority size: 1, State: 0, Mode: LEADER, active raft config: opid_index: -1 OBSOLETE_local: true peers { permanent_uuid: "6b02353d328a413aa0554f025627ce22" member_type: VOTER }
I20260608 10:09:55.936427  6708 sys_catalog.cc:565] T 00000000000000000000000000000000 P 6b02353d328a413aa0554f025627ce22 [sys.catalog]: configured and running, proceeding with master startup.
I20260608 10:09:55.940974  6712 sys_catalog.cc:455] T 00000000000000000000000000000000 P 6b02353d328a413aa0554f025627ce22 [sys.catalog]: SysCatalogTable state changed. Reason: RaftConsensus started. Latest consensus state: current_term: 1 leader_uuid: "6b02353d328a413aa0554f025627ce22" committed_config { opid_index: -1 OBSOLETE_local: true peers { permanent_uuid: "6b02353d328a413aa0554f025627ce22" member_type: VOTER } }
I20260608 10:09:55.941833  6712 sys_catalog.cc:458] T 00000000000000000000000000000000 P 6b02353d328a413aa0554f025627ce22 [sys.catalog]: This master's current role is: LEADER
I20260608 10:09:55.941709  6713 sys_catalog.cc:455] T 00000000000000000000000000000000 P 6b02353d328a413aa0554f025627ce22 [sys.catalog]: SysCatalogTable state changed. Reason: New leader 6b02353d328a413aa0554f025627ce22. Latest consensus state: current_term: 1 leader_uuid: "6b02353d328a413aa0554f025627ce22" committed_config { opid_index: -1 OBSOLETE_local: true peers { permanent_uuid: "6b02353d328a413aa0554f025627ce22" member_type: VOTER } }
I20260608 10:09:55.942587  6713 sys_catalog.cc:458] T 00000000000000000000000000000000 P 6b02353d328a413aa0554f025627ce22 [sys.catalog]: This master's current role is: LEADER
I20260608 10:09:55.950111  6719 catalog_manager.cc:1510] Loading table and tablet metadata into memory...
I20260608 10:09:55.955991  6719 catalog_manager.cc:1519] Initializing Kudu cluster ID...
I20260608 10:09:55.957011  4126 internal_mini_cluster.cc:184] Waiting to initialize catalog manager on master 0
I20260608 10:09:55.965598  6719 catalog_manager.cc:1382] Generated new cluster ID: ab8fb35012cd42aca84a22963b5d8701
I20260608 10:09:55.965874  6719 catalog_manager.cc:1530] Initializing Kudu internal certificate authority...
I20260608 10:09:55.985966  6719 catalog_manager.cc:1405] Generated new certificate authority record
I20260608 10:09:55.987321  6719 catalog_manager.cc:1539] Loading token signing keys...
I20260608 10:09:55.999518  6719 catalog_manager.cc:6069] T 00000000000000000000000000000000 P 6b02353d328a413aa0554f025627ce22: Generated new TSK 0
I20260608 10:09:56.000131  6719 catalog_manager.cc:1549] Initializing in-progress tserver states...
I20260608 10:09:56.023490  4126 file_cache.cc:492] Constructed file cache file cache with capacity 419430
W20260608 10:09:56.030057  6729 instance_detector.cc:116] could not retrieve AWS instance metadata: Network error: curl error: HTTP response code said error: The requested URL returned error: 404
W20260608 10:09:56.031174  6730 instance_detector.cc:116] could not retrieve Azure instance metadata: Network error: curl error: HTTP response code said error: The requested URL returned error: 404
W20260608 10:09:56.032720  6732 instance_detector.cc:116] could not retrieve OpenStack instance metadata: Network error: curl error: HTTP response code said error: The requested URL returned error: 404
I20260608 10:09:56.035770  4126 server_base.cc:1061] running on GCE node
I20260608 10:09:56.036994  4126 hybrid_clock.cc:584] initializing the hybrid clock with 'system_unsync' time source
W20260608 10:09:56.037209  4126 system_unsync_time.cc:38] NTP support is disabled. Clock error bounds will not be accurate. This configuration is not suitable for distributed clusters.
I20260608 10:09:56.037604  4126 hybrid_clock.cc:648] HybridClock initialized: now 1780913396037581 us; error 0 us; skew 500 ppm
I20260608 10:09:56.038385  4126 server_base.cc:861] Flag tcmalloc_max_total_thread_cache_bytes is not working since tcmalloc is not enabled.
I20260608 10:09:56.040795  4126 webserver.cc:533] Webserver started at http://127.4.7.129:36163/ using document root <none> and password file <none>
I20260608 10:09:56.041390  4126 fs_manager.cc:362] Metadata directory not provided
I20260608 10:09:56.041576  4126 fs_manager.cc:368] Using write-ahead log directory (fs_wal_dir) as metadata directory
I20260608 10:09:56.041802  4126 server_base.cc:909] This appears to be a new deployment of Kudu; creating new FS layout
I20260608 10:09:56.042889  4126 fs_manager.cc:1068] Generated new instance metadata in path /tmp/dist-test-task74I2ex/test-tmp/auto_rebalancer-test.0.AutoRebalancerTest.RangeAwareBuildClusterInfoGroupsByRange.1780913317443150-4126-0/minicluster-data/ts-0-root/instance:
uuid: "1793587cc3da4f2ba5841b0ddde53974"
format_stamp: "Formatted at 2026-06-08 10:09:56 on dist-test-slave-t6bb"
I20260608 10:09:56.047760  4126 fs_manager.cc:696] Time spent creating directory manager: real 0.004s	user 0.002s	sys 0.004s
I20260608 10:09:56.051277  6737 log_block_manager.cc:4031] Time spent loading block containers with low live blocks: real 0.000s	user 0.000s	sys 0.000s
I20260608 10:09:56.052131  4126 fs_manager.cc:730] Time spent opening block manager: real 0.002s	user 0.002s	sys 0.000s
I20260608 10:09:56.052387  4126 fs_manager.cc:647] Opened local filesystem: /tmp/dist-test-task74I2ex/test-tmp/auto_rebalancer-test.0.AutoRebalancerTest.RangeAwareBuildClusterInfoGroupsByRange.1780913317443150-4126-0/minicluster-data/ts-0-root
uuid: "1793587cc3da4f2ba5841b0ddde53974"
format_stamp: "Formatted at 2026-06-08 10:09:56 on dist-test-slave-t6bb"
I20260608 10:09:56.052652  4126 fs_report.cc:389] FS layout report
--------------------
wal directory: /tmp/dist-test-task74I2ex/test-tmp/auto_rebalancer-test.0.AutoRebalancerTest.RangeAwareBuildClusterInfoGroupsByRange.1780913317443150-4126-0/minicluster-data/ts-0-root
metadata directory: /tmp/dist-test-task74I2ex/test-tmp/auto_rebalancer-test.0.AutoRebalancerTest.RangeAwareBuildClusterInfoGroupsByRange.1780913317443150-4126-0/minicluster-data/ts-0-root
1 data directories: /tmp/dist-test-task74I2ex/test-tmp/auto_rebalancer-test.0.AutoRebalancerTest.RangeAwareBuildClusterInfoGroupsByRange.1780913317443150-4126-0/minicluster-data/ts-0-root/data
Total live blocks: 0
Total live bytes: 0
Total live bytes (after alignment): 0
Total number of LBM containers: 0 (0 full)
Did not check for missing blocks
Did not check for orphaned blocks
Total full LBM containers with extra space: 0 (0 repaired)
Total full LBM container extra space in bytes: 0 (0 repaired)
Total incomplete LBM containers: 0 (0 repaired)
Total LBM partial records: 0 (0 repaired)
Total corrupted LBM metadata records in RocksDB: 0 (0 repaired)
I20260608 10:09:56.070888  4126 rpc_server.cc:225] running with OpenSSL 1.1.1  11 Sep 2018
I20260608 10:09:56.072081  4126 kserver.cc:163] Server-wide thread pool size limit: 3276
I20260608 10:09:56.073611  4126 txn_system_client.cc:432] TxnSystemClient initialization is disabled...
I20260608 10:09:56.076020  4126 ts_tablet_manager.cc:585] Loaded tablet metadata (0 total tablets, 0 live tablets)
I20260608 10:09:56.076246  4126 ts_tablet_manager.cc:531] Time spent load tablet metadata: real 0.000s	user 0.000s	sys 0.000s
I20260608 10:09:56.076512  4126 ts_tablet_manager.cc:616] Registered 0 tablets
I20260608 10:09:56.076702  4126 ts_tablet_manager.cc:595] Time spent register tablets: real 0.000s	user 0.000s	sys 0.000s
I20260608 10:09:56.120779  4126 rpc_server.cc:307] RPC server started. Bound to: 127.4.7.129:44893
I20260608 10:09:56.120913  6799 acceptor_pool.cc:272] collecting diagnostics on the listening RPC socket 127.4.7.129:44893 every 8 connection(s)
I20260608 10:09:56.126397  4126 file_cache.cc:492] Constructed file cache file cache with capacity 419430
W20260608 10:09:56.135082  6804 instance_detector.cc:116] could not retrieve AWS instance metadata: Network error: curl error: HTTP response code said error: The requested URL returned error: 404
W20260608 10:09:56.137320  6805 instance_detector.cc:116] could not retrieve Azure instance metadata: Network error: curl error: HTTP response code said error: The requested URL returned error: 404
W20260608 10:09:56.138828  6807 instance_detector.cc:116] could not retrieve OpenStack instance metadata: Network error: curl error: HTTP response code said error: The requested URL returned error: 404
I20260608 10:09:56.139165  4126 server_base.cc:1061] running on GCE node
I20260608 10:09:56.140014  4126 hybrid_clock.cc:584] initializing the hybrid clock with 'system_unsync' time source
W20260608 10:09:56.140198  4126 system_unsync_time.cc:38] NTP support is disabled. Clock error bounds will not be accurate. This configuration is not suitable for distributed clusters.
I20260608 10:09:56.140327  4126 hybrid_clock.cc:648] HybridClock initialized: now 1780913396140315 us; error 0 us; skew 500 ppm
I20260608 10:09:56.140844  4126 server_base.cc:861] Flag tcmalloc_max_total_thread_cache_bytes is not working since tcmalloc is not enabled.
I20260608 10:09:56.143705  4126 webserver.cc:533] Webserver started at http://127.4.7.130:44311/ using document root <none> and password file <none>
I20260608 10:09:56.144454  4126 fs_manager.cc:362] Metadata directory not provided
I20260608 10:09:56.144706  4126 fs_manager.cc:368] Using write-ahead log directory (fs_wal_dir) as metadata directory
I20260608 10:09:56.145043  4126 server_base.cc:909] This appears to be a new deployment of Kudu; creating new FS layout
I20260608 10:09:56.145836  6800 heartbeater.cc:344] Connected to a master server at 127.4.7.190:40827
I20260608 10:09:56.146227  6800 heartbeater.cc:461] Registering TS with master...
I20260608 10:09:56.146517  4126 fs_manager.cc:1068] Generated new instance metadata in path /tmp/dist-test-task74I2ex/test-tmp/auto_rebalancer-test.0.AutoRebalancerTest.RangeAwareBuildClusterInfoGroupsByRange.1780913317443150-4126-0/minicluster-data/ts-1-root/instance:
uuid: "c47315e37ba34c1ebb58d003e1c654a4"
format_stamp: "Formatted at 2026-06-08 10:09:56 on dist-test-slave-t6bb"
I20260608 10:09:56.147046  6800 heartbeater.cc:507] Master 127.4.7.190:40827 requested a full tablet report, sending...
I20260608 10:09:56.149632  6673 ts_manager.cc:194] Registered new tserver with Master: 1793587cc3da4f2ba5841b0ddde53974 (127.4.7.129:44893)
I20260608 10:09:56.152222  6673 master_service.cc:502] Signed X509 certificate for tserver {username='slave'} at 127.0.0.1:60642
I20260608 10:09:56.152689  4126 fs_manager.cc:696] Time spent creating directory manager: real 0.006s	user 0.006s	sys 0.001s
I20260608 10:09:56.156994  6812 log_block_manager.cc:4031] Time spent loading block containers with low live blocks: real 0.000s	user 0.000s	sys 0.000s
I20260608 10:09:56.158200  4126 fs_manager.cc:730] Time spent opening block manager: real 0.003s	user 0.003s	sys 0.000s
I20260608 10:09:56.158495  4126 fs_manager.cc:647] Opened local filesystem: /tmp/dist-test-task74I2ex/test-tmp/auto_rebalancer-test.0.AutoRebalancerTest.RangeAwareBuildClusterInfoGroupsByRange.1780913317443150-4126-0/minicluster-data/ts-1-root
uuid: "c47315e37ba34c1ebb58d003e1c654a4"
format_stamp: "Formatted at 2026-06-08 10:09:56 on dist-test-slave-t6bb"
I20260608 10:09:56.158811  4126 fs_report.cc:389] FS layout report
--------------------
wal directory: /tmp/dist-test-task74I2ex/test-tmp/auto_rebalancer-test.0.AutoRebalancerTest.RangeAwareBuildClusterInfoGroupsByRange.1780913317443150-4126-0/minicluster-data/ts-1-root
metadata directory: /tmp/dist-test-task74I2ex/test-tmp/auto_rebalancer-test.0.AutoRebalancerTest.RangeAwareBuildClusterInfoGroupsByRange.1780913317443150-4126-0/minicluster-data/ts-1-root
1 data directories: /tmp/dist-test-task74I2ex/test-tmp/auto_rebalancer-test.0.AutoRebalancerTest.RangeAwareBuildClusterInfoGroupsByRange.1780913317443150-4126-0/minicluster-data/ts-1-root/data
Total live blocks: 0
Total live bytes: 0
Total live bytes (after alignment): 0
Total number of LBM containers: 0 (0 full)
Did not check for missing blocks
Did not check for orphaned blocks
Total full LBM containers with extra space: 0 (0 repaired)
Total full LBM container extra space in bytes: 0 (0 repaired)
Total incomplete LBM containers: 0 (0 repaired)
Total LBM partial records: 0 (0 repaired)
Total corrupted LBM metadata records in RocksDB: 0 (0 repaired)
I20260608 10:09:56.178225  4126 rpc_server.cc:225] running with OpenSSL 1.1.1  11 Sep 2018
I20260608 10:09:56.179937  4126 kserver.cc:163] Server-wide thread pool size limit: 3276
I20260608 10:09:56.181865  4126 txn_system_client.cc:432] TxnSystemClient initialization is disabled...
I20260608 10:09:56.184854  4126 ts_tablet_manager.cc:585] Loaded tablet metadata (0 total tablets, 0 live tablets)
I20260608 10:09:56.185135  4126 ts_tablet_manager.cc:531] Time spent load tablet metadata: real 0.000s	user 0.000s	sys 0.000s
I20260608 10:09:56.185439  4126 ts_tablet_manager.cc:616] Registered 0 tablets
I20260608 10:09:56.185636  4126 ts_tablet_manager.cc:595] Time spent register tablets: real 0.000s	user 0.000s	sys 0.000s
I20260608 10:09:56.229696  4126 rpc_server.cc:307] RPC server started. Bound to: 127.4.7.130:38277
I20260608 10:09:56.229830  6874 acceptor_pool.cc:272] collecting diagnostics on the listening RPC socket 127.4.7.130:38277 every 8 connection(s)
I20260608 10:09:56.235121  4126 file_cache.cc:492] Constructed file cache file cache with capacity 419430
W20260608 10:09:56.243377  6878 instance_detector.cc:116] could not retrieve AWS instance metadata: Network error: curl error: HTTP response code said error: The requested URL returned error: 404
W20260608 10:09:56.246081  6879 instance_detector.cc:116] could not retrieve Azure instance metadata: Network error: curl error: HTTP response code said error: The requested URL returned error: 404
I20260608 10:09:56.247818  4126 server_base.cc:1061] running on GCE node
W20260608 10:09:56.248713  6881 instance_detector.cc:116] could not retrieve OpenStack instance metadata: Network error: curl error: HTTP response code said error: The requested URL returned error: 404
I20260608 10:09:56.249374  6875 heartbeater.cc:344] Connected to a master server at 127.4.7.190:40827
I20260608 10:09:56.249790  6875 heartbeater.cc:461] Registering TS with master...
I20260608 10:09:56.249816  4126 hybrid_clock.cc:584] initializing the hybrid clock with 'system_unsync' time source
W20260608 10:09:56.250216  4126 system_unsync_time.cc:38] NTP support is disabled. Clock error bounds will not be accurate. This configuration is not suitable for distributed clusters.
I20260608 10:09:56.250393  4126 hybrid_clock.cc:648] HybridClock initialized: now 1780913396250358 us; error 0 us; skew 500 ppm
I20260608 10:09:56.250865  6875 heartbeater.cc:507] Master 127.4.7.190:40827 requested a full tablet report, sending...
I20260608 10:09:56.251065  4126 server_base.cc:861] Flag tcmalloc_max_total_thread_cache_bytes is not working since tcmalloc is not enabled.
I20260608 10:09:56.253509  6673 ts_manager.cc:194] Registered new tserver with Master: c47315e37ba34c1ebb58d003e1c654a4 (127.4.7.130:38277)
I20260608 10:09:56.254324  4126 webserver.cc:533] Webserver started at http://127.4.7.131:36143/ using document root <none> and password file <none>
I20260608 10:09:56.254900  4126 fs_manager.cc:362] Metadata directory not provided
I20260608 10:09:56.255121  4126 fs_manager.cc:368] Using write-ahead log directory (fs_wal_dir) as metadata directory
I20260608 10:09:56.255398  4126 server_base.cc:909] This appears to be a new deployment of Kudu; creating new FS layout
I20260608 10:09:56.255520  6673 master_service.cc:502] Signed X509 certificate for tserver {username='slave'} at 127.0.0.1:60658
I20260608 10:09:56.256841  4126 fs_manager.cc:1068] Generated new instance metadata in path /tmp/dist-test-task74I2ex/test-tmp/auto_rebalancer-test.0.AutoRebalancerTest.RangeAwareBuildClusterInfoGroupsByRange.1780913317443150-4126-0/minicluster-data/ts-2-root/instance:
uuid: "be631041d55048a2aba4a9efbb78efc7"
format_stamp: "Formatted at 2026-06-08 10:09:56 on dist-test-slave-t6bb"
I20260608 10:09:56.261713  4126 fs_manager.cc:696] Time spent creating directory manager: real 0.004s	user 0.002s	sys 0.001s
I20260608 10:09:56.265363  6886 log_block_manager.cc:4031] Time spent loading block containers with low live blocks: real 0.000s	user 0.000s	sys 0.000s
I20260608 10:09:56.266263  4126 fs_manager.cc:730] Time spent opening block manager: real 0.003s	user 0.002s	sys 0.001s
I20260608 10:09:56.266605  4126 fs_manager.cc:647] Opened local filesystem: /tmp/dist-test-task74I2ex/test-tmp/auto_rebalancer-test.0.AutoRebalancerTest.RangeAwareBuildClusterInfoGroupsByRange.1780913317443150-4126-0/minicluster-data/ts-2-root
uuid: "be631041d55048a2aba4a9efbb78efc7"
format_stamp: "Formatted at 2026-06-08 10:09:56 on dist-test-slave-t6bb"
I20260608 10:09:56.266937  4126 fs_report.cc:389] FS layout report
--------------------
wal directory: /tmp/dist-test-task74I2ex/test-tmp/auto_rebalancer-test.0.AutoRebalancerTest.RangeAwareBuildClusterInfoGroupsByRange.1780913317443150-4126-0/minicluster-data/ts-2-root
metadata directory: /tmp/dist-test-task74I2ex/test-tmp/auto_rebalancer-test.0.AutoRebalancerTest.RangeAwareBuildClusterInfoGroupsByRange.1780913317443150-4126-0/minicluster-data/ts-2-root
1 data directories: /tmp/dist-test-task74I2ex/test-tmp/auto_rebalancer-test.0.AutoRebalancerTest.RangeAwareBuildClusterInfoGroupsByRange.1780913317443150-4126-0/minicluster-data/ts-2-root/data
Total live blocks: 0
Total live bytes: 0
Total live bytes (after alignment): 0
Total number of LBM containers: 0 (0 full)
Did not check for missing blocks
Did not check for orphaned blocks
Total full LBM containers with extra space: 0 (0 repaired)
Total full LBM container extra space in bytes: 0 (0 repaired)
Total incomplete LBM containers: 0 (0 repaired)
Total LBM partial records: 0 (0 repaired)
Total corrupted LBM metadata records in RocksDB: 0 (0 repaired)
I20260608 10:09:56.284819  4126 rpc_server.cc:225] running with OpenSSL 1.1.1  11 Sep 2018
I20260608 10:09:56.286103  4126 kserver.cc:163] Server-wide thread pool size limit: 3276
I20260608 10:09:56.287786  4126 txn_system_client.cc:432] TxnSystemClient initialization is disabled...
I20260608 10:09:56.290395  4126 ts_tablet_manager.cc:585] Loaded tablet metadata (0 total tablets, 0 live tablets)
I20260608 10:09:56.290637  4126 ts_tablet_manager.cc:531] Time spent load tablet metadata: real 0.000s	user 0.000s	sys 0.000s
I20260608 10:09:56.290894  4126 ts_tablet_manager.cc:616] Registered 0 tablets
I20260608 10:09:56.291086  4126 ts_tablet_manager.cc:595] Time spent register tablets: real 0.000s	user 0.000s	sys 0.000s
I20260608 10:09:56.336150  4126 rpc_server.cc:307] RPC server started. Bound to: 127.4.7.131:39799
I20260608 10:09:56.336274  6948 acceptor_pool.cc:272] collecting diagnostics on the listening RPC socket 127.4.7.131:39799 every 8 connection(s)
I20260608 10:09:56.351959  6949 heartbeater.cc:344] Connected to a master server at 127.4.7.190:40827
I20260608 10:09:56.352384  6949 heartbeater.cc:461] Registering TS with master...
I20260608 10:09:56.353482  6949 heartbeater.cc:507] Master 127.4.7.190:40827 requested a full tablet report, sending...
I20260608 10:09:56.355779  6673 ts_manager.cc:194] Registered new tserver with Master: be631041d55048a2aba4a9efbb78efc7 (127.4.7.131:39799)
I20260608 10:09:56.356164  4126 internal_mini_cluster.cc:371] 3 TS(s) registered with all masters after 0.016383198s
I20260608 10:09:56.357507  6673 master_service.cc:502] Signed X509 certificate for tserver {username='slave'} at 127.0.0.1:60670
I20260608 10:09:57.155197  6800 heartbeater.cc:499] Master 127.4.7.190:40827 was elected leader, sending a full tablet report...
I20260608 10:09:57.258364  6875 heartbeater.cc:499] Master 127.4.7.190:40827 was elected leader, sending a full tablet report...
I20260608 10:09:57.360478  6949 heartbeater.cc:499] Master 127.4.7.190:40827 was elected leader, sending a full tablet report...
I20260608 10:09:57.413266  6673 catalog_manager.cc:2282] Servicing CreateTable request from {username='slave'} at 127.0.0.1:60682:
name: "range_aware_auto_rebalancer_test"
schema {
  columns {
    name: "key"
    type: INT32
    is_key: true
    is_nullable: false
    encoding: AUTO_ENCODING
    compression: DEFAULT_COMPRESSION
    cfile_block_size: 0
    immutable: false
  }
}
num_replicas: 3
split_rows_range_bounds {
  rows: "\006\001\000\000\000\000\007\001\n\000\000\000\006\001\n\000\000\000\007\001\024\000\000\000""\006\001\000\000\000\000\007\001\n\000\000\000\006\001\n\000\000\000\007\001\024\000\000\000"
  indirect_data: """"
}
partition_schema {
  hash_schema {
    columns {
      name: "key"
    }
    num_buckets: 2
    seed: 0
  }
  range_schema {
    columns {
      name: "key"
    }
  }
}
W20260608 10:09:57.415743  6673 catalog_manager.cc:7076] The number of live tablet servers is not enough to re-replicate a tablet replica of the newly created table range_aware_auto_rebalancer_test in case of a server failure: 4 tablet servers would be needed, 3 are available. Consider bringing up more tablet servers.
I20260608 10:09:57.485769  6840 tablet_service.cc:1511] Processing CreateTablet for tablet cba23c019b504031b18f24beba0732f0 (DEFAULT_TABLE table=range_aware_auto_rebalancer_test [id=59f9d0c370a94fec8e979f5f7a99fecf]), partition=HASH (key) PARTITION 0, RANGE (key) PARTITION 0 <= VALUES < 10
I20260608 10:09:57.486163  6837 tablet_service.cc:1511] Processing CreateTablet for tablet 67ee224c44ab4bf3892665184f36a952 (DEFAULT_TABLE table=range_aware_auto_rebalancer_test [id=59f9d0c370a94fec8e979f5f7a99fecf]), partition=HASH (key) PARTITION 1, RANGE (key) PARTITION 10 <= VALUES < 20
I20260608 10:09:57.487635  6840 data_dirs.cc:400] Could only allocate 1 dirs of requested 3 for tablet cba23c019b504031b18f24beba0732f0. 1 dirs total, 0 dirs full, 0 dirs failed
I20260608 10:09:57.488066  6839 tablet_service.cc:1511] Processing CreateTablet for tablet d5ced3ee8f624a4391ed41191a5ea827 (DEFAULT_TABLE table=range_aware_auto_rebalancer_test [id=59f9d0c370a94fec8e979f5f7a99fecf]), partition=HASH (key) PARTITION 0, RANGE (key) PARTITION 10 <= VALUES < 20
I20260608 10:09:57.490549  6838 tablet_service.cc:1511] Processing CreateTablet for tablet ddd1d6ec32d64bbb8b8fd198a2b0890b (DEFAULT_TABLE table=range_aware_auto_rebalancer_test [id=59f9d0c370a94fec8e979f5f7a99fecf]), partition=HASH (key) PARTITION 1, RANGE (key) PARTITION 0 <= VALUES < 10
I20260608 10:09:57.492830  6839 data_dirs.cc:400] Could only allocate 1 dirs of requested 3 for tablet d5ced3ee8f624a4391ed41191a5ea827. 1 dirs total, 0 dirs full, 0 dirs failed
I20260608 10:09:57.493412  6914 tablet_service.cc:1511] Processing CreateTablet for tablet cba23c019b504031b18f24beba0732f0 (DEFAULT_TABLE table=range_aware_auto_rebalancer_test [id=59f9d0c370a94fec8e979f5f7a99fecf]), partition=HASH (key) PARTITION 0, RANGE (key) PARTITION 0 <= VALUES < 10
I20260608 10:09:57.494904  6914 data_dirs.cc:400] Could only allocate 1 dirs of requested 3 for tablet cba23c019b504031b18f24beba0732f0. 1 dirs total, 0 dirs full, 0 dirs failed
I20260608 10:09:57.495337  6762 tablet_service.cc:1511] Processing CreateTablet for tablet 67ee224c44ab4bf3892665184f36a952 (DEFAULT_TABLE table=range_aware_auto_rebalancer_test [id=59f9d0c370a94fec8e979f5f7a99fecf]), partition=HASH (key) PARTITION 1, RANGE (key) PARTITION 10 <= VALUES < 20
I20260608 10:09:57.496831  6762 data_dirs.cc:400] Could only allocate 1 dirs of requested 3 for tablet 67ee224c44ab4bf3892665184f36a952. 1 dirs total, 0 dirs full, 0 dirs failed
I20260608 10:09:57.498003  6838 data_dirs.cc:400] Could only allocate 1 dirs of requested 3 for tablet ddd1d6ec32d64bbb8b8fd198a2b0890b. 1 dirs total, 0 dirs full, 0 dirs failed
I20260608 10:09:57.498723  6837 data_dirs.cc:400] Could only allocate 1 dirs of requested 3 for tablet 67ee224c44ab4bf3892665184f36a952. 1 dirs total, 0 dirs full, 0 dirs failed
I20260608 10:09:57.502508  6763 tablet_service.cc:1511] Processing CreateTablet for tablet ddd1d6ec32d64bbb8b8fd198a2b0890b (DEFAULT_TABLE table=range_aware_auto_rebalancer_test [id=59f9d0c370a94fec8e979f5f7a99fecf]), partition=HASH (key) PARTITION 1, RANGE (key) PARTITION 0 <= VALUES < 10
I20260608 10:09:57.503997  6763 data_dirs.cc:400] Could only allocate 1 dirs of requested 3 for tablet ddd1d6ec32d64bbb8b8fd198a2b0890b. 1 dirs total, 0 dirs full, 0 dirs failed
I20260608 10:09:57.506866  6764 tablet_service.cc:1511] Processing CreateTablet for tablet d5ced3ee8f624a4391ed41191a5ea827 (DEFAULT_TABLE table=range_aware_auto_rebalancer_test [id=59f9d0c370a94fec8e979f5f7a99fecf]), partition=HASH (key) PARTITION 0, RANGE (key) PARTITION 10 <= VALUES < 20
I20260608 10:09:57.508924  6764 data_dirs.cc:400] Could only allocate 1 dirs of requested 3 for tablet d5ced3ee8f624a4391ed41191a5ea827. 1 dirs total, 0 dirs full, 0 dirs failed
I20260608 10:09:57.510870  6765 tablet_service.cc:1511] Processing CreateTablet for tablet cba23c019b504031b18f24beba0732f0 (DEFAULT_TABLE table=range_aware_auto_rebalancer_test [id=59f9d0c370a94fec8e979f5f7a99fecf]), partition=HASH (key) PARTITION 0, RANGE (key) PARTITION 0 <= VALUES < 10
I20260608 10:09:57.517764  6765 data_dirs.cc:400] Could only allocate 1 dirs of requested 3 for tablet cba23c019b504031b18f24beba0732f0. 1 dirs total, 0 dirs full, 0 dirs failed
I20260608 10:09:57.536515  6970 tablet_bootstrap.cc:492] T cba23c019b504031b18f24beba0732f0 P be631041d55048a2aba4a9efbb78efc7: Bootstrap starting.
I20260608 10:09:57.538992  6969 tablet_bootstrap.cc:492] T cba23c019b504031b18f24beba0732f0 P c47315e37ba34c1ebb58d003e1c654a4: Bootstrap starting.
I20260608 10:09:57.541139  6913 tablet_service.cc:1511] Processing CreateTablet for tablet ddd1d6ec32d64bbb8b8fd198a2b0890b (DEFAULT_TABLE table=range_aware_auto_rebalancer_test [id=59f9d0c370a94fec8e979f5f7a99fecf]), partition=HASH (key) PARTITION 1, RANGE (key) PARTITION 0 <= VALUES < 10
I20260608 10:09:57.543758  6912 tablet_service.cc:1511] Processing CreateTablet for tablet 67ee224c44ab4bf3892665184f36a952 (DEFAULT_TABLE table=range_aware_auto_rebalancer_test [id=59f9d0c370a94fec8e979f5f7a99fecf]), partition=HASH (key) PARTITION 1, RANGE (key) PARTITION 10 <= VALUES < 20
I20260608 10:09:57.546270  6914 tablet_service.cc:1511] Processing CreateTablet for tablet d5ced3ee8f624a4391ed41191a5ea827 (DEFAULT_TABLE table=range_aware_auto_rebalancer_test [id=59f9d0c370a94fec8e979f5f7a99fecf]), partition=HASH (key) PARTITION 0, RANGE (key) PARTITION 10 <= VALUES < 20
I20260608 10:09:57.548530  6913 data_dirs.cc:400] Could only allocate 1 dirs of requested 3 for tablet ddd1d6ec32d64bbb8b8fd198a2b0890b. 1 dirs total, 0 dirs full, 0 dirs failed
I20260608 10:09:57.553610  6912 data_dirs.cc:400] Could only allocate 1 dirs of requested 3 for tablet 67ee224c44ab4bf3892665184f36a952. 1 dirs total, 0 dirs full, 0 dirs failed
I20260608 10:09:57.554476  6969 tablet_bootstrap.cc:654] T cba23c019b504031b18f24beba0732f0 P c47315e37ba34c1ebb58d003e1c654a4: Neither blocks nor log segments found. Creating new log.
I20260608 10:09:57.559084  6971 tablet_bootstrap.cc:492] T d5ced3ee8f624a4391ed41191a5ea827 P 1793587cc3da4f2ba5841b0ddde53974: Bootstrap starting.
I20260608 10:09:57.561625  6914 data_dirs.cc:400] Could only allocate 1 dirs of requested 3 for tablet d5ced3ee8f624a4391ed41191a5ea827. 1 dirs total, 0 dirs full, 0 dirs failed
I20260608 10:09:57.573136  6969 tablet_bootstrap.cc:492] T cba23c019b504031b18f24beba0732f0 P c47315e37ba34c1ebb58d003e1c654a4: No bootstrap required, opened a new log
I20260608 10:09:57.573725  6969 ts_tablet_manager.cc:1403] T cba23c019b504031b18f24beba0732f0 P c47315e37ba34c1ebb58d003e1c654a4: Time spent bootstrapping tablet: real 0.035s	user 0.017s	sys 0.000s
I20260608 10:09:57.577086  6969 raft_consensus.cc:359] T cba23c019b504031b18f24beba0732f0 P c47315e37ba34c1ebb58d003e1c654a4 [term 0 FOLLOWER]: Replica starting. Triggering 0 pending ops. Active config: opid_index: -1 OBSOLETE_local: false peers { permanent_uuid: "c47315e37ba34c1ebb58d003e1c654a4" member_type: VOTER last_known_addr { host: "127.4.7.130" port: 38277 } } peers { permanent_uuid: "1793587cc3da4f2ba5841b0ddde53974" member_type: VOTER last_known_addr { host: "127.4.7.129" port: 44893 } } peers { permanent_uuid: "be631041d55048a2aba4a9efbb78efc7" member_type: VOTER last_known_addr { host: "127.4.7.131" port: 39799 } }
I20260608 10:09:57.577888  6969 raft_consensus.cc:385] T cba23c019b504031b18f24beba0732f0 P c47315e37ba34c1ebb58d003e1c654a4 [term 0 FOLLOWER]: Consensus starting up: Expiring failure detector timer to make a prompt election more likely
I20260608 10:09:57.578235  6969 raft_consensus.cc:740] T cba23c019b504031b18f24beba0732f0 P c47315e37ba34c1ebb58d003e1c654a4 [term 0 FOLLOWER]: Becoming Follower/Learner. State: Replica: c47315e37ba34c1ebb58d003e1c654a4, State: Initialized, Role: FOLLOWER
I20260608 10:09:57.579267  6969 consensus_queue.cc:260] T cba23c019b504031b18f24beba0732f0 P c47315e37ba34c1ebb58d003e1c654a4 [NON_LEADER]: Queue going to NON_LEADER mode. State: All replicated index: 0, Majority replicated index: 0, Committed index: 0, Last appended: 0.0, Last appended by leader: 0, Current term: 0, Majority size: -1, State: 0, Mode: NON_LEADER, active raft config: opid_index: -1 OBSOLETE_local: false peers { permanent_uuid: "c47315e37ba34c1ebb58d003e1c654a4" member_type: VOTER last_known_addr { host: "127.4.7.130" port: 38277 } } peers { permanent_uuid: "1793587cc3da4f2ba5841b0ddde53974" member_type: VOTER last_known_addr { host: "127.4.7.129" port: 44893 } } peers { permanent_uuid: "be631041d55048a2aba4a9efbb78efc7" member_type: VOTER last_known_addr { host: "127.4.7.131" port: 39799 } }
I20260608 10:09:57.581557  6971 tablet_bootstrap.cc:654] T d5ced3ee8f624a4391ed41191a5ea827 P 1793587cc3da4f2ba5841b0ddde53974: Neither blocks nor log segments found. Creating new log.
I20260608 10:09:57.583020  6969 ts_tablet_manager.cc:1434] T cba23c019b504031b18f24beba0732f0 P c47315e37ba34c1ebb58d003e1c654a4: Time spent starting tablet: real 0.009s	user 0.006s	sys 0.003s
I20260608 10:09:57.584681  6969 tablet_bootstrap.cc:492] T 67ee224c44ab4bf3892665184f36a952 P c47315e37ba34c1ebb58d003e1c654a4: Bootstrap starting.
I20260608 10:09:57.586385  6970 tablet_bootstrap.cc:654] T cba23c019b504031b18f24beba0732f0 P be631041d55048a2aba4a9efbb78efc7: Neither blocks nor log segments found. Creating new log.
I20260608 10:09:57.592111  6969 tablet_bootstrap.cc:654] T 67ee224c44ab4bf3892665184f36a952 P c47315e37ba34c1ebb58d003e1c654a4: Neither blocks nor log segments found. Creating new log.
I20260608 10:09:57.593483  6971 tablet_bootstrap.cc:492] T d5ced3ee8f624a4391ed41191a5ea827 P 1793587cc3da4f2ba5841b0ddde53974: No bootstrap required, opened a new log
I20260608 10:09:57.594065  6971 ts_tablet_manager.cc:1403] T d5ced3ee8f624a4391ed41191a5ea827 P 1793587cc3da4f2ba5841b0ddde53974: Time spent bootstrapping tablet: real 0.035s	user 0.012s	sys 0.007s
I20260608 10:09:57.597226  6971 raft_consensus.cc:359] T d5ced3ee8f624a4391ed41191a5ea827 P 1793587cc3da4f2ba5841b0ddde53974 [term 0 FOLLOWER]: Replica starting. Triggering 0 pending ops. Active config: opid_index: -1 OBSOLETE_local: false peers { permanent_uuid: "1793587cc3da4f2ba5841b0ddde53974" member_type: VOTER last_known_addr { host: "127.4.7.129" port: 44893 } } peers { permanent_uuid: "c47315e37ba34c1ebb58d003e1c654a4" member_type: VOTER last_known_addr { host: "127.4.7.130" port: 38277 } } peers { permanent_uuid: "be631041d55048a2aba4a9efbb78efc7" member_type: VOTER last_known_addr { host: "127.4.7.131" port: 39799 } }
I20260608 10:09:57.598028  6971 raft_consensus.cc:385] T d5ced3ee8f624a4391ed41191a5ea827 P 1793587cc3da4f2ba5841b0ddde53974 [term 0 FOLLOWER]: Consensus starting up: Expiring failure detector timer to make a prompt election more likely
I20260608 10:09:57.598404  6971 raft_consensus.cc:740] T d5ced3ee8f624a4391ed41191a5ea827 P 1793587cc3da4f2ba5841b0ddde53974 [term 0 FOLLOWER]: Becoming Follower/Learner. State: Replica: 1793587cc3da4f2ba5841b0ddde53974, State: Initialized, Role: FOLLOWER
I20260608 10:09:57.599443  6971 consensus_queue.cc:260] T d5ced3ee8f624a4391ed41191a5ea827 P 1793587cc3da4f2ba5841b0ddde53974 [NON_LEADER]: Queue going to NON_LEADER mode. State: All replicated index: 0, Majority replicated index: 0, Committed index: 0, Last appended: 0.0, Last appended by leader: 0, Current term: 0, Majority size: -1, State: 0, Mode: NON_LEADER, active raft config: opid_index: -1 OBSOLETE_local: false peers { permanent_uuid: "1793587cc3da4f2ba5841b0ddde53974" member_type: VOTER last_known_addr { host: "127.4.7.129" port: 44893 } } peers { permanent_uuid: "c47315e37ba34c1ebb58d003e1c654a4" member_type: VOTER last_known_addr { host: "127.4.7.130" port: 38277 } } peers { permanent_uuid: "be631041d55048a2aba4a9efbb78efc7" member_type: VOTER last_known_addr { host: "127.4.7.131" port: 39799 } }
I20260608 10:09:57.601524  6970 tablet_bootstrap.cc:492] T cba23c019b504031b18f24beba0732f0 P be631041d55048a2aba4a9efbb78efc7: No bootstrap required, opened a new log
I20260608 10:09:57.602056  6969 tablet_bootstrap.cc:492] T 67ee224c44ab4bf3892665184f36a952 P c47315e37ba34c1ebb58d003e1c654a4: No bootstrap required, opened a new log
I20260608 10:09:57.602152  6970 ts_tablet_manager.cc:1403] T cba23c019b504031b18f24beba0732f0 P be631041d55048a2aba4a9efbb78efc7: Time spent bootstrapping tablet: real 0.066s	user 0.014s	sys 0.008s
I20260608 10:09:57.602666  6969 ts_tablet_manager.cc:1403] T 67ee224c44ab4bf3892665184f36a952 P c47315e37ba34c1ebb58d003e1c654a4: Time spent bootstrapping tablet: real 0.018s	user 0.012s	sys 0.000s
I20260608 10:09:57.602972  6971 ts_tablet_manager.cc:1434] T d5ced3ee8f624a4391ed41191a5ea827 P 1793587cc3da4f2ba5841b0ddde53974: Time spent starting tablet: real 0.009s	user 0.005s	sys 0.002s
I20260608 10:09:57.604596  6971 tablet_bootstrap.cc:492] T cba23c019b504031b18f24beba0732f0 P 1793587cc3da4f2ba5841b0ddde53974: Bootstrap starting.
I20260608 10:09:57.605741  6970 raft_consensus.cc:359] T cba23c019b504031b18f24beba0732f0 P be631041d55048a2aba4a9efbb78efc7 [term 0 FOLLOWER]: Replica starting. Triggering 0 pending ops. Active config: opid_index: -1 OBSOLETE_local: false peers { permanent_uuid: "c47315e37ba34c1ebb58d003e1c654a4" member_type: VOTER last_known_addr { host: "127.4.7.130" port: 38277 } } peers { permanent_uuid: "1793587cc3da4f2ba5841b0ddde53974" member_type: VOTER last_known_addr { host: "127.4.7.129" port: 44893 } } peers { permanent_uuid: "be631041d55048a2aba4a9efbb78efc7" member_type: VOTER last_known_addr { host: "127.4.7.131" port: 39799 } }
I20260608 10:09:57.606005  6969 raft_consensus.cc:359] T 67ee224c44ab4bf3892665184f36a952 P c47315e37ba34c1ebb58d003e1c654a4 [term 0 FOLLOWER]: Replica starting. Triggering 0 pending ops. Active config: opid_index: -1 OBSOLETE_local: false peers { permanent_uuid: "1793587cc3da4f2ba5841b0ddde53974" member_type: VOTER last_known_addr { host: "127.4.7.129" port: 44893 } } peers { permanent_uuid: "c47315e37ba34c1ebb58d003e1c654a4" member_type: VOTER last_known_addr { host: "127.4.7.130" port: 38277 } } peers { permanent_uuid: "be631041d55048a2aba4a9efbb78efc7" member_type: VOTER last_known_addr { host: "127.4.7.131" port: 39799 } }
I20260608 10:09:57.607038  6970 raft_consensus.cc:385] T cba23c019b504031b18f24beba0732f0 P be631041d55048a2aba4a9efbb78efc7 [term 0 FOLLOWER]: Consensus starting up: Expiring failure detector timer to make a prompt election more likely
I20260608 10:09:57.607185  6969 raft_consensus.cc:385] T 67ee224c44ab4bf3892665184f36a952 P c47315e37ba34c1ebb58d003e1c654a4 [term 0 FOLLOWER]: Consensus starting up: Expiring failure detector timer to make a prompt election more likely
I20260608 10:09:57.607507  6970 raft_consensus.cc:740] T cba23c019b504031b18f24beba0732f0 P be631041d55048a2aba4a9efbb78efc7 [term 0 FOLLOWER]: Becoming Follower/Learner. State: Replica: be631041d55048a2aba4a9efbb78efc7, State: Initialized, Role: FOLLOWER
I20260608 10:09:57.607622  6969 raft_consensus.cc:740] T 67ee224c44ab4bf3892665184f36a952 P c47315e37ba34c1ebb58d003e1c654a4 [term 0 FOLLOWER]: Becoming Follower/Learner. State: Replica: c47315e37ba34c1ebb58d003e1c654a4, State: Initialized, Role: FOLLOWER
I20260608 10:09:57.608605  6970 consensus_queue.cc:260] T cba23c019b504031b18f24beba0732f0 P be631041d55048a2aba4a9efbb78efc7 [NON_LEADER]: Queue going to NON_LEADER mode. State: All replicated index: 0, Majority replicated index: 0, Committed index: 0, Last appended: 0.0, Last appended by leader: 0, Current term: 0, Majority size: -1, State: 0, Mode: NON_LEADER, active raft config: opid_index: -1 OBSOLETE_local: false peers { permanent_uuid: "c47315e37ba34c1ebb58d003e1c654a4" member_type: VOTER last_known_addr { host: "127.4.7.130" port: 38277 } } peers { permanent_uuid: "1793587cc3da4f2ba5841b0ddde53974" member_type: VOTER last_known_addr { host: "127.4.7.129" port: 44893 } } peers { permanent_uuid: "be631041d55048a2aba4a9efbb78efc7" member_type: VOTER last_known_addr { host: "127.4.7.131" port: 39799 } }
I20260608 10:09:57.608595  6969 consensus_queue.cc:260] T 67ee224c44ab4bf3892665184f36a952 P c47315e37ba34c1ebb58d003e1c654a4 [NON_LEADER]: Queue going to NON_LEADER mode. State: All replicated index: 0, Majority replicated index: 0, Committed index: 0, Last appended: 0.0, Last appended by leader: 0, Current term: 0, Majority size: -1, State: 0, Mode: NON_LEADER, active raft config: opid_index: -1 OBSOLETE_local: false peers { permanent_uuid: "1793587cc3da4f2ba5841b0ddde53974" member_type: VOTER last_known_addr { host: "127.4.7.129" port: 44893 } } peers { permanent_uuid: "c47315e37ba34c1ebb58d003e1c654a4" member_type: VOTER last_known_addr { host: "127.4.7.130" port: 38277 } } peers { permanent_uuid: "be631041d55048a2aba4a9efbb78efc7" member_type: VOTER last_known_addr { host: "127.4.7.131" port: 39799 } }
I20260608 10:09:57.611289  6969 ts_tablet_manager.cc:1434] T 67ee224c44ab4bf3892665184f36a952 P c47315e37ba34c1ebb58d003e1c654a4: Time spent starting tablet: real 0.008s	user 0.006s	sys 0.000s
I20260608 10:09:57.613513  6971 tablet_bootstrap.cc:654] T cba23c019b504031b18f24beba0732f0 P 1793587cc3da4f2ba5841b0ddde53974: Neither blocks nor log segments found. Creating new log.
I20260608 10:09:57.614634  6969 tablet_bootstrap.cc:492] T ddd1d6ec32d64bbb8b8fd198a2b0890b P c47315e37ba34c1ebb58d003e1c654a4: Bootstrap starting.
I20260608 10:09:57.624476  6969 tablet_bootstrap.cc:654] T ddd1d6ec32d64bbb8b8fd198a2b0890b P c47315e37ba34c1ebb58d003e1c654a4: Neither blocks nor log segments found. Creating new log.
