I20260608 10:10:08.024348  4425 ts_tablet_manager.cc:616] Registered 0 tablets
I20260608 10:10:08.024669  4425 ts_tablet_manager.cc:595] Time spent register tablets: real 0.000s	user 0.000s	sys 0.001s
I20260608 10:10:08.078150  4425 rpc_server.cc:307] RPC server started. Bound to: 127.4.82.68:41097
I20260608 10:10:08.078305  7765 acceptor_pool.cc:272] collecting diagnostics on the listening RPC socket 127.4.82.68:41097 every 8 connection(s)
I20260608 10:10:08.086997  7330 catalog_manager.cc:3569] Servicing AlterTable request from {username='slave'} at 127.0.0.1:49140:
table { table_name: "range_aware_rebalance_new_range" } alter_schema_steps { type: ADD_RANGE_PARTITION add_range_partition { range_bounds { rows: "\006\001\n\000\000\000\007\001\024\000\000\000""\006\001\n\000\000\000\007\001\024\000\000\000" indirect_data: """" } } } schema { columns { name: "key" type: INT32 is_key: true is_nullable: false encoding: AUTO_ENCODING compression: DEFAULT_COMPRESSION cfile_block_size: 0 immutable: false } } modify_external_catalogs: true
I20260608 10:10:08.100472  7766 heartbeater.cc:344] Connected to a master server at 127.4.82.126:37529
I20260608 10:10:08.100997  7766 heartbeater.cc:461] Registering TS with master...
I20260608 10:10:08.101868  7766 heartbeater.cc:507] Master 127.4.82.126:37529 requested a full tablet report, sending...
I20260608 10:10:08.105010  7329 ts_manager.cc:194] Registered new tserver with Master: be3bbda83e5a40859ee429d040bf8b3d (127.4.82.68:41097)
I20260608 10:10:08.106932  7329 master_service.cc:502] Signed X509 certificate for tserver {username='slave'} at 127.0.0.1:49152
W20260608 10:10:08.121711  7330 catalog_manager.cc:5956] Failed to send alter table request: Not found: failed to reset TS proxy: No leader found: Tablet 6f92356741f34d5b849404f2e15d4d5e has no consensus state
W20260608 10:10:08.126196  7330 catalog_manager.cc:5956] Failed to send alter table request: Not found: failed to reset TS proxy: No leader found: Tablet 3b5d4669cdfb4b1abf1cb0b5889efd4f has no consensus state
W20260608 10:10:08.127732  7330 catalog_manager.cc:5956] Failed to send alter table request: Not found: failed to reset TS proxy: No leader found: Tablet 2481be6f75a442ec975e23042a9cdaf4 has no consensus state
W20260608 10:10:08.129243  7330 catalog_manager.cc:5956] Failed to send alter table request: Not found: failed to reset TS proxy: No leader found: Tablet 331d5eb2281242388c6a067708ba5b22 has no consensus state
W20260608 10:10:08.130923  7330 catalog_manager.cc:5956] Failed to send alter table request: Not found: failed to reset TS proxy: No leader found: Tablet 2c747dc5a5b04188b39ef4427c350668 has no consensus state
W20260608 10:10:08.132498  7330 catalog_manager.cc:5956] Failed to send alter table request: Not found: failed to reset TS proxy: No leader found: Tablet 6c2e091dcdc84405ae84793cbe9090f5 has no consensus state
W20260608 10:10:08.134119  7330 catalog_manager.cc:5956] Failed to send alter table request: Not found: failed to reset TS proxy: No leader found: Tablet 89efb9f4f3aa4f20ac77b7ba80fd3211 has no consensus state
W20260608 10:10:08.135660  7330 catalog_manager.cc:5956] Failed to send alter table request: Not found: failed to reset TS proxy: No leader found: Tablet 8af334e0fde14e0ba8d835fbae8537c4 has no consensus state
W20260608 10:10:08.153255  7314 catalog_manager.cc:4809] Async tablet task AlterTable RPC for tablet 3b5d4669cdfb4b1abf1cb0b5889efd4f (table range_aware_rebalance_new_range [id=3c96d868126a4c12894d85b210aae596], current schema version=0) failed: Not found: failed to reset TS proxy: No leader found: Tablet 3b5d4669cdfb4b1abf1cb0b5889efd4f has no consensus state
I20260608 10:10:08.164597  7417 tablet_service.cc:1511] Processing CreateTablet for tablet 6f92356741f34d5b849404f2e15d4d5e (DEFAULT_TABLE table=range_aware_rebalance_new_range [id=3c96d868126a4c12894d85b210aae596]), partition=HASH (key) PARTITION 0, RANGE (key) PARTITION 10 <= VALUES < 20
I20260608 10:10:08.166847  7417 data_dirs.cc:400] Could only allocate 1 dirs of requested 3 for tablet 6f92356741f34d5b849404f2e15d4d5e. 1 dirs total, 0 dirs full, 0 dirs failed
I20260608 10:10:08.169006  7491 tablet_service.cc:1511] Processing CreateTablet for tablet 6f92356741f34d5b849404f2e15d4d5e (DEFAULT_TABLE table=range_aware_rebalance_new_range [id=3c96d868126a4c12894d85b210aae596]), partition=HASH (key) PARTITION 0, RANGE (key) PARTITION 10 <= VALUES < 20
I20260608 10:10:08.170825  7491 data_dirs.cc:400] Could only allocate 1 dirs of requested 3 for tablet 6f92356741f34d5b849404f2e15d4d5e. 1 dirs total, 0 dirs full, 0 dirs failed
I20260608 10:10:08.171392  7415 tablet_service.cc:1511] Processing CreateTablet for tablet 3b5d4669cdfb4b1abf1cb0b5889efd4f (DEFAULT_TABLE table=range_aware_rebalance_new_range [id=3c96d868126a4c12894d85b210aae596]), partition=HASH (key) PARTITION 1, RANGE (key) PARTITION 10 <= VALUES < 20
I20260608 10:10:08.172966  7415 data_dirs.cc:400] Could only allocate 1 dirs of requested 3 for tablet 3b5d4669cdfb4b1abf1cb0b5889efd4f. 1 dirs total, 0 dirs full, 0 dirs failed
I20260608 10:10:08.185062  7420 tablet_service.cc:1511] Processing CreateTablet for tablet 331d5eb2281242388c6a067708ba5b22 (DEFAULT_TABLE table=range_aware_rebalance_new_range [id=3c96d868126a4c12894d85b210aae596]), partition=HASH (key) PARTITION 3, RANGE (key) PARTITION 10 <= VALUES < 20
I20260608 10:10:08.178784  7567 tablet_service.cc:1511] Processing CreateTablet for tablet 3b5d4669cdfb4b1abf1cb0b5889efd4f (DEFAULT_TABLE table=range_aware_rebalance_new_range [id=3c96d868126a4c12894d85b210aae596]), partition=HASH (key) PARTITION 1, RANGE (key) PARTITION 10 <= VALUES < 20
I20260608 10:10:08.186669  7420 data_dirs.cc:400] Could only allocate 1 dirs of requested 3 for tablet 331d5eb2281242388c6a067708ba5b22. 1 dirs total, 0 dirs full, 0 dirs failed
I20260608 10:10:08.186841  7567 data_dirs.cc:400] Could only allocate 1 dirs of requested 3 for tablet 3b5d4669cdfb4b1abf1cb0b5889efd4f. 1 dirs total, 0 dirs full, 0 dirs failed
I20260608 10:10:08.181180  7490 tablet_service.cc:1511] Processing CreateTablet for tablet 2481be6f75a442ec975e23042a9cdaf4 (DEFAULT_TABLE table=range_aware_rebalance_new_range [id=3c96d868126a4c12894d85b210aae596]), partition=HASH (key) PARTITION 2, RANGE (key) PARTITION 10 <= VALUES < 20
I20260608 10:10:08.189388  7490 data_dirs.cc:400] Could only allocate 1 dirs of requested 3 for tablet 2481be6f75a442ec975e23042a9cdaf4. 1 dirs total, 0 dirs full, 0 dirs failed
I20260608 10:10:08.184540  7570 tablet_service.cc:1511] Processing CreateTablet for tablet 2481be6f75a442ec975e23042a9cdaf4 (DEFAULT_TABLE table=range_aware_rebalance_new_range [id=3c96d868126a4c12894d85b210aae596]), partition=HASH (key) PARTITION 2, RANGE (key) PARTITION 10 <= VALUES < 20
I20260608 10:10:08.193378  7570 data_dirs.cc:400] Could only allocate 1 dirs of requested 3 for tablet 2481be6f75a442ec975e23042a9cdaf4. 1 dirs total, 0 dirs full, 0 dirs failed
I20260608 10:10:08.193827  7690 consensus_queue.cc:1048] T d0f180ee27c34a18bbc274e8e13e4dc2 P e3ec5b523385494fb90ee82af6fbae82 [LEADER]: Connected to new peer: Peer: permanent_uuid: "aed962f50c884eab86ea7d0296a24402" member_type: VOTER last_known_addr { host: "127.4.82.65" port: 44251 }, Status: LMP_MISMATCH, Last received: 0.0, Next index: 1, Last known committed idx: 0, Time since last communication: 0.001s
W20260608 10:10:08.197582  7378 auto_rebalancer.cc:259] Could not retrieve cluster info: Service unavailable: Tablet not running
I20260608 10:10:08.200443  7493 tablet_service.cc:1511] Processing CreateTablet for tablet 331d5eb2281242388c6a067708ba5b22 (DEFAULT_TABLE table=range_aware_rebalance_new_range [id=3c96d868126a4c12894d85b210aae596]), partition=HASH (key) PARTITION 3, RANGE (key) PARTITION 10 <= VALUES < 20
I20260608 10:10:08.202309  7493 data_dirs.cc:400] Could only allocate 1 dirs of requested 3 for tablet 331d5eb2281242388c6a067708ba5b22. 1 dirs total, 0 dirs full, 0 dirs failed
I20260608 10:10:08.202448  7418 tablet_service.cc:1511] Processing CreateTablet for tablet 2c747dc5a5b04188b39ef4427c350668 (DEFAULT_TABLE table=range_aware_rebalance_new_range [id=3c96d868126a4c12894d85b210aae596]), partition=HASH (key) PARTITION 4, RANGE (key) PARTITION 10 <= VALUES < 20
I20260608 10:10:08.204126  7418 data_dirs.cc:400] Could only allocate 1 dirs of requested 3 for tablet 2c747dc5a5b04188b39ef4427c350668. 1 dirs total, 0 dirs full, 0 dirs failed
I20260608 10:10:08.219659  7690 consensus_queue.cc:1048] T d0f180ee27c34a18bbc274e8e13e4dc2 P e3ec5b523385494fb90ee82af6fbae82 [LEADER]: Connected to new peer: Peer: permanent_uuid: "de639dd17e654646bd6b9952ee935715" member_type: VOTER last_known_addr { host: "127.4.82.66" port: 44749 }, Status: LMP_MISMATCH, Last received: 0.0, Next index: 1, Last known committed idx: 0, Time since last communication: 0.001s
I20260608 10:10:08.219933  7564 tablet_service.cc:1511] Processing CreateTablet for tablet 2c747dc5a5b04188b39ef4427c350668 (DEFAULT_TABLE table=range_aware_rebalance_new_range [id=3c96d868126a4c12894d85b210aae596]), partition=HASH (key) PARTITION 4, RANGE (key) PARTITION 10 <= VALUES < 20
I20260608 10:10:08.221701  7564 data_dirs.cc:400] Could only allocate 1 dirs of requested 3 for tablet 2c747dc5a5b04188b39ef4427c350668. 1 dirs total, 0 dirs full, 0 dirs failed
I20260608 10:10:08.222059  7419 tablet_service.cc:1511] Processing CreateTablet for tablet 89efb9f4f3aa4f20ac77b7ba80fd3211 (DEFAULT_TABLE table=range_aware_rebalance_new_range [id=3c96d868126a4c12894d85b210aae596]), partition=HASH (key) PARTITION 6, RANGE (key) PARTITION 10 <= VALUES < 20
I20260608 10:10:08.223474  7419 data_dirs.cc:400] Could only allocate 1 dirs of requested 3 for tablet 89efb9f4f3aa4f20ac77b7ba80fd3211. 1 dirs total, 0 dirs full, 0 dirs failed
I20260608 10:10:08.225812  7566 tablet_service.cc:1511] Processing CreateTablet for tablet 6c2e091dcdc84405ae84793cbe9090f5 (DEFAULT_TABLE table=range_aware_rebalance_new_range [id=3c96d868126a4c12894d85b210aae596]), partition=HASH (key) PARTITION 5, RANGE (key) PARTITION 10 <= VALUES < 20
I20260608 10:10:08.227442  7566 data_dirs.cc:400] Could only allocate 1 dirs of requested 3 for tablet 6c2e091dcdc84405ae84793cbe9090f5. 1 dirs total, 0 dirs full, 0 dirs failed
I20260608 10:10:08.235018  7495 tablet_service.cc:1511] Processing CreateTablet for tablet 6c2e091dcdc84405ae84793cbe9090f5 (DEFAULT_TABLE table=range_aware_rebalance_new_range [id=3c96d868126a4c12894d85b210aae596]), partition=HASH (key) PARTITION 5, RANGE (key) PARTITION 10 <= VALUES < 20
I20260608 10:10:08.237205  7495 data_dirs.cc:400] Could only allocate 1 dirs of requested 3 for tablet 6c2e091dcdc84405ae84793cbe9090f5. 1 dirs total, 0 dirs full, 0 dirs failed
I20260608 10:10:08.247215  7497 tablet_service.cc:1511] Processing CreateTablet for tablet 89efb9f4f3aa4f20ac77b7ba80fd3211 (DEFAULT_TABLE table=range_aware_rebalance_new_range [id=3c96d868126a4c12894d85b210aae596]), partition=HASH (key) PARTITION 6, RANGE (key) PARTITION 10 <= VALUES < 20
I20260608 10:10:08.249843  7497 data_dirs.cc:400] Could only allocate 1 dirs of requested 3 for tablet 89efb9f4f3aa4f20ac77b7ba80fd3211. 1 dirs total, 0 dirs full, 0 dirs failed
I20260608 10:10:08.250005  7418 tablet_service.cc:1511] Processing CreateTablet for tablet 8af334e0fde14e0ba8d835fbae8537c4 (DEFAULT_TABLE table=range_aware_rebalance_new_range [id=3c96d868126a4c12894d85b210aae596]), partition=HASH (key) PARTITION 7, RANGE (key) PARTITION 10 <= VALUES < 20
I20260608 10:10:08.251456  7418 data_dirs.cc:400] Could only allocate 1 dirs of requested 3 for tablet 8af334e0fde14e0ba8d835fbae8537c4. 1 dirs total, 0 dirs full, 0 dirs failed
I20260608 10:10:08.248204  7774 tablet_bootstrap.cc:492] T 6f92356741f34d5b849404f2e15d4d5e P de639dd17e654646bd6b9952ee935715: Bootstrap starting.
I20260608 10:10:08.272529  7774 tablet_bootstrap.cc:654] T 6f92356741f34d5b849404f2e15d4d5e P de639dd17e654646bd6b9952ee935715: Neither blocks nor log segments found. Creating new log.
I20260608 10:10:08.275795  7571 tablet_service.cc:1511] Processing CreateTablet for tablet 8af334e0fde14e0ba8d835fbae8537c4 (DEFAULT_TABLE table=range_aware_rebalance_new_range [id=3c96d868126a4c12894d85b210aae596]), partition=HASH (key) PARTITION 7, RANGE (key) PARTITION 10 <= VALUES < 20
I20260608 10:10:08.281844  7571 data_dirs.cc:400] Could only allocate 1 dirs of requested 3 for tablet 8af334e0fde14e0ba8d835fbae8537c4. 1 dirs total, 0 dirs full, 0 dirs failed
I20260608 10:10:08.345563  7774 tablet_bootstrap.cc:492] T 6f92356741f34d5b849404f2e15d4d5e P de639dd17e654646bd6b9952ee935715: No bootstrap required, opened a new log
I20260608 10:10:08.346979  7774 ts_tablet_manager.cc:1403] T 6f92356741f34d5b849404f2e15d4d5e P de639dd17e654646bd6b9952ee935715: Time spent bootstrapping tablet: real 0.099s	user 0.012s	sys 0.006s
I20260608 10:10:08.438813  7772 tablet_bootstrap.cc:492] T 6f92356741f34d5b849404f2e15d4d5e P aed962f50c884eab86ea7d0296a24402: Bootstrap starting.
I20260608 10:10:08.437000  7774 raft_consensus.cc:359] T 6f92356741f34d5b849404f2e15d4d5e P de639dd17e654646bd6b9952ee935715 [term 0 FOLLOWER]: Replica starting. Triggering 0 pending ops. Active config: opid_index: -1 OBSOLETE_local: false peers { permanent_uuid: "aed962f50c884eab86ea7d0296a24402" member_type: VOTER last_known_addr { host: "127.4.82.65" port: 44251 } } peers { permanent_uuid: "be3bbda83e5a40859ee429d040bf8b3d" member_type: VOTER last_known_addr { host: "127.4.82.68" port: 41097 } } peers { permanent_uuid: "de639dd17e654646bd6b9952ee935715" member_type: VOTER last_known_addr { host: "127.4.82.66" port: 44749 } }
I20260608 10:10:08.450095  7774 raft_consensus.cc:385] T 6f92356741f34d5b849404f2e15d4d5e P de639dd17e654646bd6b9952ee935715 [term 0 FOLLOWER]: Consensus starting up: Expiring failure detector timer to make a prompt election more likely
I20260608 10:10:08.450587  7774 raft_consensus.cc:740] T 6f92356741f34d5b849404f2e15d4d5e P de639dd17e654646bd6b9952ee935715 [term 0 FOLLOWER]: Becoming Follower/Learner. State: Replica: de639dd17e654646bd6b9952ee935715, State: Initialized, Role: FOLLOWER
I20260608 10:10:08.451721  7774 consensus_queue.cc:260] T 6f92356741f34d5b849404f2e15d4d5e P de639dd17e654646bd6b9952ee935715 [NON_LEADER]: Queue going to NON_LEADER mode. State: All replicated index: 0, Majority replicated index: 0, Committed index: 0, Last appended: 0.0, Last appended by leader: 0, Current term: 0, Majority size: -1, State: 0, Mode: NON_LEADER, active raft config: opid_index: -1 OBSOLETE_local: false peers { permanent_uuid: "aed962f50c884eab86ea7d0296a24402" member_type: VOTER last_known_addr { host: "127.4.82.65" port: 44251 } } peers { permanent_uuid: "be3bbda83e5a40859ee429d040bf8b3d" member_type: VOTER last_known_addr { host: "127.4.82.68" port: 41097 } } peers { permanent_uuid: "de639dd17e654646bd6b9952ee935715" member_type: VOTER last_known_addr { host: "127.4.82.66" port: 44749 } }
I20260608 10:10:08.454653  7774 ts_tablet_manager.cc:1434] T 6f92356741f34d5b849404f2e15d4d5e P de639dd17e654646bd6b9952ee935715: Time spent starting tablet: real 0.107s	user 0.001s	sys 0.008s
I20260608 10:10:08.458083  7774 tablet_bootstrap.cc:492] T 331d5eb2281242388c6a067708ba5b22 P de639dd17e654646bd6b9952ee935715: Bootstrap starting.
I20260608 10:10:08.463626  7772 tablet_bootstrap.cc:654] T 6f92356741f34d5b849404f2e15d4d5e P aed962f50c884eab86ea7d0296a24402: Neither blocks nor log segments found. Creating new log.
I20260608 10:10:08.470537  7731 tablet_service.cc:1511] Processing CreateTablet for tablet 6f92356741f34d5b849404f2e15d4d5e (DEFAULT_TABLE table=range_aware_rebalance_new_range [id=3c96d868126a4c12894d85b210aae596]), partition=HASH (key) PARTITION 0, RANGE (key) PARTITION 10 <= VALUES < 20
I20260608 10:10:08.473026  7731 data_dirs.cc:400] Could only allocate 1 dirs of requested 3 for tablet 6f92356741f34d5b849404f2e15d4d5e. 1 dirs total, 0 dirs full, 0 dirs failed
I20260608 10:10:08.473626  7777 tablet_bootstrap.cc:492] T 8af334e0fde14e0ba8d835fbae8537c4 P e3ec5b523385494fb90ee82af6fbae82: Bootstrap starting.
I20260608 10:10:08.474270  7730 tablet_service.cc:1511] Processing CreateTablet for tablet 3b5d4669cdfb4b1abf1cb0b5889efd4f (DEFAULT_TABLE table=range_aware_rebalance_new_range [id=3c96d868126a4c12894d85b210aae596]), partition=HASH (key) PARTITION 1, RANGE (key) PARTITION 10 <= VALUES < 20
I20260608 10:10:08.475791  7730 data_dirs.cc:400] Could only allocate 1 dirs of requested 3 for tablet 3b5d4669cdfb4b1abf1cb0b5889efd4f. 1 dirs total, 0 dirs full, 0 dirs failed
I20260608 10:10:08.477267  7772 tablet_bootstrap.cc:492] T 6f92356741f34d5b849404f2e15d4d5e P aed962f50c884eab86ea7d0296a24402: No bootstrap required, opened a new log
I20260608 10:10:08.477797  7772 ts_tablet_manager.cc:1403] T 6f92356741f34d5b849404f2e15d4d5e P aed962f50c884eab86ea7d0296a24402: Time spent bootstrapping tablet: real 0.040s	user 0.000s	sys 0.014s
I20260608 10:10:08.480760  7774 tablet_bootstrap.cc:654] T 331d5eb2281242388c6a067708ba5b22 P de639dd17e654646bd6b9952ee935715: Neither blocks nor log segments found. Creating new log.
I20260608 10:10:08.481272  7772 raft_consensus.cc:359] T 6f92356741f34d5b849404f2e15d4d5e P aed962f50c884eab86ea7d0296a24402 [term 0 FOLLOWER]: Replica starting. Triggering 0 pending ops. Active config: opid_index: -1 OBSOLETE_local: false peers { permanent_uuid: "aed962f50c884eab86ea7d0296a24402" member_type: VOTER last_known_addr { host: "127.4.82.65" port: 44251 } } peers { permanent_uuid: "be3bbda83e5a40859ee429d040bf8b3d" member_type: VOTER last_known_addr { host: "127.4.82.68" port: 41097 } } peers { permanent_uuid: "de639dd17e654646bd6b9952ee935715" member_type: VOTER last_known_addr { host: "127.4.82.66" port: 44749 } }
I20260608 10:10:08.482189  7772 raft_consensus.cc:385] T 6f92356741f34d5b849404f2e15d4d5e P aed962f50c884eab86ea7d0296a24402 [term 0 FOLLOWER]: Consensus starting up: Expiring failure detector timer to make a prompt election more likely
I20260608 10:10:08.482609  7772 raft_consensus.cc:740] T 6f92356741f34d5b849404f2e15d4d5e P aed962f50c884eab86ea7d0296a24402 [term 0 FOLLOWER]: Becoming Follower/Learner. State: Replica: aed962f50c884eab86ea7d0296a24402, State: Initialized, Role: FOLLOWER
I20260608 10:10:08.482331  7729 tablet_service.cc:1511] Processing CreateTablet for tablet 2481be6f75a442ec975e23042a9cdaf4 (DEFAULT_TABLE table=range_aware_rebalance_new_range [id=3c96d868126a4c12894d85b210aae596]), partition=HASH (key) PARTITION 2, RANGE (key) PARTITION 10 <= VALUES < 20
I20260608 10:10:08.484061  7729 data_dirs.cc:400] Could only allocate 1 dirs of requested 3 for tablet 2481be6f75a442ec975e23042a9cdaf4. 1 dirs total, 0 dirs full, 0 dirs failed
I20260608 10:10:08.483723  7772 consensus_queue.cc:260] T 6f92356741f34d5b849404f2e15d4d5e P aed962f50c884eab86ea7d0296a24402 [NON_LEADER]: Queue going to NON_LEADER mode. State: All replicated index: 0, Majority replicated index: 0, Committed index: 0, Last appended: 0.0, Last appended by leader: 0, Current term: 0, Majority size: -1, State: 0, Mode: NON_LEADER, active raft config: opid_index: -1 OBSOLETE_local: false peers { permanent_uuid: "aed962f50c884eab86ea7d0296a24402" member_type: VOTER last_known_addr { host: "127.4.82.65" port: 44251 } } peers { permanent_uuid: "be3bbda83e5a40859ee429d040bf8b3d" member_type: VOTER last_known_addr { host: "127.4.82.68" port: 41097 } } peers { permanent_uuid: "de639dd17e654646bd6b9952ee935715" member_type: VOTER last_known_addr { host: "127.4.82.66" port: 44749 } }
I20260608 10:10:08.487610  7772 ts_tablet_manager.cc:1434] T 6f92356741f34d5b849404f2e15d4d5e P aed962f50c884eab86ea7d0296a24402: Time spent starting tablet: real 0.009s	user 0.008s	sys 0.000s
I20260608 10:10:08.489562  7772 tablet_bootstrap.cc:492] T 2c747dc5a5b04188b39ef4427c350668 P aed962f50c884eab86ea7d0296a24402: Bootstrap starting.
I20260608 10:10:08.489172  7728 tablet_service.cc:1511] Processing CreateTablet for tablet 331d5eb2281242388c6a067708ba5b22 (DEFAULT_TABLE table=range_aware_rebalance_new_range [id=3c96d868126a4c12894d85b210aae596]), partition=HASH (key) PARTITION 3, RANGE (key) PARTITION 10 <= VALUES < 20
I20260608 10:10:08.490814  7728 data_dirs.cc:400] Could only allocate 1 dirs of requested 3 for tablet 331d5eb2281242388c6a067708ba5b22. 1 dirs total, 0 dirs full, 0 dirs failed
I20260608 10:10:08.495399  7777 tablet_bootstrap.cc:654] T 8af334e0fde14e0ba8d835fbae8537c4 P e3ec5b523385494fb90ee82af6fbae82: Neither blocks nor log segments found. Creating new log.
I20260608 10:10:08.497766  7727 tablet_service.cc:1511] Processing CreateTablet for tablet 2c747dc5a5b04188b39ef4427c350668 (DEFAULT_TABLE table=range_aware_rebalance_new_range [id=3c96d868126a4c12894d85b210aae596]), partition=HASH (key) PARTITION 4, RANGE (key) PARTITION 10 <= VALUES < 20
I20260608 10:10:08.499509  7727 data_dirs.cc:400] Could only allocate 1 dirs of requested 3 for tablet 2c747dc5a5b04188b39ef4427c350668. 1 dirs total, 0 dirs full, 0 dirs failed
I20260608 10:10:08.501047  7772 tablet_bootstrap.cc:654] T 2c747dc5a5b04188b39ef4427c350668 P aed962f50c884eab86ea7d0296a24402: Neither blocks nor log segments found. Creating new log.
I20260608 10:10:08.514334  7726 tablet_service.cc:1511] Processing CreateTablet for tablet 6c2e091dcdc84405ae84793cbe9090f5 (DEFAULT_TABLE table=range_aware_rebalance_new_range [id=3c96d868126a4c12894d85b210aae596]), partition=HASH (key) PARTITION 5, RANGE (key) PARTITION 10 <= VALUES < 20
I20260608 10:10:08.516796  7726 data_dirs.cc:400] Could only allocate 1 dirs of requested 3 for tablet 6c2e091dcdc84405ae84793cbe9090f5. 1 dirs total, 0 dirs full, 0 dirs failed
I20260608 10:10:08.517258  7772 tablet_bootstrap.cc:492] T 2c747dc5a5b04188b39ef4427c350668 P aed962f50c884eab86ea7d0296a24402: No bootstrap required, opened a new log
I20260608 10:10:08.517896  7772 ts_tablet_manager.cc:1403] T 2c747dc5a5b04188b39ef4427c350668 P aed962f50c884eab86ea7d0296a24402: Time spent bootstrapping tablet: real 0.029s	user 0.018s	sys 0.002s
I20260608 10:10:08.519418  7782 tablet_bootstrap.cc:492] T 6f92356741f34d5b849404f2e15d4d5e P be3bbda83e5a40859ee429d040bf8b3d: Bootstrap starting.
I20260608 10:10:08.517899  7774 tablet_bootstrap.cc:492] T 331d5eb2281242388c6a067708ba5b22 P de639dd17e654646bd6b9952ee935715: No bootstrap required, opened a new log
I20260608 10:10:08.521711  7774 ts_tablet_manager.cc:1403] T 331d5eb2281242388c6a067708ba5b22 P de639dd17e654646bd6b9952ee935715: Time spent bootstrapping tablet: real 0.064s	user 0.013s	sys 0.009s
I20260608 10:10:08.523031  7725 tablet_service.cc:1511] Processing CreateTablet for tablet 89efb9f4f3aa4f20ac77b7ba80fd3211 (DEFAULT_TABLE table=range_aware_rebalance_new_range [id=3c96d868126a4c12894d85b210aae596]), partition=HASH (key) PARTITION 6, RANGE (key) PARTITION 10 <= VALUES < 20
I20260608 10:10:08.525367  7725 data_dirs.cc:400] Could only allocate 1 dirs of requested 3 for tablet 89efb9f4f3aa4f20ac77b7ba80fd3211. 1 dirs total, 0 dirs full, 0 dirs failed
I20260608 10:10:08.525955  7772 raft_consensus.cc:359] T 2c747dc5a5b04188b39ef4427c350668 P aed962f50c884eab86ea7d0296a24402 [term 0 FOLLOWER]: Replica starting. Triggering 0 pending ops. Active config: opid_index: -1 OBSOLETE_local: false peers { permanent_uuid: "aed962f50c884eab86ea7d0296a24402" member_type: VOTER last_known_addr { host: "127.4.82.65" port: 44251 } } peers { permanent_uuid: "be3bbda83e5a40859ee429d040bf8b3d" member_type: VOTER last_known_addr { host: "127.4.82.68" port: 41097 } } peers { permanent_uuid: "e3ec5b523385494fb90ee82af6fbae82" member_type: VOTER last_known_addr { host: "127.4.82.67" port: 34833 } }
I20260608 10:10:08.526717  7772 raft_consensus.cc:385] T 2c747dc5a5b04188b39ef4427c350668 P aed962f50c884eab86ea7d0296a24402 [term 0 FOLLOWER]: Consensus starting up: Expiring failure detector timer to make a prompt election more likely
I20260608 10:10:08.527051  7772 raft_consensus.cc:740] T 2c747dc5a5b04188b39ef4427c350668 P aed962f50c884eab86ea7d0296a24402 [term 0 FOLLOWER]: Becoming Follower/Learner. State: Replica: aed962f50c884eab86ea7d0296a24402, State: Initialized, Role: FOLLOWER
I20260608 10:10:08.526868  7731 tablet_service.cc:1511] Processing CreateTablet for tablet 8af334e0fde14e0ba8d835fbae8537c4 (DEFAULT_TABLE table=range_aware_rebalance_new_range [id=3c96d868126a4c12894d85b210aae596]), partition=HASH (key) PARTITION 7, RANGE (key) PARTITION 10 <= VALUES < 20
I20260608 10:10:08.528275  7731 data_dirs.cc:400] Could only allocate 1 dirs of requested 3 for tablet 8af334e0fde14e0ba8d835fbae8537c4. 1 dirs total, 0 dirs full, 0 dirs failed
I20260608 10:10:08.528875  7774 raft_consensus.cc:359] T 331d5eb2281242388c6a067708ba5b22 P de639dd17e654646bd6b9952ee935715 [term 0 FOLLOWER]: Replica starting. Triggering 0 pending ops. Active config: opid_index: -1 OBSOLETE_local: false peers { permanent_uuid: "be3bbda83e5a40859ee429d040bf8b3d" member_type: VOTER last_known_addr { host: "127.4.82.68" port: 41097 } } peers { permanent_uuid: "aed962f50c884eab86ea7d0296a24402" member_type: VOTER last_known_addr { host: "127.4.82.65" port: 44251 } } peers { permanent_uuid: "de639dd17e654646bd6b9952ee935715" member_type: VOTER last_known_addr { host: "127.4.82.66" port: 44749 } }
I20260608 10:10:08.529639  7774 raft_consensus.cc:385] T 331d5eb2281242388c6a067708ba5b22 P de639dd17e654646bd6b9952ee935715 [term 0 FOLLOWER]: Consensus starting up: Expiring failure detector timer to make a prompt election more likely
I20260608 10:10:08.529955  7774 raft_consensus.cc:740] T 331d5eb2281242388c6a067708ba5b22 P de639dd17e654646bd6b9952ee935715 [term 0 FOLLOWER]: Becoming Follower/Learner. State: Replica: de639dd17e654646bd6b9952ee935715, State: Initialized, Role: FOLLOWER
I20260608 10:10:08.530884  7774 consensus_queue.cc:260] T 331d5eb2281242388c6a067708ba5b22 P de639dd17e654646bd6b9952ee935715 [NON_LEADER]: Queue going to NON_LEADER mode. State: All replicated index: 0, Majority replicated index: 0, Committed index: 0, Last appended: 0.0, Last appended by leader: 0, Current term: 0, Majority size: -1, State: 0, Mode: NON_LEADER, active raft config: opid_index: -1 OBSOLETE_local: false peers { permanent_uuid: "be3bbda83e5a40859ee429d040bf8b3d" member_type: VOTER last_known_addr { host: "127.4.82.68" port: 41097 } } peers { permanent_uuid: "aed962f50c884eab86ea7d0296a24402" member_type: VOTER last_known_addr { host: "127.4.82.65" port: 44251 } } peers { permanent_uuid: "de639dd17e654646bd6b9952ee935715" member_type: VOTER last_known_addr { host: "127.4.82.66" port: 44749 } }
I20260608 10:10:08.533334  7774 ts_tablet_manager.cc:1434] T 331d5eb2281242388c6a067708ba5b22 P de639dd17e654646bd6b9952ee935715: Time spent starting tablet: real 0.011s	user 0.006s	sys 0.000s
I20260608 10:10:08.534403  7774 tablet_bootstrap.cc:492] T 6c2e091dcdc84405ae84793cbe9090f5 P de639dd17e654646bd6b9952ee935715: Bootstrap starting.
I20260608 10:10:08.540748  7772 consensus_queue.cc:260] T 2c747dc5a5b04188b39ef4427c350668 P aed962f50c884eab86ea7d0296a24402 [NON_LEADER]: Queue going to NON_LEADER mode. State: All replicated index: 0, Majority replicated index: 0, Committed index: 0, Last appended: 0.0, Last appended by leader: 0, Current term: 0, Majority size: -1, State: 0, Mode: NON_LEADER, active raft config: opid_index: -1 OBSOLETE_local: false peers { permanent_uuid: "aed962f50c884eab86ea7d0296a24402" member_type: VOTER last_known_addr { host: "127.4.82.65" port: 44251 } } peers { permanent_uuid: "be3bbda83e5a40859ee429d040bf8b3d" member_type: VOTER last_known_addr { host: "127.4.82.68" port: 41097 } } peers { permanent_uuid: "e3ec5b523385494fb90ee82af6fbae82" member_type: VOTER last_known_addr { host: "127.4.82.67" port: 34833 } }
I20260608 10:10:08.546327  7772 ts_tablet_manager.cc:1434] T 2c747dc5a5b04188b39ef4427c350668 P aed962f50c884eab86ea7d0296a24402: Time spent starting tablet: real 0.028s	user 0.003s	sys 0.004s
I20260608 10:10:08.547505  7772 tablet_bootstrap.cc:492] T 331d5eb2281242388c6a067708ba5b22 P aed962f50c884eab86ea7d0296a24402: Bootstrap starting.
I20260608 10:10:08.555068  7772 tablet_bootstrap.cc:654] T 331d5eb2281242388c6a067708ba5b22 P aed962f50c884eab86ea7d0296a24402: Neither blocks nor log segments found. Creating new log.
I20260608 10:10:08.557031  7774 tablet_bootstrap.cc:654] T 6c2e091dcdc84405ae84793cbe9090f5 P de639dd17e654646bd6b9952ee935715: Neither blocks nor log segments found. Creating new log.
I20260608 10:10:08.567615  7777 tablet_bootstrap.cc:492] T 8af334e0fde14e0ba8d835fbae8537c4 P e3ec5b523385494fb90ee82af6fbae82: No bootstrap required, opened a new log
I20260608 10:10:08.571568  7777 ts_tablet_manager.cc:1403] T 8af334e0fde14e0ba8d835fbae8537c4 P e3ec5b523385494fb90ee82af6fbae82: Time spent bootstrapping tablet: real 0.099s	user 0.036s	sys 0.033s
I20260608 10:10:08.584918  7782 tablet_bootstrap.cc:654] T 6f92356741f34d5b849404f2e15d4d5e P be3bbda83e5a40859ee429d040bf8b3d: Neither blocks nor log segments found. Creating new log.
I20260608 10:10:08.590935  7772 tablet_bootstrap.cc:492] T 331d5eb2281242388c6a067708ba5b22 P aed962f50c884eab86ea7d0296a24402: No bootstrap required, opened a new log
I20260608 10:10:08.590999  7777 raft_consensus.cc:359] T 8af334e0fde14e0ba8d835fbae8537c4 P e3ec5b523385494fb90ee82af6fbae82 [term 0 FOLLOWER]: Replica starting. Triggering 0 pending ops. Active config: opid_index: -1 OBSOLETE_local: false peers { permanent_uuid: "aed962f50c884eab86ea7d0296a24402" member_type: VOTER last_known_addr { host: "127.4.82.65" port: 44251 } } peers { permanent_uuid: "be3bbda83e5a40859ee429d040bf8b3d" member_type: VOTER last_known_addr { host: "127.4.82.68" port: 41097 } } peers { permanent_uuid: "e3ec5b523385494fb90ee82af6fbae82" member_type: VOTER last_known_addr { host: "127.4.82.67" port: 34833 } }
I20260608 10:10:08.591935  7777 raft_consensus.cc:385] T 8af334e0fde14e0ba8d835fbae8537c4 P e3ec5b523385494fb90ee82af6fbae82 [term 0 FOLLOWER]: Consensus starting up: Expiring failure detector timer to make a prompt election more likely
I20260608 10:10:08.592276  7777 raft_consensus.cc:740] T 8af334e0fde14e0ba8d835fbae8537c4 P e3ec5b523385494fb90ee82af6fbae82 [term 0 FOLLOWER]: Becoming Follower/Learner. State: Replica: e3ec5b523385494fb90ee82af6fbae82, State: Initialized, Role: FOLLOWER
I20260608 10:10:08.592268  7772 ts_tablet_manager.cc:1403] T 331d5eb2281242388c6a067708ba5b22 P aed962f50c884eab86ea7d0296a24402: Time spent bootstrapping tablet: real 0.045s	user 0.011s	sys 0.006s
I20260608 10:10:08.594831  7777 consensus_queue.cc:260] T 8af334e0fde14e0ba8d835fbae8537c4 P e3ec5b523385494fb90ee82af6fbae82 [NON_LEADER]: Queue going to NON_LEADER mode. State: All replicated index: 0, Majority replicated index: 0, Committed index: 0, Last appended: 0.0, Last appended by leader: 0, Current term: 0, Majority size: -1, State: 0, Mode: NON_LEADER, active raft config: opid_index: -1 OBSOLETE_local: false peers { permanent_uuid: "aed962f50c884eab86ea7d0296a24402" member_type: VOTER last_known_addr { host: "127.4.82.65" port: 44251 } } peers { permanent_uuid: "be3bbda83e5a40859ee429d040bf8b3d" member_type: VOTER last_known_addr { host: "127.4.82.68" port: 41097 } } peers { permanent_uuid: "e3ec5b523385494fb90ee82af6fbae82" member_type: VOTER last_known_addr { host: "127.4.82.67" port: 34833 } }
I20260608 10:10:08.633510  7772 raft_consensus.cc:359] T 331d5eb2281242388c6a067708ba5b22 P aed962f50c884eab86ea7d0296a24402 [term 0 FOLLOWER]: Replica starting. Triggering 0 pending ops. Active config: opid_index: -1 OBSOLETE_local: false peers { permanent_uuid: "be3bbda83e5a40859ee429d040bf8b3d" member_type: VOTER last_known_addr { host: "127.4.82.68" port: 41097 } } peers { permanent_uuid: "aed962f50c884eab86ea7d0296a24402" member_type: VOTER last_known_addr { host: "127.4.82.65" port: 44251 } } peers { permanent_uuid: "de639dd17e654646bd6b9952ee935715" member_type: VOTER last_known_addr { host: "127.4.82.66" port: 44749 } }
I20260608 10:10:08.634358  7772 raft_consensus.cc:385] T 331d5eb2281242388c6a067708ba5b22 P aed962f50c884eab86ea7d0296a24402 [term 0 FOLLOWER]: Consensus starting up: Expiring failure detector timer to make a prompt election more likely
I20260608 10:10:08.633095  7777 ts_tablet_manager.cc:1434] T 8af334e0fde14e0ba8d835fbae8537c4 P e3ec5b523385494fb90ee82af6fbae82: Time spent starting tablet: real 0.060s	user 0.012s	sys 0.006s
I20260608 10:10:08.635468  7772 raft_consensus.cc:740] T 331d5eb2281242388c6a067708ba5b22 P aed962f50c884eab86ea7d0296a24402 [term 0 FOLLOWER]: Becoming Follower/Learner. State: Replica: aed962f50c884eab86ea7d0296a24402, State: Initialized, Role: FOLLOWER
I20260608 10:10:08.636420  7777 tablet_bootstrap.cc:492] T 3b5d4669cdfb4b1abf1cb0b5889efd4f P e3ec5b523385494fb90ee82af6fbae82: Bootstrap starting.
I20260608 10:10:08.636374  7772 consensus_queue.cc:260] T 331d5eb2281242388c6a067708ba5b22 P aed962f50c884eab86ea7d0296a24402 [NON_LEADER]: Queue going to NON_LEADER mode. State: All replicated index: 0, Majority replicated index: 0, Committed index: 0, Last appended: 0.0, Last appended by leader: 0, Current term: 0, Majority size: -1, State: 0, Mode: NON_LEADER, active raft config: opid_index: -1 OBSOLETE_local: false peers { permanent_uuid: "be3bbda83e5a40859ee429d040bf8b3d" member_type: VOTER last_known_addr { host: "127.4.82.68" port: 41097 } } peers { permanent_uuid: "aed962f50c884eab86ea7d0296a24402" member_type: VOTER last_known_addr { host: "127.4.82.65" port: 44251 } } peers { permanent_uuid: "de639dd17e654646bd6b9952ee935715" member_type: VOTER last_known_addr { host: "127.4.82.66" port: 44749 } }
I20260608 10:10:08.637842  7782 tablet_bootstrap.cc:492] T 6f92356741f34d5b849404f2e15d4d5e P be3bbda83e5a40859ee429d040bf8b3d: No bootstrap required, opened a new log
I20260608 10:10:08.638433  7782 ts_tablet_manager.cc:1403] T 6f92356741f34d5b849404f2e15d4d5e P be3bbda83e5a40859ee429d040bf8b3d: Time spent bootstrapping tablet: real 0.119s	user 0.009s	sys 0.015s
I20260608 10:10:08.641291  7772 ts_tablet_manager.cc:1434] T 331d5eb2281242388c6a067708ba5b22 P aed962f50c884eab86ea7d0296a24402: Time spent starting tablet: real 0.048s	user 0.007s	sys 0.002s
I20260608 10:10:08.641580  7782 raft_consensus.cc:359] T 6f92356741f34d5b849404f2e15d4d5e P be3bbda83e5a40859ee429d040bf8b3d [term 0 FOLLOWER]: Replica starting. Triggering 0 pending ops. Active config: opid_index: -1 OBSOLETE_local: false peers { permanent_uuid: "aed962f50c884eab86ea7d0296a24402" member_type: VOTER last_known_addr { host: "127.4.82.65" port: 44251 } } peers { permanent_uuid: "be3bbda83e5a40859ee429d040bf8b3d" member_type: VOTER last_known_addr { host: "127.4.82.68" port: 41097 } } peers { permanent_uuid: "de639dd17e654646bd6b9952ee935715" member_type: VOTER last_known_addr { host: "127.4.82.66" port: 44749 } }
I20260608 10:10:08.642858  7782 raft_consensus.cc:385] T 6f92356741f34d5b849404f2e15d4d5e P be3bbda83e5a40859ee429d040bf8b3d [term 0 FOLLOWER]: Consensus starting up: Expiring failure detector timer to make a prompt election more likely
I20260608 10:10:08.645236  7782 raft_consensus.cc:740] T 6f92356741f34d5b849404f2e15d4d5e P be3bbda83e5a40859ee429d040bf8b3d [term 0 FOLLOWER]: Becoming Follower/Learner. State: Replica: be3bbda83e5a40859ee429d040bf8b3d, State: Initialized, Role: FOLLOWER
I20260608 10:10:08.648195  7772 tablet_bootstrap.cc:492] T 89efb9f4f3aa4f20ac77b7ba80fd3211 P aed962f50c884eab86ea7d0296a24402: Bootstrap starting.
I20260608 10:10:08.647825  7782 consensus_queue.cc:260] T 6f92356741f34d5b849404f2e15d4d5e P be3bbda83e5a40859ee429d040bf8b3d [NON_LEADER]: Queue going to NON_LEADER mode. State: All replicated index: 0, Majority replicated index: 0, Committed index: 0, Last appended: 0.0, Last appended by leader: 0, Current term: 0, Majority size: -1, State: 0, Mode: NON_LEADER, active raft config: opid_index: -1 OBSOLETE_local: false peers { permanent_uuid: "aed962f50c884eab86ea7d0296a24402" member_type: VOTER last_known_addr { host: "127.4.82.65" port: 44251 } } peers { permanent_uuid: "be3bbda83e5a40859ee429d040bf8b3d" member_type: VOTER last_known_addr { host: "127.4.82.68" port: 41097 } } peers { permanent_uuid: "de639dd17e654646bd6b9952ee935715" member_type: VOTER last_known_addr { host: "127.4.82.66" port: 44749 } }
I20260608 10:10:08.649710  7777 tablet_bootstrap.cc:654] T 3b5d4669cdfb4b1abf1cb0b5889efd4f P e3ec5b523385494fb90ee82af6fbae82: Neither blocks nor log segments found. Creating new log.
I20260608 10:10:08.656456  7772 tablet_bootstrap.cc:654] T 89efb9f4f3aa4f20ac77b7ba80fd3211 P aed962f50c884eab86ea7d0296a24402: Neither blocks nor log segments found. Creating new log.
I20260608 10:10:08.658627  7782 ts_tablet_manager.cc:1434] T 6f92356741f34d5b849404f2e15d4d5e P be3bbda83e5a40859ee429d040bf8b3d: Time spent starting tablet: real 0.020s	user 0.005s	sys 0.007s
I20260608 10:10:08.659550  7766 heartbeater.cc:499] Master 127.4.82.126:37529 was elected leader, sending a full tablet report...
I20260608 10:10:08.670514  7774 tablet_bootstrap.cc:492] T 6c2e091dcdc84405ae84793cbe9090f5 P de639dd17e654646bd6b9952ee935715: No bootstrap required, opened a new log
I20260608 10:10:08.671087  7774 ts_tablet_manager.cc:1403] T 6c2e091dcdc84405ae84793cbe9090f5 P de639dd17e654646bd6b9952ee935715: Time spent bootstrapping tablet: real 0.137s	user 0.026s	sys 0.014s
I20260608 10:10:08.671546  7777 tablet_bootstrap.cc:492] T 3b5d4669cdfb4b1abf1cb0b5889efd4f P e3ec5b523385494fb90ee82af6fbae82: No bootstrap required, opened a new log
I20260608 10:10:08.672077  7777 ts_tablet_manager.cc:1403] T 3b5d4669cdfb4b1abf1cb0b5889efd4f P e3ec5b523385494fb90ee82af6fbae82: Time spent bootstrapping tablet: real 0.036s	user 0.018s	sys 0.006s
I20260608 10:10:08.673146  7782 tablet_bootstrap.cc:492] T 2481be6f75a442ec975e23042a9cdaf4 P be3bbda83e5a40859ee429d040bf8b3d: Bootstrap starting.
I20260608 10:10:08.674402  7774 raft_consensus.cc:359] T 6c2e091dcdc84405ae84793cbe9090f5 P de639dd17e654646bd6b9952ee935715 [term 0 FOLLOWER]: Replica starting. Triggering 0 pending ops. Active config: opid_index: -1 OBSOLETE_local: false peers { permanent_uuid: "be3bbda83e5a40859ee429d040bf8b3d" member_type: VOTER last_known_addr { host: "127.4.82.68" port: 41097 } } peers { permanent_uuid: "e3ec5b523385494fb90ee82af6fbae82" member_type: VOTER last_known_addr { host: "127.4.82.67" port: 34833 } } peers { permanent_uuid: "de639dd17e654646bd6b9952ee935715" member_type: VOTER last_known_addr { host: "127.4.82.66" port: 44749 } }
I20260608 10:10:08.675145  7774 raft_consensus.cc:385] T 6c2e091dcdc84405ae84793cbe9090f5 P de639dd17e654646bd6b9952ee935715 [term 0 FOLLOWER]: Consensus starting up: Expiring failure detector timer to make a prompt election more likely
I20260608 10:10:08.675097  7777 raft_consensus.cc:359] T 3b5d4669cdfb4b1abf1cb0b5889efd4f P e3ec5b523385494fb90ee82af6fbae82 [term 0 FOLLOWER]: Replica starting. Triggering 0 pending ops. Active config: opid_index: -1 OBSOLETE_local: false peers { permanent_uuid: "aed962f50c884eab86ea7d0296a24402" member_type: VOTER last_known_addr { host: "127.4.82.65" port: 44251 } } peers { permanent_uuid: "e3ec5b523385494fb90ee82af6fbae82" member_type: VOTER last_known_addr { host: "127.4.82.67" port: 34833 } } peers { permanent_uuid: "be3bbda83e5a40859ee429d040bf8b3d" member_type: VOTER last_known_addr { host: "127.4.82.68" port: 41097 } }
I20260608 10:10:08.675573  7774 raft_consensus.cc:740] T 6c2e091dcdc84405ae84793cbe9090f5 P de639dd17e654646bd6b9952ee935715 [term 0 FOLLOWER]: Becoming Follower/Learner. State: Replica: de639dd17e654646bd6b9952ee935715, State: Initialized, Role: FOLLOWER
I20260608 10:10:08.675973  7777 raft_consensus.cc:385] T 3b5d4669cdfb4b1abf1cb0b5889efd4f P e3ec5b523385494fb90ee82af6fbae82 [term 0 FOLLOWER]: Consensus starting up: Expiring failure detector timer to make a prompt election more likely
I20260608 10:10:08.676355  7777 raft_consensus.cc:740] T 3b5d4669cdfb4b1abf1cb0b5889efd4f P e3ec5b523385494fb90ee82af6fbae82 [term 0 FOLLOWER]: Becoming Follower/Learner. State: Replica: e3ec5b523385494fb90ee82af6fbae82, State: Initialized, Role: FOLLOWER
I20260608 10:10:08.676803  7774 consensus_queue.cc:260] T 6c2e091dcdc84405ae84793cbe9090f5 P de639dd17e654646bd6b9952ee935715 [NON_LEADER]: Queue going to NON_LEADER mode. State: All replicated index: 0, Majority replicated index: 0, Committed index: 0, Last appended: 0.0, Last appended by leader: 0, Current term: 0, Majority size: -1, State: 0, Mode: NON_LEADER, active raft config: opid_index: -1 OBSOLETE_local: false peers { permanent_uuid: "be3bbda83e5a40859ee429d040bf8b3d" member_type: VOTER last_known_addr { host: "127.4.82.68" port: 41097 } } peers { permanent_uuid: "e3ec5b523385494fb90ee82af6fbae82" member_type: VOTER last_known_addr { host: "127.4.82.67" port: 34833 } } peers { permanent_uuid: "de639dd17e654646bd6b9952ee935715" member_type: VOTER last_known_addr { host: "127.4.82.66" port: 44749 } }
I20260608 10:10:08.677367  7777 consensus_queue.cc:260] T 3b5d4669cdfb4b1abf1cb0b5889efd4f P e3ec5b523385494fb90ee82af6fbae82 [NON_LEADER]: Queue going to NON_LEADER mode. State: All replicated index: 0, Majority replicated index: 0, Committed index: 0, Last appended: 0.0, Last appended by leader: 0, Current term: 0, Majority size: -1, State: 0, Mode: NON_LEADER, active raft config: opid_index: -1 OBSOLETE_local: false peers { permanent_uuid: "aed962f50c884eab86ea7d0296a24402" member_type: VOTER last_known_addr { host: "127.4.82.65" port: 44251 } } peers { permanent_uuid: "e3ec5b523385494fb90ee82af6fbae82" member_type: VOTER last_known_addr { host: "127.4.82.67" port: 34833 } } peers { permanent_uuid: "be3bbda83e5a40859ee429d040bf8b3d" member_type: VOTER last_known_addr { host: "127.4.82.68" port: 41097 } }
I20260608 10:10:08.684101  7774 ts_tablet_manager.cc:1434] T 6c2e091dcdc84405ae84793cbe9090f5 P de639dd17e654646bd6b9952ee935715: Time spent starting tablet: real 0.013s	user 0.003s	sys 0.003s
I20260608 10:10:08.687623  7772 tablet_bootstrap.cc:492] T 89efb9f4f3aa4f20ac77b7ba80fd3211 P aed962f50c884eab86ea7d0296a24402: No bootstrap required, opened a new log
I20260608 10:10:08.689150  7772 ts_tablet_manager.cc:1403] T 89efb9f4f3aa4f20ac77b7ba80fd3211 P aed962f50c884eab86ea7d0296a24402: Time spent bootstrapping tablet: real 0.047s	user 0.011s	sys 0.010s
I20260608 10:10:08.690582  7777 ts_tablet_manager.cc:1434] T 3b5d4669cdfb4b1abf1cb0b5889efd4f P e3ec5b523385494fb90ee82af6fbae82: Time spent starting tablet: real 0.018s	user 0.015s	sys 0.004s
I20260608 10:10:08.691650  7777 tablet_bootstrap.cc:492] T 2481be6f75a442ec975e23042a9cdaf4 P e3ec5b523385494fb90ee82af6fbae82: Bootstrap starting.
I20260608 10:10:08.689903  7774 tablet_bootstrap.cc:492] T 2481be6f75a442ec975e23042a9cdaf4 P de639dd17e654646bd6b9952ee935715: Bootstrap starting.
I20260608 10:10:08.693774  7782 tablet_bootstrap.cc:654] T 2481be6f75a442ec975e23042a9cdaf4 P be3bbda83e5a40859ee429d040bf8b3d: Neither blocks nor log segments found. Creating new log.
I20260608 10:10:08.695541  7772 raft_consensus.cc:359] T 89efb9f4f3aa4f20ac77b7ba80fd3211 P aed962f50c884eab86ea7d0296a24402 [term 0 FOLLOWER]: Replica starting. Triggering 0 pending ops. Active config: opid_index: -1 OBSOLETE_local: false peers { permanent_uuid: "aed962f50c884eab86ea7d0296a24402" member_type: VOTER last_known_addr { host: "127.4.82.65" port: 44251 } } peers { permanent_uuid: "be3bbda83e5a40859ee429d040bf8b3d" member_type: VOTER last_known_addr { host: "127.4.82.68" port: 41097 } } peers { permanent_uuid: "de639dd17e654646bd6b9952ee935715" member_type: VOTER last_known_addr { host: "127.4.82.66" port: 44749 } }
I20260608 10:10:08.696404  7772 raft_consensus.cc:385] T 89efb9f4f3aa4f20ac77b7ba80fd3211 P aed962f50c884eab86ea7d0296a24402 [term 0 FOLLOWER]: Consensus starting up: Expiring failure detector timer to make a prompt election more likely
I20260608 10:10:08.696785  7772 raft_consensus.cc:740] T 89efb9f4f3aa4f20ac77b7ba80fd3211 P aed962f50c884eab86ea7d0296a24402 [term 0 FOLLOWER]: Becoming Follower/Learner. State: Replica: aed962f50c884eab86ea7d0296a24402, State: Initialized, Role: FOLLOWER
I20260608 10:10:08.697798  7772 consensus_queue.cc:260] T 89efb9f4f3aa4f20ac77b7ba80fd3211 P aed962f50c884eab86ea7d0296a24402 [NON_LEADER]: Queue going to NON_LEADER mode. State: All replicated index: 0, Majority replicated index: 0, Committed index: 0, Last appended: 0.0, Last appended by leader: 0, Current term: 0, Majority size: -1, State: 0, Mode: NON_LEADER, active raft config: opid_index: -1 OBSOLETE_local: false peers { permanent_uuid: "aed962f50c884eab86ea7d0296a24402" member_type: VOTER last_known_addr { host: "127.4.82.65" port: 44251 } } peers { permanent_uuid: "be3bbda83e5a40859ee429d040bf8b3d" member_type: VOTER last_known_addr { host: "127.4.82.68" port: 41097 } } peers { permanent_uuid: "de639dd17e654646bd6b9952ee935715" member_type: VOTER last_known_addr { host: "127.4.82.66" port: 44749 } }
I20260608 10:10:08.699887  7633 raft_consensus.cc:493] T 6f92356741f34d5b849404f2e15d4d5e P aed962f50c884eab86ea7d0296a24402 [term 0 FOLLOWER]: Starting pre-election (no leader contacted us within the election timeout)
I20260608 10:10:08.701118  7633 raft_consensus.cc:515] T 6f92356741f34d5b849404f2e15d4d5e P aed962f50c884eab86ea7d0296a24402 [term 0 FOLLOWER]: Starting pre-election with config: opid_index: -1 OBSOLETE_local: false peers { permanent_uuid: "aed962f50c884eab86ea7d0296a24402" member_type: VOTER last_known_addr { host: "127.4.82.65" port: 44251 } } peers { permanent_uuid: "be3bbda83e5a40859ee429d040bf8b3d" member_type: VOTER last_known_addr { host: "127.4.82.68" port: 41097 } } peers { permanent_uuid: "de639dd17e654646bd6b9952ee935715" member_type: VOTER last_known_addr { host: "127.4.82.66" port: 44749 } }
I20260608 10:10:08.704244  7633 leader_election.cc:290] T 6f92356741f34d5b849404f2e15d4d5e P aed962f50c884eab86ea7d0296a24402 [CANDIDATE]: Term 1 pre-election: Requested pre-vote from peers be3bbda83e5a40859ee429d040bf8b3d (127.4.82.68:41097), de639dd17e654646bd6b9952ee935715 (127.4.82.66:44749)
I20260608 10:10:08.700133  7777 tablet_bootstrap.cc:654] T 2481be6f75a442ec975e23042a9cdaf4 P e3ec5b523385494fb90ee82af6fbae82: Neither blocks nor log segments found. Creating new log.
I20260608 10:10:08.705912  7774 tablet_bootstrap.cc:654] T 2481be6f75a442ec975e23042a9cdaf4 P de639dd17e654646bd6b9952ee935715: Neither blocks nor log segments found. Creating new log.
I20260608 10:10:08.706028  7505 tablet_service.cc:1917] Received RequestConsensusVote() RPC: tablet_id: "6f92356741f34d5b849404f2e15d4d5e" candidate_uuid: "aed962f50c884eab86ea7d0296a24402" candidate_term: 1 candidate_status { last_received { term: 0 index: 0 } } ignore_live_leader: false dest_uuid: "de639dd17e654646bd6b9952ee935715" is_pre_election: true
I20260608 10:10:08.706984  7505 raft_consensus.cc:2468] T 6f92356741f34d5b849404f2e15d4d5e P de639dd17e654646bd6b9952ee935715 [term 0 FOLLOWER]: Leader pre-election vote request: Granting yes vote for candidate aed962f50c884eab86ea7d0296a24402 in term 0.
I20260608 10:10:08.709774  7396 leader_election.cc:304] T 6f92356741f34d5b849404f2e15d4d5e P aed962f50c884eab86ea7d0296a24402 [CANDIDATE]: Term 1 pre-election: Election decided. Result: candidate won. Election summary: received 2 responses out of 3 voters: 2 yes votes; 0 no votes. yes voters: aed962f50c884eab86ea7d0296a24402, de639dd17e654646bd6b9952ee935715; no voters: 
I20260608 10:10:08.711374  7633 raft_consensus.cc:2804] T 6f92356741f34d5b849404f2e15d4d5e P aed962f50c884eab86ea7d0296a24402 [term 0 FOLLOWER]: Leader pre-election won for term 1
I20260608 10:10:08.712018  7633 raft_consensus.cc:493] T 6f92356741f34d5b849404f2e15d4d5e P aed962f50c884eab86ea7d0296a24402 [term 0 FOLLOWER]: Starting leader election (no leader contacted us within the election timeout)
I20260608 10:10:08.712685  7633 raft_consensus.cc:3060] T 6f92356741f34d5b849404f2e15d4d5e P aed962f50c884eab86ea7d0296a24402 [term 0 FOLLOWER]: Advancing to term 1
I20260608 10:10:08.713769  7782 tablet_bootstrap.cc:492] T 2481be6f75a442ec975e23042a9cdaf4 P be3bbda83e5a40859ee429d040bf8b3d: No bootstrap required, opened a new log
I20260608 10:10:08.714555  7782 ts_tablet_manager.cc:1403] T 2481be6f75a442ec975e23042a9cdaf4 P be3bbda83e5a40859ee429d040bf8b3d: Time spent bootstrapping tablet: real 0.042s	user 0.015s	sys 0.003s
I20260608 10:10:08.712716  7772 ts_tablet_manager.cc:1434] T 89efb9f4f3aa4f20ac77b7ba80fd3211 P aed962f50c884eab86ea7d0296a24402: Time spent starting tablet: real 0.022s	user 0.008s	sys 0.000s
I20260608 10:10:08.724197  7632 raft_consensus.cc:493] T 331d5eb2281242388c6a067708ba5b22 P de639dd17e654646bd6b9952ee935715 [term 0 FOLLOWER]: Starting pre-election (no leader contacted us within the election timeout)
I20260608 10:10:08.725026  7632 raft_consensus.cc:515] T 331d5eb2281242388c6a067708ba5b22 P de639dd17e654646bd6b9952ee935715 [term 0 FOLLOWER]: Starting pre-election with config: opid_index: -1 OBSOLETE_local: false peers { permanent_uuid: "be3bbda83e5a40859ee429d040bf8b3d" member_type: VOTER last_known_addr { host: "127.4.82.68" port: 41097 } } peers { permanent_uuid: "aed962f50c884eab86ea7d0296a24402" member_type: VOTER last_known_addr { host: "127.4.82.65" port: 44251 } } peers { permanent_uuid: "de639dd17e654646bd6b9952ee935715" member_type: VOTER last_known_addr { host: "127.4.82.66" port: 44749 } }
I20260608 10:10:08.725250  7782 raft_consensus.cc:359] T 2481be6f75a442ec975e23042a9cdaf4 P be3bbda83e5a40859ee429d040bf8b3d [term 0 FOLLOWER]: Replica starting. Triggering 0 pending ops. Active config: opid_index: -1 OBSOLETE_local: false peers { permanent_uuid: "de639dd17e654646bd6b9952ee935715" member_type: VOTER last_known_addr { host: "127.4.82.66" port: 44749 } } peers { permanent_uuid: "be3bbda83e5a40859ee429d040bf8b3d" member_type: VOTER last_known_addr { host: "127.4.82.68" port: 41097 } } peers { permanent_uuid: "e3ec5b523385494fb90ee82af6fbae82" member_type: VOTER last_known_addr { host: "127.4.82.67" port: 34833 } }
