I20260608 10:10:08.726629  7782 raft_consensus.cc:385] T 2481be6f75a442ec975e23042a9cdaf4 P be3bbda83e5a40859ee429d040bf8b3d [term 0 FOLLOWER]: Consensus starting up: Expiring failure detector timer to make a prompt election more likely
I20260608 10:10:08.726962  7782 raft_consensus.cc:740] T 2481be6f75a442ec975e23042a9cdaf4 P be3bbda83e5a40859ee429d040bf8b3d [term 0 FOLLOWER]: Becoming Follower/Learner. State: Replica: be3bbda83e5a40859ee429d040bf8b3d, State: Initialized, Role: FOLLOWER
I20260608 10:10:08.727874  7782 consensus_queue.cc:260] T 2481be6f75a442ec975e23042a9cdaf4 P be3bbda83e5a40859ee429d040bf8b3d [NON_LEADER]: Queue going to NON_LEADER mode. State: All replicated index: 0, Majority replicated index: 0, Committed index: 0, Last appended: 0.0, Last appended by leader: 0, Current term: 0, Majority size: -1, State: 0, Mode: NON_LEADER, active raft config: opid_index: -1 OBSOLETE_local: false peers { permanent_uuid: "de639dd17e654646bd6b9952ee935715" member_type: VOTER last_known_addr { host: "127.4.82.66" port: 44749 } } peers { permanent_uuid: "be3bbda83e5a40859ee429d040bf8b3d" member_type: VOTER last_known_addr { host: "127.4.82.68" port: 41097 } } peers { permanent_uuid: "e3ec5b523385494fb90ee82af6fbae82" member_type: VOTER last_known_addr { host: "127.4.82.67" port: 34833 } }
I20260608 10:10:08.730690  7782 ts_tablet_manager.cc:1434] T 2481be6f75a442ec975e23042a9cdaf4 P be3bbda83e5a40859ee429d040bf8b3d: Time spent starting tablet: real 0.016s	user 0.009s	sys 0.000s
I20260608 10:10:08.731099  7777 tablet_bootstrap.cc:492] T 2481be6f75a442ec975e23042a9cdaf4 P e3ec5b523385494fb90ee82af6fbae82: No bootstrap required, opened a new log
I20260608 10:10:08.731603  7777 ts_tablet_manager.cc:1403] T 2481be6f75a442ec975e23042a9cdaf4 P e3ec5b523385494fb90ee82af6fbae82: Time spent bootstrapping tablet: real 0.040s	user 0.008s	sys 0.010s
I20260608 10:10:08.731932  7782 tablet_bootstrap.cc:492] T 3b5d4669cdfb4b1abf1cb0b5889efd4f P be3bbda83e5a40859ee429d040bf8b3d: Bootstrap starting.
I20260608 10:10:08.734838  7777 raft_consensus.cc:359] T 2481be6f75a442ec975e23042a9cdaf4 P e3ec5b523385494fb90ee82af6fbae82 [term 0 FOLLOWER]: Replica starting. Triggering 0 pending ops. Active config: opid_index: -1 OBSOLETE_local: false peers { permanent_uuid: "de639dd17e654646bd6b9952ee935715" member_type: VOTER last_known_addr { host: "127.4.82.66" port: 44749 } } peers { permanent_uuid: "be3bbda83e5a40859ee429d040bf8b3d" member_type: VOTER last_known_addr { host: "127.4.82.68" port: 41097 } } peers { permanent_uuid: "e3ec5b523385494fb90ee82af6fbae82" member_type: VOTER last_known_addr { host: "127.4.82.67" port: 34833 } }
I20260608 10:10:08.735618  7777 raft_consensus.cc:385] T 2481be6f75a442ec975e23042a9cdaf4 P e3ec5b523385494fb90ee82af6fbae82 [term 0 FOLLOWER]: Consensus starting up: Expiring failure detector timer to make a prompt election more likely
I20260608 10:10:08.735961  7777 raft_consensus.cc:740] T 2481be6f75a442ec975e23042a9cdaf4 P e3ec5b523385494fb90ee82af6fbae82 [term 0 FOLLOWER]: Becoming Follower/Learner. State: Replica: e3ec5b523385494fb90ee82af6fbae82, State: Initialized, Role: FOLLOWER
I20260608 10:10:08.737012  7777 consensus_queue.cc:260] T 2481be6f75a442ec975e23042a9cdaf4 P e3ec5b523385494fb90ee82af6fbae82 [NON_LEADER]: Queue going to NON_LEADER mode. State: All replicated index: 0, Majority replicated index: 0, Committed index: 0, Last appended: 0.0, Last appended by leader: 0, Current term: 0, Majority size: -1, State: 0, Mode: NON_LEADER, active raft config: opid_index: -1 OBSOLETE_local: false peers { permanent_uuid: "de639dd17e654646bd6b9952ee935715" member_type: VOTER last_known_addr { host: "127.4.82.66" port: 44749 } } peers { permanent_uuid: "be3bbda83e5a40859ee429d040bf8b3d" member_type: VOTER last_known_addr { host: "127.4.82.68" port: 41097 } } peers { permanent_uuid: "e3ec5b523385494fb90ee82af6fbae82" member_type: VOTER last_known_addr { host: "127.4.82.67" port: 34833 } }
I20260608 10:10:08.738333  7431 tablet_service.cc:1917] Received RequestConsensusVote() RPC: tablet_id: "331d5eb2281242388c6a067708ba5b22" candidate_uuid: "de639dd17e654646bd6b9952ee935715" candidate_term: 1 candidate_status { last_received { term: 0 index: 0 } } ignore_live_leader: false dest_uuid: "aed962f50c884eab86ea7d0296a24402" is_pre_election: true
I20260608 10:10:08.739257  7431 raft_consensus.cc:2468] T 331d5eb2281242388c6a067708ba5b22 P aed962f50c884eab86ea7d0296a24402 [term 0 FOLLOWER]: Leader pre-election vote request: Granting yes vote for candidate de639dd17e654646bd6b9952ee935715 in term 0.
I20260608 10:10:08.740567  7632 leader_election.cc:290] T 331d5eb2281242388c6a067708ba5b22 P de639dd17e654646bd6b9952ee935715 [CANDIDATE]: Term 1 pre-election: Requested pre-vote from peers be3bbda83e5a40859ee429d040bf8b3d (127.4.82.68:41097), aed962f50c884eab86ea7d0296a24402 (127.4.82.65:44251)
I20260608 10:10:08.742141  7473 leader_election.cc:304] T 331d5eb2281242388c6a067708ba5b22 P de639dd17e654646bd6b9952ee935715 [CANDIDATE]: Term 1 pre-election: Election decided. Result: candidate won. Election summary: received 2 responses out of 3 voters: 2 yes votes; 0 no votes. yes voters: aed962f50c884eab86ea7d0296a24402, de639dd17e654646bd6b9952ee935715; no voters: 
I20260608 10:10:08.746289  7632 raft_consensus.cc:2804] T 331d5eb2281242388c6a067708ba5b22 P de639dd17e654646bd6b9952ee935715 [term 0 FOLLOWER]: Leader pre-election won for term 1
I20260608 10:10:08.746727  7632 raft_consensus.cc:493] T 331d5eb2281242388c6a067708ba5b22 P de639dd17e654646bd6b9952ee935715 [term 0 FOLLOWER]: Starting leader election (no leader contacted us within the election timeout)
I20260608 10:10:08.747144  7632 raft_consensus.cc:3060] T 331d5eb2281242388c6a067708ba5b22 P de639dd17e654646bd6b9952ee935715 [term 0 FOLLOWER]: Advancing to term 1
I20260608 10:10:08.749194  7774 tablet_bootstrap.cc:492] T 2481be6f75a442ec975e23042a9cdaf4 P de639dd17e654646bd6b9952ee935715: No bootstrap required, opened a new log
I20260608 10:10:08.749825  7774 ts_tablet_manager.cc:1403] T 2481be6f75a442ec975e23042a9cdaf4 P de639dd17e654646bd6b9952ee935715: Time spent bootstrapping tablet: real 0.060s	user 0.026s	sys 0.009s
I20260608 10:10:08.750684  7741 tablet_service.cc:1917] Received RequestConsensusVote() RPC: tablet_id: "6f92356741f34d5b849404f2e15d4d5e" candidate_uuid: "aed962f50c884eab86ea7d0296a24402" candidate_term: 1 candidate_status { last_received { term: 0 index: 0 } } ignore_live_leader: false dest_uuid: "be3bbda83e5a40859ee429d040bf8b3d" is_pre_election: true
I20260608 10:10:08.751792  7741 raft_consensus.cc:2468] T 6f92356741f34d5b849404f2e15d4d5e P be3bbda83e5a40859ee429d040bf8b3d [term 0 FOLLOWER]: Leader pre-election vote request: Granting yes vote for candidate aed962f50c884eab86ea7d0296a24402 in term 0.
I20260608 10:10:08.753508  7774 raft_consensus.cc:359] T 2481be6f75a442ec975e23042a9cdaf4 P de639dd17e654646bd6b9952ee935715 [term 0 FOLLOWER]: Replica starting. Triggering 0 pending ops. Active config: opid_index: -1 OBSOLETE_local: false peers { permanent_uuid: "de639dd17e654646bd6b9952ee935715" member_type: VOTER last_known_addr { host: "127.4.82.66" port: 44749 } } peers { permanent_uuid: "be3bbda83e5a40859ee429d040bf8b3d" member_type: VOTER last_known_addr { host: "127.4.82.68" port: 41097 } } peers { permanent_uuid: "e3ec5b523385494fb90ee82af6fbae82" member_type: VOTER last_known_addr { host: "127.4.82.67" port: 34833 } }
I20260608 10:10:08.754598  7774 raft_consensus.cc:385] T 2481be6f75a442ec975e23042a9cdaf4 P de639dd17e654646bd6b9952ee935715 [term 0 FOLLOWER]: Consensus starting up: Expiring failure detector timer to make a prompt election more likely
I20260608 10:10:08.723927  7772 tablet_bootstrap.cc:492] T 8af334e0fde14e0ba8d835fbae8537c4 P aed962f50c884eab86ea7d0296a24402: Bootstrap starting.
I20260608 10:10:08.755059  7774 raft_consensus.cc:740] T 2481be6f75a442ec975e23042a9cdaf4 P de639dd17e654646bd6b9952ee935715 [term 0 FOLLOWER]: Becoming Follower/Learner. State: Replica: de639dd17e654646bd6b9952ee935715, State: Initialized, Role: FOLLOWER
I20260608 10:10:08.739500  7777 ts_tablet_manager.cc:1434] T 2481be6f75a442ec975e23042a9cdaf4 P e3ec5b523385494fb90ee82af6fbae82: Time spent starting tablet: real 0.008s	user 0.004s	sys 0.004s
I20260608 10:10:08.756594  7774 consensus_queue.cc:260] T 2481be6f75a442ec975e23042a9cdaf4 P de639dd17e654646bd6b9952ee935715 [NON_LEADER]: Queue going to NON_LEADER mode. State: All replicated index: 0, Majority replicated index: 0, Committed index: 0, Last appended: 0.0, Last appended by leader: 0, Current term: 0, Majority size: -1, State: 0, Mode: NON_LEADER, active raft config: opid_index: -1 OBSOLETE_local: false peers { permanent_uuid: "de639dd17e654646bd6b9952ee935715" member_type: VOTER last_known_addr { host: "127.4.82.66" port: 44749 } } peers { permanent_uuid: "be3bbda83e5a40859ee429d040bf8b3d" member_type: VOTER last_known_addr { host: "127.4.82.68" port: 41097 } } peers { permanent_uuid: "e3ec5b523385494fb90ee82af6fbae82" member_type: VOTER last_known_addr { host: "127.4.82.67" port: 34833 } }
I20260608 10:10:08.757236  7777 tablet_bootstrap.cc:492] T 2c747dc5a5b04188b39ef4427c350668 P e3ec5b523385494fb90ee82af6fbae82: Bootstrap starting.
I20260608 10:10:08.742403  7782 tablet_bootstrap.cc:654] T 3b5d4669cdfb4b1abf1cb0b5889efd4f P be3bbda83e5a40859ee429d040bf8b3d: Neither blocks nor log segments found. Creating new log.
I20260608 10:10:08.766242  7690 raft_consensus.cc:493] T 8af334e0fde14e0ba8d835fbae8537c4 P e3ec5b523385494fb90ee82af6fbae82 [term 0 FOLLOWER]: Starting pre-election (no leader contacted us within the election timeout)
I20260608 10:10:08.766906  7690 raft_consensus.cc:515] T 8af334e0fde14e0ba8d835fbae8537c4 P e3ec5b523385494fb90ee82af6fbae82 [term 0 FOLLOWER]: Starting pre-election with config: opid_index: -1 OBSOLETE_local: false peers { permanent_uuid: "aed962f50c884eab86ea7d0296a24402" member_type: VOTER last_known_addr { host: "127.4.82.65" port: 44251 } } peers { permanent_uuid: "be3bbda83e5a40859ee429d040bf8b3d" member_type: VOTER last_known_addr { host: "127.4.82.68" port: 41097 } } peers { permanent_uuid: "e3ec5b523385494fb90ee82af6fbae82" member_type: VOTER last_known_addr { host: "127.4.82.67" port: 34833 } }
I20260608 10:10:08.768003  7633 raft_consensus.cc:515] T 6f92356741f34d5b849404f2e15d4d5e P aed962f50c884eab86ea7d0296a24402 [term 1 FOLLOWER]: Starting leader election with config: opid_index: -1 OBSOLETE_local: false peers { permanent_uuid: "aed962f50c884eab86ea7d0296a24402" member_type: VOTER last_known_addr { host: "127.4.82.65" port: 44251 } } peers { permanent_uuid: "be3bbda83e5a40859ee429d040bf8b3d" member_type: VOTER last_known_addr { host: "127.4.82.68" port: 41097 } } peers { permanent_uuid: "de639dd17e654646bd6b9952ee935715" member_type: VOTER last_known_addr { host: "127.4.82.66" port: 44749 } }
I20260608 10:10:08.770782  7431 tablet_service.cc:1917] Received RequestConsensusVote() RPC: tablet_id: "8af334e0fde14e0ba8d835fbae8537c4" candidate_uuid: "e3ec5b523385494fb90ee82af6fbae82" candidate_term: 1 candidate_status { last_received { term: 0 index: 0 } } ignore_live_leader: false dest_uuid: "aed962f50c884eab86ea7d0296a24402" is_pre_election: true
W20260608 10:10:08.772513  7547 leader_election.cc:343] T 8af334e0fde14e0ba8d835fbae8537c4 P e3ec5b523385494fb90ee82af6fbae82 [CANDIDATE]: Term 1 pre-election: Tablet error from VoteRequest() call to peer aed962f50c884eab86ea7d0296a24402 (127.4.82.65:44251): Illegal state: must be running to vote when last-logged opid is not known
I20260608 10:10:08.772670  7632 raft_consensus.cc:515] T 331d5eb2281242388c6a067708ba5b22 P de639dd17e654646bd6b9952ee935715 [term 1 FOLLOWER]: Starting leader election with config: opid_index: -1 OBSOLETE_local: false peers { permanent_uuid: "be3bbda83e5a40859ee429d040bf8b3d" member_type: VOTER last_known_addr { host: "127.4.82.68" port: 41097 } } peers { permanent_uuid: "aed962f50c884eab86ea7d0296a24402" member_type: VOTER last_known_addr { host: "127.4.82.65" port: 44251 } } peers { permanent_uuid: "de639dd17e654646bd6b9952ee935715" member_type: VOTER last_known_addr { host: "127.4.82.66" port: 44749 } }
I20260608 10:10:08.776742  7690 leader_election.cc:290] T 8af334e0fde14e0ba8d835fbae8537c4 P e3ec5b523385494fb90ee82af6fbae82 [CANDIDATE]: Term 1 pre-election: Requested pre-vote from peers aed962f50c884eab86ea7d0296a24402 (127.4.82.65:44251), be3bbda83e5a40859ee429d040bf8b3d (127.4.82.68:41097)
I20260608 10:10:08.780995  7633 leader_election.cc:290] T 6f92356741f34d5b849404f2e15d4d5e P aed962f50c884eab86ea7d0296a24402 [CANDIDATE]: Term 1 election: Requested vote from peers be3bbda83e5a40859ee429d040bf8b3d (127.4.82.68:41097), de639dd17e654646bd6b9952ee935715 (127.4.82.66:44749)
I20260608 10:10:08.781783  7741 tablet_service.cc:1917] Received RequestConsensusVote() RPC: tablet_id: "6f92356741f34d5b849404f2e15d4d5e" candidate_uuid: "aed962f50c884eab86ea7d0296a24402" candidate_term: 1 candidate_status { last_received { term: 0 index: 0 } } ignore_live_leader: false dest_uuid: "be3bbda83e5a40859ee429d040bf8b3d"
I20260608 10:10:08.782430  7741 raft_consensus.cc:3060] T 6f92356741f34d5b849404f2e15d4d5e P be3bbda83e5a40859ee429d040bf8b3d [term 0 FOLLOWER]: Advancing to term 1
I20260608 10:10:08.783963  7505 tablet_service.cc:1917] Received RequestConsensusVote() RPC: tablet_id: "6f92356741f34d5b849404f2e15d4d5e" candidate_uuid: "aed962f50c884eab86ea7d0296a24402" candidate_term: 1 candidate_status { last_received { term: 0 index: 0 } } ignore_live_leader: false dest_uuid: "de639dd17e654646bd6b9952ee935715"
I20260608 10:10:08.784600  7505 raft_consensus.cc:3060] T 6f92356741f34d5b849404f2e15d4d5e P de639dd17e654646bd6b9952ee935715 [term 0 FOLLOWER]: Advancing to term 1
I20260608 10:10:08.786723  7330 catalog_manager.cc:6241] T 00000000000000000000000000000000 P d043395e5c4c4cd4906d3ba10fd66cdf: range_aware_rebalance_new_range [id=3c96d868126a4c12894d85b210aae596] alter complete (version 0)
I20260608 10:10:08.789515  7772 tablet_bootstrap.cc:654] T 8af334e0fde14e0ba8d835fbae8537c4 P aed962f50c884eab86ea7d0296a24402: Neither blocks nor log segments found. Creating new log.
I20260608 10:10:08.791020  7741 raft_consensus.cc:2468] T 6f92356741f34d5b849404f2e15d4d5e P be3bbda83e5a40859ee429d040bf8b3d [term 1 FOLLOWER]: Leader election vote request: Granting yes vote for candidate aed962f50c884eab86ea7d0296a24402 in term 1.
I20260608 10:10:08.793027  7505 raft_consensus.cc:2468] T 6f92356741f34d5b849404f2e15d4d5e P de639dd17e654646bd6b9952ee935715 [term 1 FOLLOWER]: Leader election vote request: Granting yes vote for candidate aed962f50c884eab86ea7d0296a24402 in term 1.
I20260608 10:10:08.800593  7395 leader_election.cc:304] T 6f92356741f34d5b849404f2e15d4d5e P aed962f50c884eab86ea7d0296a24402 [CANDIDATE]: Term 1 election: Election decided. Result: candidate won. Election summary: received 2 responses out of 3 voters: 2 yes votes; 0 no votes. yes voters: aed962f50c884eab86ea7d0296a24402, be3bbda83e5a40859ee429d040bf8b3d; no voters: 
I20260608 10:10:08.801512  7633 raft_consensus.cc:2804] T 6f92356741f34d5b849404f2e15d4d5e P aed962f50c884eab86ea7d0296a24402 [term 1 FOLLOWER]: Leader election won for term 1
I20260608 10:10:08.802019  7633 raft_consensus.cc:697] T 6f92356741f34d5b849404f2e15d4d5e P aed962f50c884eab86ea7d0296a24402 [term 1 LEADER]: Becoming Leader. State: Replica: aed962f50c884eab86ea7d0296a24402, State: Running, Role: LEADER
I20260608 10:10:08.802955  7633 consensus_queue.cc:237] T 6f92356741f34d5b849404f2e15d4d5e P aed962f50c884eab86ea7d0296a24402 [LEADER]: Queue going to LEADER mode. State: All replicated index: 0, Majority replicated index: 0, Committed index: 0, Last appended: 0.0, Last appended by leader: 0, Current term: 1, Majority size: 2, State: 0, Mode: LEADER, active raft config: opid_index: -1 OBSOLETE_local: false peers { permanent_uuid: "aed962f50c884eab86ea7d0296a24402" member_type: VOTER last_known_addr { host: "127.4.82.65" port: 44251 } } peers { permanent_uuid: "be3bbda83e5a40859ee429d040bf8b3d" member_type: VOTER last_known_addr { host: "127.4.82.68" port: 41097 } } peers { permanent_uuid: "de639dd17e654646bd6b9952ee935715" member_type: VOTER last_known_addr { host: "127.4.82.66" port: 44749 } }
I20260608 10:10:08.807811  7772 tablet_bootstrap.cc:492] T 8af334e0fde14e0ba8d835fbae8537c4 P aed962f50c884eab86ea7d0296a24402: No bootstrap required, opened a new log
I20260608 10:10:08.808175  7649 raft_consensus.cc:493] T 2c747dc5a5b04188b39ef4427c350668 P aed962f50c884eab86ea7d0296a24402 [term 0 FOLLOWER]: Starting pre-election (no leader contacted us within the election timeout)
I20260608 10:10:08.808825  7649 raft_consensus.cc:515] T 2c747dc5a5b04188b39ef4427c350668 P aed962f50c884eab86ea7d0296a24402 [term 0 FOLLOWER]: Starting pre-election with config: opid_index: -1 OBSOLETE_local: false peers { permanent_uuid: "aed962f50c884eab86ea7d0296a24402" member_type: VOTER last_known_addr { host: "127.4.82.65" port: 44251 } } peers { permanent_uuid: "be3bbda83e5a40859ee429d040bf8b3d" member_type: VOTER last_known_addr { host: "127.4.82.68" port: 41097 } } peers { permanent_uuid: "e3ec5b523385494fb90ee82af6fbae82" member_type: VOTER last_known_addr { host: "127.4.82.67" port: 34833 } }
I20260608 10:10:08.786908  7777 tablet_bootstrap.cc:654] T 2c747dc5a5b04188b39ef4427c350668 P e3ec5b523385494fb90ee82af6fbae82: Neither blocks nor log segments found. Creating new log.
I20260608 10:10:08.811149  7649 leader_election.cc:290] T 2c747dc5a5b04188b39ef4427c350668 P aed962f50c884eab86ea7d0296a24402 [CANDIDATE]: Term 1 pre-election: Requested pre-vote from peers be3bbda83e5a40859ee429d040bf8b3d (127.4.82.68:41097), e3ec5b523385494fb90ee82af6fbae82 (127.4.82.67:34833)
I20260608 10:10:08.813791  7772 ts_tablet_manager.cc:1403] T 8af334e0fde14e0ba8d835fbae8537c4 P aed962f50c884eab86ea7d0296a24402: Time spent bootstrapping tablet: real 0.090s	user 0.018s	sys 0.004s
I20260608 10:10:08.813951  7741 tablet_service.cc:1917] Received RequestConsensusVote() RPC: tablet_id: "2c747dc5a5b04188b39ef4427c350668" candidate_uuid: "aed962f50c884eab86ea7d0296a24402" candidate_term: 1 candidate_status { last_received { term: 0 index: 0 } } ignore_live_leader: false dest_uuid: "be3bbda83e5a40859ee429d040bf8b3d" is_pre_election: true
I20260608 10:10:08.814733  7581 tablet_service.cc:1917] Received RequestConsensusVote() RPC: tablet_id: "2c747dc5a5b04188b39ef4427c350668" candidate_uuid: "aed962f50c884eab86ea7d0296a24402" candidate_term: 1 candidate_status { last_received { term: 0 index: 0 } } ignore_live_leader: false dest_uuid: "e3ec5b523385494fb90ee82af6fbae82" is_pre_election: true
W20260608 10:10:08.815316  7395 leader_election.cc:343] T 2c747dc5a5b04188b39ef4427c350668 P aed962f50c884eab86ea7d0296a24402 [CANDIDATE]: Term 1 pre-election: Tablet error from VoteRequest() call to peer be3bbda83e5a40859ee429d040bf8b3d (127.4.82.68:41097): Illegal state: must be running to vote when last-logged opid is not known
I20260608 10:10:08.816951  7786 raft_consensus.cc:493] T 2481be6f75a442ec975e23042a9cdaf4 P be3bbda83e5a40859ee429d040bf8b3d [term 0 FOLLOWER]: Starting pre-election (no leader contacted us within the election timeout)
I20260608 10:10:08.817548  7786 raft_consensus.cc:515] T 2481be6f75a442ec975e23042a9cdaf4 P be3bbda83e5a40859ee429d040bf8b3d [term 0 FOLLOWER]: Starting pre-election with config: opid_index: -1 OBSOLETE_local: false peers { permanent_uuid: "de639dd17e654646bd6b9952ee935715" member_type: VOTER last_known_addr { host: "127.4.82.66" port: 44749 } } peers { permanent_uuid: "be3bbda83e5a40859ee429d040bf8b3d" member_type: VOTER last_known_addr { host: "127.4.82.68" port: 41097 } } peers { permanent_uuid: "e3ec5b523385494fb90ee82af6fbae82" member_type: VOTER last_known_addr { host: "127.4.82.67" port: 34833 } }
I20260608 10:10:08.818822  7772 raft_consensus.cc:359] T 8af334e0fde14e0ba8d835fbae8537c4 P aed962f50c884eab86ea7d0296a24402 [term 0 FOLLOWER]: Replica starting. Triggering 0 pending ops. Active config: opid_index: -1 OBSOLETE_local: false peers { permanent_uuid: "aed962f50c884eab86ea7d0296a24402" member_type: VOTER last_known_addr { host: "127.4.82.65" port: 44251 } } peers { permanent_uuid: "be3bbda83e5a40859ee429d040bf8b3d" member_type: VOTER last_known_addr { host: "127.4.82.68" port: 41097 } } peers { permanent_uuid: "e3ec5b523385494fb90ee82af6fbae82" member_type: VOTER last_known_addr { host: "127.4.82.67" port: 34833 } }
I20260608 10:10:08.821604  7772 raft_consensus.cc:385] T 8af334e0fde14e0ba8d835fbae8537c4 P aed962f50c884eab86ea7d0296a24402 [term 0 FOLLOWER]: Consensus starting up: Expiring failure detector timer to make a prompt election more likely
W20260608 10:10:08.821789  7396 leader_election.cc:343] T 2c747dc5a5b04188b39ef4427c350668 P aed962f50c884eab86ea7d0296a24402 [CANDIDATE]: Term 1 pre-election: Tablet error from VoteRequest() call to peer e3ec5b523385494fb90ee82af6fbae82 (127.4.82.67:34833): Illegal state: must be running to vote when last-logged opid is not known
I20260608 10:10:08.822134  7772 raft_consensus.cc:740] T 8af334e0fde14e0ba8d835fbae8537c4 P aed962f50c884eab86ea7d0296a24402 [term 0 FOLLOWER]: Becoming Follower/Learner. State: Replica: aed962f50c884eab86ea7d0296a24402, State: Initialized, Role: FOLLOWER
I20260608 10:10:08.822359  7396 leader_election.cc:304] T 2c747dc5a5b04188b39ef4427c350668 P aed962f50c884eab86ea7d0296a24402 [CANDIDATE]: Term 1 pre-election: Election decided. Result: candidate lost. Election summary: received 3 responses out of 3 voters: 1 yes votes; 2 no votes. yes voters: aed962f50c884eab86ea7d0296a24402; no voters: be3bbda83e5a40859ee429d040bf8b3d, e3ec5b523385494fb90ee82af6fbae82
I20260608 10:10:08.823359  7633 raft_consensus.cc:2749] T 2c747dc5a5b04188b39ef4427c350668 P aed962f50c884eab86ea7d0296a24402 [term 0 FOLLOWER]: Leader pre-election lost for term 1. Reason: could not achieve majority
I20260608 10:10:08.824271  7772 consensus_queue.cc:260] T 8af334e0fde14e0ba8d835fbae8537c4 P aed962f50c884eab86ea7d0296a24402 [NON_LEADER]: Queue going to NON_LEADER mode. State: All replicated index: 0, Majority replicated index: 0, Committed index: 0, Last appended: 0.0, Last appended by leader: 0, Current term: 0, Majority size: -1, State: 0, Mode: NON_LEADER, active raft config: opid_index: -1 OBSOLETE_local: false peers { permanent_uuid: "aed962f50c884eab86ea7d0296a24402" member_type: VOTER last_known_addr { host: "127.4.82.65" port: 44251 } } peers { permanent_uuid: "be3bbda83e5a40859ee429d040bf8b3d" member_type: VOTER last_known_addr { host: "127.4.82.68" port: 41097 } } peers { permanent_uuid: "e3ec5b523385494fb90ee82af6fbae82" member_type: VOTER last_known_addr { host: "127.4.82.67" port: 34833 } }
I20260608 10:10:08.824898  7741 tablet_service.cc:1917] Received RequestConsensusVote() RPC: tablet_id: "8af334e0fde14e0ba8d835fbae8537c4" candidate_uuid: "e3ec5b523385494fb90ee82af6fbae82" candidate_term: 1 candidate_status { last_received { term: 0 index: 0 } } ignore_live_leader: false dest_uuid: "be3bbda83e5a40859ee429d040bf8b3d" is_pre_election: true
I20260608 10:10:08.825563  7777 tablet_bootstrap.cc:492] T 2c747dc5a5b04188b39ef4427c350668 P e3ec5b523385494fb90ee82af6fbae82: No bootstrap required, opened a new log
I20260608 10:10:08.826094  7777 ts_tablet_manager.cc:1403] T 2c747dc5a5b04188b39ef4427c350668 P e3ec5b523385494fb90ee82af6fbae82: Time spent bootstrapping tablet: real 0.069s	user 0.007s	sys 0.009s
W20260608 10:10:08.826664  7544 leader_election.cc:343] T 8af334e0fde14e0ba8d835fbae8537c4 P e3ec5b523385494fb90ee82af6fbae82 [CANDIDATE]: Term 1 pre-election: Tablet error from VoteRequest() call to peer be3bbda83e5a40859ee429d040bf8b3d (127.4.82.68:41097): Illegal state: must be running to vote when last-logged opid is not known
I20260608 10:10:08.827436  7544 leader_election.cc:304] T 8af334e0fde14e0ba8d835fbae8537c4 P e3ec5b523385494fb90ee82af6fbae82 [CANDIDATE]: Term 1 pre-election: Election decided. Result: candidate lost. Election summary: received 3 responses out of 3 voters: 1 yes votes; 2 no votes. yes voters: e3ec5b523385494fb90ee82af6fbae82; no voters: aed962f50c884eab86ea7d0296a24402, be3bbda83e5a40859ee429d040bf8b3d
I20260608 10:10:08.828312  7786 leader_election.cc:290] T 2481be6f75a442ec975e23042a9cdaf4 P be3bbda83e5a40859ee429d040bf8b3d [CANDIDATE]: Term 1 pre-election: Requested pre-vote from peers de639dd17e654646bd6b9952ee935715 (127.4.82.66:44749), e3ec5b523385494fb90ee82af6fbae82 (127.4.82.67:34833)
I20260608 10:10:08.828447  7690 raft_consensus.cc:2749] T 8af334e0fde14e0ba8d835fbae8537c4 P e3ec5b523385494fb90ee82af6fbae82 [term 0 FOLLOWER]: Leader pre-election lost for term 1. Reason: could not achieve majority
I20260608 10:10:08.830680  7327 catalog_manager.cc:5696] T 6f92356741f34d5b849404f2e15d4d5e P aed962f50c884eab86ea7d0296a24402 reported cstate change: term changed from 0 to 1, leader changed from <none> to aed962f50c884eab86ea7d0296a24402 (127.4.82.65). New cstate: current_term: 1 leader_uuid: "aed962f50c884eab86ea7d0296a24402" committed_config { opid_index: -1 OBSOLETE_local: false peers { permanent_uuid: "aed962f50c884eab86ea7d0296a24402" member_type: VOTER last_known_addr { host: "127.4.82.65" port: 44251 } health_report { overall_health: HEALTHY } } peers { permanent_uuid: "be3bbda83e5a40859ee429d040bf8b3d" member_type: VOTER last_known_addr { host: "127.4.82.68" port: 41097 } health_report { overall_health: UNKNOWN } } peers { permanent_uuid: "de639dd17e654646bd6b9952ee935715" member_type: VOTER last_known_addr { host: "127.4.82.66" port: 44749 } health_report { overall_health: UNKNOWN } } }
I20260608 10:10:08.845005  7777 raft_consensus.cc:359] T 2c747dc5a5b04188b39ef4427c350668 P e3ec5b523385494fb90ee82af6fbae82 [term 0 FOLLOWER]: Replica starting. Triggering 0 pending ops. Active config: opid_index: -1 OBSOLETE_local: false peers { permanent_uuid: "aed962f50c884eab86ea7d0296a24402" member_type: VOTER last_known_addr { host: "127.4.82.65" port: 44251 } } peers { permanent_uuid: "be3bbda83e5a40859ee429d040bf8b3d" member_type: VOTER last_known_addr { host: "127.4.82.68" port: 41097 } } peers { permanent_uuid: "e3ec5b523385494fb90ee82af6fbae82" member_type: VOTER last_known_addr { host: "127.4.82.67" port: 34833 } }
I20260608 10:10:08.846185  7777 raft_consensus.cc:385] T 2c747dc5a5b04188b39ef4427c350668 P e3ec5b523385494fb90ee82af6fbae82 [term 0 FOLLOWER]: Consensus starting up: Expiring failure detector timer to make a prompt election more likely
I20260608 10:10:08.849568  7772 ts_tablet_manager.cc:1434] T 8af334e0fde14e0ba8d835fbae8537c4 P aed962f50c884eab86ea7d0296a24402: Time spent starting tablet: real 0.035s	user 0.010s	sys 0.000s
I20260608 10:10:08.847498  7777 raft_consensus.cc:740] T 2c747dc5a5b04188b39ef4427c350668 P e3ec5b523385494fb90ee82af6fbae82 [term 0 FOLLOWER]: Becoming Follower/Learner. State: Replica: e3ec5b523385494fb90ee82af6fbae82, State: Initialized, Role: FOLLOWER
I20260608 10:10:08.861112  7632 leader_election.cc:290] T 331d5eb2281242388c6a067708ba5b22 P de639dd17e654646bd6b9952ee935715 [CANDIDATE]: Term 1 election: Requested vote from peers be3bbda83e5a40859ee429d040bf8b3d (127.4.82.68:41097), aed962f50c884eab86ea7d0296a24402 (127.4.82.65:44251)
I20260608 10:10:08.863237  7632 raft_consensus.cc:493] T 2481be6f75a442ec975e23042a9cdaf4 P de639dd17e654646bd6b9952ee935715 [term 0 FOLLOWER]: Starting pre-election (no leader contacted us within the election timeout)
I20260608 10:10:08.866099  7777 consensus_queue.cc:260] T 2c747dc5a5b04188b39ef4427c350668 P e3ec5b523385494fb90ee82af6fbae82 [NON_LEADER]: Queue going to NON_LEADER mode. State: All replicated index: 0, Majority replicated index: 0, Committed index: 0, Last appended: 0.0, Last appended by leader: 0, Current term: 0, Majority size: -1, State: 0, Mode: NON_LEADER, active raft config: opid_index: -1 OBSOLETE_local: false peers { permanent_uuid: "aed962f50c884eab86ea7d0296a24402" member_type: VOTER last_known_addr { host: "127.4.82.65" port: 44251 } } peers { permanent_uuid: "be3bbda83e5a40859ee429d040bf8b3d" member_type: VOTER last_known_addr { host: "127.4.82.68" port: 41097 } } peers { permanent_uuid: "e3ec5b523385494fb90ee82af6fbae82" member_type: VOTER last_known_addr { host: "127.4.82.67" port: 34833 } }
I20260608 10:10:08.867515  7690 raft_consensus.cc:493] T 2c747dc5a5b04188b39ef4427c350668 P e3ec5b523385494fb90ee82af6fbae82 [term 0 FOLLOWER]: Starting pre-election (no leader contacted us within the election timeout)
I20260608 10:10:08.868045  7690 raft_consensus.cc:515] T 2c747dc5a5b04188b39ef4427c350668 P e3ec5b523385494fb90ee82af6fbae82 [term 0 FOLLOWER]: Starting pre-election with config: opid_index: -1 OBSOLETE_local: false peers { permanent_uuid: "aed962f50c884eab86ea7d0296a24402" member_type: VOTER last_known_addr { host: "127.4.82.65" port: 44251 } } peers { permanent_uuid: "be3bbda83e5a40859ee429d040bf8b3d" member_type: VOTER last_known_addr { host: "127.4.82.68" port: 41097 } } peers { permanent_uuid: "e3ec5b523385494fb90ee82af6fbae82" member_type: VOTER last_known_addr { host: "127.4.82.67" port: 34833 } }
I20260608 10:10:08.874667  7431 tablet_service.cc:1917] Received RequestConsensusVote() RPC: tablet_id: "2c747dc5a5b04188b39ef4427c350668" candidate_uuid: "e3ec5b523385494fb90ee82af6fbae82" candidate_term: 1 candidate_status { last_received { term: 0 index: 0 } } ignore_live_leader: false dest_uuid: "aed962f50c884eab86ea7d0296a24402" is_pre_election: true
I20260608 10:10:08.875404  7431 raft_consensus.cc:2468] T 2c747dc5a5b04188b39ef4427c350668 P aed962f50c884eab86ea7d0296a24402 [term 0 FOLLOWER]: Leader pre-election vote request: Granting yes vote for candidate e3ec5b523385494fb90ee82af6fbae82 in term 0.
I20260608 10:10:08.876845  7547 leader_election.cc:304] T 2c747dc5a5b04188b39ef4427c350668 P e3ec5b523385494fb90ee82af6fbae82 [CANDIDATE]: Term 1 pre-election: Election decided. Result: candidate won. Election summary: received 2 responses out of 3 voters: 2 yes votes; 0 no votes. yes voters: aed962f50c884eab86ea7d0296a24402, e3ec5b523385494fb90ee82af6fbae82; no voters: 
I20260608 10:10:08.878701  7658 raft_consensus.cc:2804] T 2c747dc5a5b04188b39ef4427c350668 P e3ec5b523385494fb90ee82af6fbae82 [term 0 FOLLOWER]: Leader pre-election won for term 1
I20260608 10:10:08.879218  7658 raft_consensus.cc:493] T 2c747dc5a5b04188b39ef4427c350668 P e3ec5b523385494fb90ee82af6fbae82 [term 0 FOLLOWER]: Starting leader election (no leader contacted us within the election timeout)
I20260608 10:10:08.879669  7658 raft_consensus.cc:3060] T 2c747dc5a5b04188b39ef4427c350668 P e3ec5b523385494fb90ee82af6fbae82 [term 0 FOLLOWER]: Advancing to term 1
I20260608 10:10:08.896410  7798 raft_consensus.cc:493] T 6c2e091dcdc84405ae84793cbe9090f5 P de639dd17e654646bd6b9952ee935715 [term 0 FOLLOWER]: Starting pre-election (no leader contacted us within the election timeout)
I20260608 10:10:08.906236  7774 ts_tablet_manager.cc:1434] T 2481be6f75a442ec975e23042a9cdaf4 P de639dd17e654646bd6b9952ee935715: Time spent starting tablet: real 0.156s	user 0.016s	sys 0.021s
I20260608 10:10:08.897266  7798 raft_consensus.cc:515] T 6c2e091dcdc84405ae84793cbe9090f5 P de639dd17e654646bd6b9952ee935715 [term 0 FOLLOWER]: Starting pre-election with config: opid_index: -1 OBSOLETE_local: false peers { permanent_uuid: "be3bbda83e5a40859ee429d040bf8b3d" member_type: VOTER last_known_addr { host: "127.4.82.68" port: 41097 } } peers { permanent_uuid: "e3ec5b523385494fb90ee82af6fbae82" member_type: VOTER last_known_addr { host: "127.4.82.67" port: 34833 } } peers { permanent_uuid: "de639dd17e654646bd6b9952ee935715" member_type: VOTER last_known_addr { host: "127.4.82.66" port: 44749 } }
I20260608 10:10:08.906353  7772 tablet_bootstrap.cc:492] T 3b5d4669cdfb4b1abf1cb0b5889efd4f P aed962f50c884eab86ea7d0296a24402: Bootstrap starting.
I20260608 10:10:08.905310  7782 tablet_bootstrap.cc:492] T 3b5d4669cdfb4b1abf1cb0b5889efd4f P be3bbda83e5a40859ee429d040bf8b3d: No bootstrap required, opened a new log
I20260608 10:10:08.863981  7632 raft_consensus.cc:515] T 2481be6f75a442ec975e23042a9cdaf4 P de639dd17e654646bd6b9952ee935715 [term 0 FOLLOWER]: Starting pre-election with config: opid_index: -1 OBSOLETE_local: false peers { permanent_uuid: "de639dd17e654646bd6b9952ee935715" member_type: VOTER last_known_addr { host: "127.4.82.66" port: 44749 } } peers { permanent_uuid: "be3bbda83e5a40859ee429d040bf8b3d" member_type: VOTER last_known_addr { host: "127.4.82.68" port: 41097 } } peers { permanent_uuid: "e3ec5b523385494fb90ee82af6fbae82" member_type: VOTER last_known_addr { host: "127.4.82.67" port: 34833 } }
I20260608 10:10:08.907802  7774 tablet_bootstrap.cc:492] T 89efb9f4f3aa4f20ac77b7ba80fd3211 P de639dd17e654646bd6b9952ee935715: Bootstrap starting.
I20260608 10:10:08.919205  7782 ts_tablet_manager.cc:1403] T 3b5d4669cdfb4b1abf1cb0b5889efd4f P be3bbda83e5a40859ee429d040bf8b3d: Time spent bootstrapping tablet: real 0.188s	user 0.013s	sys 0.010s
I20260608 10:10:08.928429  7741 tablet_service.cc:1917] Received RequestConsensusVote() RPC: tablet_id: "331d5eb2281242388c6a067708ba5b22" candidate_uuid: "de639dd17e654646bd6b9952ee935715" candidate_term: 1 candidate_status { last_received { term: 0 index: 0 } } ignore_live_leader: false dest_uuid: "be3bbda83e5a40859ee429d040bf8b3d" is_pre_election: true
I20260608 10:10:08.932180  7431 tablet_service.cc:1917] Received RequestConsensusVote() RPC: tablet_id: "331d5eb2281242388c6a067708ba5b22" candidate_uuid: "de639dd17e654646bd6b9952ee935715" candidate_term: 1 candidate_status { last_received { term: 0 index: 0 } } ignore_live_leader: false dest_uuid: "aed962f50c884eab86ea7d0296a24402"
I20260608 10:10:08.934574  7431 raft_consensus.cc:3060] T 331d5eb2281242388c6a067708ba5b22 P aed962f50c884eab86ea7d0296a24402 [term 0 FOLLOWER]: Advancing to term 1
W20260608 10:10:08.934779  7470 leader_election.cc:343] T 331d5eb2281242388c6a067708ba5b22 P de639dd17e654646bd6b9952ee935715 [CANDIDATE]: Term 1 pre-election: Tablet error from VoteRequest() call to peer be3bbda83e5a40859ee429d040bf8b3d (127.4.82.68:41097): Illegal state: must be running to vote when last-logged opid is not known
I20260608 10:10:08.936239  7649 raft_consensus.cc:493] T 8af334e0fde14e0ba8d835fbae8537c4 P aed962f50c884eab86ea7d0296a24402 [term 0 FOLLOWER]: Starting pre-election (no leader contacted us within the election timeout)
I20260608 10:10:08.936818  7649 raft_consensus.cc:515] T 8af334e0fde14e0ba8d835fbae8537c4 P aed962f50c884eab86ea7d0296a24402 [term 0 FOLLOWER]: Starting pre-election with config: opid_index: -1 OBSOLETE_local: false peers { permanent_uuid: "aed962f50c884eab86ea7d0296a24402" member_type: VOTER last_known_addr { host: "127.4.82.65" port: 44251 } } peers { permanent_uuid: "be3bbda83e5a40859ee429d040bf8b3d" member_type: VOTER last_known_addr { host: "127.4.82.68" port: 41097 } } peers { permanent_uuid: "e3ec5b523385494fb90ee82af6fbae82" member_type: VOTER last_known_addr { host: "127.4.82.67" port: 34833 } }
I20260608 10:10:08.939337  7649 leader_election.cc:290] T 8af334e0fde14e0ba8d835fbae8537c4 P aed962f50c884eab86ea7d0296a24402 [CANDIDATE]: Term 1 pre-election: Requested pre-vote from peers be3bbda83e5a40859ee429d040bf8b3d (127.4.82.68:41097), e3ec5b523385494fb90ee82af6fbae82 (127.4.82.67:34833)
I20260608 10:10:08.952693  7690 leader_election.cc:290] T 2c747dc5a5b04188b39ef4427c350668 P e3ec5b523385494fb90ee82af6fbae82 [CANDIDATE]: Term 1 pre-election: Requested pre-vote from peers aed962f50c884eab86ea7d0296a24402 (127.4.82.65:44251), be3bbda83e5a40859ee429d040bf8b3d (127.4.82.68:41097)
I20260608 10:10:08.960892  7690 raft_consensus.cc:493] T 3b5d4669cdfb4b1abf1cb0b5889efd4f P e3ec5b523385494fb90ee82af6fbae82 [term 0 FOLLOWER]: Starting pre-election (no leader contacted us within the election timeout)
I20260608 10:10:08.961184  7632 leader_election.cc:290] T 2481be6f75a442ec975e23042a9cdaf4 P de639dd17e654646bd6b9952ee935715 [CANDIDATE]: Term 1 pre-election: Requested pre-vote from peers be3bbda83e5a40859ee429d040bf8b3d (127.4.82.68:41097), e3ec5b523385494fb90ee82af6fbae82 (127.4.82.67:34833)
I20260608 10:10:08.961283  7782 raft_consensus.cc:359] T 3b5d4669cdfb4b1abf1cb0b5889efd4f P be3bbda83e5a40859ee429d040bf8b3d [term 0 FOLLOWER]: Replica starting. Triggering 0 pending ops. Active config: opid_index: -1 OBSOLETE_local: false peers { permanent_uuid: "aed962f50c884eab86ea7d0296a24402" member_type: VOTER last_known_addr { host: "127.4.82.65" port: 44251 } } peers { permanent_uuid: "e3ec5b523385494fb90ee82af6fbae82" member_type: VOTER last_known_addr { host: "127.4.82.67" port: 34833 } } peers { permanent_uuid: "be3bbda83e5a40859ee429d040bf8b3d" member_type: VOTER last_known_addr { host: "127.4.82.68" port: 41097 } }
W20260608 10:10:08.944890  7547 outbound_call.cc:321] RPC callback for RPC call kudu.consensus.ConsensusService.UpdateConsensus -> {remote=127.4.82.65:44251, user_credentials={real_user=slave}} blocked reactor thread for 60234.1us
I20260608 10:10:08.961474  7690 raft_consensus.cc:515] T 3b5d4669cdfb4b1abf1cb0b5889efd4f P e3ec5b523385494fb90ee82af6fbae82 [term 0 FOLLOWER]: Starting pre-election with config: opid_index: -1 OBSOLETE_local: false peers { permanent_uuid: "aed962f50c884eab86ea7d0296a24402" member_type: VOTER last_known_addr { host: "127.4.82.65" port: 44251 } } peers { permanent_uuid: "e3ec5b523385494fb90ee82af6fbae82" member_type: VOTER last_known_addr { host: "127.4.82.67" port: 34833 } } peers { permanent_uuid: "be3bbda83e5a40859ee429d040bf8b3d" member_type: VOTER last_known_addr { host: "127.4.82.68" port: 41097 } }
I20260608 10:10:08.962205  7782 raft_consensus.cc:385] T 3b5d4669cdfb4b1abf1cb0b5889efd4f P be3bbda83e5a40859ee429d040bf8b3d [term 0 FOLLOWER]: Consensus starting up: Expiring failure detector timer to make a prompt election more likely
I20260608 10:10:08.953326  7741 tablet_service.cc:1917] Received RequestConsensusVote() RPC: tablet_id: "331d5eb2281242388c6a067708ba5b22" candidate_uuid: "de639dd17e654646bd6b9952ee935715" candidate_term: 1 candidate_status { last_received { term: 0 index: 0 } } ignore_live_leader: false dest_uuid: "be3bbda83e5a40859ee429d040bf8b3d"
I20260608 10:10:08.942979  7658 raft_consensus.cc:515] T 2c747dc5a5b04188b39ef4427c350668 P e3ec5b523385494fb90ee82af6fbae82 [term 1 FOLLOWER]: Starting leader election with config: opid_index: -1 OBSOLETE_local: false peers { permanent_uuid: "aed962f50c884eab86ea7d0296a24402" member_type: VOTER last_known_addr { host: "127.4.82.65" port: 44251 } } peers { permanent_uuid: "be3bbda83e5a40859ee429d040bf8b3d" member_type: VOTER last_known_addr { host: "127.4.82.68" port: 41097 } } peers { permanent_uuid: "e3ec5b523385494fb90ee82af6fbae82" member_type: VOTER last_known_addr { host: "127.4.82.67" port: 34833 } }
I20260608 10:10:08.962409  7579 tablet_service.cc:1917] Received RequestConsensusVote() RPC: tablet_id: "8af334e0fde14e0ba8d835fbae8537c4" candidate_uuid: "aed962f50c884eab86ea7d0296a24402" candidate_term: 1 candidate_status { last_received { term: 0 index: 0 } } ignore_live_leader: false dest_uuid: "e3ec5b523385494fb90ee82af6fbae82" is_pre_election: true
I20260608 10:10:08.965157  7431 raft_consensus.cc:2468] T 331d5eb2281242388c6a067708ba5b22 P aed962f50c884eab86ea7d0296a24402 [term 1 FOLLOWER]: Leader election vote request: Granting yes vote for candidate de639dd17e654646bd6b9952ee935715 in term 1.
I20260608 10:10:08.965754  7782 raft_consensus.cc:740] T 3b5d4669cdfb4b1abf1cb0b5889efd4f P be3bbda83e5a40859ee429d040bf8b3d [term 0 FOLLOWER]: Becoming Follower/Learner. State: Replica: be3bbda83e5a40859ee429d040bf8b3d, State: Initialized, Role: FOLLOWER
I20260608 10:10:08.964006  7740 tablet_service.cc:1917] Received RequestConsensusVote() RPC: tablet_id: "8af334e0fde14e0ba8d835fbae8537c4" candidate_uuid: "aed962f50c884eab86ea7d0296a24402" candidate_term: 1 candidate_status { last_received { term: 0 index: 0 } } ignore_live_leader: false dest_uuid: "be3bbda83e5a40859ee429d040bf8b3d" is_pre_election: true
I20260608 10:10:08.973209  7798 leader_election.cc:290] T 6c2e091dcdc84405ae84793cbe9090f5 P de639dd17e654646bd6b9952ee935715 [CANDIDATE]: Term 1 pre-election: Requested pre-vote from peers be3bbda83e5a40859ee429d040bf8b3d (127.4.82.68:41097), e3ec5b523385494fb90ee82af6fbae82 (127.4.82.67:34833)
I20260608 10:10:08.972267  7579 raft_consensus.cc:2468] T 8af334e0fde14e0ba8d835fbae8537c4 P e3ec5b523385494fb90ee82af6fbae82 [term 0 FOLLOWER]: Leader pre-election vote request: Granting yes vote for candidate aed962f50c884eab86ea7d0296a24402 in term 0.
I20260608 10:10:08.981427  7737 tablet_service.cc:1917] Received RequestConsensusVote() RPC: tablet_id: "2481be6f75a442ec975e23042a9cdaf4" candidate_uuid: "de639dd17e654646bd6b9952ee935715" candidate_term: 1 candidate_status { last_received { term: 0 index: 0 } } ignore_live_leader: false dest_uuid: "be3bbda83e5a40859ee429d040bf8b3d" is_pre_election: true
I20260608 10:10:08.983464  7738 tablet_service.cc:1917] Received RequestConsensusVote() RPC: tablet_id: "6c2e091dcdc84405ae84793cbe9090f5" candidate_uuid: "de639dd17e654646bd6b9952ee935715" candidate_term: 1 candidate_status { last_received { term: 0 index: 0 } } ignore_live_leader: false dest_uuid: "be3bbda83e5a40859ee429d040bf8b3d" is_pre_election: true
W20260608 10:10:08.978796  7470 leader_election.cc:343] T 331d5eb2281242388c6a067708ba5b22 P de639dd17e654646bd6b9952ee935715 [CANDIDATE]: Term 1 election: Tablet error from VoteRequest() call to peer be3bbda83e5a40859ee429d040bf8b3d (127.4.82.68:41097): Illegal state: must be running to vote when last-logged opid is not known
I20260608 10:10:08.985939  7578 tablet_service.cc:1917] Received RequestConsensusVote() RPC: tablet_id: "6c2e091dcdc84405ae84793cbe9090f5" candidate_uuid: "de639dd17e654646bd6b9952ee935715" candidate_term: 1 candidate_status { last_received { term: 0 index: 0 } } ignore_live_leader: false dest_uuid: "e3ec5b523385494fb90ee82af6fbae82" is_pre_election: true
I20260608 10:10:08.986057  7782 consensus_queue.cc:260] T 3b5d4669cdfb4b1abf1cb0b5889efd4f P be3bbda83e5a40859ee429d040bf8b3d [NON_LEADER]: Queue going to NON_LEADER mode. State: All replicated index: 0, Majority replicated index: 0, Committed index: 0, Last appended: 0.0, Last appended by leader: 0, Current term: 0, Majority size: -1, State: 0, Mode: NON_LEADER, active raft config: opid_index: -1 OBSOLETE_local: false peers { permanent_uuid: "aed962f50c884eab86ea7d0296a24402" member_type: VOTER last_known_addr { host: "127.4.82.65" port: 44251 } } peers { permanent_uuid: "e3ec5b523385494fb90ee82af6fbae82" member_type: VOTER last_known_addr { host: "127.4.82.67" port: 34833 } } peers { permanent_uuid: "be3bbda83e5a40859ee429d040bf8b3d" member_type: VOTER last_known_addr { host: "127.4.82.68" port: 41097 } }
I20260608 10:10:08.983695  7737 raft_consensus.cc:2468] T 2481be6f75a442ec975e23042a9cdaf4 P be3bbda83e5a40859ee429d040bf8b3d [term 0 FOLLOWER]: Leader pre-election vote request: Granting yes vote for candidate de639dd17e654646bd6b9952ee935715 in term 0.
I20260608 10:10:08.992707  7396 leader_election.cc:304] T 8af334e0fde14e0ba8d835fbae8537c4 P aed962f50c884eab86ea7d0296a24402 [CANDIDATE]: Term 1 pre-election: Election decided. Result: candidate won. Election summary: received 2 responses out of 3 voters: 2 yes votes; 0 no votes. yes voters: aed962f50c884eab86ea7d0296a24402, e3ec5b523385494fb90ee82af6fbae82; no voters: 
I20260608 10:10:08.988103  7690 leader_election.cc:290] T 3b5d4669cdfb4b1abf1cb0b5889efd4f P e3ec5b523385494fb90ee82af6fbae82 [CANDIDATE]: Term 1 pre-election: Requested pre-vote from peers aed962f50c884eab86ea7d0296a24402 (127.4.82.65:44251), be3bbda83e5a40859ee429d040bf8b3d (127.4.82.68:41097)
I20260608 10:10:08.990306  7432 tablet_service.cc:1917] Received RequestConsensusVote() RPC: tablet_id: "3b5d4669cdfb4b1abf1cb0b5889efd4f" candidate_uuid: "e3ec5b523385494fb90ee82af6fbae82" candidate_term: 1 candidate_status { last_received { term: 0 index: 0 } } ignore_live_leader: false dest_uuid: "aed962f50c884eab86ea7d0296a24402" is_pre_election: true
I20260608 10:10:08.990437  7811 raft_consensus.cc:493] T 2481be6f75a442ec975e23042a9cdaf4 P e3ec5b523385494fb90ee82af6fbae82 [term 0 FOLLOWER]: Starting pre-election (no leader contacted us within the election timeout)
I20260608 10:10:08.993608  7739 tablet_service.cc:1917] Received RequestConsensusVote() RPC: tablet_id: "2c747dc5a5b04188b39ef4427c350668" candidate_uuid: "e3ec5b523385494fb90ee82af6fbae82" candidate_term: 1 candidate_status { last_received { term: 0 index: 0 } } ignore_live_leader: false dest_uuid: "be3bbda83e5a40859ee429d040bf8b3d" is_pre_election: true
I20260608 10:10:08.993916  7684 raft_consensus.cc:2804] T 8af334e0fde14e0ba8d835fbae8537c4 P aed962f50c884eab86ea7d0296a24402 [term 0 FOLLOWER]: Leader pre-election won for term 1
I20260608 10:10:08.994899  7580 tablet_service.cc:1917] Received RequestConsensusVote() RPC: tablet_id: "2481be6f75a442ec975e23042a9cdaf4" candidate_uuid: "de639dd17e654646bd6b9952ee935715" candidate_term: 1 candidate_status { last_received { term: 0 index: 0 } } ignore_live_leader: false dest_uuid: "e3ec5b523385494fb90ee82af6fbae82" is_pre_election: true
I20260608 10:10:08.997772  7737 tablet_service.cc:1917] Received RequestConsensusVote() RPC: tablet_id: "3b5d4669cdfb4b1abf1cb0b5889efd4f" candidate_uuid: "e3ec5b523385494fb90ee82af6fbae82" candidate_term: 1 candidate_status { last_received { term: 0 index: 0 } } ignore_live_leader: false dest_uuid: "be3bbda83e5a40859ee429d040bf8b3d" is_pre_election: true
W20260608 10:10:08.998131  7547 leader_election.cc:343] T 3b5d4669cdfb4b1abf1cb0b5889efd4f P e3ec5b523385494fb90ee82af6fbae82 [CANDIDATE]: Term 1 pre-election: Tablet error from VoteRequest() call to peer aed962f50c884eab86ea7d0296a24402 (127.4.82.65:44251): Illegal state: must be running to vote when last-logged opid is not known
I20260608 10:10:08.998613  7737 raft_consensus.cc:2468] T 3b5d4669cdfb4b1abf1cb0b5889efd4f P be3bbda83e5a40859ee429d040bf8b3d [term 0 FOLLOWER]: Leader pre-election vote request: Granting yes vote for candidate e3ec5b523385494fb90ee82af6fbae82 in term 0.
I20260608 10:10:08.999073  7684 raft_consensus.cc:493] T 8af334e0fde14e0ba8d835fbae8537c4 P aed962f50c884eab86ea7d0296a24402 [term 0 FOLLOWER]: Starting leader election (no leader contacted us within the election timeout)
I20260608 10:10:08.999481  7684 raft_consensus.cc:3060] T 8af334e0fde14e0ba8d835fbae8537c4 P aed962f50c884eab86ea7d0296a24402 [term 0 FOLLOWER]: Advancing to term 1
I20260608 10:10:08.999373  7432 tablet_service.cc:1917] Received RequestConsensusVote() RPC: tablet_id: "2c747dc5a5b04188b39ef4427c350668" candidate_uuid: "e3ec5b523385494fb90ee82af6fbae82" candidate_term: 1 candidate_status { last_received { term: 0 index: 0 } } ignore_live_leader: false dest_uuid: "aed962f50c884eab86ea7d0296a24402"
I20260608 10:10:09.002696  7633 raft_consensus.cc:493] T 89efb9f4f3aa4f20ac77b7ba80fd3211 P aed962f50c884eab86ea7d0296a24402 [term 0 FOLLOWER]: Starting pre-election (no leader contacted us within the election timeout)
I20260608 10:10:09.003181  7633 raft_consensus.cc:515] T 89efb9f4f3aa4f20ac77b7ba80fd3211 P aed962f50c884eab86ea7d0296a24402 [term 0 FOLLOWER]: Starting pre-election with config: opid_index: -1 OBSOLETE_local: false peers { permanent_uuid: "aed962f50c884eab86ea7d0296a24402" member_type: VOTER last_known_addr { host: "127.4.82.65" port: 44251 } } peers { permanent_uuid: "be3bbda83e5a40859ee429d040bf8b3d" member_type: VOTER last_known_addr { host: "127.4.82.68" port: 41097 } } peers { permanent_uuid: "de639dd17e654646bd6b9952ee935715" member_type: VOTER last_known_addr { host: "127.4.82.66" port: 44749 } }
I20260608 10:10:09.004026  7544 leader_election.cc:304] T 3b5d4669cdfb4b1abf1cb0b5889efd4f P e3ec5b523385494fb90ee82af6fbae82 [CANDIDATE]: Term 1 pre-election: Election decided. Result: candidate won. Election summary: received 3 responses out of 3 voters: 2 yes votes; 1 no votes. yes voters: be3bbda83e5a40859ee429d040bf8b3d, e3ec5b523385494fb90ee82af6fbae82; no voters: aed962f50c884eab86ea7d0296a24402
W20260608 10:10:09.004438  7395 leader_election.cc:343] T 8af334e0fde14e0ba8d835fbae8537c4 P aed962f50c884eab86ea7d0296a24402 [CANDIDATE]: Term 1 pre-election: Tablet error from VoteRequest() call to peer be3bbda83e5a40859ee429d040bf8b3d (127.4.82.68:41097): Illegal state: must be running to vote when last-logged opid is not known
W20260608 10:10:09.005317  7544 leader_election.cc:343] T 2c747dc5a5b04188b39ef4427c350668 P e3ec5b523385494fb90ee82af6fbae82 [CANDIDATE]: Term 1 pre-election: Tablet error from VoteRequest() call to peer be3bbda83e5a40859ee429d040bf8b3d (127.4.82.68:41097): Illegal state: must be running to vote when last-logged opid is not known
I20260608 10:10:08.994992  7658 leader_election.cc:290] T 2c747dc5a5b04188b39ef4427c350668 P e3ec5b523385494fb90ee82af6fbae82 [CANDIDATE]: Term 1 election: Requested vote from peers aed962f50c884eab86ea7d0296a24402 (127.4.82.65:44251), be3bbda83e5a40859ee429d040bf8b3d (127.4.82.68:41097)
I20260608 10:10:09.008234  7690 raft_consensus.cc:2804] T 3b5d4669cdfb4b1abf1cb0b5889efd4f P e3ec5b523385494fb90ee82af6fbae82 [term 0 FOLLOWER]: Leader pre-election won for term 1
I20260608 10:10:09.009055  7739 tablet_service.cc:1917] Received RequestConsensusVote() RPC: tablet_id: "89efb9f4f3aa4f20ac77b7ba80fd3211" candidate_uuid: "aed962f50c884eab86ea7d0296a24402" candidate_term: 1 candidate_status { last_received { term: 0 index: 0 } } ignore_live_leader: false dest_uuid: "be3bbda83e5a40859ee429d040bf8b3d" is_pre_election: true
I20260608 10:10:09.007195  7473 leader_election.cc:304] T 331d5eb2281242388c6a067708ba5b22 P de639dd17e654646bd6b9952ee935715 [CANDIDATE]: Term 1 election: Election decided. Result: candidate won. Election summary: received 3 responses out of 3 voters: 2 yes votes; 1 no votes. yes voters: aed962f50c884eab86ea7d0296a24402, de639dd17e654646bd6b9952ee935715; no voters: be3bbda83e5a40859ee429d040bf8b3d
