I20260608 10:10:44.940296  8799 catalog_manager.cc:5696] T 1853839ac2f84b5ab4798034618aa8be P f0ecfb926b9946988c11461c28b22c80 reported cstate change: term changed from 0 to 1, leader changed from <none> to f0ecfb926b9946988c11461c28b22c80 (127.4.82.66). New cstate: current_term: 1 leader_uuid: "f0ecfb926b9946988c11461c28b22c80" committed_config { opid_index: -1 OBSOLETE_local: false peers { permanent_uuid: "6f31cb495b8f417cb3212460eae53ae5" member_type: VOTER last_known_addr { host: "127.4.82.65" port: 46863 } health_report { overall_health: UNKNOWN } } peers { permanent_uuid: "f0ecfb926b9946988c11461c28b22c80" member_type: VOTER last_known_addr { host: "127.4.82.66" port: 43765 } health_report { overall_health: HEALTHY } } peers { permanent_uuid: "e11a9ab61f8b46c0a9f1d995b29b758f" member_type: VOTER last_known_addr { host: "127.4.82.67" port: 45429 } health_report { overall_health: UNKNOWN } } }
I20260608 10:10:44.942456  9098 tablet_bootstrap.cc:492] T 1853839ac2f84b5ab4798034618aa8be P e11a9ab61f8b46c0a9f1d995b29b758f: Bootstrap starting.
I20260608 10:10:44.943065  8976 tablet_service.cc:1917] Received RequestConsensusVote() RPC: tablet_id: "fbd7306616c842a89eb6888ccf97cb6a" candidate_uuid: "e11a9ab61f8b46c0a9f1d995b29b758f" candidate_term: 1 candidate_status { last_received { term: 0 index: 0 } } ignore_live_leader: false dest_uuid: "f0ecfb926b9946988c11461c28b22c80" is_pre_election: true
I20260608 10:10:44.944741  9017 leader_election.cc:304] T fbd7306616c842a89eb6888ccf97cb6a P e11a9ab61f8b46c0a9f1d995b29b758f [CANDIDATE]: Term 1 pre-election: Election decided. Result: candidate lost. Election summary: received 3 responses out of 3 voters: 1 yes votes; 2 no votes. yes voters: e11a9ab61f8b46c0a9f1d995b29b758f; no voters: 6f31cb495b8f417cb3212460eae53ae5, f0ecfb926b9946988c11461c28b22c80
I20260608 10:10:44.945720  9123 raft_consensus.cc:3060] T fbd7306616c842a89eb6888ccf97cb6a P e11a9ab61f8b46c0a9f1d995b29b758f [term 0 FOLLOWER]: Advancing to term 1
I20260608 10:10:44.950935  9104 raft_consensus.cc:493] T bfd76659917d4cc58c7e83f53dc69dcc P 6f31cb495b8f417cb3212460eae53ae5 [term 0 FOLLOWER]: Starting pre-election (no leader contacted us within the election timeout)
I20260608 10:10:44.951596  9104 raft_consensus.cc:515] T bfd76659917d4cc58c7e83f53dc69dcc P 6f31cb495b8f417cb3212460eae53ae5 [term 0 FOLLOWER]: Starting pre-election with config: opid_index: -1 OBSOLETE_local: false peers { permanent_uuid: "6f31cb495b8f417cb3212460eae53ae5" member_type: VOTER last_known_addr { host: "127.4.82.65" port: 46863 } } peers { permanent_uuid: "f0ecfb926b9946988c11461c28b22c80" member_type: VOTER last_known_addr { host: "127.4.82.66" port: 43765 } } peers { permanent_uuid: "e11a9ab61f8b46c0a9f1d995b29b758f" member_type: VOTER last_known_addr { host: "127.4.82.67" port: 45429 } }
I20260608 10:10:44.955008  9098 tablet_bootstrap.cc:654] T 1853839ac2f84b5ab4798034618aa8be P e11a9ab61f8b46c0a9f1d995b29b758f: Neither blocks nor log segments found. Creating new log.
I20260608 10:10:44.957916  9104 leader_election.cc:290] T bfd76659917d4cc58c7e83f53dc69dcc P 6f31cb495b8f417cb3212460eae53ae5 [CANDIDATE]: Term 1 pre-election: Requested pre-vote from peers f0ecfb926b9946988c11461c28b22c80 (127.4.82.66:43765), e11a9ab61f8b46c0a9f1d995b29b758f (127.4.82.67:45429)
I20260608 10:10:44.957831  9123 raft_consensus.cc:2749] T fbd7306616c842a89eb6888ccf97cb6a P e11a9ab61f8b46c0a9f1d995b29b758f [term 1 FOLLOWER]: Leader pre-election lost for term 1. Reason: could not achieve majority
I20260608 10:10:44.957710  9051 tablet_service.cc:1917] Received RequestConsensusVote() RPC: tablet_id: "bfd76659917d4cc58c7e83f53dc69dcc" candidate_uuid: "6f31cb495b8f417cb3212460eae53ae5" candidate_term: 1 candidate_status { last_received { term: 0 index: 0 } } ignore_live_leader: false dest_uuid: "e11a9ab61f8b46c0a9f1d995b29b758f" is_pre_election: true
I20260608 10:10:44.959156  9051 raft_consensus.cc:2468] T bfd76659917d4cc58c7e83f53dc69dcc P e11a9ab61f8b46c0a9f1d995b29b758f [term 0 FOLLOWER]: Leader pre-election vote request: Granting yes vote for candidate 6f31cb495b8f417cb3212460eae53ae5 in term 0.
I20260608 10:10:44.959331  8976 tablet_service.cc:1917] Received RequestConsensusVote() RPC: tablet_id: "bfd76659917d4cc58c7e83f53dc69dcc" candidate_uuid: "6f31cb495b8f417cb3212460eae53ae5" candidate_term: 1 candidate_status { last_received { term: 0 index: 0 } } ignore_live_leader: false dest_uuid: "f0ecfb926b9946988c11461c28b22c80" is_pre_election: true
I20260608 10:10:44.960224  8866 leader_election.cc:304] T bfd76659917d4cc58c7e83f53dc69dcc P 6f31cb495b8f417cb3212460eae53ae5 [CANDIDATE]: Term 1 pre-election: Election decided. Result: candidate won. Election summary: received 2 responses out of 3 voters: 2 yes votes; 0 no votes. yes voters: 6f31cb495b8f417cb3212460eae53ae5, e11a9ab61f8b46c0a9f1d995b29b758f; no voters: 
I20260608 10:10:44.961231  9104 raft_consensus.cc:2804] T bfd76659917d4cc58c7e83f53dc69dcc P 6f31cb495b8f417cb3212460eae53ae5 [term 0 FOLLOWER]: Leader pre-election won for term 1
I20260608 10:10:44.961373  8976 raft_consensus.cc:2468] T bfd76659917d4cc58c7e83f53dc69dcc P f0ecfb926b9946988c11461c28b22c80 [term 0 FOLLOWER]: Leader pre-election vote request: Granting yes vote for candidate 6f31cb495b8f417cb3212460eae53ae5 in term 0.
I20260608 10:10:44.961894  9104 raft_consensus.cc:493] T bfd76659917d4cc58c7e83f53dc69dcc P 6f31cb495b8f417cb3212460eae53ae5 [term 0 FOLLOWER]: Starting leader election (no leader contacted us within the election timeout)
I20260608 10:10:44.962605  9104 raft_consensus.cc:3060] T bfd76659917d4cc58c7e83f53dc69dcc P 6f31cb495b8f417cb3212460eae53ae5 [term 0 FOLLOWER]: Advancing to term 1
I20260608 10:10:44.970148  9098 tablet_bootstrap.cc:492] T 1853839ac2f84b5ab4798034618aa8be P e11a9ab61f8b46c0a9f1d995b29b758f: No bootstrap required, opened a new log
I20260608 10:10:44.970822  9098 ts_tablet_manager.cc:1403] T 1853839ac2f84b5ab4798034618aa8be P e11a9ab61f8b46c0a9f1d995b29b758f: Time spent bootstrapping tablet: real 0.029s	user 0.014s	sys 0.005s
I20260608 10:10:44.977819  9104 raft_consensus.cc:515] T bfd76659917d4cc58c7e83f53dc69dcc P 6f31cb495b8f417cb3212460eae53ae5 [term 1 FOLLOWER]: Starting leader election with config: opid_index: -1 OBSOLETE_local: false peers { permanent_uuid: "6f31cb495b8f417cb3212460eae53ae5" member_type: VOTER last_known_addr { host: "127.4.82.65" port: 46863 } } peers { permanent_uuid: "f0ecfb926b9946988c11461c28b22c80" member_type: VOTER last_known_addr { host: "127.4.82.66" port: 43765 } } peers { permanent_uuid: "e11a9ab61f8b46c0a9f1d995b29b758f" member_type: VOTER last_known_addr { host: "127.4.82.67" port: 45429 } }
I20260608 10:10:44.979171  9097 tablet_bootstrap.cc:492] T a0cd4fe3336f4390a9199b1c4c97e5ff P f0ecfb926b9946988c11461c28b22c80: No bootstrap required, opened a new log
I20260608 10:10:44.979722  9097 ts_tablet_manager.cc:1403] T a0cd4fe3336f4390a9199b1c4c97e5ff P f0ecfb926b9946988c11461c28b22c80: Time spent bootstrapping tablet: real 0.044s	user 0.018s	sys 0.017s
I20260608 10:10:44.980069  9104 leader_election.cc:290] T bfd76659917d4cc58c7e83f53dc69dcc P 6f31cb495b8f417cb3212460eae53ae5 [CANDIDATE]: Term 1 election: Requested vote from peers f0ecfb926b9946988c11461c28b22c80 (127.4.82.66:43765), e11a9ab61f8b46c0a9f1d995b29b758f (127.4.82.67:45429)
I20260608 10:10:44.981786  9051 tablet_service.cc:1917] Received RequestConsensusVote() RPC: tablet_id: "bfd76659917d4cc58c7e83f53dc69dcc" candidate_uuid: "6f31cb495b8f417cb3212460eae53ae5" candidate_term: 1 candidate_status { last_received { term: 0 index: 0 } } ignore_live_leader: false dest_uuid: "e11a9ab61f8b46c0a9f1d995b29b758f"
I20260608 10:10:44.982378  9051 raft_consensus.cc:3060] T bfd76659917d4cc58c7e83f53dc69dcc P e11a9ab61f8b46c0a9f1d995b29b758f [term 0 FOLLOWER]: Advancing to term 1
I20260608 10:10:44.982658  9097 raft_consensus.cc:359] T a0cd4fe3336f4390a9199b1c4c97e5ff P f0ecfb926b9946988c11461c28b22c80 [term 0 FOLLOWER]: Replica starting. Triggering 0 pending ops. Active config: opid_index: -1 OBSOLETE_local: false peers { permanent_uuid: "6f31cb495b8f417cb3212460eae53ae5" member_type: VOTER last_known_addr { host: "127.4.82.65" port: 46863 } } peers { permanent_uuid: "f0ecfb926b9946988c11461c28b22c80" member_type: VOTER last_known_addr { host: "127.4.82.66" port: 43765 } } peers { permanent_uuid: "e11a9ab61f8b46c0a9f1d995b29b758f" member_type: VOTER last_known_addr { host: "127.4.82.67" port: 45429 } }
I20260608 10:10:44.983501  9097 raft_consensus.cc:385] T a0cd4fe3336f4390a9199b1c4c97e5ff P f0ecfb926b9946988c11461c28b22c80 [term 0 FOLLOWER]: Consensus starting up: Expiring failure detector timer to make a prompt election more likely
I20260608 10:10:44.983830  9097 raft_consensus.cc:740] T a0cd4fe3336f4390a9199b1c4c97e5ff P f0ecfb926b9946988c11461c28b22c80 [term 0 FOLLOWER]: Becoming Follower/Learner. State: Replica: f0ecfb926b9946988c11461c28b22c80, State: Initialized, Role: FOLLOWER
I20260608 10:10:44.984787  9097 consensus_queue.cc:260] T a0cd4fe3336f4390a9199b1c4c97e5ff P f0ecfb926b9946988c11461c28b22c80 [NON_LEADER]: Queue going to NON_LEADER mode. State: All replicated index: 0, Majority replicated index: 0, Committed index: 0, Last appended: 0.0, Last appended by leader: 0, Current term: 0, Majority size: -1, State: 0, Mode: NON_LEADER, active raft config: opid_index: -1 OBSOLETE_local: false peers { permanent_uuid: "6f31cb495b8f417cb3212460eae53ae5" member_type: VOTER last_known_addr { host: "127.4.82.65" port: 46863 } } peers { permanent_uuid: "f0ecfb926b9946988c11461c28b22c80" member_type: VOTER last_known_addr { host: "127.4.82.66" port: 43765 } } peers { permanent_uuid: "e11a9ab61f8b46c0a9f1d995b29b758f" member_type: VOTER last_known_addr { host: "127.4.82.67" port: 45429 } }
I20260608 10:10:44.986769  9098 raft_consensus.cc:359] T 1853839ac2f84b5ab4798034618aa8be P e11a9ab61f8b46c0a9f1d995b29b758f [term 0 FOLLOWER]: Replica starting. Triggering 0 pending ops. Active config: opid_index: -1 OBSOLETE_local: false peers { permanent_uuid: "6f31cb495b8f417cb3212460eae53ae5" member_type: VOTER last_known_addr { host: "127.4.82.65" port: 46863 } } peers { permanent_uuid: "f0ecfb926b9946988c11461c28b22c80" member_type: VOTER last_known_addr { host: "127.4.82.66" port: 43765 } } peers { permanent_uuid: "e11a9ab61f8b46c0a9f1d995b29b758f" member_type: VOTER last_known_addr { host: "127.4.82.67" port: 45429 } }
I20260608 10:10:44.987282  9097 ts_tablet_manager.cc:1434] T a0cd4fe3336f4390a9199b1c4c97e5ff P f0ecfb926b9946988c11461c28b22c80: Time spent starting tablet: real 0.007s	user 0.005s	sys 0.001s
I20260608 10:10:44.987569  9098 raft_consensus.cc:385] T 1853839ac2f84b5ab4798034618aa8be P e11a9ab61f8b46c0a9f1d995b29b758f [term 0 FOLLOWER]: Consensus starting up: Expiring failure detector timer to make a prompt election more likely
I20260608 10:10:44.987963  9098 raft_consensus.cc:740] T 1853839ac2f84b5ab4798034618aa8be P e11a9ab61f8b46c0a9f1d995b29b758f [term 0 FOLLOWER]: Becoming Follower/Learner. State: Replica: e11a9ab61f8b46c0a9f1d995b29b758f, State: Initialized, Role: FOLLOWER
I20260608 10:10:44.988842  9098 consensus_queue.cc:260] T 1853839ac2f84b5ab4798034618aa8be P e11a9ab61f8b46c0a9f1d995b29b758f [NON_LEADER]: Queue going to NON_LEADER mode. State: All replicated index: 0, Majority replicated index: 0, Committed index: 0, Last appended: 0.0, Last appended by leader: 0, Current term: 0, Majority size: -1, State: 0, Mode: NON_LEADER, active raft config: opid_index: -1 OBSOLETE_local: false peers { permanent_uuid: "6f31cb495b8f417cb3212460eae53ae5" member_type: VOTER last_known_addr { host: "127.4.82.65" port: 46863 } } peers { permanent_uuid: "f0ecfb926b9946988c11461c28b22c80" member_type: VOTER last_known_addr { host: "127.4.82.66" port: 43765 } } peers { permanent_uuid: "e11a9ab61f8b46c0a9f1d995b29b758f" member_type: VOTER last_known_addr { host: "127.4.82.67" port: 45429 } }
I20260608 10:10:44.990027  9051 raft_consensus.cc:2468] T bfd76659917d4cc58c7e83f53dc69dcc P e11a9ab61f8b46c0a9f1d995b29b758f [term 1 FOLLOWER]: Leader election vote request: Granting yes vote for candidate 6f31cb495b8f417cb3212460eae53ae5 in term 1.
I20260608 10:10:44.982290  8976 tablet_service.cc:1917] Received RequestConsensusVote() RPC: tablet_id: "bfd76659917d4cc58c7e83f53dc69dcc" candidate_uuid: "6f31cb495b8f417cb3212460eae53ae5" candidate_term: 1 candidate_status { last_received { term: 0 index: 0 } } ignore_live_leader: false dest_uuid: "f0ecfb926b9946988c11461c28b22c80"
I20260608 10:10:44.991724  8976 raft_consensus.cc:3060] T bfd76659917d4cc58c7e83f53dc69dcc P f0ecfb926b9946988c11461c28b22c80 [term 0 FOLLOWER]: Advancing to term 1
I20260608 10:10:44.992228  8866 leader_election.cc:304] T bfd76659917d4cc58c7e83f53dc69dcc P 6f31cb495b8f417cb3212460eae53ae5 [CANDIDATE]: Term 1 election: Election decided. Result: candidate won. Election summary: received 2 responses out of 3 voters: 2 yes votes; 0 no votes. yes voters: 6f31cb495b8f417cb3212460eae53ae5, e11a9ab61f8b46c0a9f1d995b29b758f; no voters: 
I20260608 10:10:44.996670  9104 raft_consensus.cc:2804] T bfd76659917d4cc58c7e83f53dc69dcc P 6f31cb495b8f417cb3212460eae53ae5 [term 1 FOLLOWER]: Leader election won for term 1
I20260608 10:10:44.998289  9104 raft_consensus.cc:697] T bfd76659917d4cc58c7e83f53dc69dcc P 6f31cb495b8f417cb3212460eae53ae5 [term 1 LEADER]: Becoming Leader. State: Replica: 6f31cb495b8f417cb3212460eae53ae5, State: Running, Role: LEADER
I20260608 10:10:44.999342  9104 consensus_queue.cc:237] T bfd76659917d4cc58c7e83f53dc69dcc P 6f31cb495b8f417cb3212460eae53ae5 [LEADER]: Queue going to LEADER mode. State: All replicated index: 0, Majority replicated index: 0, Committed index: 0, Last appended: 0.0, Last appended by leader: 0, Current term: 1, Majority size: 2, State: 0, Mode: LEADER, active raft config: opid_index: -1 OBSOLETE_local: false peers { permanent_uuid: "6f31cb495b8f417cb3212460eae53ae5" member_type: VOTER last_known_addr { host: "127.4.82.65" port: 46863 } } peers { permanent_uuid: "f0ecfb926b9946988c11461c28b22c80" member_type: VOTER last_known_addr { host: "127.4.82.66" port: 43765 } } peers { permanent_uuid: "e11a9ab61f8b46c0a9f1d995b29b758f" member_type: VOTER last_known_addr { host: "127.4.82.67" port: 45429 } }
I20260608 10:10:44.991077  9098 ts_tablet_manager.cc:1434] T 1853839ac2f84b5ab4798034618aa8be P e11a9ab61f8b46c0a9f1d995b29b758f: Time spent starting tablet: real 0.020s	user 0.005s	sys 0.000s
I20260608 10:10:45.000870  8976 raft_consensus.cc:2468] T bfd76659917d4cc58c7e83f53dc69dcc P f0ecfb926b9946988c11461c28b22c80 [term 1 FOLLOWER]: Leader election vote request: Granting yes vote for candidate 6f31cb495b8f417cb3212460eae53ae5 in term 1.
I20260608 10:10:45.006402  9098 tablet_bootstrap.cc:492] T a0cd4fe3336f4390a9199b1c4c97e5ff P e11a9ab61f8b46c0a9f1d995b29b758f: Bootstrap starting.
I20260608 10:10:45.010654  8799 catalog_manager.cc:5696] T bfd76659917d4cc58c7e83f53dc69dcc P 6f31cb495b8f417cb3212460eae53ae5 reported cstate change: term changed from 0 to 1, leader changed from <none> to 6f31cb495b8f417cb3212460eae53ae5 (127.4.82.65). New cstate: current_term: 1 leader_uuid: "6f31cb495b8f417cb3212460eae53ae5" committed_config { opid_index: -1 OBSOLETE_local: false peers { permanent_uuid: "6f31cb495b8f417cb3212460eae53ae5" member_type: VOTER last_known_addr { host: "127.4.82.65" port: 46863 } health_report { overall_health: HEALTHY } } peers { permanent_uuid: "f0ecfb926b9946988c11461c28b22c80" member_type: VOTER last_known_addr { host: "127.4.82.66" port: 43765 } health_report { overall_health: UNKNOWN } } peers { permanent_uuid: "e11a9ab61f8b46c0a9f1d995b29b758f" member_type: VOTER last_known_addr { host: "127.4.82.67" port: 45429 } health_report { overall_health: UNKNOWN } } }
I20260608 10:10:45.012014  9141 raft_consensus.cc:493] T a0cd4fe3336f4390a9199b1c4c97e5ff P f0ecfb926b9946988c11461c28b22c80 [term 0 FOLLOWER]: Starting pre-election (no leader contacted us within the election timeout)
I20260608 10:10:45.012655  9141 raft_consensus.cc:515] T a0cd4fe3336f4390a9199b1c4c97e5ff P f0ecfb926b9946988c11461c28b22c80 [term 0 FOLLOWER]: Starting pre-election with config: opid_index: -1 OBSOLETE_local: false peers { permanent_uuid: "6f31cb495b8f417cb3212460eae53ae5" member_type: VOTER last_known_addr { host: "127.4.82.65" port: 46863 } } peers { permanent_uuid: "f0ecfb926b9946988c11461c28b22c80" member_type: VOTER last_known_addr { host: "127.4.82.66" port: 43765 } } peers { permanent_uuid: "e11a9ab61f8b46c0a9f1d995b29b758f" member_type: VOTER last_known_addr { host: "127.4.82.67" port: 45429 } }
I20260608 10:10:45.013974  9098 tablet_bootstrap.cc:654] T a0cd4fe3336f4390a9199b1c4c97e5ff P e11a9ab61f8b46c0a9f1d995b29b758f: Neither blocks nor log segments found. Creating new log.
I20260608 10:10:45.015985  8901 tablet_service.cc:1917] Received RequestConsensusVote() RPC: tablet_id: "a0cd4fe3336f4390a9199b1c4c97e5ff" candidate_uuid: "f0ecfb926b9946988c11461c28b22c80" candidate_term: 1 candidate_status { last_received { term: 0 index: 0 } } ignore_live_leader: false dest_uuid: "6f31cb495b8f417cb3212460eae53ae5" is_pre_election: true
I20260608 10:10:45.016633  8901 raft_consensus.cc:2468] T a0cd4fe3336f4390a9199b1c4c97e5ff P 6f31cb495b8f417cb3212460eae53ae5 [term 0 FOLLOWER]: Leader pre-election vote request: Granting yes vote for candidate f0ecfb926b9946988c11461c28b22c80 in term 0.
I20260608 10:10:45.018049  8943 leader_election.cc:304] T a0cd4fe3336f4390a9199b1c4c97e5ff P f0ecfb926b9946988c11461c28b22c80 [CANDIDATE]: Term 1 pre-election: Election decided. Result: candidate won. Election summary: received 2 responses out of 3 voters: 2 yes votes; 0 no votes. yes voters: 6f31cb495b8f417cb3212460eae53ae5, f0ecfb926b9946988c11461c28b22c80; no voters: 
I20260608 10:10:45.018224  9051 tablet_service.cc:1917] Received RequestConsensusVote() RPC: tablet_id: "a0cd4fe3336f4390a9199b1c4c97e5ff" candidate_uuid: "f0ecfb926b9946988c11461c28b22c80" candidate_term: 1 candidate_status { last_received { term: 0 index: 0 } } ignore_live_leader: false dest_uuid: "e11a9ab61f8b46c0a9f1d995b29b758f" is_pre_election: true
I20260608 10:10:45.018800  9103 raft_consensus.cc:2804] T a0cd4fe3336f4390a9199b1c4c97e5ff P f0ecfb926b9946988c11461c28b22c80 [term 0 FOLLOWER]: Leader pre-election won for term 1
I20260608 10:10:45.019068  9103 raft_consensus.cc:493] T a0cd4fe3336f4390a9199b1c4c97e5ff P f0ecfb926b9946988c11461c28b22c80 [term 0 FOLLOWER]: Starting leader election (no leader contacted us within the election timeout)
I20260608 10:10:45.019279  9103 raft_consensus.cc:3060] T a0cd4fe3336f4390a9199b1c4c97e5ff P f0ecfb926b9946988c11461c28b22c80 [term 0 FOLLOWER]: Advancing to term 1
W20260608 10:10:45.020123  8941 leader_election.cc:343] T a0cd4fe3336f4390a9199b1c4c97e5ff P f0ecfb926b9946988c11461c28b22c80 [CANDIDATE]: Term 1 pre-election: Tablet error from VoteRequest() call to peer e11a9ab61f8b46c0a9f1d995b29b758f (127.4.82.67:45429): Illegal state: must be running to vote when last-logged opid is not known
I20260608 10:10:45.021960  9141 leader_election.cc:290] T a0cd4fe3336f4390a9199b1c4c97e5ff P f0ecfb926b9946988c11461c28b22c80 [CANDIDATE]: Term 1 pre-election: Requested pre-vote from peers 6f31cb495b8f417cb3212460eae53ae5 (127.4.82.65:46863), e11a9ab61f8b46c0a9f1d995b29b758f (127.4.82.67:45429)
I20260608 10:10:45.022245  9098 tablet_bootstrap.cc:492] T a0cd4fe3336f4390a9199b1c4c97e5ff P e11a9ab61f8b46c0a9f1d995b29b758f: No bootstrap required, opened a new log
I20260608 10:10:45.022751  9098 ts_tablet_manager.cc:1403] T a0cd4fe3336f4390a9199b1c4c97e5ff P e11a9ab61f8b46c0a9f1d995b29b758f: Time spent bootstrapping tablet: real 0.017s	user 0.011s	sys 0.000s
I20260608 10:10:45.025058  9098 raft_consensus.cc:359] T a0cd4fe3336f4390a9199b1c4c97e5ff P e11a9ab61f8b46c0a9f1d995b29b758f [term 0 FOLLOWER]: Replica starting. Triggering 0 pending ops. Active config: opid_index: -1 OBSOLETE_local: false peers { permanent_uuid: "6f31cb495b8f417cb3212460eae53ae5" member_type: VOTER last_known_addr { host: "127.4.82.65" port: 46863 } } peers { permanent_uuid: "f0ecfb926b9946988c11461c28b22c80" member_type: VOTER last_known_addr { host: "127.4.82.66" port: 43765 } } peers { permanent_uuid: "e11a9ab61f8b46c0a9f1d995b29b758f" member_type: VOTER last_known_addr { host: "127.4.82.67" port: 45429 } }
I20260608 10:10:45.025166  9103 raft_consensus.cc:515] T a0cd4fe3336f4390a9199b1c4c97e5ff P f0ecfb926b9946988c11461c28b22c80 [term 1 FOLLOWER]: Starting leader election with config: opid_index: -1 OBSOLETE_local: false peers { permanent_uuid: "6f31cb495b8f417cb3212460eae53ae5" member_type: VOTER last_known_addr { host: "127.4.82.65" port: 46863 } } peers { permanent_uuid: "f0ecfb926b9946988c11461c28b22c80" member_type: VOTER last_known_addr { host: "127.4.82.66" port: 43765 } } peers { permanent_uuid: "e11a9ab61f8b46c0a9f1d995b29b758f" member_type: VOTER last_known_addr { host: "127.4.82.67" port: 45429 } }
I20260608 10:10:45.025656  9098 raft_consensus.cc:385] T a0cd4fe3336f4390a9199b1c4c97e5ff P e11a9ab61f8b46c0a9f1d995b29b758f [term 0 FOLLOWER]: Consensus starting up: Expiring failure detector timer to make a prompt election more likely
I20260608 10:10:45.026005  9098 raft_consensus.cc:740] T a0cd4fe3336f4390a9199b1c4c97e5ff P e11a9ab61f8b46c0a9f1d995b29b758f [term 0 FOLLOWER]: Becoming Follower/Learner. State: Replica: e11a9ab61f8b46c0a9f1d995b29b758f, State: Initialized, Role: FOLLOWER
I20260608 10:10:45.026804  9098 consensus_queue.cc:260] T a0cd4fe3336f4390a9199b1c4c97e5ff P e11a9ab61f8b46c0a9f1d995b29b758f [NON_LEADER]: Queue going to NON_LEADER mode. State: All replicated index: 0, Majority replicated index: 0, Committed index: 0, Last appended: 0.0, Last appended by leader: 0, Current term: 0, Majority size: -1, State: 0, Mode: NON_LEADER, active raft config: opid_index: -1 OBSOLETE_local: false peers { permanent_uuid: "6f31cb495b8f417cb3212460eae53ae5" member_type: VOTER last_known_addr { host: "127.4.82.65" port: 46863 } } peers { permanent_uuid: "f0ecfb926b9946988c11461c28b22c80" member_type: VOTER last_known_addr { host: "127.4.82.66" port: 43765 } } peers { permanent_uuid: "e11a9ab61f8b46c0a9f1d995b29b758f" member_type: VOTER last_known_addr { host: "127.4.82.67" port: 45429 } }
I20260608 10:10:45.027915  9103 leader_election.cc:290] T a0cd4fe3336f4390a9199b1c4c97e5ff P f0ecfb926b9946988c11461c28b22c80 [CANDIDATE]: Term 1 election: Requested vote from peers 6f31cb495b8f417cb3212460eae53ae5 (127.4.82.65:46863), e11a9ab61f8b46c0a9f1d995b29b758f (127.4.82.67:45429)
I20260608 10:10:45.028682  8901 tablet_service.cc:1917] Received RequestConsensusVote() RPC: tablet_id: "a0cd4fe3336f4390a9199b1c4c97e5ff" candidate_uuid: "f0ecfb926b9946988c11461c28b22c80" candidate_term: 1 candidate_status { last_received { term: 0 index: 0 } } ignore_live_leader: false dest_uuid: "6f31cb495b8f417cb3212460eae53ae5"
I20260608 10:10:45.029213  8901 raft_consensus.cc:3060] T a0cd4fe3336f4390a9199b1c4c97e5ff P 6f31cb495b8f417cb3212460eae53ae5 [term 0 FOLLOWER]: Advancing to term 1
I20260608 10:10:45.029526  9051 tablet_service.cc:1917] Received RequestConsensusVote() RPC: tablet_id: "a0cd4fe3336f4390a9199b1c4c97e5ff" candidate_uuid: "f0ecfb926b9946988c11461c28b22c80" candidate_term: 1 candidate_status { last_received { term: 0 index: 0 } } ignore_live_leader: false dest_uuid: "e11a9ab61f8b46c0a9f1d995b29b758f"
I20260608 10:10:45.030121  9051 raft_consensus.cc:3060] T a0cd4fe3336f4390a9199b1c4c97e5ff P e11a9ab61f8b46c0a9f1d995b29b758f [term 0 FOLLOWER]: Advancing to term 1
I20260608 10:10:45.031991  9098 ts_tablet_manager.cc:1434] T a0cd4fe3336f4390a9199b1c4c97e5ff P e11a9ab61f8b46c0a9f1d995b29b758f: Time spent starting tablet: real 0.009s	user 0.007s	sys 0.000s
I20260608 10:10:45.032888  9098 tablet_bootstrap.cc:492] T 190d2baf52db43e180bf5eacf2943503 P e11a9ab61f8b46c0a9f1d995b29b758f: Bootstrap starting.
I20260608 10:10:45.037289  9051 raft_consensus.cc:2468] T a0cd4fe3336f4390a9199b1c4c97e5ff P e11a9ab61f8b46c0a9f1d995b29b758f [term 1 FOLLOWER]: Leader election vote request: Granting yes vote for candidate f0ecfb926b9946988c11461c28b22c80 in term 1.
I20260608 10:10:45.038203  9098 tablet_bootstrap.cc:654] T 190d2baf52db43e180bf5eacf2943503 P e11a9ab61f8b46c0a9f1d995b29b758f: Neither blocks nor log segments found. Creating new log.
I20260608 10:10:45.039652  8901 raft_consensus.cc:2468] T a0cd4fe3336f4390a9199b1c4c97e5ff P 6f31cb495b8f417cb3212460eae53ae5 [term 1 FOLLOWER]: Leader election vote request: Granting yes vote for candidate f0ecfb926b9946988c11461c28b22c80 in term 1.
I20260608 10:10:45.040760  8943 leader_election.cc:304] T a0cd4fe3336f4390a9199b1c4c97e5ff P f0ecfb926b9946988c11461c28b22c80 [CANDIDATE]: Term 1 election: Election decided. Result: candidate won. Election summary: received 2 responses out of 3 voters: 2 yes votes; 0 no votes. yes voters: 6f31cb495b8f417cb3212460eae53ae5, f0ecfb926b9946988c11461c28b22c80; no voters: 
I20260608 10:10:45.041666  9103 raft_consensus.cc:2804] T a0cd4fe3336f4390a9199b1c4c97e5ff P f0ecfb926b9946988c11461c28b22c80 [term 1 FOLLOWER]: Leader election won for term 1
I20260608 10:10:45.042207  9103 raft_consensus.cc:697] T a0cd4fe3336f4390a9199b1c4c97e5ff P f0ecfb926b9946988c11461c28b22c80 [term 1 LEADER]: Becoming Leader. State: Replica: f0ecfb926b9946988c11461c28b22c80, State: Running, Role: LEADER
I20260608 10:10:45.043051  9103 consensus_queue.cc:237] T a0cd4fe3336f4390a9199b1c4c97e5ff P f0ecfb926b9946988c11461c28b22c80 [LEADER]: Queue going to LEADER mode. State: All replicated index: 0, Majority replicated index: 0, Committed index: 0, Last appended: 0.0, Last appended by leader: 0, Current term: 1, Majority size: 2, State: 0, Mode: LEADER, active raft config: opid_index: -1 OBSOLETE_local: false peers { permanent_uuid: "6f31cb495b8f417cb3212460eae53ae5" member_type: VOTER last_known_addr { host: "127.4.82.65" port: 46863 } } peers { permanent_uuid: "f0ecfb926b9946988c11461c28b22c80" member_type: VOTER last_known_addr { host: "127.4.82.66" port: 43765 } } peers { permanent_uuid: "e11a9ab61f8b46c0a9f1d995b29b758f" member_type: VOTER last_known_addr { host: "127.4.82.67" port: 45429 } }
I20260608 10:10:45.049973  9098 tablet_bootstrap.cc:492] T 190d2baf52db43e180bf5eacf2943503 P e11a9ab61f8b46c0a9f1d995b29b758f: No bootstrap required, opened a new log
I20260608 10:10:45.050493  9098 ts_tablet_manager.cc:1403] T 190d2baf52db43e180bf5eacf2943503 P e11a9ab61f8b46c0a9f1d995b29b758f: Time spent bootstrapping tablet: real 0.018s	user 0.012s	sys 0.004s
I20260608 10:10:45.053054  9098 raft_consensus.cc:359] T 190d2baf52db43e180bf5eacf2943503 P e11a9ab61f8b46c0a9f1d995b29b758f [term 0 FOLLOWER]: Replica starting. Triggering 0 pending ops. Active config: opid_index: -1 OBSOLETE_local: false peers { permanent_uuid: "6f31cb495b8f417cb3212460eae53ae5" member_type: VOTER last_known_addr { host: "127.4.82.65" port: 46863 } } peers { permanent_uuid: "f0ecfb926b9946988c11461c28b22c80" member_type: VOTER last_known_addr { host: "127.4.82.66" port: 43765 } } peers { permanent_uuid: "e11a9ab61f8b46c0a9f1d995b29b758f" member_type: VOTER last_known_addr { host: "127.4.82.67" port: 45429 } }
I20260608 10:10:45.053934  9098 raft_consensus.cc:385] T 190d2baf52db43e180bf5eacf2943503 P e11a9ab61f8b46c0a9f1d995b29b758f [term 0 FOLLOWER]: Consensus starting up: Expiring failure detector timer to make a prompt election more likely
I20260608 10:10:45.053009  8797 catalog_manager.cc:5696] T a0cd4fe3336f4390a9199b1c4c97e5ff P f0ecfb926b9946988c11461c28b22c80 reported cstate change: term changed from 0 to 1, leader changed from <none> to f0ecfb926b9946988c11461c28b22c80 (127.4.82.66). New cstate: current_term: 1 leader_uuid: "f0ecfb926b9946988c11461c28b22c80" committed_config { opid_index: -1 OBSOLETE_local: false peers { permanent_uuid: "6f31cb495b8f417cb3212460eae53ae5" member_type: VOTER last_known_addr { host: "127.4.82.65" port: 46863 } health_report { overall_health: UNKNOWN } } peers { permanent_uuid: "f0ecfb926b9946988c11461c28b22c80" member_type: VOTER last_known_addr { host: "127.4.82.66" port: 43765 } health_report { overall_health: HEALTHY } } peers { permanent_uuid: "e11a9ab61f8b46c0a9f1d995b29b758f" member_type: VOTER last_known_addr { host: "127.4.82.67" port: 45429 } health_report { overall_health: UNKNOWN } } }
I20260608 10:10:45.053968  9102 consensus_queue.cc:1048] T e7b50cd7a600473da219ff9e44f6cfef P 6f31cb495b8f417cb3212460eae53ae5 [LEADER]: Connected to new peer: Peer: permanent_uuid: "f0ecfb926b9946988c11461c28b22c80" member_type: VOTER last_known_addr { host: "127.4.82.66" port: 43765 }, Status: LMP_MISMATCH, Last received: 0.0, Next index: 1, Last known committed idx: 0, Time since last communication: 0.001s
I20260608 10:10:45.054361  9098 raft_consensus.cc:740] T 190d2baf52db43e180bf5eacf2943503 P e11a9ab61f8b46c0a9f1d995b29b758f [term 0 FOLLOWER]: Becoming Follower/Learner. State: Replica: e11a9ab61f8b46c0a9f1d995b29b758f, State: Initialized, Role: FOLLOWER
I20260608 10:10:45.055470  9098 consensus_queue.cc:260] T 190d2baf52db43e180bf5eacf2943503 P e11a9ab61f8b46c0a9f1d995b29b758f [NON_LEADER]: Queue going to NON_LEADER mode. State: All replicated index: 0, Majority replicated index: 0, Committed index: 0, Last appended: 0.0, Last appended by leader: 0, Current term: 0, Majority size: -1, State: 0, Mode: NON_LEADER, active raft config: opid_index: -1 OBSOLETE_local: false peers { permanent_uuid: "6f31cb495b8f417cb3212460eae53ae5" member_type: VOTER last_known_addr { host: "127.4.82.65" port: 46863 } } peers { permanent_uuid: "f0ecfb926b9946988c11461c28b22c80" member_type: VOTER last_known_addr { host: "127.4.82.66" port: 43765 } } peers { permanent_uuid: "e11a9ab61f8b46c0a9f1d995b29b758f" member_type: VOTER last_known_addr { host: "127.4.82.67" port: 45429 } }
I20260608 10:10:45.056660  9104 consensus_queue.cc:1048] T 85e8709f7a524016a10f77168056779b P 6f31cb495b8f417cb3212460eae53ae5 [LEADER]: Connected to new peer: Peer: permanent_uuid: "e11a9ab61f8b46c0a9f1d995b29b758f" member_type: VOTER last_known_addr { host: "127.4.82.67" port: 45429 }, Status: LMP_MISMATCH, Last received: 0.0, Next index: 1, Last known committed idx: 0, Time since last communication: 0.000s
I20260608 10:10:45.057960  9098 ts_tablet_manager.cc:1434] T 190d2baf52db43e180bf5eacf2943503 P e11a9ab61f8b46c0a9f1d995b29b758f: Time spent starting tablet: real 0.007s	user 0.003s	sys 0.003s
I20260608 10:10:45.079964  9129 consensus_queue.cc:1048] T e7b50cd7a600473da219ff9e44f6cfef P 6f31cb495b8f417cb3212460eae53ae5 [LEADER]: Connected to new peer: Peer: permanent_uuid: "e11a9ab61f8b46c0a9f1d995b29b758f" member_type: VOTER last_known_addr { host: "127.4.82.67" port: 45429 }, Status: LMP_MISMATCH, Last received: 0.0, Next index: 1, Last known committed idx: 0, Time since last communication: 0.001s
I20260608 10:10:45.098676  9104 consensus_queue.cc:1048] T 85e8709f7a524016a10f77168056779b P 6f31cb495b8f417cb3212460eae53ae5 [LEADER]: Connected to new peer: Peer: permanent_uuid: "f0ecfb926b9946988c11461c28b22c80" member_type: VOTER last_known_addr { host: "127.4.82.66" port: 43765 }, Status: LMP_MISMATCH, Last received: 0.0, Next index: 1, Last known committed idx: 0, Time since last communication: 0.000s
I20260608 10:10:45.106511  9141 raft_consensus.cc:493] T b15b4888bc834966861caa1202c9d732 P f0ecfb926b9946988c11461c28b22c80 [term 0 FOLLOWER]: Starting pre-election (no leader contacted us within the election timeout)
I20260608 10:10:45.107066  9141 raft_consensus.cc:515] T b15b4888bc834966861caa1202c9d732 P f0ecfb926b9946988c11461c28b22c80 [term 0 FOLLOWER]: Starting pre-election with config: opid_index: -1 OBSOLETE_local: false peers { permanent_uuid: "6f31cb495b8f417cb3212460eae53ae5" member_type: VOTER last_known_addr { host: "127.4.82.65" port: 46863 } } peers { permanent_uuid: "f0ecfb926b9946988c11461c28b22c80" member_type: VOTER last_known_addr { host: "127.4.82.66" port: 43765 } } peers { permanent_uuid: "e11a9ab61f8b46c0a9f1d995b29b758f" member_type: VOTER last_known_addr { host: "127.4.82.67" port: 45429 } }
I20260608 10:10:45.109305  9141 leader_election.cc:290] T b15b4888bc834966861caa1202c9d732 P f0ecfb926b9946988c11461c28b22c80 [CANDIDATE]: Term 1 pre-election: Requested pre-vote from peers 6f31cb495b8f417cb3212460eae53ae5 (127.4.82.65:46863), e11a9ab61f8b46c0a9f1d995b29b758f (127.4.82.67:45429)
I20260608 10:10:45.110572  9049 tablet_service.cc:1917] Received RequestConsensusVote() RPC: tablet_id: "b15b4888bc834966861caa1202c9d732" candidate_uuid: "f0ecfb926b9946988c11461c28b22c80" candidate_term: 1 candidate_status { last_received { term: 0 index: 0 } } ignore_live_leader: false dest_uuid: "e11a9ab61f8b46c0a9f1d995b29b758f" is_pre_election: true
I20260608 10:10:45.111274  9049 raft_consensus.cc:2468] T b15b4888bc834966861caa1202c9d732 P e11a9ab61f8b46c0a9f1d995b29b758f [term 0 FOLLOWER]: Leader pre-election vote request: Granting yes vote for candidate f0ecfb926b9946988c11461c28b22c80 in term 0.
I20260608 10:10:45.112636  8941 leader_election.cc:304] T b15b4888bc834966861caa1202c9d732 P f0ecfb926b9946988c11461c28b22c80 [CANDIDATE]: Term 1 pre-election: Election decided. Result: candidate won. Election summary: received 2 responses out of 3 voters: 2 yes votes; 0 no votes. yes voters: e11a9ab61f8b46c0a9f1d995b29b758f, f0ecfb926b9946988c11461c28b22c80; no voters: 
I20260608 10:10:45.112838  8901 tablet_service.cc:1917] Received RequestConsensusVote() RPC: tablet_id: "b15b4888bc834966861caa1202c9d732" candidate_uuid: "f0ecfb926b9946988c11461c28b22c80" candidate_term: 1 candidate_status { last_received { term: 0 index: 0 } } ignore_live_leader: false dest_uuid: "6f31cb495b8f417cb3212460eae53ae5" is_pre_election: true
I20260608 10:10:45.113515  9141 raft_consensus.cc:2804] T b15b4888bc834966861caa1202c9d732 P f0ecfb926b9946988c11461c28b22c80 [term 0 FOLLOWER]: Leader pre-election won for term 1
I20260608 10:10:45.113505  8901 raft_consensus.cc:2468] T b15b4888bc834966861caa1202c9d732 P 6f31cb495b8f417cb3212460eae53ae5 [term 0 FOLLOWER]: Leader pre-election vote request: Granting yes vote for candidate f0ecfb926b9946988c11461c28b22c80 in term 0.
I20260608 10:10:45.114135  9141 raft_consensus.cc:493] T b15b4888bc834966861caa1202c9d732 P f0ecfb926b9946988c11461c28b22c80 [term 0 FOLLOWER]: Starting leader election (no leader contacted us within the election timeout)
I20260608 10:10:45.114569  9141 raft_consensus.cc:3060] T b15b4888bc834966861caa1202c9d732 P f0ecfb926b9946988c11461c28b22c80 [term 0 FOLLOWER]: Advancing to term 1
I20260608 10:10:45.120538  9141 raft_consensus.cc:515] T b15b4888bc834966861caa1202c9d732 P f0ecfb926b9946988c11461c28b22c80 [term 1 FOLLOWER]: Starting leader election with config: opid_index: -1 OBSOLETE_local: false peers { permanent_uuid: "6f31cb495b8f417cb3212460eae53ae5" member_type: VOTER last_known_addr { host: "127.4.82.65" port: 46863 } } peers { permanent_uuid: "f0ecfb926b9946988c11461c28b22c80" member_type: VOTER last_known_addr { host: "127.4.82.66" port: 43765 } } peers { permanent_uuid: "e11a9ab61f8b46c0a9f1d995b29b758f" member_type: VOTER last_known_addr { host: "127.4.82.67" port: 45429 } }
I20260608 10:10:45.122359  9141 leader_election.cc:290] T b15b4888bc834966861caa1202c9d732 P f0ecfb926b9946988c11461c28b22c80 [CANDIDATE]: Term 1 election: Requested vote from peers 6f31cb495b8f417cb3212460eae53ae5 (127.4.82.65:46863), e11a9ab61f8b46c0a9f1d995b29b758f (127.4.82.67:45429)
I20260608 10:10:45.123153  8901 tablet_service.cc:1917] Received RequestConsensusVote() RPC: tablet_id: "b15b4888bc834966861caa1202c9d732" candidate_uuid: "f0ecfb926b9946988c11461c28b22c80" candidate_term: 1 candidate_status { last_received { term: 0 index: 0 } } ignore_live_leader: false dest_uuid: "6f31cb495b8f417cb3212460eae53ae5"
I20260608 10:10:45.123462  9049 tablet_service.cc:1917] Received RequestConsensusVote() RPC: tablet_id: "b15b4888bc834966861caa1202c9d732" candidate_uuid: "f0ecfb926b9946988c11461c28b22c80" candidate_term: 1 candidate_status { last_received { term: 0 index: 0 } } ignore_live_leader: false dest_uuid: "e11a9ab61f8b46c0a9f1d995b29b758f"
I20260608 10:10:45.123790  8901 raft_consensus.cc:3060] T b15b4888bc834966861caa1202c9d732 P 6f31cb495b8f417cb3212460eae53ae5 [term 0 FOLLOWER]: Advancing to term 1
I20260608 10:10:45.124040  9049 raft_consensus.cc:3060] T b15b4888bc834966861caa1202c9d732 P e11a9ab61f8b46c0a9f1d995b29b758f [term 0 FOLLOWER]: Advancing to term 1
I20260608 10:10:45.132671  9049 raft_consensus.cc:2468] T b15b4888bc834966861caa1202c9d732 P e11a9ab61f8b46c0a9f1d995b29b758f [term 1 FOLLOWER]: Leader election vote request: Granting yes vote for candidate f0ecfb926b9946988c11461c28b22c80 in term 1.
I20260608 10:10:45.132671  8901 raft_consensus.cc:2468] T b15b4888bc834966861caa1202c9d732 P 6f31cb495b8f417cb3212460eae53ae5 [term 1 FOLLOWER]: Leader election vote request: Granting yes vote for candidate f0ecfb926b9946988c11461c28b22c80 in term 1.
I20260608 10:10:45.134290  8943 leader_election.cc:304] T b15b4888bc834966861caa1202c9d732 P f0ecfb926b9946988c11461c28b22c80 [CANDIDATE]: Term 1 election: Election decided. Result: candidate won. Election summary: received 2 responses out of 3 voters: 2 yes votes; 0 no votes. yes voters: 6f31cb495b8f417cb3212460eae53ae5, f0ecfb926b9946988c11461c28b22c80; no voters: 
I20260608 10:10:45.135113  9141 raft_consensus.cc:2804] T b15b4888bc834966861caa1202c9d732 P f0ecfb926b9946988c11461c28b22c80 [term 1 FOLLOWER]: Leader election won for term 1
I20260608 10:10:45.135592  9141 raft_consensus.cc:697] T b15b4888bc834966861caa1202c9d732 P f0ecfb926b9946988c11461c28b22c80 [term 1 LEADER]: Becoming Leader. State: Replica: f0ecfb926b9946988c11461c28b22c80, State: Running, Role: LEADER
I20260608 10:10:45.136480  9141 consensus_queue.cc:237] T b15b4888bc834966861caa1202c9d732 P f0ecfb926b9946988c11461c28b22c80 [LEADER]: Queue going to LEADER mode. State: All replicated index: 0, Majority replicated index: 0, Committed index: 0, Last appended: 0.0, Last appended by leader: 0, Current term: 1, Majority size: 2, State: 0, Mode: LEADER, active raft config: opid_index: -1 OBSOLETE_local: false peers { permanent_uuid: "6f31cb495b8f417cb3212460eae53ae5" member_type: VOTER last_known_addr { host: "127.4.82.65" port: 46863 } } peers { permanent_uuid: "f0ecfb926b9946988c11461c28b22c80" member_type: VOTER last_known_addr { host: "127.4.82.66" port: 43765 } } peers { permanent_uuid: "e11a9ab61f8b46c0a9f1d995b29b758f" member_type: VOTER last_known_addr { host: "127.4.82.67" port: 45429 } }
I20260608 10:10:45.144973  8797 catalog_manager.cc:5696] T b15b4888bc834966861caa1202c9d732 P f0ecfb926b9946988c11461c28b22c80 reported cstate change: term changed from 0 to 1, leader changed from <none> to f0ecfb926b9946988c11461c28b22c80 (127.4.82.66). New cstate: current_term: 1 leader_uuid: "f0ecfb926b9946988c11461c28b22c80" committed_config { opid_index: -1 OBSOLETE_local: false peers { permanent_uuid: "6f31cb495b8f417cb3212460eae53ae5" member_type: VOTER last_known_addr { host: "127.4.82.65" port: 46863 } health_report { overall_health: UNKNOWN } } peers { permanent_uuid: "f0ecfb926b9946988c11461c28b22c80" member_type: VOTER last_known_addr { host: "127.4.82.66" port: 43765 } health_report { overall_health: HEALTHY } } peers { permanent_uuid: "e11a9ab61f8b46c0a9f1d995b29b758f" member_type: VOTER last_known_addr { host: "127.4.82.67" port: 45429 } health_report { overall_health: UNKNOWN } } }
I20260608 10:10:45.158358  9123 raft_consensus.cc:493] T 190d2baf52db43e180bf5eacf2943503 P e11a9ab61f8b46c0a9f1d995b29b758f [term 0 FOLLOWER]: Starting pre-election (no leader contacted us within the election timeout)
I20260608 10:10:45.158929  9123 raft_consensus.cc:515] T 190d2baf52db43e180bf5eacf2943503 P e11a9ab61f8b46c0a9f1d995b29b758f [term 0 FOLLOWER]: Starting pre-election with config: opid_index: -1 OBSOLETE_local: false peers { permanent_uuid: "6f31cb495b8f417cb3212460eae53ae5" member_type: VOTER last_known_addr { host: "127.4.82.65" port: 46863 } } peers { permanent_uuid: "f0ecfb926b9946988c11461c28b22c80" member_type: VOTER last_known_addr { host: "127.4.82.66" port: 43765 } } peers { permanent_uuid: "e11a9ab61f8b46c0a9f1d995b29b758f" member_type: VOTER last_known_addr { host: "127.4.82.67" port: 45429 } }
I20260608 10:10:45.160624  9123 leader_election.cc:290] T 190d2baf52db43e180bf5eacf2943503 P e11a9ab61f8b46c0a9f1d995b29b758f [CANDIDATE]: Term 1 pre-election: Requested pre-vote from peers 6f31cb495b8f417cb3212460eae53ae5 (127.4.82.65:46863), f0ecfb926b9946988c11461c28b22c80 (127.4.82.66:43765)
I20260608 10:10:45.161518  8901 tablet_service.cc:1917] Received RequestConsensusVote() RPC: tablet_id: "190d2baf52db43e180bf5eacf2943503" candidate_uuid: "e11a9ab61f8b46c0a9f1d995b29b758f" candidate_term: 1 candidate_status { last_received { term: 0 index: 0 } } ignore_live_leader: false dest_uuid: "6f31cb495b8f417cb3212460eae53ae5" is_pre_election: true
I20260608 10:10:45.161854  8975 tablet_service.cc:1917] Received RequestConsensusVote() RPC: tablet_id: "190d2baf52db43e180bf5eacf2943503" candidate_uuid: "e11a9ab61f8b46c0a9f1d995b29b758f" candidate_term: 1 candidate_status { last_received { term: 0 index: 0 } } ignore_live_leader: false dest_uuid: "f0ecfb926b9946988c11461c28b22c80" is_pre_election: true
I20260608 10:10:45.162073  8901 raft_consensus.cc:2468] T 190d2baf52db43e180bf5eacf2943503 P 6f31cb495b8f417cb3212460eae53ae5 [term 0 FOLLOWER]: Leader pre-election vote request: Granting yes vote for candidate e11a9ab61f8b46c0a9f1d995b29b758f in term 0.
I20260608 10:10:45.162443  8975 raft_consensus.cc:2468] T 190d2baf52db43e180bf5eacf2943503 P f0ecfb926b9946988c11461c28b22c80 [term 0 FOLLOWER]: Leader pre-election vote request: Granting yes vote for candidate e11a9ab61f8b46c0a9f1d995b29b758f in term 0.
I20260608 10:10:45.163170  9017 leader_election.cc:304] T 190d2baf52db43e180bf5eacf2943503 P e11a9ab61f8b46c0a9f1d995b29b758f [CANDIDATE]: Term 1 pre-election: Election decided. Result: candidate won. Election summary: received 2 responses out of 3 voters: 2 yes votes; 0 no votes. yes voters: 6f31cb495b8f417cb3212460eae53ae5, e11a9ab61f8b46c0a9f1d995b29b758f; no voters: 
I20260608 10:10:45.163973  9123 raft_consensus.cc:2804] T 190d2baf52db43e180bf5eacf2943503 P e11a9ab61f8b46c0a9f1d995b29b758f [term 0 FOLLOWER]: Leader pre-election won for term 1
I20260608 10:10:45.164384  9123 raft_consensus.cc:493] T 190d2baf52db43e180bf5eacf2943503 P e11a9ab61f8b46c0a9f1d995b29b758f [term 0 FOLLOWER]: Starting leader election (no leader contacted us within the election timeout)
I20260608 10:10:45.164760  9123 raft_consensus.cc:3060] T 190d2baf52db43e180bf5eacf2943503 P e11a9ab61f8b46c0a9f1d995b29b758f [term 0 FOLLOWER]: Advancing to term 1
I20260608 10:10:45.170202  9123 raft_consensus.cc:515] T 190d2baf52db43e180bf5eacf2943503 P e11a9ab61f8b46c0a9f1d995b29b758f [term 1 FOLLOWER]: Starting leader election with config: opid_index: -1 OBSOLETE_local: false peers { permanent_uuid: "6f31cb495b8f417cb3212460eae53ae5" member_type: VOTER last_known_addr { host: "127.4.82.65" port: 46863 } } peers { permanent_uuid: "f0ecfb926b9946988c11461c28b22c80" member_type: VOTER last_known_addr { host: "127.4.82.66" port: 43765 } } peers { permanent_uuid: "e11a9ab61f8b46c0a9f1d995b29b758f" member_type: VOTER last_known_addr { host: "127.4.82.67" port: 45429 } }
I20260608 10:10:45.172230  9123 leader_election.cc:290] T 190d2baf52db43e180bf5eacf2943503 P e11a9ab61f8b46c0a9f1d995b29b758f [CANDIDATE]: Term 1 election: Requested vote from peers 6f31cb495b8f417cb3212460eae53ae5 (127.4.82.65:46863), f0ecfb926b9946988c11461c28b22c80 (127.4.82.66:43765)
I20260608 10:10:45.173357  8901 tablet_service.cc:1917] Received RequestConsensusVote() RPC: tablet_id: "190d2baf52db43e180bf5eacf2943503" candidate_uuid: "e11a9ab61f8b46c0a9f1d995b29b758f" candidate_term: 1 candidate_status { last_received { term: 0 index: 0 } } ignore_live_leader: false dest_uuid: "6f31cb495b8f417cb3212460eae53ae5"
I20260608 10:10:45.173590  8975 tablet_service.cc:1917] Received RequestConsensusVote() RPC: tablet_id: "190d2baf52db43e180bf5eacf2943503" candidate_uuid: "e11a9ab61f8b46c0a9f1d995b29b758f" candidate_term: 1 candidate_status { last_received { term: 0 index: 0 } } ignore_live_leader: false dest_uuid: "f0ecfb926b9946988c11461c28b22c80"
I20260608 10:10:45.174032  8901 raft_consensus.cc:3060] T 190d2baf52db43e180bf5eacf2943503 P 6f31cb495b8f417cb3212460eae53ae5 [term 0 FOLLOWER]: Advancing to term 1
I20260608 10:10:45.174117  8975 raft_consensus.cc:3060] T 190d2baf52db43e180bf5eacf2943503 P f0ecfb926b9946988c11461c28b22c80 [term 0 FOLLOWER]: Advancing to term 1
I20260608 10:10:45.181510  8975 raft_consensus.cc:2468] T 190d2baf52db43e180bf5eacf2943503 P f0ecfb926b9946988c11461c28b22c80 [term 1 FOLLOWER]: Leader election vote request: Granting yes vote for candidate e11a9ab61f8b46c0a9f1d995b29b758f in term 1.
I20260608 10:10:45.181510  8901 raft_consensus.cc:2468] T 190d2baf52db43e180bf5eacf2943503 P 6f31cb495b8f417cb3212460eae53ae5 [term 1 FOLLOWER]: Leader election vote request: Granting yes vote for candidate e11a9ab61f8b46c0a9f1d995b29b758f in term 1.
I20260608 10:10:45.183120  9017 leader_election.cc:304] T 190d2baf52db43e180bf5eacf2943503 P e11a9ab61f8b46c0a9f1d995b29b758f [CANDIDATE]: Term 1 election: Election decided. Result: candidate won. Election summary: received 2 responses out of 3 voters: 2 yes votes; 0 no votes. yes voters: 6f31cb495b8f417cb3212460eae53ae5, e11a9ab61f8b46c0a9f1d995b29b758f; no voters: 
I20260608 10:10:45.183820  9123 raft_consensus.cc:2804] T 190d2baf52db43e180bf5eacf2943503 P e11a9ab61f8b46c0a9f1d995b29b758f [term 1 FOLLOWER]: Leader election won for term 1
I20260608 10:10:45.185073  9123 raft_consensus.cc:697] T 190d2baf52db43e180bf5eacf2943503 P e11a9ab61f8b46c0a9f1d995b29b758f [term 1 LEADER]: Becoming Leader. State: Replica: e11a9ab61f8b46c0a9f1d995b29b758f, State: Running, Role: LEADER
I20260608 10:10:45.185974  9123 consensus_queue.cc:237] T 190d2baf52db43e180bf5eacf2943503 P e11a9ab61f8b46c0a9f1d995b29b758f [LEADER]: Queue going to LEADER mode. State: All replicated index: 0, Majority replicated index: 0, Committed index: 0, Last appended: 0.0, Last appended by leader: 0, Current term: 1, Majority size: 2, State: 0, Mode: LEADER, active raft config: opid_index: -1 OBSOLETE_local: false peers { permanent_uuid: "6f31cb495b8f417cb3212460eae53ae5" member_type: VOTER last_known_addr { host: "127.4.82.65" port: 46863 } } peers { permanent_uuid: "f0ecfb926b9946988c11461c28b22c80" member_type: VOTER last_known_addr { host: "127.4.82.66" port: 43765 } } peers { permanent_uuid: "e11a9ab61f8b46c0a9f1d995b29b758f" member_type: VOTER last_known_addr { host: "127.4.82.67" port: 45429 } }
I20260608 10:10:45.195523  8800 catalog_manager.cc:5696] T 190d2baf52db43e180bf5eacf2943503 P e11a9ab61f8b46c0a9f1d995b29b758f reported cstate change: term changed from 0 to 1, leader changed from <none> to e11a9ab61f8b46c0a9f1d995b29b758f (127.4.82.67). New cstate: current_term: 1 leader_uuid: "e11a9ab61f8b46c0a9f1d995b29b758f" committed_config { opid_index: -1 OBSOLETE_local: false peers { permanent_uuid: "6f31cb495b8f417cb3212460eae53ae5" member_type: VOTER last_known_addr { host: "127.4.82.65" port: 46863 } health_report { overall_health: UNKNOWN } } peers { permanent_uuid: "f0ecfb926b9946988c11461c28b22c80" member_type: VOTER last_known_addr { host: "127.4.82.66" port: 43765 } health_report { overall_health: UNKNOWN } } peers { permanent_uuid: "e11a9ab61f8b46c0a9f1d995b29b758f" member_type: VOTER last_known_addr { host: "127.4.82.67" port: 45429 } health_report { overall_health: HEALTHY } } }
I20260608 10:10:45.208154  9141 consensus_queue.cc:1048] T 5f40a0675bcc461484e1ce5e2d433cbf P f0ecfb926b9946988c11461c28b22c80 [LEADER]: Connected to new peer: Peer: permanent_uuid: "6f31cb495b8f417cb3212460eae53ae5" member_type: VOTER last_known_addr { host: "127.4.82.65" port: 46863 }, Status: LMP_MISMATCH, Last received: 0.0, Next index: 1, Last known committed idx: 0, Time since last communication: 0.000s
I20260608 10:10:45.221125  9142 consensus_queue.cc:1048] T 5f40a0675bcc461484e1ce5e2d433cbf P f0ecfb926b9946988c11461c28b22c80 [LEADER]: Connected to new peer: Peer: permanent_uuid: "e11a9ab61f8b46c0a9f1d995b29b758f" member_type: VOTER last_known_addr { host: "127.4.82.67" port: 45429 }, Status: LMP_MISMATCH, Last received: 0.0, Next index: 1, Last known committed idx: 0, Time since last communication: 0.000s
I20260608 10:10:45.261718  9123 raft_consensus.cc:493] T 26ed8b8682be4680b23bb63192291ab7 P e11a9ab61f8b46c0a9f1d995b29b758f [term 0 FOLLOWER]: Starting pre-election (no leader contacted us within the election timeout)
I20260608 10:10:45.262213  9123 raft_consensus.cc:515] T 26ed8b8682be4680b23bb63192291ab7 P e11a9ab61f8b46c0a9f1d995b29b758f [term 0 FOLLOWER]: Starting pre-election with config: opid_index: -1 OBSOLETE_local: false peers { permanent_uuid: "6f31cb495b8f417cb3212460eae53ae5" member_type: VOTER last_known_addr { host: "127.4.82.65" port: 46863 } } peers { permanent_uuid: "f0ecfb926b9946988c11461c28b22c80" member_type: VOTER last_known_addr { host: "127.4.82.66" port: 43765 } } peers { permanent_uuid: "e11a9ab61f8b46c0a9f1d995b29b758f" member_type: VOTER last_known_addr { host: "127.4.82.67" port: 45429 } }
I20260608 10:10:45.264196  9123 leader_election.cc:290] T 26ed8b8682be4680b23bb63192291ab7 P e11a9ab61f8b46c0a9f1d995b29b758f [CANDIDATE]: Term 1 pre-election: Requested pre-vote from peers 6f31cb495b8f417cb3212460eae53ae5 (127.4.82.65:46863), f0ecfb926b9946988c11461c28b22c80 (127.4.82.66:43765)
I20260608 10:10:45.265117  8901 tablet_service.cc:1917] Received RequestConsensusVote() RPC: tablet_id: "26ed8b8682be4680b23bb63192291ab7" candidate_uuid: "e11a9ab61f8b46c0a9f1d995b29b758f" candidate_term: 1 candidate_status { last_received { term: 0 index: 0 } } ignore_live_leader: false dest_uuid: "6f31cb495b8f417cb3212460eae53ae5" is_pre_election: true
