I20260608 10:10:12.696044 25199 tablet_service.cc:1917] Received RequestConsensusVote() RPC: tablet_id: "02ef76fcefbf4836a6bdcc80dd9456af" candidate_uuid: "f6975090f7fa452ea31ef00e5e575bfb" candidate_term: 1 candidate_status { last_received { term: 0 index: 0 } } ignore_live_leader: false dest_uuid: "6115b98033734f499fc0dc1d02672ff7" is_pre_election: true
I20260608 10:10:12.696609 25273 tablet_service.cc:1917] Received RequestConsensusVote() RPC: tablet_id: "02ef76fcefbf4836a6bdcc80dd9456af" candidate_uuid: "f6975090f7fa452ea31ef00e5e575bfb" candidate_term: 1 candidate_status { last_received { term: 0 index: 0 } } ignore_live_leader: false dest_uuid: "f4ebd539ade341e490f7b35b52b05665" is_pre_election: true
I20260608 10:10:12.696702 25199 raft_consensus.cc:2468] T 02ef76fcefbf4836a6bdcc80dd9456af P 6115b98033734f499fc0dc1d02672ff7 [term 0 FOLLOWER]: Leader pre-election vote request: Granting yes vote for candidate f6975090f7fa452ea31ef00e5e575bfb in term 0.
I20260608 10:10:12.697233 25273 raft_consensus.cc:2468] T 02ef76fcefbf4836a6bdcc80dd9456af P f4ebd539ade341e490f7b35b52b05665 [term 0 FOLLOWER]: Leader pre-election vote request: Granting yes vote for candidate f6975090f7fa452ea31ef00e5e575bfb in term 0.
I20260608 10:10:12.698019 25090 leader_election.cc:304] T 02ef76fcefbf4836a6bdcc80dd9456af P f6975090f7fa452ea31ef00e5e575bfb [CANDIDATE]: Term 1 pre-election: Election decided. Result: candidate won. Election summary: received 2 responses out of 3 voters: 2 yes votes; 0 no votes. yes voters: 6115b98033734f499fc0dc1d02672ff7, f6975090f7fa452ea31ef00e5e575bfb; no voters: 
I20260608 10:10:12.698823 25327 raft_consensus.cc:2804] T 02ef76fcefbf4836a6bdcc80dd9456af P f6975090f7fa452ea31ef00e5e575bfb [term 0 FOLLOWER]: Leader pre-election won for term 1
I20260608 10:10:12.699107 25327 raft_consensus.cc:493] T 02ef76fcefbf4836a6bdcc80dd9456af P f6975090f7fa452ea31ef00e5e575bfb [term 0 FOLLOWER]: Starting leader election (no leader contacted us within the election timeout)
I20260608 10:10:12.699357 25327 raft_consensus.cc:3060] T 02ef76fcefbf4836a6bdcc80dd9456af P f6975090f7fa452ea31ef00e5e575bfb [term 0 FOLLOWER]: Advancing to term 1
I20260608 10:10:12.704444 25327 raft_consensus.cc:515] T 02ef76fcefbf4836a6bdcc80dd9456af P f6975090f7fa452ea31ef00e5e575bfb [term 1 FOLLOWER]: Starting leader election with config: opid_index: -1 OBSOLETE_local: false peers { permanent_uuid: "6115b98033734f499fc0dc1d02672ff7" member_type: VOTER last_known_addr { host: "127.20.214.3" port: 45647 } } peers { permanent_uuid: "f4ebd539ade341e490f7b35b52b05665" member_type: VOTER last_known_addr { host: "127.20.214.4" port: 42465 } } peers { permanent_uuid: "f6975090f7fa452ea31ef00e5e575bfb" member_type: VOTER last_known_addr { host: "127.20.214.2" port: 39921 } }
I20260608 10:10:12.706326 25327 leader_election.cc:290] T 02ef76fcefbf4836a6bdcc80dd9456af P f6975090f7fa452ea31ef00e5e575bfb [CANDIDATE]: Term 1 election: Requested vote from peers 6115b98033734f499fc0dc1d02672ff7 (127.20.214.3:45647), f4ebd539ade341e490f7b35b52b05665 (127.20.214.4:42465)
I20260608 10:10:12.707285 25199 tablet_service.cc:1917] Received RequestConsensusVote() RPC: tablet_id: "02ef76fcefbf4836a6bdcc80dd9456af" candidate_uuid: "f6975090f7fa452ea31ef00e5e575bfb" candidate_term: 1 candidate_status { last_received { term: 0 index: 0 } } ignore_live_leader: false dest_uuid: "6115b98033734f499fc0dc1d02672ff7"
I20260608 10:10:12.707441 25273 tablet_service.cc:1917] Received RequestConsensusVote() RPC: tablet_id: "02ef76fcefbf4836a6bdcc80dd9456af" candidate_uuid: "f6975090f7fa452ea31ef00e5e575bfb" candidate_term: 1 candidate_status { last_received { term: 0 index: 0 } } ignore_live_leader: false dest_uuid: "f4ebd539ade341e490f7b35b52b05665"
I20260608 10:10:12.707916 25199 raft_consensus.cc:3060] T 02ef76fcefbf4836a6bdcc80dd9456af P 6115b98033734f499fc0dc1d02672ff7 [term 0 FOLLOWER]: Advancing to term 1
I20260608 10:10:12.707990 25273 raft_consensus.cc:3060] T 02ef76fcefbf4836a6bdcc80dd9456af P f4ebd539ade341e490f7b35b52b05665 [term 0 FOLLOWER]: Advancing to term 1
I20260608 10:10:12.713557 25273 raft_consensus.cc:2468] T 02ef76fcefbf4836a6bdcc80dd9456af P f4ebd539ade341e490f7b35b52b05665 [term 1 FOLLOWER]: Leader election vote request: Granting yes vote for candidate f6975090f7fa452ea31ef00e5e575bfb in term 1.
I20260608 10:10:12.714272 25199 raft_consensus.cc:2468] T 02ef76fcefbf4836a6bdcc80dd9456af P 6115b98033734f499fc0dc1d02672ff7 [term 1 FOLLOWER]: Leader election vote request: Granting yes vote for candidate f6975090f7fa452ea31ef00e5e575bfb in term 1.
I20260608 10:10:12.715065 25091 leader_election.cc:304] T 02ef76fcefbf4836a6bdcc80dd9456af P f6975090f7fa452ea31ef00e5e575bfb [CANDIDATE]: Term 1 election: Election decided. Result: candidate won. Election summary: received 2 responses out of 3 voters: 2 yes votes; 0 no votes. yes voters: f4ebd539ade341e490f7b35b52b05665, f6975090f7fa452ea31ef00e5e575bfb; no voters: 
I20260608 10:10:12.716238 25327 raft_consensus.cc:2804] T 02ef76fcefbf4836a6bdcc80dd9456af P f6975090f7fa452ea31ef00e5e575bfb [term 1 FOLLOWER]: Leader election won for term 1
I20260608 10:10:12.717480 25327 raft_consensus.cc:697] T 02ef76fcefbf4836a6bdcc80dd9456af P f6975090f7fa452ea31ef00e5e575bfb [term 1 LEADER]: Becoming Leader. State: Replica: f6975090f7fa452ea31ef00e5e575bfb, State: Running, Role: LEADER
I20260608 10:10:12.718182 25327 consensus_queue.cc:237] T 02ef76fcefbf4836a6bdcc80dd9456af P f6975090f7fa452ea31ef00e5e575bfb [LEADER]: Queue going to LEADER mode. State: All replicated index: 0, Majority replicated index: 0, Committed index: 0, Last appended: 0.0, Last appended by leader: 0, Current term: 1, Majority size: 2, State: 0, Mode: LEADER, active raft config: opid_index: -1 OBSOLETE_local: false peers { permanent_uuid: "6115b98033734f499fc0dc1d02672ff7" member_type: VOTER last_known_addr { host: "127.20.214.3" port: 45647 } } peers { permanent_uuid: "f4ebd539ade341e490f7b35b52b05665" member_type: VOTER last_known_addr { host: "127.20.214.4" port: 42465 } } peers { permanent_uuid: "f6975090f7fa452ea31ef00e5e575bfb" member_type: VOTER last_known_addr { host: "127.20.214.2" port: 39921 } }
I20260608 10:10:12.727572 24947 catalog_manager.cc:5696] T 02ef76fcefbf4836a6bdcc80dd9456af P f6975090f7fa452ea31ef00e5e575bfb reported cstate change: term changed from 0 to 1, leader changed from <none> to f6975090f7fa452ea31ef00e5e575bfb (127.20.214.2). New cstate: current_term: 1 leader_uuid: "f6975090f7fa452ea31ef00e5e575bfb" committed_config { opid_index: -1 OBSOLETE_local: false peers { permanent_uuid: "6115b98033734f499fc0dc1d02672ff7" member_type: VOTER last_known_addr { host: "127.20.214.3" port: 45647 } health_report { overall_health: UNKNOWN } } peers { permanent_uuid: "f4ebd539ade341e490f7b35b52b05665" member_type: VOTER last_known_addr { host: "127.20.214.4" port: 42465 } health_report { overall_health: UNKNOWN } } peers { permanent_uuid: "f6975090f7fa452ea31ef00e5e575bfb" member_type: VOTER last_known_addr { host: "127.20.214.2" port: 39921 } health_report { overall_health: HEALTHY } } }
I20260608 10:10:13.189363 25327 consensus_queue.cc:1048] T 02ef76fcefbf4836a6bdcc80dd9456af P f6975090f7fa452ea31ef00e5e575bfb [LEADER]: Connected to new peer: Peer: permanent_uuid: "f4ebd539ade341e490f7b35b52b05665" member_type: VOTER last_known_addr { host: "127.20.214.4" port: 42465 }, Status: LMP_MISMATCH, Last received: 0.0, Next index: 1, Last known committed idx: 0, Time since last communication: 0.000s
I20260608 10:10:13.205137 25335 consensus_queue.cc:1048] T 02ef76fcefbf4836a6bdcc80dd9456af P f6975090f7fa452ea31ef00e5e575bfb [LEADER]: Connected to new peer: Peer: permanent_uuid: "6115b98033734f499fc0dc1d02672ff7" member_type: VOTER last_known_addr { host: "127.20.214.3" port: 45647 }, Status: LMP_MISMATCH, Last received: 0.0, Next index: 1, Last known committed idx: 0, Time since last communication: 0.000s
I20260608 10:10:13.456895 25001 auto_leader_rebalancer.cc:140] leader rebalance for table test-workload
I20260608 10:10:13.458954 25001 auto_leader_rebalancer.cc:388] table: test-workload, leader rebalance finish, leader transfer count: 0
I20260608 10:10:13.459470 25001 auto_leader_rebalancer.cc:451] All tables' leader rebalancing finished this round
I20260608 10:10:15.460547 25001 auto_leader_rebalancer.cc:140] leader rebalance for table test-workload
I20260608 10:10:15.461956 25001 auto_leader_rebalancer.cc:388] table: test-workload, leader rebalance finish, leader transfer count: 0
I20260608 10:10:15.462245 25001 auto_leader_rebalancer.cc:451] All tables' leader rebalancing finished this round
I20260608 10:10:17.463367 25001 auto_leader_rebalancer.cc:140] leader rebalance for table test-workload
I20260608 10:10:17.465210 25001 auto_leader_rebalancer.cc:388] table: test-workload, leader rebalance finish, leader transfer count: 0
I20260608 10:10:17.465536 25001 auto_leader_rebalancer.cc:451] All tables' leader rebalancing finished this round
I20260608 10:10:19.466475 25001 auto_leader_rebalancer.cc:140] leader rebalance for table test-workload
I20260608 10:10:19.467787 25001 auto_leader_rebalancer.cc:388] table: test-workload, leader rebalance finish, leader transfer count: 0
I20260608 10:10:19.468060 25001 auto_leader_rebalancer.cc:451] All tables' leader rebalancing finished this round
I20260608 10:10:21.469094 25001 auto_leader_rebalancer.cc:140] leader rebalance for table test-workload
I20260608 10:10:21.470459 25001 auto_leader_rebalancer.cc:388] table: test-workload, leader rebalance finish, leader transfer count: 0
I20260608 10:10:21.470781 25001 auto_leader_rebalancer.cc:451] All tables' leader rebalancing finished this round
I20260608 10:10:23.471853 25001 auto_leader_rebalancer.cc:140] leader rebalance for table test-workload
I20260608 10:10:23.473477 25001 auto_leader_rebalancer.cc:388] table: test-workload, leader rebalance finish, leader transfer count: 0
I20260608 10:10:23.473798 25001 auto_leader_rebalancer.cc:451] All tables' leader rebalancing finished this round
I20260608 10:10:23.831875 21336 tablet_server.cc:179] TabletServer@127.20.214.1:0 shutting down...
I20260608 10:10:23.859831 21336 ts_tablet_manager.cc:1507] Shutting down tablet manager...
I20260608 10:10:23.877386 21336 tablet_server.cc:196] TabletServer@127.20.214.1:0 shutdown complete.
I20260608 10:10:23.889817 21336 tablet_server.cc:179] TabletServer@127.20.214.2:0 shutting down...
I20260608 10:10:23.910554 21336 ts_tablet_manager.cc:1507] Shutting down tablet manager...
I20260608 10:10:23.911389 21336 tablet_replica.cc:333] T 02ef76fcefbf4836a6bdcc80dd9456af P f6975090f7fa452ea31ef00e5e575bfb: stopping tablet replica
I20260608 10:10:23.911953 21336 raft_consensus.cc:2243] T 02ef76fcefbf4836a6bdcc80dd9456af P f6975090f7fa452ea31ef00e5e575bfb [term 1 LEADER]: Raft consensus shutting down.
I20260608 10:10:23.912941 21336 raft_consensus.cc:2272] T 02ef76fcefbf4836a6bdcc80dd9456af P f6975090f7fa452ea31ef00e5e575bfb [term 1 FOLLOWER]: Raft consensus is shut down!
I20260608 10:10:23.934067 21336 tablet_server.cc:196] TabletServer@127.20.214.2:0 shutdown complete.
I20260608 10:10:23.945670 21336 tablet_server.cc:179] TabletServer@127.20.214.3:0 shutting down...
I20260608 10:10:23.971212 21336 ts_tablet_manager.cc:1507] Shutting down tablet manager...
I20260608 10:10:23.972033 21336 tablet_replica.cc:333] T 02ef76fcefbf4836a6bdcc80dd9456af P 6115b98033734f499fc0dc1d02672ff7: stopping tablet replica
I20260608 10:10:23.972699 21336 raft_consensus.cc:2243] T 02ef76fcefbf4836a6bdcc80dd9456af P 6115b98033734f499fc0dc1d02672ff7 [term 1 FOLLOWER]: Raft consensus shutting down.
I20260608 10:10:23.973248 21336 raft_consensus.cc:2272] T 02ef76fcefbf4836a6bdcc80dd9456af P 6115b98033734f499fc0dc1d02672ff7 [term 1 FOLLOWER]: Raft consensus is shut down!
I20260608 10:10:23.993968 21336 tablet_server.cc:196] TabletServer@127.20.214.3:0 shutdown complete.
I20260608 10:10:24.006115 21336 tablet_server.cc:179] TabletServer@127.20.214.4:0 shutting down...
I20260608 10:10:24.031337 21336 ts_tablet_manager.cc:1507] Shutting down tablet manager...
I20260608 10:10:24.032467 21336 tablet_replica.cc:333] T 02ef76fcefbf4836a6bdcc80dd9456af P f4ebd539ade341e490f7b35b52b05665: stopping tablet replica
I20260608 10:10:24.033423 21336 raft_consensus.cc:2243] T 02ef76fcefbf4836a6bdcc80dd9456af P f4ebd539ade341e490f7b35b52b05665 [term 1 FOLLOWER]: Raft consensus shutting down.
I20260608 10:10:24.034027 21336 raft_consensus.cc:2272] T 02ef76fcefbf4836a6bdcc80dd9456af P f4ebd539ade341e490f7b35b52b05665 [term 1 FOLLOWER]: Raft consensus is shut down!
I20260608 10:10:24.054651 21336 tablet_server.cc:196] TabletServer@127.20.214.4:0 shutdown complete.
I20260608 10:10:24.066735 21336 master.cc:562] Master@127.20.214.62:45875 shutting down...
I20260608 10:10:24.089593 21336 raft_consensus.cc:2243] T 00000000000000000000000000000000 P 7265f4ce3c794470ba165854822f4f4e [term 1 LEADER]: Raft consensus shutting down.
I20260608 10:10:24.090222 21336 raft_consensus.cc:2272] T 00000000000000000000000000000000 P 7265f4ce3c794470ba165854822f4f4e [term 1 FOLLOWER]: Raft consensus is shut down!
I20260608 10:10:24.090545 21336 tablet_replica.cc:333] T 00000000000000000000000000000000 P 7265f4ce3c794470ba165854822f4f4e: stopping tablet replica
I20260608 10:10:24.110193 21336 master.cc:584] Master@127.20.214.62:45875 shutdown complete.
[       OK ] AutoRebalancerTest.NoReplicaMovesIfLocationLoadSkewedByOne (12843 ms)
[ RUN      ] AutoRebalancerTest.NoReplicaMovesIfCannotFixPlacementPolicy
I20260608 10:10:24.148586 21336 internal_mini_cluster.cc:156] Creating distributed mini masters. Addrs: 127.20.214.62:33439
I20260608 10:10:24.149969 21336 file_cache.cc:492] Constructed file cache file cache with capacity 419430
W20260608 10:10:24.156342 25342 instance_detector.cc:116] could not retrieve AWS instance metadata: Network error: curl error: HTTP response code said error: The requested URL returned error: 404
W20260608 10:10:24.157332 25343 instance_detector.cc:116] could not retrieve Azure instance metadata: Network error: curl error: HTTP response code said error: The requested URL returned error: 404
W20260608 10:10:24.157855 25345 instance_detector.cc:116] could not retrieve OpenStack instance metadata: Network error: curl error: HTTP response code said error: The requested URL returned error: 404
I20260608 10:10:24.158334 21336 server_base.cc:1061] running on GCE node
I20260608 10:10:24.159229 21336 hybrid_clock.cc:584] initializing the hybrid clock with 'system_unsync' time source
W20260608 10:10:24.159425 21336 system_unsync_time.cc:38] NTP support is disabled. Clock error bounds will not be accurate. This configuration is not suitable for distributed clusters.
I20260608 10:10:24.159584 21336 hybrid_clock.cc:648] HybridClock initialized: now 1780913424159565 us; error 0 us; skew 500 ppm
I20260608 10:10:24.160169 21336 server_base.cc:861] Flag tcmalloc_max_total_thread_cache_bytes is not working since tcmalloc is not enabled.
I20260608 10:10:24.162856 21336 webserver.cc:533] Webserver started at http://127.20.214.62:46693/ using document root <none> and password file <none>
I20260608 10:10:24.163414 21336 fs_manager.cc:362] Metadata directory not provided
I20260608 10:10:24.163600 21336 fs_manager.cc:368] Using write-ahead log directory (fs_wal_dir) as metadata directory
I20260608 10:10:24.163873 21336 server_base.cc:909] This appears to be a new deployment of Kudu; creating new FS layout
I20260608 10:10:24.165154 21336 fs_manager.cc:1068] Generated new instance metadata in path /tmp/dist-test-taskl0ojoh/test-tmp/auto_rebalancer-test.0.AutoRebalancerTest.NoReplicaMovesIfCannotFixPlacementPolicy.1780913316611201-21336-0/minicluster-data/master-0-root/instance:
uuid: "3d962434f358473bbb4daf2ee71a3444"
format_stamp: "Formatted at 2026-06-08 10:10:24 on dist-test-slave-khbn"
I20260608 10:10:24.170182 21336 fs_manager.cc:696] Time spent creating directory manager: real 0.004s	user 0.000s	sys 0.004s
I20260608 10:10:24.174227 25350 log_block_manager.cc:4031] Time spent loading block containers with low live blocks: real 0.000s	user 0.000s	sys 0.000s
I20260608 10:10:24.175143 21336 fs_manager.cc:730] Time spent opening block manager: real 0.003s	user 0.004s	sys 0.000s
I20260608 10:10:24.175455 21336 fs_manager.cc:647] Opened local filesystem: /tmp/dist-test-taskl0ojoh/test-tmp/auto_rebalancer-test.0.AutoRebalancerTest.NoReplicaMovesIfCannotFixPlacementPolicy.1780913316611201-21336-0/minicluster-data/master-0-root
uuid: "3d962434f358473bbb4daf2ee71a3444"
format_stamp: "Formatted at 2026-06-08 10:10:24 on dist-test-slave-khbn"
I20260608 10:10:24.175724 21336 fs_report.cc:389] FS layout report
--------------------
wal directory: /tmp/dist-test-taskl0ojoh/test-tmp/auto_rebalancer-test.0.AutoRebalancerTest.NoReplicaMovesIfCannotFixPlacementPolicy.1780913316611201-21336-0/minicluster-data/master-0-root
metadata directory: /tmp/dist-test-taskl0ojoh/test-tmp/auto_rebalancer-test.0.AutoRebalancerTest.NoReplicaMovesIfCannotFixPlacementPolicy.1780913316611201-21336-0/minicluster-data/master-0-root
1 data directories: /tmp/dist-test-taskl0ojoh/test-tmp/auto_rebalancer-test.0.AutoRebalancerTest.NoReplicaMovesIfCannotFixPlacementPolicy.1780913316611201-21336-0/minicluster-data/master-0-root/data
Total live blocks: 0
Total live bytes: 0
Total live bytes (after alignment): 0
Total number of LBM containers: 0 (0 full)
Did not check for missing blocks
Did not check for orphaned blocks
Total full LBM containers with extra space: 0 (0 repaired)
Total full LBM container extra space in bytes: 0 (0 repaired)
Total incomplete LBM containers: 0 (0 repaired)
Total LBM partial records: 0 (0 repaired)
Total corrupted LBM metadata records in RocksDB: 0 (0 repaired)
I20260608 10:10:24.188730 21336 rpc_server.cc:225] running with OpenSSL 1.1.1  11 Sep 2018
I20260608 10:10:24.190097 21336 kserver.cc:163] Server-wide thread pool size limit: 3276
I20260608 10:10:24.230896 21336 rpc_server.cc:307] RPC server started. Bound to: 127.20.214.62:33439
I20260608 10:10:24.231016 25401 acceptor_pool.cc:272] collecting diagnostics on the listening RPC socket 127.20.214.62:33439 every 8 connection(s)
I20260608 10:10:24.235349 25402 data_dirs.cc:400] Could only allocate 1 dirs of requested 3 for tablet 00000000000000000000000000000000. 1 dirs total, 0 dirs full, 0 dirs failed
I20260608 10:10:24.247327 25402 tablet_bootstrap.cc:492] T 00000000000000000000000000000000 P 3d962434f358473bbb4daf2ee71a3444: Bootstrap starting.
I20260608 10:10:24.252434 25402 tablet_bootstrap.cc:654] T 00000000000000000000000000000000 P 3d962434f358473bbb4daf2ee71a3444: Neither blocks nor log segments found. Creating new log.
I20260608 10:10:24.257239 25402 tablet_bootstrap.cc:492] T 00000000000000000000000000000000 P 3d962434f358473bbb4daf2ee71a3444: No bootstrap required, opened a new log
I20260608 10:10:24.259626 25402 raft_consensus.cc:359] T 00000000000000000000000000000000 P 3d962434f358473bbb4daf2ee71a3444 [term 0 FOLLOWER]: Replica starting. Triggering 0 pending ops. Active config: opid_index: -1 OBSOLETE_local: true peers { permanent_uuid: "3d962434f358473bbb4daf2ee71a3444" member_type: VOTER }
I20260608 10:10:24.260067 25402 raft_consensus.cc:385] T 00000000000000000000000000000000 P 3d962434f358473bbb4daf2ee71a3444 [term 0 FOLLOWER]: Consensus starting up: Expiring failure detector timer to make a prompt election more likely
I20260608 10:10:24.260294 25402 raft_consensus.cc:740] T 00000000000000000000000000000000 P 3d962434f358473bbb4daf2ee71a3444 [term 0 FOLLOWER]: Becoming Follower/Learner. State: Replica: 3d962434f358473bbb4daf2ee71a3444, State: Initialized, Role: FOLLOWER
I20260608 10:10:24.260936 25402 consensus_queue.cc:260] T 00000000000000000000000000000000 P 3d962434f358473bbb4daf2ee71a3444 [NON_LEADER]: Queue going to NON_LEADER mode. State: All replicated index: 0, Majority replicated index: 0, Committed index: 0, Last appended: 0.0, Last appended by leader: 0, Current term: 0, Majority size: -1, State: 0, Mode: NON_LEADER, active raft config: opid_index: -1 OBSOLETE_local: true peers { permanent_uuid: "3d962434f358473bbb4daf2ee71a3444" member_type: VOTER }
I20260608 10:10:24.261412 25402 raft_consensus.cc:399] T 00000000000000000000000000000000 P 3d962434f358473bbb4daf2ee71a3444 [term 0 FOLLOWER]: Only one voter in the Raft config. Triggering election immediately
I20260608 10:10:24.261633 25402 raft_consensus.cc:493] T 00000000000000000000000000000000 P 3d962434f358473bbb4daf2ee71a3444 [term 0 FOLLOWER]: Starting leader election (initial election of a single-replica configuration)
I20260608 10:10:24.261910 25402 raft_consensus.cc:3060] T 00000000000000000000000000000000 P 3d962434f358473bbb4daf2ee71a3444 [term 0 FOLLOWER]: Advancing to term 1
I20260608 10:10:24.266847 25402 raft_consensus.cc:515] T 00000000000000000000000000000000 P 3d962434f358473bbb4daf2ee71a3444 [term 1 FOLLOWER]: Starting leader election with config: opid_index: -1 OBSOLETE_local: true peers { permanent_uuid: "3d962434f358473bbb4daf2ee71a3444" member_type: VOTER }
I20260608 10:10:24.267428 25402 leader_election.cc:304] T 00000000000000000000000000000000 P 3d962434f358473bbb4daf2ee71a3444 [CANDIDATE]: Term 1 election: Election decided. Result: candidate won. Election summary: received 1 responses out of 1 voters: 1 yes votes; 0 no votes. yes voters: 3d962434f358473bbb4daf2ee71a3444; no voters: 
I20260608 10:10:24.268707 25402 leader_election.cc:290] T 00000000000000000000000000000000 P 3d962434f358473bbb4daf2ee71a3444 [CANDIDATE]: Term 1 election: Requested vote from peers 
I20260608 10:10:24.269261 25405 raft_consensus.cc:2804] T 00000000000000000000000000000000 P 3d962434f358473bbb4daf2ee71a3444 [term 1 FOLLOWER]: Leader election won for term 1
I20260608 10:10:24.270845 25405 raft_consensus.cc:697] T 00000000000000000000000000000000 P 3d962434f358473bbb4daf2ee71a3444 [term 1 LEADER]: Becoming Leader. State: Replica: 3d962434f358473bbb4daf2ee71a3444, State: Running, Role: LEADER
I20260608 10:10:24.271667 25405 consensus_queue.cc:237] T 00000000000000000000000000000000 P 3d962434f358473bbb4daf2ee71a3444 [LEADER]: Queue going to LEADER mode. State: All replicated index: 0, Majority replicated index: 0, Committed index: 0, Last appended: 0.0, Last appended by leader: 0, Current term: 1, Majority size: 1, State: 0, Mode: LEADER, active raft config: opid_index: -1 OBSOLETE_local: true peers { permanent_uuid: "3d962434f358473bbb4daf2ee71a3444" member_type: VOTER }
I20260608 10:10:24.272296 25402 sys_catalog.cc:565] T 00000000000000000000000000000000 P 3d962434f358473bbb4daf2ee71a3444 [sys.catalog]: configured and running, proceeding with master startup.
I20260608 10:10:24.274981 25407 sys_catalog.cc:455] T 00000000000000000000000000000000 P 3d962434f358473bbb4daf2ee71a3444 [sys.catalog]: SysCatalogTable state changed. Reason: New leader 3d962434f358473bbb4daf2ee71a3444. Latest consensus state: current_term: 1 leader_uuid: "3d962434f358473bbb4daf2ee71a3444" committed_config { opid_index: -1 OBSOLETE_local: true peers { permanent_uuid: "3d962434f358473bbb4daf2ee71a3444" member_type: VOTER } }
I20260608 10:10:24.274942 25406 sys_catalog.cc:455] T 00000000000000000000000000000000 P 3d962434f358473bbb4daf2ee71a3444 [sys.catalog]: SysCatalogTable state changed. Reason: RaftConsensus started. Latest consensus state: current_term: 1 leader_uuid: "3d962434f358473bbb4daf2ee71a3444" committed_config { opid_index: -1 OBSOLETE_local: true peers { permanent_uuid: "3d962434f358473bbb4daf2ee71a3444" member_type: VOTER } }
I20260608 10:10:24.275803 25407 sys_catalog.cc:458] T 00000000000000000000000000000000 P 3d962434f358473bbb4daf2ee71a3444 [sys.catalog]: This master's current role is: LEADER
I20260608 10:10:24.275828 25406 sys_catalog.cc:458] T 00000000000000000000000000000000 P 3d962434f358473bbb4daf2ee71a3444 [sys.catalog]: This master's current role is: LEADER
I20260608 10:10:24.283097 25412 catalog_manager.cc:1510] Loading table and tablet metadata into memory...
I20260608 10:10:24.290233 25412 catalog_manager.cc:1519] Initializing Kudu cluster ID...
I20260608 10:10:24.291311 21336 internal_mini_cluster.cc:184] Waiting to initialize catalog manager on master 0
I20260608 10:10:24.300822 25412 catalog_manager.cc:1382] Generated new cluster ID: b3c5c2918ac04764b03cf6a8644d795f
I20260608 10:10:24.301154 25412 catalog_manager.cc:1530] Initializing Kudu internal certificate authority...
I20260608 10:10:24.315910 25412 catalog_manager.cc:1405] Generated new certificate authority record
I20260608 10:10:24.317365 25412 catalog_manager.cc:1539] Loading token signing keys...
I20260608 10:10:24.339383 25412 catalog_manager.cc:6069] T 00000000000000000000000000000000 P 3d962434f358473bbb4daf2ee71a3444: Generated new TSK 0
I20260608 10:10:24.340036 25412 catalog_manager.cc:1549] Initializing in-progress tserver states...
I20260608 10:10:24.358273 21336 file_cache.cc:492] Constructed file cache file cache with capacity 419430
W20260608 10:10:24.365135 25423 instance_detector.cc:116] could not retrieve AWS instance metadata: Network error: curl error: HTTP response code said error: The requested URL returned error: 404
W20260608 10:10:24.365864 25424 instance_detector.cc:116] could not retrieve Azure instance metadata: Network error: curl error: HTTP response code said error: The requested URL returned error: 404
W20260608 10:10:24.367336 25426 instance_detector.cc:116] could not retrieve OpenStack instance metadata: Network error: curl error: HTTP response code said error: The requested URL returned error: 404
I20260608 10:10:24.367769 21336 server_base.cc:1061] running on GCE node
I20260608 10:10:24.368600 21336 hybrid_clock.cc:584] initializing the hybrid clock with 'system_unsync' time source
W20260608 10:10:24.368794 21336 system_unsync_time.cc:38] NTP support is disabled. Clock error bounds will not be accurate. This configuration is not suitable for distributed clusters.
I20260608 10:10:24.368947 21336 hybrid_clock.cc:648] HybridClock initialized: now 1780913424368934 us; error 0 us; skew 500 ppm
I20260608 10:10:24.369541 21336 server_base.cc:861] Flag tcmalloc_max_total_thread_cache_bytes is not working since tcmalloc is not enabled.
I20260608 10:10:24.372116 21336 webserver.cc:533] Webserver started at http://127.20.214.1:45053/ using document root <none> and password file <none>
I20260608 10:10:24.372653 21336 fs_manager.cc:362] Metadata directory not provided
I20260608 10:10:24.372913 21336 fs_manager.cc:368] Using write-ahead log directory (fs_wal_dir) as metadata directory
I20260608 10:10:24.373286 21336 server_base.cc:909] This appears to be a new deployment of Kudu; creating new FS layout
I20260608 10:10:24.374577 21336 fs_manager.cc:1068] Generated new instance metadata in path /tmp/dist-test-taskl0ojoh/test-tmp/auto_rebalancer-test.0.AutoRebalancerTest.NoReplicaMovesIfCannotFixPlacementPolicy.1780913316611201-21336-0/minicluster-data/ts-0-root/instance:
uuid: "107bfceebac4472da6b54f6c761a994d"
format_stamp: "Formatted at 2026-06-08 10:10:24 on dist-test-slave-khbn"
I20260608 10:10:24.379638 21336 fs_manager.cc:696] Time spent creating directory manager: real 0.005s	user 0.006s	sys 0.000s
I20260608 10:10:24.383605 25431 log_block_manager.cc:4031] Time spent loading block containers with low live blocks: real 0.000s	user 0.000s	sys 0.000s
I20260608 10:10:24.384519 21336 fs_manager.cc:730] Time spent opening block manager: real 0.003s	user 0.002s	sys 0.000s
I20260608 10:10:24.384841 21336 fs_manager.cc:647] Opened local filesystem: /tmp/dist-test-taskl0ojoh/test-tmp/auto_rebalancer-test.0.AutoRebalancerTest.NoReplicaMovesIfCannotFixPlacementPolicy.1780913316611201-21336-0/minicluster-data/ts-0-root
uuid: "107bfceebac4472da6b54f6c761a994d"
format_stamp: "Formatted at 2026-06-08 10:10:24 on dist-test-slave-khbn"
I20260608 10:10:24.385191 21336 fs_report.cc:389] FS layout report
--------------------
wal directory: /tmp/dist-test-taskl0ojoh/test-tmp/auto_rebalancer-test.0.AutoRebalancerTest.NoReplicaMovesIfCannotFixPlacementPolicy.1780913316611201-21336-0/minicluster-data/ts-0-root
metadata directory: /tmp/dist-test-taskl0ojoh/test-tmp/auto_rebalancer-test.0.AutoRebalancerTest.NoReplicaMovesIfCannotFixPlacementPolicy.1780913316611201-21336-0/minicluster-data/ts-0-root
1 data directories: /tmp/dist-test-taskl0ojoh/test-tmp/auto_rebalancer-test.0.AutoRebalancerTest.NoReplicaMovesIfCannotFixPlacementPolicy.1780913316611201-21336-0/minicluster-data/ts-0-root/data
Total live blocks: 0
Total live bytes: 0
Total live bytes (after alignment): 0
Total number of LBM containers: 0 (0 full)
Did not check for missing blocks
Did not check for orphaned blocks
Total full LBM containers with extra space: 0 (0 repaired)
Total full LBM container extra space in bytes: 0 (0 repaired)
Total incomplete LBM containers: 0 (0 repaired)
Total LBM partial records: 0 (0 repaired)
Total corrupted LBM metadata records in RocksDB: 0 (0 repaired)
I20260608 10:10:24.397063 21336 rpc_server.cc:225] running with OpenSSL 1.1.1  11 Sep 2018
I20260608 10:10:24.398344 21336 kserver.cc:163] Server-wide thread pool size limit: 3276
I20260608 10:10:24.399959 21336 txn_system_client.cc:432] TxnSystemClient initialization is disabled...
I20260608 10:10:24.402838 21336 ts_tablet_manager.cc:585] Loaded tablet metadata (0 total tablets, 0 live tablets)
I20260608 10:10:24.403057 21336 ts_tablet_manager.cc:531] Time spent load tablet metadata: real 0.000s	user 0.000s	sys 0.000s
I20260608 10:10:24.403306 21336 ts_tablet_manager.cc:616] Registered 0 tablets
I20260608 10:10:24.403460 21336 ts_tablet_manager.cc:595] Time spent register tablets: real 0.000s	user 0.000s	sys 0.000s
I20260608 10:10:24.448918 21336 rpc_server.cc:307] RPC server started. Bound to: 127.20.214.1:41929
I20260608 10:10:24.449082 25493 acceptor_pool.cc:272] collecting diagnostics on the listening RPC socket 127.20.214.1:41929 every 8 connection(s)
I20260608 10:10:24.454232 21336 file_cache.cc:492] Constructed file cache file cache with capacity 419430
W20260608 10:10:24.461388 25498 instance_detector.cc:116] could not retrieve AWS instance metadata: Network error: curl error: HTTP response code said error: The requested URL returned error: 404
W20260608 10:10:24.463491 25499 instance_detector.cc:116] could not retrieve Azure instance metadata: Network error: curl error: HTTP response code said error: The requested URL returned error: 404
W20260608 10:10:24.465415 25501 instance_detector.cc:116] could not retrieve OpenStack instance metadata: Network error: curl error: HTTP response code said error: The requested URL returned error: 404
I20260608 10:10:24.465720 21336 server_base.cc:1061] running on GCE node
I20260608 10:10:24.466710 21336 hybrid_clock.cc:584] initializing the hybrid clock with 'system_unsync' time source
W20260608 10:10:24.466948 21336 system_unsync_time.cc:38] NTP support is disabled. Clock error bounds will not be accurate. This configuration is not suitable for distributed clusters.
I20260608 10:10:24.467079 21336 hybrid_clock.cc:648] HybridClock initialized: now 1780913424467067 us; error 0 us; skew 500 ppm
I20260608 10:10:24.467585 21336 server_base.cc:861] Flag tcmalloc_max_total_thread_cache_bytes is not working since tcmalloc is not enabled.
I20260608 10:10:24.470369 21336 webserver.cc:533] Webserver started at http://127.20.214.2:40827/ using document root <none> and password file <none>
I20260608 10:10:24.471074 21336 fs_manager.cc:362] Metadata directory not provided
I20260608 10:10:24.471302 21336 fs_manager.cc:368] Using write-ahead log directory (fs_wal_dir) as metadata directory
I20260608 10:10:24.471571 21336 server_base.cc:909] This appears to be a new deployment of Kudu; creating new FS layout
I20260608 10:10:24.472071 25494 heartbeater.cc:344] Connected to a master server at 127.20.214.62:33439
I20260608 10:10:24.472450 25494 heartbeater.cc:461] Registering TS with master...
I20260608 10:10:24.472892 21336 fs_manager.cc:1068] Generated new instance metadata in path /tmp/dist-test-taskl0ojoh/test-tmp/auto_rebalancer-test.0.AutoRebalancerTest.NoReplicaMovesIfCannotFixPlacementPolicy.1780913316611201-21336-0/minicluster-data/ts-1-root/instance:
uuid: "671b1f030fc947c9929f96308c21bffa"
format_stamp: "Formatted at 2026-06-08 10:10:24 on dist-test-slave-khbn"
I20260608 10:10:24.473285 25494 heartbeater.cc:507] Master 127.20.214.62:33439 requested a full tablet report, sending...
I20260608 10:10:24.475642 25367 ts_manager.cc:194] Registered new tserver with Master: 107bfceebac4472da6b54f6c761a994d (127.20.214.1:41929)
I20260608 10:10:24.477895 25367 master_service.cc:502] Signed X509 certificate for tserver {username='slave'} at 127.0.0.1:49270
I20260608 10:10:24.478405 21336 fs_manager.cc:696] Time spent creating directory manager: real 0.005s	user 0.004s	sys 0.000s
I20260608 10:10:24.482573 25506 log_block_manager.cc:4031] Time spent loading block containers with low live blocks: real 0.000s	user 0.000s	sys 0.000s
I20260608 10:10:24.483449 21336 fs_manager.cc:730] Time spent opening block manager: real 0.003s	user 0.004s	sys 0.000s
I20260608 10:10:24.483731 21336 fs_manager.cc:647] Opened local filesystem: /tmp/dist-test-taskl0ojoh/test-tmp/auto_rebalancer-test.0.AutoRebalancerTest.NoReplicaMovesIfCannotFixPlacementPolicy.1780913316611201-21336-0/minicluster-data/ts-1-root
uuid: "671b1f030fc947c9929f96308c21bffa"
format_stamp: "Formatted at 2026-06-08 10:10:24 on dist-test-slave-khbn"
I20260608 10:10:24.483982 21336 fs_report.cc:389] FS layout report
--------------------
wal directory: /tmp/dist-test-taskl0ojoh/test-tmp/auto_rebalancer-test.0.AutoRebalancerTest.NoReplicaMovesIfCannotFixPlacementPolicy.1780913316611201-21336-0/minicluster-data/ts-1-root
metadata directory: /tmp/dist-test-taskl0ojoh/test-tmp/auto_rebalancer-test.0.AutoRebalancerTest.NoReplicaMovesIfCannotFixPlacementPolicy.1780913316611201-21336-0/minicluster-data/ts-1-root
1 data directories: /tmp/dist-test-taskl0ojoh/test-tmp/auto_rebalancer-test.0.AutoRebalancerTest.NoReplicaMovesIfCannotFixPlacementPolicy.1780913316611201-21336-0/minicluster-data/ts-1-root/data
Total live blocks: 0
Total live bytes: 0
Total live bytes (after alignment): 0
Total number of LBM containers: 0 (0 full)
Did not check for missing blocks
Did not check for orphaned blocks
Total full LBM containers with extra space: 0 (0 repaired)
Total full LBM container extra space in bytes: 0 (0 repaired)
Total incomplete LBM containers: 0 (0 repaired)
Total LBM partial records: 0 (0 repaired)
Total corrupted LBM metadata records in RocksDB: 0 (0 repaired)
I20260608 10:10:24.517432 21336 rpc_server.cc:225] running with OpenSSL 1.1.1  11 Sep 2018
I20260608 10:10:24.518656 21336 kserver.cc:163] Server-wide thread pool size limit: 3276
I20260608 10:10:24.520215 21336 txn_system_client.cc:432] TxnSystemClient initialization is disabled...
I20260608 10:10:24.522773 21336 ts_tablet_manager.cc:585] Loaded tablet metadata (0 total tablets, 0 live tablets)
I20260608 10:10:24.522980 21336 ts_tablet_manager.cc:531] Time spent load tablet metadata: real 0.000s	user 0.000s	sys 0.000s
I20260608 10:10:24.523238 21336 ts_tablet_manager.cc:616] Registered 0 tablets
I20260608 10:10:24.523396 21336 ts_tablet_manager.cc:595] Time spent register tablets: real 0.000s	user 0.000s	sys 0.000s
I20260608 10:10:24.567763 21336 rpc_server.cc:307] RPC server started. Bound to: 127.20.214.2:43161
I20260608 10:10:24.567876 25568 acceptor_pool.cc:272] collecting diagnostics on the listening RPC socket 127.20.214.2:43161 every 8 connection(s)
I20260608 10:10:24.572876 21336 file_cache.cc:492] Constructed file cache file cache with capacity 419430
W20260608 10:10:24.580261 25572 instance_detector.cc:116] could not retrieve AWS instance metadata: Network error: curl error: HTTP response code said error: The requested URL returned error: 404
W20260608 10:10:24.582127 25573 instance_detector.cc:116] could not retrieve Azure instance metadata: Network error: curl error: HTTP response code said error: The requested URL returned error: 404
W20260608 10:10:24.585155 25575 instance_detector.cc:116] could not retrieve OpenStack instance metadata: Network error: curl error: HTTP response code said error: The requested URL returned error: 404
I20260608 10:10:24.585390 21336 server_base.cc:1061] running on GCE node
I20260608 10:10:24.586699 21336 hybrid_clock.cc:584] initializing the hybrid clock with 'system_unsync' time source
W20260608 10:10:24.586946 21336 system_unsync_time.cc:38] NTP support is disabled. Clock error bounds will not be accurate. This configuration is not suitable for distributed clusters.
I20260608 10:10:24.587157 21336 hybrid_clock.cc:648] HybridClock initialized: now 1780913424587135 us; error 0 us; skew 500 ppm
I20260608 10:10:24.587533 25569 heartbeater.cc:344] Connected to a master server at 127.20.214.62:33439
I20260608 10:10:24.587881 21336 server_base.cc:861] Flag tcmalloc_max_total_thread_cache_bytes is not working since tcmalloc is not enabled.
I20260608 10:10:24.587934 25569 heartbeater.cc:461] Registering TS with master...
I20260608 10:10:24.588886 25569 heartbeater.cc:507] Master 127.20.214.62:33439 requested a full tablet report, sending...
I20260608 10:10:24.591022 21336 webserver.cc:533] Webserver started at http://127.20.214.3:33369/ using document root <none> and password file <none>
I20260608 10:10:24.591404 25367 ts_manager.cc:194] Registered new tserver with Master: 671b1f030fc947c9929f96308c21bffa (127.20.214.2:43161)
I20260608 10:10:24.591620 21336 fs_manager.cc:362] Metadata directory not provided
I20260608 10:10:24.591907 21336 fs_manager.cc:368] Using write-ahead log directory (fs_wal_dir) as metadata directory
I20260608 10:10:24.592181 21336 server_base.cc:909] This appears to be a new deployment of Kudu; creating new FS layout
I20260608 10:10:24.593204 25367 master_service.cc:502] Signed X509 certificate for tserver {username='slave'} at 127.0.0.1:49278
I20260608 10:10:24.593673 21336 fs_manager.cc:1068] Generated new instance metadata in path /tmp/dist-test-taskl0ojoh/test-tmp/auto_rebalancer-test.0.AutoRebalancerTest.NoReplicaMovesIfCannotFixPlacementPolicy.1780913316611201-21336-0/minicluster-data/ts-2-root/instance:
uuid: "b8f3f0603611410a85b15c14413839bc"
format_stamp: "Formatted at 2026-06-08 10:10:24 on dist-test-slave-khbn"
I20260608 10:10:24.600100 21336 fs_manager.cc:696] Time spent creating directory manager: real 0.006s	user 0.006s	sys 0.001s
I20260608 10:10:24.604180 25580 log_block_manager.cc:4031] Time spent loading block containers with low live blocks: real 0.000s	user 0.000s	sys 0.000s
I20260608 10:10:24.605157 21336 fs_manager.cc:730] Time spent opening block manager: real 0.003s	user 0.003s	sys 0.000s
I20260608 10:10:24.605474 21336 fs_manager.cc:647] Opened local filesystem: /tmp/dist-test-taskl0ojoh/test-tmp/auto_rebalancer-test.0.AutoRebalancerTest.NoReplicaMovesIfCannotFixPlacementPolicy.1780913316611201-21336-0/minicluster-data/ts-2-root
uuid: "b8f3f0603611410a85b15c14413839bc"
format_stamp: "Formatted at 2026-06-08 10:10:24 on dist-test-slave-khbn"
I20260608 10:10:24.605765 21336 fs_report.cc:389] FS layout report
--------------------
wal directory: /tmp/dist-test-taskl0ojoh/test-tmp/auto_rebalancer-test.0.AutoRebalancerTest.NoReplicaMovesIfCannotFixPlacementPolicy.1780913316611201-21336-0/minicluster-data/ts-2-root
metadata directory: /tmp/dist-test-taskl0ojoh/test-tmp/auto_rebalancer-test.0.AutoRebalancerTest.NoReplicaMovesIfCannotFixPlacementPolicy.1780913316611201-21336-0/minicluster-data/ts-2-root
1 data directories: /tmp/dist-test-taskl0ojoh/test-tmp/auto_rebalancer-test.0.AutoRebalancerTest.NoReplicaMovesIfCannotFixPlacementPolicy.1780913316611201-21336-0/minicluster-data/ts-2-root/data
Total live blocks: 0
Total live bytes: 0
Total live bytes (after alignment): 0
Total number of LBM containers: 0 (0 full)
Did not check for missing blocks
Did not check for orphaned blocks
Total full LBM containers with extra space: 0 (0 repaired)
Total full LBM container extra space in bytes: 0 (0 repaired)
Total incomplete LBM containers: 0 (0 repaired)
Total LBM partial records: 0 (0 repaired)
Total corrupted LBM metadata records in RocksDB: 0 (0 repaired)
I20260608 10:10:24.620390 21336 rpc_server.cc:225] running with OpenSSL 1.1.1  11 Sep 2018
I20260608 10:10:24.621686 21336 kserver.cc:163] Server-wide thread pool size limit: 3276
I20260608 10:10:24.623214 21336 txn_system_client.cc:432] TxnSystemClient initialization is disabled...
I20260608 10:10:24.625672 21336 ts_tablet_manager.cc:585] Loaded tablet metadata (0 total tablets, 0 live tablets)
I20260608 10:10:24.625916 21336 ts_tablet_manager.cc:531] Time spent load tablet metadata: real 0.000s	user 0.000s	sys 0.000s
I20260608 10:10:24.626140 21336 ts_tablet_manager.cc:616] Registered 0 tablets
I20260608 10:10:24.626293 21336 ts_tablet_manager.cc:595] Time spent register tablets: real 0.000s	user 0.000s	sys 0.000s
I20260608 10:10:24.669828 21336 rpc_server.cc:307] RPC server started. Bound to: 127.20.214.3:33485
I20260608 10:10:24.669955 25642 acceptor_pool.cc:272] collecting diagnostics on the listening RPC socket 127.20.214.3:33485 every 8 connection(s)
I20260608 10:10:24.685567 25643 heartbeater.cc:344] Connected to a master server at 127.20.214.62:33439
I20260608 10:10:24.686054 25643 heartbeater.cc:461] Registering TS with master...
I20260608 10:10:24.686931 25643 heartbeater.cc:507] Master 127.20.214.62:33439 requested a full tablet report, sending...
I20260608 10:10:24.689333 25367 ts_manager.cc:194] Registered new tserver with Master: b8f3f0603611410a85b15c14413839bc (127.20.214.3:33485)
I20260608 10:10:24.689603 21336 internal_mini_cluster.cc:371] 3 TS(s) registered with all masters after 0.016180838s
I20260608 10:10:24.691295 25367 master_service.cc:502] Signed X509 certificate for tserver {username='slave'} at 127.0.0.1:49282
I20260608 10:10:25.480955 25494 heartbeater.cc:499] Master 127.20.214.62:33439 was elected leader, sending a full tablet report...
I20260608 10:10:25.596972 25569 heartbeater.cc:499] Master 127.20.214.62:33439 was elected leader, sending a full tablet report...
I20260608 10:10:25.694784 25643 heartbeater.cc:499] Master 127.20.214.62:33439 was elected leader, sending a full tablet report...
I20260608 10:10:25.765933 25367 catalog_manager.cc:2282] Servicing CreateTable request from {username='slave'} at 127.0.0.1:49298:
name: "test-workload"
schema {
  columns {
    name: "key"
    type: INT32
    is_key: true
    is_nullable: false
    encoding: AUTO_ENCODING
    compression: DEFAULT_COMPRESSION
    cfile_block_size: 0
    immutable: false
  }
  columns {
    name: "int_val"
    type: INT32
    is_key: false
    is_nullable: false
    encoding: AUTO_ENCODING
    compression: DEFAULT_COMPRESSION
    cfile_block_size: 0
    immutable: false
  }
  columns {
    name: "string_val"
    type: STRING
    is_key: false
    is_nullable: true
    encoding: AUTO_ENCODING
    compression: DEFAULT_COMPRESSION
    cfile_block_size: 0
    immutable: false
  }
}
num_replicas: 3
split_rows_range_bounds {
}
partition_schema {
  range_schema {
    columns {
      name: "key"
    }
  }
}
W20260608 10:10:25.768325 25367 catalog_manager.cc:7076] The number of live tablet servers is not enough to re-replicate a tablet replica of the newly created table test-workload in case of a server failure: 4 tablet servers would be needed, 3 are available. Consider bringing up more tablet servers.
I20260608 10:10:25.827430 25534 tablet_service.cc:1511] Processing CreateTablet for tablet 8482ffe1ef70426f9bc2f7964234c177 (DEFAULT_TABLE table=test-workload [id=c4c5aa2abbae4468b04f9982c4eb8984]), partition=RANGE (key) PARTITION UNBOUNDED
I20260608 10:10:25.828702 25534 data_dirs.cc:400] Could only allocate 1 dirs of requested 3 for tablet 8482ffe1ef70426f9bc2f7964234c177. 1 dirs total, 0 dirs full, 0 dirs failed
I20260608 10:10:25.833161 25459 tablet_service.cc:1511] Processing CreateTablet for tablet 8482ffe1ef70426f9bc2f7964234c177 (DEFAULT_TABLE table=test-workload [id=c4c5aa2abbae4468b04f9982c4eb8984]), partition=RANGE (key) PARTITION UNBOUNDED
I20260608 10:10:25.834650 25459 data_dirs.cc:400] Could only allocate 1 dirs of requested 3 for tablet 8482ffe1ef70426f9bc2f7964234c177. 1 dirs total, 0 dirs full, 0 dirs failed
I20260608 10:10:25.842521 25608 tablet_service.cc:1511] Processing CreateTablet for tablet 8482ffe1ef70426f9bc2f7964234c177 (DEFAULT_TABLE table=test-workload [id=c4c5aa2abbae4468b04f9982c4eb8984]), partition=RANGE (key) PARTITION UNBOUNDED
I20260608 10:10:25.844857 25608 data_dirs.cc:400] Could only allocate 1 dirs of requested 3 for tablet 8482ffe1ef70426f9bc2f7964234c177. 1 dirs total, 0 dirs full, 0 dirs failed
I20260608 10:10:25.848759 25664 tablet_bootstrap.cc:492] T 8482ffe1ef70426f9bc2f7964234c177 P 671b1f030fc947c9929f96308c21bffa: Bootstrap starting.
I20260608 10:10:25.858170 25664 tablet_bootstrap.cc:654] T 8482ffe1ef70426f9bc2f7964234c177 P 671b1f030fc947c9929f96308c21bffa: Neither blocks nor log segments found. Creating new log.
I20260608 10:10:25.858450 25665 tablet_bootstrap.cc:492] T 8482ffe1ef70426f9bc2f7964234c177 P 107bfceebac4472da6b54f6c761a994d: Bootstrap starting.
I20260608 10:10:25.866010 25665 tablet_bootstrap.cc:654] T 8482ffe1ef70426f9bc2f7964234c177 P 107bfceebac4472da6b54f6c761a994d: Neither blocks nor log segments found. Creating new log.
I20260608 10:10:25.866190 25667 tablet_bootstrap.cc:492] T 8482ffe1ef70426f9bc2f7964234c177 P b8f3f0603611410a85b15c14413839bc: Bootstrap starting.
I20260608 10:10:25.866547 25664 tablet_bootstrap.cc:492] T 8482ffe1ef70426f9bc2f7964234c177 P 671b1f030fc947c9929f96308c21bffa: No bootstrap required, opened a new log
I20260608 10:10:25.867219 25664 ts_tablet_manager.cc:1403] T 8482ffe1ef70426f9bc2f7964234c177 P 671b1f030fc947c9929f96308c21bffa: Time spent bootstrapping tablet: real 0.019s	user 0.016s	sys 0.000s
I20260608 10:10:25.870676 25664 raft_consensus.cc:359] T 8482ffe1ef70426f9bc2f7964234c177 P 671b1f030fc947c9929f96308c21bffa [term 0 FOLLOWER]: Replica starting. Triggering 0 pending ops. Active config: opid_index: -1 OBSOLETE_local: false peers { permanent_uuid: "671b1f030fc947c9929f96308c21bffa" member_type: VOTER last_known_addr { host: "127.20.214.2" port: 43161 } } peers { permanent_uuid: "107bfceebac4472da6b54f6c761a994d" member_type: VOTER last_known_addr { host: "127.20.214.1" port: 41929 } } peers { permanent_uuid: "b8f3f0603611410a85b15c14413839bc" member_type: VOTER last_known_addr { host: "127.20.214.3" port: 33485 } }
I20260608 10:10:25.871439 25664 raft_consensus.cc:385] T 8482ffe1ef70426f9bc2f7964234c177 P 671b1f030fc947c9929f96308c21bffa [term 0 FOLLOWER]: Consensus starting up: Expiring failure detector timer to make a prompt election more likely
I20260608 10:10:25.871676 25664 raft_consensus.cc:740] T 8482ffe1ef70426f9bc2f7964234c177 P 671b1f030fc947c9929f96308c21bffa [term 0 FOLLOWER]: Becoming Follower/Learner. State: Replica: 671b1f030fc947c9929f96308c21bffa, State: Initialized, Role: FOLLOWER
I20260608 10:10:25.872510 25664 consensus_queue.cc:260] T 8482ffe1ef70426f9bc2f7964234c177 P 671b1f030fc947c9929f96308c21bffa [NON_LEADER]: Queue going to NON_LEADER mode. State: All replicated index: 0, Majority replicated index: 0, Committed index: 0, Last appended: 0.0, Last appended by leader: 0, Current term: 0, Majority size: -1, State: 0, Mode: NON_LEADER, active raft config: opid_index: -1 OBSOLETE_local: false peers { permanent_uuid: "671b1f030fc947c9929f96308c21bffa" member_type: VOTER last_known_addr { host: "127.20.214.2" port: 43161 } } peers { permanent_uuid: "107bfceebac4472da6b54f6c761a994d" member_type: VOTER last_known_addr { host: "127.20.214.1" port: 41929 } } peers { permanent_uuid: "b8f3f0603611410a85b15c14413839bc" member_type: VOTER last_known_addr { host: "127.20.214.3" port: 33485 } }
I20260608 10:10:25.873510 25665 tablet_bootstrap.cc:492] T 8482ffe1ef70426f9bc2f7964234c177 P 107bfceebac4472da6b54f6c761a994d: No bootstrap required, opened a new log
I20260608 10:10:25.874163 25665 ts_tablet_manager.cc:1403] T 8482ffe1ef70426f9bc2f7964234c177 P 107bfceebac4472da6b54f6c761a994d: Time spent bootstrapping tablet: real 0.016s	user 0.005s	sys 0.008s
I20260608 10:10:25.875593 25664 ts_tablet_manager.cc:1434] T 8482ffe1ef70426f9bc2f7964234c177 P 671b1f030fc947c9929f96308c21bffa: Time spent starting tablet: real 0.008s	user 0.007s	sys 0.000s
I20260608 10:10:25.876137 25667 tablet_bootstrap.cc:654] T 8482ffe1ef70426f9bc2f7964234c177 P b8f3f0603611410a85b15c14413839bc: Neither blocks nor log segments found. Creating new log.
I20260608 10:10:25.877938 25665 raft_consensus.cc:359] T 8482ffe1ef70426f9bc2f7964234c177 P 107bfceebac4472da6b54f6c761a994d [term 0 FOLLOWER]: Replica starting. Triggering 0 pending ops. Active config: opid_index: -1 OBSOLETE_local: false peers { permanent_uuid: "671b1f030fc947c9929f96308c21bffa" member_type: VOTER last_known_addr { host: "127.20.214.2" port: 43161 } } peers { permanent_uuid: "107bfceebac4472da6b54f6c761a994d" member_type: VOTER last_known_addr { host: "127.20.214.1" port: 41929 } } peers { permanent_uuid: "b8f3f0603611410a85b15c14413839bc" member_type: VOTER last_known_addr { host: "127.20.214.3" port: 33485 } }
I20260608 10:10:25.878791 25665 raft_consensus.cc:385] T 8482ffe1ef70426f9bc2f7964234c177 P 107bfceebac4472da6b54f6c761a994d [term 0 FOLLOWER]: Consensus starting up: Expiring failure detector timer to make a prompt election more likely
I20260608 10:10:25.879102 25665 raft_consensus.cc:740] T 8482ffe1ef70426f9bc2f7964234c177 P 107bfceebac4472da6b54f6c761a994d [term 0 FOLLOWER]: Becoming Follower/Learner. State: Replica: 107bfceebac4472da6b54f6c761a994d, State: Initialized, Role: FOLLOWER
