I20260608 10:10:05.263671 24775 raft_consensus.cc:359] T c512345046c24159a53a040572ef1d4a P b389e455b35945ba9704e4d12ba28e41 [term 1 LEARNER]: Replica starting. Triggering 0 pending ops. Active config: opid_index: 2 OBSOLETE_local: false peers { permanent_uuid: "f6b911b2940c4b2a9045e3fc7124a9dd" member_type: VOTER last_known_addr { host: "127.20.214.1" port: 44087 } attrs { replace: true } } peers { permanent_uuid: "db7a8e0027994f6fae1ec0bbb0772b0c" member_type: VOTER last_known_addr { host: "127.20.214.2" port: 42861 } } peers { permanent_uuid: "cd42bf6aa6654f489bbf48e694f337c6" member_type: VOTER last_known_addr { host: "127.20.214.3" port: 42883 } } peers { permanent_uuid: "b389e455b35945ba9704e4d12ba28e41" member_type: NON_VOTER last_known_addr { host: "127.20.214.4" port: 46317 } attrs { promote: true } }
I20260608 10:10:05.264619 24775 raft_consensus.cc:740] T c512345046c24159a53a040572ef1d4a P b389e455b35945ba9704e4d12ba28e41 [term 1 LEARNER]: Becoming Follower/Learner. State: Replica: b389e455b35945ba9704e4d12ba28e41, State: Initialized, Role: LEARNER
I20260608 10:10:05.265939 24775 consensus_queue.cc:260] T c512345046c24159a53a040572ef1d4a P b389e455b35945ba9704e4d12ba28e41 [NON_LEADER]: Queue going to NON_LEADER mode. State: All replicated index: 0, Majority replicated index: 0, Committed index: 2, Last appended: 1.2, Last appended by leader: 2, Current term: 0, Majority size: -1, State: 0, Mode: NON_LEADER, active raft config: opid_index: 2 OBSOLETE_local: false peers { permanent_uuid: "f6b911b2940c4b2a9045e3fc7124a9dd" member_type: VOTER last_known_addr { host: "127.20.214.1" port: 44087 } attrs { replace: true } } peers { permanent_uuid: "db7a8e0027994f6fae1ec0bbb0772b0c" member_type: VOTER last_known_addr { host: "127.20.214.2" port: 42861 } } peers { permanent_uuid: "cd42bf6aa6654f489bbf48e694f337c6" member_type: VOTER last_known_addr { host: "127.20.214.3" port: 42883 } } peers { permanent_uuid: "b389e455b35945ba9704e4d12ba28e41" member_type: NON_VOTER last_known_addr { host: "127.20.214.4" port: 46317 } attrs { promote: true } }
I20260608 10:10:05.268831 24775 ts_tablet_manager.cc:1434] T c512345046c24159a53a040572ef1d4a P b389e455b35945ba9704e4d12ba28e41: Time spent starting tablet: real 0.008s	user 0.008s	sys 0.000s
I20260608 10:10:05.271071 24409 tablet_copy_service.cc:342] P db7a8e0027994f6fae1ec0bbb0772b0c: Request end of tablet copy session b389e455b35945ba9704e4d12ba28e41-c512345046c24159a53a040572ef1d4a received from {username='slave'} at 127.0.0.1:47160
I20260608 10:10:05.271559 24409 tablet_copy_service.cc:434] P db7a8e0027994f6fae1ec0bbb0772b0c: ending tablet copy session b389e455b35945ba9704e4d12ba28e41-c512345046c24159a53a040572ef1d4a on tablet c512345046c24159a53a040572ef1d4a with peer b389e455b35945ba9704e4d12ba28e41
I20260608 10:10:05.282037 24777 tablet_bootstrap.cc:492] T 643aeed147934e8cbd20fb236a57dadc P b389e455b35945ba9704e4d12ba28e41: Bootstrap replayed 1/1 log segments. Stats: ops{read=2 overwritten=0 applied=2 ignored=0} inserts{seen=0 ignored=0} mutations{seen=0 ignored=0} orphaned_commits=0. Pending: 0 replicates
I20260608 10:10:05.283048 24777 tablet_bootstrap.cc:492] T 643aeed147934e8cbd20fb236a57dadc P b389e455b35945ba9704e4d12ba28e41: Bootstrap complete.
I20260608 10:10:05.283912 24777 ts_tablet_manager.cc:1403] T 643aeed147934e8cbd20fb236a57dadc P b389e455b35945ba9704e4d12ba28e41: Time spent bootstrapping tablet: real 0.036s	user 0.028s	sys 0.001s
I20260608 10:10:05.286916 24777 raft_consensus.cc:359] T 643aeed147934e8cbd20fb236a57dadc P b389e455b35945ba9704e4d12ba28e41 [term 1 LEARNER]: Replica starting. Triggering 0 pending ops. Active config: opid_index: 2 OBSOLETE_local: false peers { permanent_uuid: "f6b911b2940c4b2a9045e3fc7124a9dd" member_type: VOTER last_known_addr { host: "127.20.214.1" port: 44087 } } peers { permanent_uuid: "db7a8e0027994f6fae1ec0bbb0772b0c" member_type: VOTER last_known_addr { host: "127.20.214.2" port: 42861 } attrs { replace: true } } peers { permanent_uuid: "cd42bf6aa6654f489bbf48e694f337c6" member_type: VOTER last_known_addr { host: "127.20.214.3" port: 42883 } } peers { permanent_uuid: "b389e455b35945ba9704e4d12ba28e41" member_type: NON_VOTER last_known_addr { host: "127.20.214.4" port: 46317 } attrs { promote: true } }
I20260608 10:10:05.287636 24777 raft_consensus.cc:740] T 643aeed147934e8cbd20fb236a57dadc P b389e455b35945ba9704e4d12ba28e41 [term 1 LEARNER]: Becoming Follower/Learner. State: Replica: b389e455b35945ba9704e4d12ba28e41, State: Initialized, Role: LEARNER
I20260608 10:10:05.288352 24777 consensus_queue.cc:260] T 643aeed147934e8cbd20fb236a57dadc P b389e455b35945ba9704e4d12ba28e41 [NON_LEADER]: Queue going to NON_LEADER mode. State: All replicated index: 0, Majority replicated index: 0, Committed index: 2, Last appended: 1.2, Last appended by leader: 2, Current term: 0, Majority size: -1, State: 0, Mode: NON_LEADER, active raft config: opid_index: 2 OBSOLETE_local: false peers { permanent_uuid: "f6b911b2940c4b2a9045e3fc7124a9dd" member_type: VOTER last_known_addr { host: "127.20.214.1" port: 44087 } } peers { permanent_uuid: "db7a8e0027994f6fae1ec0bbb0772b0c" member_type: VOTER last_known_addr { host: "127.20.214.2" port: 42861 } attrs { replace: true } } peers { permanent_uuid: "cd42bf6aa6654f489bbf48e694f337c6" member_type: VOTER last_known_addr { host: "127.20.214.3" port: 42883 } } peers { permanent_uuid: "b389e455b35945ba9704e4d12ba28e41" member_type: NON_VOTER last_known_addr { host: "127.20.214.4" port: 46317 } attrs { promote: true } }
I20260608 10:10:05.290472 24777 ts_tablet_manager.cc:1434] T 643aeed147934e8cbd20fb236a57dadc P b389e455b35945ba9704e4d12ba28e41: Time spent starting tablet: real 0.006s	user 0.008s	sys 0.000s
I20260608 10:10:05.293676 24483 tablet_copy_service.cc:342] P cd42bf6aa6654f489bbf48e694f337c6: Request end of tablet copy session b389e455b35945ba9704e4d12ba28e41-643aeed147934e8cbd20fb236a57dadc received from {username='slave'} at 127.0.0.1:55814
I20260608 10:10:05.294799 24483 tablet_copy_service.cc:434] P cd42bf6aa6654f489bbf48e694f337c6: ending tablet copy session b389e455b35945ba9704e4d12ba28e41-643aeed147934e8cbd20fb236a57dadc on tablet 643aeed147934e8cbd20fb236a57dadc with peer b389e455b35945ba9704e4d12ba28e41
I20260608 10:10:05.295644 24471 raft_consensus.cc:1275] T 171d1d29426a4f0eaa9599eb38f31e16 P cd42bf6aa6654f489bbf48e694f337c6 [term 2 FOLLOWER]: Refusing update from remote peer f6b911b2940c4b2a9045e3fc7124a9dd: Log matching property violated. Preceding OpId in replica: term: 1 index: 1. Preceding OpId from leader: term: 2 index: 2. (index mismatch)
I20260608 10:10:05.299904 24542 consensus_queue.cc:1048] T 171d1d29426a4f0eaa9599eb38f31e16 P f6b911b2940c4b2a9045e3fc7124a9dd [LEADER]: Connected to new peer: Peer: permanent_uuid: "cd42bf6aa6654f489bbf48e694f337c6" member_type: VOTER last_known_addr { host: "127.20.214.3" port: 42883 }, Status: LMP_MISMATCH, Last received: 0.0, Next index: 2, Last known committed idx: 1, Time since last communication: 0.001s
I20260608 10:10:05.324184 24396 raft_consensus.cc:1275] T 171d1d29426a4f0eaa9599eb38f31e16 P db7a8e0027994f6fae1ec0bbb0772b0c [term 2 FOLLOWER]: Refusing update from remote peer f6b911b2940c4b2a9045e3fc7124a9dd: Log matching property violated. Preceding OpId in replica: term: 1 index: 1. Preceding OpId from leader: term: 2 index: 2. (index mismatch)
I20260608 10:10:05.326249 24542 consensus_queue.cc:1048] T 171d1d29426a4f0eaa9599eb38f31e16 P f6b911b2940c4b2a9045e3fc7124a9dd [LEADER]: Connected to new peer: Peer: permanent_uuid: "db7a8e0027994f6fae1ec0bbb0772b0c" member_type: VOTER last_known_addr { host: "127.20.214.2" port: 42861 }, Status: LMP_MISMATCH, Last received: 0.0, Next index: 2, Last known committed idx: 1, Time since last communication: 0.001s
I20260608 10:10:05.397065 24396 raft_consensus.cc:1275] T 72bbd4b9000b4bd29b106cb743417082 P db7a8e0027994f6fae1ec0bbb0772b0c [term 2 FOLLOWER]: Refusing update from remote peer f6b911b2940c4b2a9045e3fc7124a9dd: Log matching property violated. Preceding OpId in replica: term: 1 index: 1. Preceding OpId from leader: term: 2 index: 2. (index mismatch)
I20260608 10:10:05.398666 24713 consensus_queue.cc:1048] T 72bbd4b9000b4bd29b106cb743417082 P f6b911b2940c4b2a9045e3fc7124a9dd [LEADER]: Connected to new peer: Peer: permanent_uuid: "db7a8e0027994f6fae1ec0bbb0772b0c" member_type: VOTER last_known_addr { host: "127.20.214.2" port: 42861 }, Status: LMP_MISMATCH, Last received: 0.0, Next index: 2, Last known committed idx: 1, Time since last communication: 0.000s
I20260608 10:10:05.406883 24777 ts_tablet_manager.cc:933] T b22e9e815b594ad19df7d23beb43fc80 P b389e455b35945ba9704e4d12ba28e41: Initiating tablet copy from peer f6b911b2940c4b2a9045e3fc7124a9dd (127.20.214.1:44087)
I20260608 10:10:05.413340 24473 raft_consensus.cc:1275] T 72bbd4b9000b4bd29b106cb743417082 P cd42bf6aa6654f489bbf48e694f337c6 [term 2 FOLLOWER]: Refusing update from remote peer f6b911b2940c4b2a9045e3fc7124a9dd: Log matching property violated. Preceding OpId in replica: term: 1 index: 1. Preceding OpId from leader: term: 2 index: 2. (index mismatch)
I20260608 10:10:05.415405 24767 consensus_queue.cc:1048] T 72bbd4b9000b4bd29b106cb743417082 P f6b911b2940c4b2a9045e3fc7124a9dd [LEADER]: Connected to new peer: Peer: permanent_uuid: "cd42bf6aa6654f489bbf48e694f337c6" member_type: VOTER last_known_addr { host: "127.20.214.3" port: 42883 }, Status: LMP_MISMATCH, Last received: 0.0, Next index: 2, Last known committed idx: 1, Time since last communication: 0.000s
I20260608 10:10:05.423830 24777 tablet_copy_client.cc:323] T b22e9e815b594ad19df7d23beb43fc80 P b389e455b35945ba9704e4d12ba28e41: tablet copy: Beginning tablet copy session from remote peer at address 127.20.214.1:44087
I20260608 10:10:05.426119 24334 tablet_copy_service.cc:140] P f6b911b2940c4b2a9045e3fc7124a9dd: Received BeginTabletCopySession request for tablet b22e9e815b594ad19df7d23beb43fc80 from peer b389e455b35945ba9704e4d12ba28e41 ({username='slave'} at 127.0.0.1:38660)
I20260608 10:10:05.426777 24334 tablet_copy_service.cc:161] P f6b911b2940c4b2a9045e3fc7124a9dd: Beginning new tablet copy session on tablet b22e9e815b594ad19df7d23beb43fc80 from peer b389e455b35945ba9704e4d12ba28e41 at {username='slave'} at 127.0.0.1:38660: session id = b389e455b35945ba9704e4d12ba28e41-b22e9e815b594ad19df7d23beb43fc80
I20260608 10:10:05.434980 24334 tablet_copy_source_session.cc:215] T b22e9e815b594ad19df7d23beb43fc80 P f6b911b2940c4b2a9045e3fc7124a9dd: Tablet Copy: opened 0 blocks and 1 log segments
I20260608 10:10:05.439459 24777 data_dirs.cc:400] Could only allocate 1 dirs of requested 3 for tablet b22e9e815b594ad19df7d23beb43fc80. 1 dirs total, 0 dirs full, 0 dirs failed
I20260608 10:10:05.456617 24777 tablet_copy_client.cc:806] T b22e9e815b594ad19df7d23beb43fc80 P b389e455b35945ba9704e4d12ba28e41: tablet copy: Starting download of 0 data blocks...
I20260608 10:10:05.457373 24777 tablet_copy_client.cc:670] T b22e9e815b594ad19df7d23beb43fc80 P b389e455b35945ba9704e4d12ba28e41: tablet copy: Starting download of 1 WAL segments...
I20260608 10:10:05.461432 24777 tablet_copy_client.cc:538] T b22e9e815b594ad19df7d23beb43fc80 P b389e455b35945ba9704e4d12ba28e41: tablet copy: Tablet Copy complete. Replacing tablet superblock.
I20260608 10:10:05.471289 24777 tablet_bootstrap.cc:492] T b22e9e815b594ad19df7d23beb43fc80 P b389e455b35945ba9704e4d12ba28e41: Bootstrap starting.
I20260608 10:10:05.492070 24777 tablet_bootstrap.cc:492] T b22e9e815b594ad19df7d23beb43fc80 P b389e455b35945ba9704e4d12ba28e41: Bootstrap replayed 1/1 log segments. Stats: ops{read=2 overwritten=0 applied=2 ignored=0} inserts{seen=0 ignored=0} mutations{seen=0 ignored=0} orphaned_commits=0. Pending: 0 replicates
I20260608 10:10:05.492916 24777 tablet_bootstrap.cc:492] T b22e9e815b594ad19df7d23beb43fc80 P b389e455b35945ba9704e4d12ba28e41: Bootstrap complete.
I20260608 10:10:05.493645 24777 ts_tablet_manager.cc:1403] T b22e9e815b594ad19df7d23beb43fc80 P b389e455b35945ba9704e4d12ba28e41: Time spent bootstrapping tablet: real 0.023s	user 0.019s	sys 0.004s
I20260608 10:10:05.496537 24777 raft_consensus.cc:359] T b22e9e815b594ad19df7d23beb43fc80 P b389e455b35945ba9704e4d12ba28e41 [term 1 LEARNER]: Replica starting. Triggering 0 pending ops. Active config: opid_index: 2 OBSOLETE_local: false peers { permanent_uuid: "f6b911b2940c4b2a9045e3fc7124a9dd" member_type: VOTER last_known_addr { host: "127.20.214.1" port: 44087 } } peers { permanent_uuid: "db7a8e0027994f6fae1ec0bbb0772b0c" member_type: VOTER last_known_addr { host: "127.20.214.2" port: 42861 } } peers { permanent_uuid: "cd42bf6aa6654f489bbf48e694f337c6" member_type: VOTER last_known_addr { host: "127.20.214.3" port: 42883 } attrs { replace: true } } peers { permanent_uuid: "b389e455b35945ba9704e4d12ba28e41" member_type: NON_VOTER last_known_addr { host: "127.20.214.4" port: 46317 } attrs { promote: true } }
I20260608 10:10:05.497253 24777 raft_consensus.cc:740] T b22e9e815b594ad19df7d23beb43fc80 P b389e455b35945ba9704e4d12ba28e41 [term 1 LEARNER]: Becoming Follower/Learner. State: Replica: b389e455b35945ba9704e4d12ba28e41, State: Initialized, Role: LEARNER
I20260608 10:10:05.497855 24777 consensus_queue.cc:260] T b22e9e815b594ad19df7d23beb43fc80 P b389e455b35945ba9704e4d12ba28e41 [NON_LEADER]: Queue going to NON_LEADER mode. State: All replicated index: 0, Majority replicated index: 0, Committed index: 2, Last appended: 1.2, Last appended by leader: 2, Current term: 0, Majority size: -1, State: 0, Mode: NON_LEADER, active raft config: opid_index: 2 OBSOLETE_local: false peers { permanent_uuid: "f6b911b2940c4b2a9045e3fc7124a9dd" member_type: VOTER last_known_addr { host: "127.20.214.1" port: 44087 } } peers { permanent_uuid: "db7a8e0027994f6fae1ec0bbb0772b0c" member_type: VOTER last_known_addr { host: "127.20.214.2" port: 42861 } } peers { permanent_uuid: "cd42bf6aa6654f489bbf48e694f337c6" member_type: VOTER last_known_addr { host: "127.20.214.3" port: 42883 } attrs { replace: true } } peers { permanent_uuid: "b389e455b35945ba9704e4d12ba28e41" member_type: NON_VOTER last_known_addr { host: "127.20.214.4" port: 46317 } attrs { promote: true } }
I20260608 10:10:05.500726 24777 ts_tablet_manager.cc:1434] T b22e9e815b594ad19df7d23beb43fc80 P b389e455b35945ba9704e4d12ba28e41: Time spent starting tablet: real 0.007s	user 0.005s	sys 0.000s
I20260608 10:10:05.503175 24334 tablet_copy_service.cc:342] P f6b911b2940c4b2a9045e3fc7124a9dd: Request end of tablet copy session b389e455b35945ba9704e4d12ba28e41-b22e9e815b594ad19df7d23beb43fc80 received from {username='slave'} at 127.0.0.1:38660
I20260608 10:10:05.503659 24334 tablet_copy_service.cc:434] P f6b911b2940c4b2a9045e3fc7124a9dd: ending tablet copy session b389e455b35945ba9704e4d12ba28e41-b22e9e815b594ad19df7d23beb43fc80 on tablet b22e9e815b594ad19df7d23beb43fc80 with peer b389e455b35945ba9704e4d12ba28e41
I20260608 10:10:05.526978 24324 raft_consensus.cc:1275] T 8b9778a8e0d0467087d191b79b4ab312 P f6b911b2940c4b2a9045e3fc7124a9dd [term 2 FOLLOWER]: Refusing update from remote peer b389e455b35945ba9704e4d12ba28e41: Log matching property violated. Preceding OpId in replica: term: 1 index: 1. Preceding OpId from leader: term: 2 index: 2. (index mismatch)
I20260608 10:10:05.529525 24752 consensus_queue.cc:1048] T 8b9778a8e0d0467087d191b79b4ab312 P b389e455b35945ba9704e4d12ba28e41 [LEADER]: Connected to new peer: Peer: permanent_uuid: "f6b911b2940c4b2a9045e3fc7124a9dd" member_type: VOTER last_known_addr { host: "127.20.214.1" port: 44087 }, Status: LMP_MISMATCH, Last received: 0.0, Next index: 2, Last known committed idx: 1, Time since last communication: 0.000s
I20260608 10:10:05.537338 24323 raft_consensus.cc:1275] T 7719b5c4ce3642a6a73f5b5d4a8f0219 P f6b911b2940c4b2a9045e3fc7124a9dd [term 2 FOLLOWER]: Refusing update from remote peer b389e455b35945ba9704e4d12ba28e41: Log matching property violated. Preceding OpId in replica: term: 1 index: 1. Preceding OpId from leader: term: 2 index: 2. (index mismatch)
I20260608 10:10:05.538998 24752 consensus_queue.cc:1048] T 7719b5c4ce3642a6a73f5b5d4a8f0219 P b389e455b35945ba9704e4d12ba28e41 [LEADER]: Connected to new peer: Peer: permanent_uuid: "f6b911b2940c4b2a9045e3fc7124a9dd" member_type: VOTER last_known_addr { host: "127.20.214.1" port: 44087 }, Status: LMP_MISMATCH, Last received: 0.0, Next index: 2, Last known committed idx: 1, Time since last communication: 0.000s
I20260608 10:10:05.545192 24396 raft_consensus.cc:1275] T 8b9778a8e0d0467087d191b79b4ab312 P db7a8e0027994f6fae1ec0bbb0772b0c [term 2 FOLLOWER]: Refusing update from remote peer b389e455b35945ba9704e4d12ba28e41: Log matching property violated. Preceding OpId in replica: term: 1 index: 1. Preceding OpId from leader: term: 2 index: 2. (index mismatch)
I20260608 10:10:05.551156 24752 consensus_queue.cc:1048] T 8b9778a8e0d0467087d191b79b4ab312 P b389e455b35945ba9704e4d12ba28e41 [LEADER]: Connected to new peer: Peer: permanent_uuid: "db7a8e0027994f6fae1ec0bbb0772b0c" member_type: VOTER last_known_addr { host: "127.20.214.2" port: 42861 }, Status: LMP_MISMATCH, Last received: 0.0, Next index: 2, Last known committed idx: 1, Time since last communication: 0.000s
I20260608 10:10:05.600467 24777 ts_tablet_manager.cc:933] T c35671f716154698acd7dfe657f8cb61 P b389e455b35945ba9704e4d12ba28e41: Initiating tablet copy from peer db7a8e0027994f6fae1ec0bbb0772b0c (127.20.214.2:42861)
I20260608 10:10:05.607574 24396 raft_consensus.cc:1275] T 7719b5c4ce3642a6a73f5b5d4a8f0219 P db7a8e0027994f6fae1ec0bbb0772b0c [term 2 FOLLOWER]: Refusing update from remote peer b389e455b35945ba9704e4d12ba28e41: Log matching property violated. Preceding OpId in replica: term: 1 index: 1. Preceding OpId from leader: term: 2 index: 2. (index mismatch)
I20260608 10:10:05.612123 24792 consensus_queue.cc:1048] T 7719b5c4ce3642a6a73f5b5d4a8f0219 P b389e455b35945ba9704e4d12ba28e41 [LEADER]: Connected to new peer: Peer: permanent_uuid: "db7a8e0027994f6fae1ec0bbb0772b0c" member_type: VOTER last_known_addr { host: "127.20.214.2" port: 42861 }, Status: LMP_MISMATCH, Last received: 0.0, Next index: 2, Last known committed idx: 1, Time since last communication: 0.001s
I20260608 10:10:05.623430 24777 tablet_copy_client.cc:323] T c35671f716154698acd7dfe657f8cb61 P b389e455b35945ba9704e4d12ba28e41: tablet copy: Beginning tablet copy session from remote peer at address 127.20.214.2:42861
I20260608 10:10:05.626842 24409 tablet_copy_service.cc:140] P db7a8e0027994f6fae1ec0bbb0772b0c: Received BeginTabletCopySession request for tablet c35671f716154698acd7dfe657f8cb61 from peer b389e455b35945ba9704e4d12ba28e41 ({username='slave'} at 127.0.0.1:47160)
I20260608 10:10:05.627430 24409 tablet_copy_service.cc:161] P db7a8e0027994f6fae1ec0bbb0772b0c: Beginning new tablet copy session on tablet c35671f716154698acd7dfe657f8cb61 from peer b389e455b35945ba9704e4d12ba28e41 at {username='slave'} at 127.0.0.1:47160: session id = b389e455b35945ba9704e4d12ba28e41-c35671f716154698acd7dfe657f8cb61
I20260608 10:10:05.634043 24409 tablet_copy_source_session.cc:215] T c35671f716154698acd7dfe657f8cb61 P db7a8e0027994f6fae1ec0bbb0772b0c: Tablet Copy: opened 0 blocks and 1 log segments
I20260608 10:10:05.638938 24777 data_dirs.cc:400] Could only allocate 1 dirs of requested 3 for tablet c35671f716154698acd7dfe657f8cb61. 1 dirs total, 0 dirs full, 0 dirs failed
I20260608 10:10:05.652539 24777 tablet_copy_client.cc:806] T c35671f716154698acd7dfe657f8cb61 P b389e455b35945ba9704e4d12ba28e41: tablet copy: Starting download of 0 data blocks...
I20260608 10:10:05.653096 24777 tablet_copy_client.cc:670] T c35671f716154698acd7dfe657f8cb61 P b389e455b35945ba9704e4d12ba28e41: tablet copy: Starting download of 1 WAL segments...
I20260608 10:10:05.656812 24777 tablet_copy_client.cc:538] T c35671f716154698acd7dfe657f8cb61 P b389e455b35945ba9704e4d12ba28e41: tablet copy: Tablet Copy complete. Replacing tablet superblock.
I20260608 10:10:05.663313 24777 tablet_bootstrap.cc:492] T c35671f716154698acd7dfe657f8cb61 P b389e455b35945ba9704e4d12ba28e41: Bootstrap starting.
I20260608 10:10:05.668648 24639 raft_consensus.cc:1217] T c512345046c24159a53a040572ef1d4a P b389e455b35945ba9704e4d12ba28e41 [term 1 LEARNER]: Deduplicated request from leader. Original: 1.1->[1.2-1.2]   Dedup: 1.2->[]
I20260608 10:10:05.692124 24777 tablet_bootstrap.cc:492] T c35671f716154698acd7dfe657f8cb61 P b389e455b35945ba9704e4d12ba28e41: Bootstrap replayed 1/1 log segments. Stats: ops{read=2 overwritten=0 applied=2 ignored=0} inserts{seen=0 ignored=0} mutations{seen=0 ignored=0} orphaned_commits=0. Pending: 0 replicates
I20260608 10:10:05.693094 24777 tablet_bootstrap.cc:492] T c35671f716154698acd7dfe657f8cb61 P b389e455b35945ba9704e4d12ba28e41: Bootstrap complete.
I20260608 10:10:05.693756 24777 ts_tablet_manager.cc:1403] T c35671f716154698acd7dfe657f8cb61 P b389e455b35945ba9704e4d12ba28e41: Time spent bootstrapping tablet: real 0.031s	user 0.022s	sys 0.008s
I20260608 10:10:05.697368 24777 raft_consensus.cc:359] T c35671f716154698acd7dfe657f8cb61 P b389e455b35945ba9704e4d12ba28e41 [term 1 LEARNER]: Replica starting. Triggering 0 pending ops. Active config: opid_index: 2 OBSOLETE_local: false peers { permanent_uuid: "f6b911b2940c4b2a9045e3fc7124a9dd" member_type: VOTER last_known_addr { host: "127.20.214.1" port: 44087 } attrs { replace: true } } peers { permanent_uuid: "db7a8e0027994f6fae1ec0bbb0772b0c" member_type: VOTER last_known_addr { host: "127.20.214.2" port: 42861 } } peers { permanent_uuid: "cd42bf6aa6654f489bbf48e694f337c6" member_type: VOTER last_known_addr { host: "127.20.214.3" port: 42883 } } peers { permanent_uuid: "b389e455b35945ba9704e4d12ba28e41" member_type: NON_VOTER last_known_addr { host: "127.20.214.4" port: 46317 } attrs { promote: true } }
I20260608 10:10:05.698203 24777 raft_consensus.cc:740] T c35671f716154698acd7dfe657f8cb61 P b389e455b35945ba9704e4d12ba28e41 [term 1 LEARNER]: Becoming Follower/Learner. State: Replica: b389e455b35945ba9704e4d12ba28e41, State: Initialized, Role: LEARNER
I20260608 10:10:05.698836 24777 consensus_queue.cc:260] T c35671f716154698acd7dfe657f8cb61 P b389e455b35945ba9704e4d12ba28e41 [NON_LEADER]: Queue going to NON_LEADER mode. State: All replicated index: 0, Majority replicated index: 0, Committed index: 2, Last appended: 1.2, Last appended by leader: 2, Current term: 0, Majority size: -1, State: 0, Mode: NON_LEADER, active raft config: opid_index: 2 OBSOLETE_local: false peers { permanent_uuid: "f6b911b2940c4b2a9045e3fc7124a9dd" member_type: VOTER last_known_addr { host: "127.20.214.1" port: 44087 } attrs { replace: true } } peers { permanent_uuid: "db7a8e0027994f6fae1ec0bbb0772b0c" member_type: VOTER last_known_addr { host: "127.20.214.2" port: 42861 } } peers { permanent_uuid: "cd42bf6aa6654f489bbf48e694f337c6" member_type: VOTER last_known_addr { host: "127.20.214.3" port: 42883 } } peers { permanent_uuid: "b389e455b35945ba9704e4d12ba28e41" member_type: NON_VOTER last_known_addr { host: "127.20.214.4" port: 46317 } attrs { promote: true } }
I20260608 10:10:05.701148 24777 ts_tablet_manager.cc:1434] T c35671f716154698acd7dfe657f8cb61 P b389e455b35945ba9704e4d12ba28e41: Time spent starting tablet: real 0.007s	user 0.008s	sys 0.000s
I20260608 10:10:05.704795 24409 tablet_copy_service.cc:342] P db7a8e0027994f6fae1ec0bbb0772b0c: Request end of tablet copy session b389e455b35945ba9704e4d12ba28e41-c35671f716154698acd7dfe657f8cb61 received from {username='slave'} at 127.0.0.1:47160
I20260608 10:10:05.705304 24409 tablet_copy_service.cc:434] P db7a8e0027994f6fae1ec0bbb0772b0c: ending tablet copy session b389e455b35945ba9704e4d12ba28e41-c35671f716154698acd7dfe657f8cb61 on tablet c35671f716154698acd7dfe657f8cb61 with peer b389e455b35945ba9704e4d12ba28e41
I20260608 10:10:05.762571 24639 raft_consensus.cc:1217] T 643aeed147934e8cbd20fb236a57dadc P b389e455b35945ba9704e4d12ba28e41 [term 1 LEARNER]: Deduplicated request from leader. Original: 1.1->[1.2-1.2]   Dedup: 1.2->[]
I20260608 10:10:05.810590 24639 raft_consensus.cc:1217] T b22e9e815b594ad19df7d23beb43fc80 P b389e455b35945ba9704e4d12ba28e41 [term 1 LEARNER]: Deduplicated request from leader. Original: 1.1->[1.2-1.2]   Dedup: 1.2->[]
I20260608 10:10:06.161468 24637 raft_consensus.cc:1217] T c35671f716154698acd7dfe657f8cb61 P b389e455b35945ba9704e4d12ba28e41 [term 1 LEARNER]: Deduplicated request from leader. Original: 1.1->[1.2-1.2]   Dedup: 1.2->[]
I20260608 10:10:06.230288 24804 raft_consensus.cc:1064] T 643aeed147934e8cbd20fb236a57dadc P cd42bf6aa6654f489bbf48e694f337c6: attempting to promote NON_VOTER b389e455b35945ba9704e4d12ba28e41 to VOTER
I20260608 10:10:06.232344 24804 consensus_queue.cc:237] T 643aeed147934e8cbd20fb236a57dadc P cd42bf6aa6654f489bbf48e694f337c6 [LEADER]: Queue going to LEADER mode. State: All replicated index: 0, Majority replicated index: 2, Committed index: 2, Last appended: 1.2, Last appended by leader: 0, Current term: 1, Majority size: 3, State: 0, Mode: LEADER, active raft config: opid_index: 3 OBSOLETE_local: false peers { permanent_uuid: "f6b911b2940c4b2a9045e3fc7124a9dd" member_type: VOTER last_known_addr { host: "127.20.214.1" port: 44087 } } peers { permanent_uuid: "db7a8e0027994f6fae1ec0bbb0772b0c" member_type: VOTER last_known_addr { host: "127.20.214.2" port: 42861 } attrs { replace: true } } peers { permanent_uuid: "cd42bf6aa6654f489bbf48e694f337c6" member_type: VOTER last_known_addr { host: "127.20.214.3" port: 42883 } } peers { permanent_uuid: "b389e455b35945ba9704e4d12ba28e41" member_type: VOTER last_known_addr { host: "127.20.214.4" port: 46317 } attrs { promote: false } }
I20260608 10:10:06.239864 24637 raft_consensus.cc:1275] T 643aeed147934e8cbd20fb236a57dadc P b389e455b35945ba9704e4d12ba28e41 [term 1 LEARNER]: Refusing update from remote peer cd42bf6aa6654f489bbf48e694f337c6: Log matching property violated. Preceding OpId in replica: term: 1 index: 2. Preceding OpId from leader: term: 1 index: 3. (index mismatch)
I20260608 10:10:06.239864 24396 raft_consensus.cc:1275] T 643aeed147934e8cbd20fb236a57dadc P db7a8e0027994f6fae1ec0bbb0772b0c [term 1 FOLLOWER]: Refusing update from remote peer cd42bf6aa6654f489bbf48e694f337c6: Log matching property violated. Preceding OpId in replica: term: 1 index: 2. Preceding OpId from leader: term: 1 index: 3. (index mismatch)
I20260608 10:10:06.240748 24323 raft_consensus.cc:1275] T 643aeed147934e8cbd20fb236a57dadc P f6b911b2940c4b2a9045e3fc7124a9dd [term 1 FOLLOWER]: Refusing update from remote peer cd42bf6aa6654f489bbf48e694f337c6: Log matching property violated. Preceding OpId in replica: term: 1 index: 2. Preceding OpId from leader: term: 1 index: 3. (index mismatch)
I20260608 10:10:06.241703 24804 consensus_queue.cc:1048] T 643aeed147934e8cbd20fb236a57dadc P cd42bf6aa6654f489bbf48e694f337c6 [LEADER]: Connected to new peer: Peer: permanent_uuid: "b389e455b35945ba9704e4d12ba28e41" member_type: VOTER last_known_addr { host: "127.20.214.4" port: 46317 } attrs { promote: false }, Status: LMP_MISMATCH, Last received: 0.0, Next index: 3, Last known committed idx: 2, Time since last communication: 0.000s
I20260608 10:10:06.242550 24803 consensus_queue.cc:1048] T 643aeed147934e8cbd20fb236a57dadc P cd42bf6aa6654f489bbf48e694f337c6 [LEADER]: Connected to new peer: Peer: permanent_uuid: "f6b911b2940c4b2a9045e3fc7124a9dd" member_type: VOTER last_known_addr { host: "127.20.214.1" port: 44087 }, Status: LMP_MISMATCH, Last received: 0.0, Next index: 3, Last known committed idx: 2, Time since last communication: 0.000s
I20260608 10:10:06.243557 24690 consensus_queue.cc:1048] T 643aeed147934e8cbd20fb236a57dadc P cd42bf6aa6654f489bbf48e694f337c6 [LEADER]: Connected to new peer: Peer: permanent_uuid: "db7a8e0027994f6fae1ec0bbb0772b0c" member_type: VOTER last_known_addr { host: "127.20.214.2" port: 42861 } attrs { replace: true }, Status: LMP_MISMATCH, Last received: 0.0, Next index: 3, Last known committed idx: 2, Time since last communication: 0.000s
I20260608 10:10:06.266055 24639 raft_consensus.cc:2955] T 643aeed147934e8cbd20fb236a57dadc P b389e455b35945ba9704e4d12ba28e41 [term 1 FOLLOWER]: Committing config change with OpId 1.3: config changed from index 2 to 3, b389e455b35945ba9704e4d12ba28e41 (127.20.214.4) changed from NON_VOTER to VOTER. New config: { opid_index: 3 OBSOLETE_local: false peers { permanent_uuid: "f6b911b2940c4b2a9045e3fc7124a9dd" member_type: VOTER last_known_addr { host: "127.20.214.1" port: 44087 } } peers { permanent_uuid: "db7a8e0027994f6fae1ec0bbb0772b0c" member_type: VOTER last_known_addr { host: "127.20.214.2" port: 42861 } attrs { replace: true } } peers { permanent_uuid: "cd42bf6aa6654f489bbf48e694f337c6" member_type: VOTER last_known_addr { host: "127.20.214.3" port: 42883 } } peers { permanent_uuid: "b389e455b35945ba9704e4d12ba28e41" member_type: VOTER last_known_addr { host: "127.20.214.4" port: 46317 } attrs { promote: false } } }
I20260608 10:10:06.263244 24803 raft_consensus.cc:2955] T 643aeed147934e8cbd20fb236a57dadc P cd42bf6aa6654f489bbf48e694f337c6 [term 1 LEADER]: Committing config change with OpId 1.3: config changed from index 2 to 3, b389e455b35945ba9704e4d12ba28e41 (127.20.214.4) changed from NON_VOTER to VOTER. New config: { opid_index: 3 OBSOLETE_local: false peers { permanent_uuid: "f6b911b2940c4b2a9045e3fc7124a9dd" member_type: VOTER last_known_addr { host: "127.20.214.1" port: 44087 } } peers { permanent_uuid: "db7a8e0027994f6fae1ec0bbb0772b0c" member_type: VOTER last_known_addr { host: "127.20.214.2" port: 42861 } attrs { replace: true } } peers { permanent_uuid: "cd42bf6aa6654f489bbf48e694f337c6" member_type: VOTER last_known_addr { host: "127.20.214.3" port: 42883 } } peers { permanent_uuid: "b389e455b35945ba9704e4d12ba28e41" member_type: VOTER last_known_addr { host: "127.20.214.4" port: 46317 } attrs { promote: false } } }
I20260608 10:10:06.275141 24323 raft_consensus.cc:2955] T 643aeed147934e8cbd20fb236a57dadc P f6b911b2940c4b2a9045e3fc7124a9dd [term 1 FOLLOWER]: Committing config change with OpId 1.3: config changed from index 2 to 3, b389e455b35945ba9704e4d12ba28e41 (127.20.214.4) changed from NON_VOTER to VOTER. New config: { opid_index: 3 OBSOLETE_local: false peers { permanent_uuid: "f6b911b2940c4b2a9045e3fc7124a9dd" member_type: VOTER last_known_addr { host: "127.20.214.1" port: 44087 } } peers { permanent_uuid: "db7a8e0027994f6fae1ec0bbb0772b0c" member_type: VOTER last_known_addr { host: "127.20.214.2" port: 42861 } attrs { replace: true } } peers { permanent_uuid: "cd42bf6aa6654f489bbf48e694f337c6" member_type: VOTER last_known_addr { host: "127.20.214.3" port: 42883 } } peers { permanent_uuid: "b389e455b35945ba9704e4d12ba28e41" member_type: VOTER last_known_addr { host: "127.20.214.4" port: 46317 } attrs { promote: false } } }
I20260608 10:10:06.292520 24698 raft_consensus.cc:1064] T c512345046c24159a53a040572ef1d4a P db7a8e0027994f6fae1ec0bbb0772b0c: attempting to promote NON_VOTER b389e455b35945ba9704e4d12ba28e41 to VOTER
I20260608 10:10:06.293036 24396 raft_consensus.cc:2955] T 643aeed147934e8cbd20fb236a57dadc P db7a8e0027994f6fae1ec0bbb0772b0c [term 1 FOLLOWER]: Committing config change with OpId 1.3: config changed from index 2 to 3, b389e455b35945ba9704e4d12ba28e41 (127.20.214.4) changed from NON_VOTER to VOTER. New config: { opid_index: 3 OBSOLETE_local: false peers { permanent_uuid: "f6b911b2940c4b2a9045e3fc7124a9dd" member_type: VOTER last_known_addr { host: "127.20.214.1" port: 44087 } } peers { permanent_uuid: "db7a8e0027994f6fae1ec0bbb0772b0c" member_type: VOTER last_known_addr { host: "127.20.214.2" port: 42861 } attrs { replace: true } } peers { permanent_uuid: "cd42bf6aa6654f489bbf48e694f337c6" member_type: VOTER last_known_addr { host: "127.20.214.3" port: 42883 } } peers { permanent_uuid: "b389e455b35945ba9704e4d12ba28e41" member_type: VOTER last_known_addr { host: "127.20.214.4" port: 46317 } attrs { promote: false } } }
I20260608 10:10:06.295389 24698 consensus_queue.cc:237] T c512345046c24159a53a040572ef1d4a P db7a8e0027994f6fae1ec0bbb0772b0c [LEADER]: Queue going to LEADER mode. State: All replicated index: 0, Majority replicated index: 2, Committed index: 2, Last appended: 1.2, Last appended by leader: 0, Current term: 1, Majority size: 3, State: 0, Mode: LEADER, active raft config: opid_index: 3 OBSOLETE_local: false peers { permanent_uuid: "f6b911b2940c4b2a9045e3fc7124a9dd" member_type: VOTER last_known_addr { host: "127.20.214.1" port: 44087 } attrs { replace: true } } peers { permanent_uuid: "db7a8e0027994f6fae1ec0bbb0772b0c" member_type: VOTER last_known_addr { host: "127.20.214.2" port: 42861 } } peers { permanent_uuid: "cd42bf6aa6654f489bbf48e694f337c6" member_type: VOTER last_known_addr { host: "127.20.214.3" port: 42883 } } peers { permanent_uuid: "b389e455b35945ba9704e4d12ba28e41" member_type: VOTER last_known_addr { host: "127.20.214.4" port: 46317 } attrs { promote: false } }
I20260608 10:10:06.282922 24221 catalog_manager.cc:5696] T 643aeed147934e8cbd20fb236a57dadc P b389e455b35945ba9704e4d12ba28e41 reported cstate change: config changed from index 2 to 3, b389e455b35945ba9704e4d12ba28e41 (127.20.214.4) changed from NON_VOTER to VOTER. New cstate: current_term: 1 leader_uuid: "cd42bf6aa6654f489bbf48e694f337c6" committed_config { opid_index: 3 OBSOLETE_local: false peers { permanent_uuid: "f6b911b2940c4b2a9045e3fc7124a9dd" member_type: VOTER last_known_addr { host: "127.20.214.1" port: 44087 } } peers { permanent_uuid: "db7a8e0027994f6fae1ec0bbb0772b0c" member_type: VOTER last_known_addr { host: "127.20.214.2" port: 42861 } attrs { replace: true } } peers { permanent_uuid: "cd42bf6aa6654f489bbf48e694f337c6" member_type: VOTER last_known_addr { host: "127.20.214.3" port: 42883 } } peers { permanent_uuid: "b389e455b35945ba9704e4d12ba28e41" member_type: VOTER last_known_addr { host: "127.20.214.4" port: 46317 } attrs { promote: false } } }
I20260608 10:10:06.316919 24639 raft_consensus.cc:1275] T c512345046c24159a53a040572ef1d4a P b389e455b35945ba9704e4d12ba28e41 [term 1 LEARNER]: Refusing update from remote peer db7a8e0027994f6fae1ec0bbb0772b0c: Log matching property violated. Preceding OpId in replica: term: 1 index: 2. Preceding OpId from leader: term: 1 index: 3. (index mismatch)
I20260608 10:10:06.319350 24801 consensus_queue.cc:1048] T c512345046c24159a53a040572ef1d4a P db7a8e0027994f6fae1ec0bbb0772b0c [LEADER]: Connected to new peer: Peer: permanent_uuid: "b389e455b35945ba9704e4d12ba28e41" member_type: VOTER last_known_addr { host: "127.20.214.4" port: 46317 } attrs { promote: false }, Status: LMP_MISMATCH, Last received: 0.0, Next index: 3, Last known committed idx: 2, Time since last communication: 0.001s
I20260608 10:10:06.325758 24473 raft_consensus.cc:1275] T c512345046c24159a53a040572ef1d4a P cd42bf6aa6654f489bbf48e694f337c6 [term 1 FOLLOWER]: Refusing update from remote peer db7a8e0027994f6fae1ec0bbb0772b0c: Log matching property violated. Preceding OpId in replica: term: 1 index: 2. Preceding OpId from leader: term: 1 index: 3. (index mismatch)
I20260608 10:10:06.329162 24323 raft_consensus.cc:1275] T c512345046c24159a53a040572ef1d4a P f6b911b2940c4b2a9045e3fc7124a9dd [term 1 FOLLOWER]: Refusing update from remote peer db7a8e0027994f6fae1ec0bbb0772b0c: Log matching property violated. Preceding OpId in replica: term: 1 index: 2. Preceding OpId from leader: term: 1 index: 3. (index mismatch)
I20260608 10:10:06.333079 24698 consensus_queue.cc:1048] T c512345046c24159a53a040572ef1d4a P db7a8e0027994f6fae1ec0bbb0772b0c [LEADER]: Connected to new peer: Peer: permanent_uuid: "f6b911b2940c4b2a9045e3fc7124a9dd" member_type: VOTER last_known_addr { host: "127.20.214.1" port: 44087 } attrs { replace: true }, Status: LMP_MISMATCH, Last received: 0.0, Next index: 3, Last known committed idx: 2, Time since last communication: 0.000s
I20260608 10:10:06.341849 24801 consensus_queue.cc:1048] T c512345046c24159a53a040572ef1d4a P db7a8e0027994f6fae1ec0bbb0772b0c [LEADER]: Connected to new peer: Peer: permanent_uuid: "cd42bf6aa6654f489bbf48e694f337c6" member_type: VOTER last_known_addr { host: "127.20.214.3" port: 42883 }, Status: LMP_MISMATCH, Last received: 0.0, Next index: 3, Last known committed idx: 2, Time since last communication: 0.000s
I20260608 10:10:06.351933 24698 raft_consensus.cc:2955] T c512345046c24159a53a040572ef1d4a P db7a8e0027994f6fae1ec0bbb0772b0c [term 1 LEADER]: Committing config change with OpId 1.3: config changed from index 2 to 3, b389e455b35945ba9704e4d12ba28e41 (127.20.214.4) changed from NON_VOTER to VOTER. New config: { opid_index: 3 OBSOLETE_local: false peers { permanent_uuid: "f6b911b2940c4b2a9045e3fc7124a9dd" member_type: VOTER last_known_addr { host: "127.20.214.1" port: 44087 } attrs { replace: true } } peers { permanent_uuid: "db7a8e0027994f6fae1ec0bbb0772b0c" member_type: VOTER last_known_addr { host: "127.20.214.2" port: 42861 } } peers { permanent_uuid: "cd42bf6aa6654f489bbf48e694f337c6" member_type: VOTER last_known_addr { host: "127.20.214.3" port: 42883 } } peers { permanent_uuid: "b389e455b35945ba9704e4d12ba28e41" member_type: VOTER last_known_addr { host: "127.20.214.4" port: 46317 } attrs { promote: false } } }
I20260608 10:10:06.354208 24324 raft_consensus.cc:2955] T c512345046c24159a53a040572ef1d4a P f6b911b2940c4b2a9045e3fc7124a9dd [term 1 FOLLOWER]: Committing config change with OpId 1.3: config changed from index 2 to 3, b389e455b35945ba9704e4d12ba28e41 (127.20.214.4) changed from NON_VOTER to VOTER. New config: { opid_index: 3 OBSOLETE_local: false peers { permanent_uuid: "f6b911b2940c4b2a9045e3fc7124a9dd" member_type: VOTER last_known_addr { host: "127.20.214.1" port: 44087 } attrs { replace: true } } peers { permanent_uuid: "db7a8e0027994f6fae1ec0bbb0772b0c" member_type: VOTER last_known_addr { host: "127.20.214.2" port: 42861 } } peers { permanent_uuid: "cd42bf6aa6654f489bbf48e694f337c6" member_type: VOTER last_known_addr { host: "127.20.214.3" port: 42883 } } peers { permanent_uuid: "b389e455b35945ba9704e4d12ba28e41" member_type: VOTER last_known_addr { host: "127.20.214.4" port: 46317 } attrs { promote: false } } }
I20260608 10:10:06.358217 24471 consensus_queue.cc:237] T 643aeed147934e8cbd20fb236a57dadc P cd42bf6aa6654f489bbf48e694f337c6 [LEADER]: Queue going to LEADER mode. State: All replicated index: 0, Majority replicated index: 3, Committed index: 3, Last appended: 1.3, Last appended by leader: 0, Current term: 1, Majority size: 2, State: 0, Mode: LEADER, active raft config: opid_index: 4 OBSOLETE_local: false peers { permanent_uuid: "f6b911b2940c4b2a9045e3fc7124a9dd" member_type: VOTER last_known_addr { host: "127.20.214.1" port: 44087 } } peers { permanent_uuid: "cd42bf6aa6654f489bbf48e694f337c6" member_type: VOTER last_known_addr { host: "127.20.214.3" port: 42883 } } peers { permanent_uuid: "b389e455b35945ba9704e4d12ba28e41" member_type: VOTER last_known_addr { host: "127.20.214.4" port: 46317 } attrs { promote: false } }
I20260608 10:10:06.366529 24639 raft_consensus.cc:1275] T 643aeed147934e8cbd20fb236a57dadc P b389e455b35945ba9704e4d12ba28e41 [term 1 FOLLOWER]: Refusing update from remote peer cd42bf6aa6654f489bbf48e694f337c6: Log matching property violated. Preceding OpId in replica: term: 1 index: 3. Preceding OpId from leader: term: 1 index: 4. (index mismatch)
I20260608 10:10:06.368533 24803 consensus_queue.cc:1048] T 643aeed147934e8cbd20fb236a57dadc P cd42bf6aa6654f489bbf48e694f337c6 [LEADER]: Connected to new peer: Peer: permanent_uuid: "b389e455b35945ba9704e4d12ba28e41" member_type: VOTER last_known_addr { host: "127.20.214.4" port: 46317 } attrs { promote: false }, Status: LMP_MISMATCH, Last received: 0.0, Next index: 4, Last known committed idx: 3, Time since last communication: 0.000s
I20260608 10:10:06.373433 24324 raft_consensus.cc:1275] T 643aeed147934e8cbd20fb236a57dadc P f6b911b2940c4b2a9045e3fc7124a9dd [term 1 FOLLOWER]: Refusing update from remote peer cd42bf6aa6654f489bbf48e694f337c6: Log matching property violated. Preceding OpId in replica: term: 1 index: 3. Preceding OpId from leader: term: 1 index: 4. (index mismatch)
I20260608 10:10:06.376608 24219 catalog_manager.cc:5696] T c512345046c24159a53a040572ef1d4a P f6b911b2940c4b2a9045e3fc7124a9dd reported cstate change: config changed from index 2 to 3, b389e455b35945ba9704e4d12ba28e41 (127.20.214.4) changed from NON_VOTER to VOTER. New cstate: current_term: 1 leader_uuid: "db7a8e0027994f6fae1ec0bbb0772b0c" committed_config { opid_index: 3 OBSOLETE_local: false peers { permanent_uuid: "f6b911b2940c4b2a9045e3fc7124a9dd" member_type: VOTER last_known_addr { host: "127.20.214.1" port: 44087 } attrs { replace: true } } peers { permanent_uuid: "db7a8e0027994f6fae1ec0bbb0772b0c" member_type: VOTER last_known_addr { host: "127.20.214.2" port: 42861 } } peers { permanent_uuid: "cd42bf6aa6654f489bbf48e694f337c6" member_type: VOTER last_known_addr { host: "127.20.214.3" port: 42883 } } peers { permanent_uuid: "b389e455b35945ba9704e4d12ba28e41" member_type: VOTER last_known_addr { host: "127.20.214.4" port: 46317 } attrs { promote: false } } }
I20260608 10:10:06.378293 24804 consensus_queue.cc:1048] T 643aeed147934e8cbd20fb236a57dadc P cd42bf6aa6654f489bbf48e694f337c6 [LEADER]: Connected to new peer: Peer: permanent_uuid: "f6b911b2940c4b2a9045e3fc7124a9dd" member_type: VOTER last_known_addr { host: "127.20.214.1" port: 44087 }, Status: LMP_MISMATCH, Last received: 0.0, Next index: 4, Last known committed idx: 3, Time since last communication: 0.000s
I20260608 10:10:06.382440 24542 raft_consensus.cc:1064] T b22e9e815b594ad19df7d23beb43fc80 P f6b911b2940c4b2a9045e3fc7124a9dd: attempting to promote NON_VOTER b389e455b35945ba9704e4d12ba28e41 to VOTER
I20260608 10:10:06.383746 24639 raft_consensus.cc:2955] T c512345046c24159a53a040572ef1d4a P b389e455b35945ba9704e4d12ba28e41 [term 1 FOLLOWER]: Committing config change with OpId 1.3: config changed from index 2 to 3, b389e455b35945ba9704e4d12ba28e41 (127.20.214.4) changed from NON_VOTER to VOTER. New config: { opid_index: 3 OBSOLETE_local: false peers { permanent_uuid: "f6b911b2940c4b2a9045e3fc7124a9dd" member_type: VOTER last_known_addr { host: "127.20.214.1" port: 44087 } attrs { replace: true } } peers { permanent_uuid: "db7a8e0027994f6fae1ec0bbb0772b0c" member_type: VOTER last_known_addr { host: "127.20.214.2" port: 42861 } } peers { permanent_uuid: "cd42bf6aa6654f489bbf48e694f337c6" member_type: VOTER last_known_addr { host: "127.20.214.3" port: 42883 } } peers { permanent_uuid: "b389e455b35945ba9704e4d12ba28e41" member_type: VOTER last_known_addr { host: "127.20.214.4" port: 46317 } attrs { promote: false } } }
I20260608 10:10:06.390246 24542 consensus_queue.cc:237] T b22e9e815b594ad19df7d23beb43fc80 P f6b911b2940c4b2a9045e3fc7124a9dd [LEADER]: Queue going to LEADER mode. State: All replicated index: 0, Majority replicated index: 2, Committed index: 2, Last appended: 1.2, Last appended by leader: 0, Current term: 1, Majority size: 3, State: 0, Mode: LEADER, active raft config: opid_index: 3 OBSOLETE_local: false peers { permanent_uuid: "f6b911b2940c4b2a9045e3fc7124a9dd" member_type: VOTER last_known_addr { host: "127.20.214.1" port: 44087 } } peers { permanent_uuid: "db7a8e0027994f6fae1ec0bbb0772b0c" member_type: VOTER last_known_addr { host: "127.20.214.2" port: 42861 } } peers { permanent_uuid: "cd42bf6aa6654f489bbf48e694f337c6" member_type: VOTER last_known_addr { host: "127.20.214.3" port: 42883 } attrs { replace: true } } peers { permanent_uuid: "b389e455b35945ba9704e4d12ba28e41" member_type: VOTER last_known_addr { host: "127.20.214.4" port: 46317 } attrs { promote: false } }
I20260608 10:10:06.399075 24473 raft_consensus.cc:2955] T c512345046c24159a53a040572ef1d4a P cd42bf6aa6654f489bbf48e694f337c6 [term 1 FOLLOWER]: Committing config change with OpId 1.3: config changed from index 2 to 3, b389e455b35945ba9704e4d12ba28e41 (127.20.214.4) changed from NON_VOTER to VOTER. New config: { opid_index: 3 OBSOLETE_local: false peers { permanent_uuid: "f6b911b2940c4b2a9045e3fc7124a9dd" member_type: VOTER last_known_addr { host: "127.20.214.1" port: 44087 } attrs { replace: true } } peers { permanent_uuid: "db7a8e0027994f6fae1ec0bbb0772b0c" member_type: VOTER last_known_addr { host: "127.20.214.2" port: 42861 } } peers { permanent_uuid: "cd42bf6aa6654f489bbf48e694f337c6" member_type: VOTER last_known_addr { host: "127.20.214.3" port: 42883 } } peers { permanent_uuid: "b389e455b35945ba9704e4d12ba28e41" member_type: VOTER last_known_addr { host: "127.20.214.4" port: 46317 } attrs { promote: false } } }
I20260608 10:10:06.386981 24637 raft_consensus.cc:2955] T 643aeed147934e8cbd20fb236a57dadc P b389e455b35945ba9704e4d12ba28e41 [term 1 FOLLOWER]: Committing config change with OpId 1.4: config changed from index 3 to 4, VOTER db7a8e0027994f6fae1ec0bbb0772b0c (127.20.214.2) evicted. New config: { opid_index: 4 OBSOLETE_local: false peers { permanent_uuid: "f6b911b2940c4b2a9045e3fc7124a9dd" member_type: VOTER last_known_addr { host: "127.20.214.1" port: 44087 } } peers { permanent_uuid: "cd42bf6aa6654f489bbf48e694f337c6" member_type: VOTER last_known_addr { host: "127.20.214.3" port: 42883 } } peers { permanent_uuid: "b389e455b35945ba9704e4d12ba28e41" member_type: VOTER last_known_addr { host: "127.20.214.4" port: 46317 } attrs { promote: false } } }
I20260608 10:10:06.382020 24804 raft_consensus.cc:2955] T 643aeed147934e8cbd20fb236a57dadc P cd42bf6aa6654f489bbf48e694f337c6 [term 1 LEADER]: Committing config change with OpId 1.4: config changed from index 3 to 4, VOTER db7a8e0027994f6fae1ec0bbb0772b0c (127.20.214.2) evicted. New config: { opid_index: 4 OBSOLETE_local: false peers { permanent_uuid: "f6b911b2940c4b2a9045e3fc7124a9dd" member_type: VOTER last_known_addr { host: "127.20.214.1" port: 44087 } } peers { permanent_uuid: "cd42bf6aa6654f489bbf48e694f337c6" member_type: VOTER last_known_addr { host: "127.20.214.3" port: 42883 } } peers { permanent_uuid: "b389e455b35945ba9704e4d12ba28e41" member_type: VOTER last_known_addr { host: "127.20.214.4" port: 46317 } attrs { promote: false } } }
I20260608 10:10:06.404510 24396 consensus_queue.cc:237] T c512345046c24159a53a040572ef1d4a P db7a8e0027994f6fae1ec0bbb0772b0c [LEADER]: Queue going to LEADER mode. State: All replicated index: 0, Majority replicated index: 3, Committed index: 3, Last appended: 1.3, Last appended by leader: 0, Current term: 1, Majority size: 2, State: 0, Mode: LEADER, active raft config: opid_index: 4 OBSOLETE_local: false peers { permanent_uuid: "db7a8e0027994f6fae1ec0bbb0772b0c" member_type: VOTER last_known_addr { host: "127.20.214.2" port: 42861 } } peers { permanent_uuid: "cd42bf6aa6654f489bbf48e694f337c6" member_type: VOTER last_known_addr { host: "127.20.214.3" port: 42883 } } peers { permanent_uuid: "b389e455b35945ba9704e4d12ba28e41" member_type: VOTER last_known_addr { host: "127.20.214.4" port: 46317 } attrs { promote: false } }
I20260608 10:10:06.407292 24638 raft_consensus.cc:1275] T b22e9e815b594ad19df7d23beb43fc80 P b389e455b35945ba9704e4d12ba28e41 [term 1 LEARNER]: Refusing update from remote peer f6b911b2940c4b2a9045e3fc7124a9dd: Log matching property violated. Preceding OpId in replica: term: 1 index: 2. Preceding OpId from leader: term: 1 index: 3. (index mismatch)
I20260608 10:10:06.409272 24788 consensus_queue.cc:1048] T b22e9e815b594ad19df7d23beb43fc80 P f6b911b2940c4b2a9045e3fc7124a9dd [LEADER]: Connected to new peer: Peer: permanent_uuid: "b389e455b35945ba9704e4d12ba28e41" member_type: VOTER last_known_addr { host: "127.20.214.4" port: 46317 } attrs { promote: false }, Status: LMP_MISMATCH, Last received: 0.0, Next index: 3, Last known committed idx: 2, Time since last communication: 0.001s
I20260608 10:10:06.419891 24324 raft_consensus.cc:2955] T 643aeed147934e8cbd20fb236a57dadc P f6b911b2940c4b2a9045e3fc7124a9dd [term 1 FOLLOWER]: Committing config change with OpId 1.4: config changed from index 3 to 4, VOTER db7a8e0027994f6fae1ec0bbb0772b0c (127.20.214.2) evicted. New config: { opid_index: 4 OBSOLETE_local: false peers { permanent_uuid: "f6b911b2940c4b2a9045e3fc7124a9dd" member_type: VOTER last_known_addr { host: "127.20.214.1" port: 44087 } } peers { permanent_uuid: "cd42bf6aa6654f489bbf48e694f337c6" member_type: VOTER last_known_addr { host: "127.20.214.3" port: 42883 } } peers { permanent_uuid: "b389e455b35945ba9704e4d12ba28e41" member_type: VOTER last_known_addr { host: "127.20.214.4" port: 46317 } attrs { promote: false } } }
I20260608 10:10:06.422943 24636 raft_consensus.cc:1275] T c512345046c24159a53a040572ef1d4a P b389e455b35945ba9704e4d12ba28e41 [term 1 FOLLOWER]: Refusing update from remote peer db7a8e0027994f6fae1ec0bbb0772b0c: Log matching property violated. Preceding OpId in replica: term: 1 index: 3. Preceding OpId from leader: term: 1 index: 4. (index mismatch)
I20260608 10:10:06.427896 24208 catalog_manager.cc:5209] ChangeConfig:REMOVE_PEER RPC for tablet 643aeed147934e8cbd20fb236a57dadc with cas_config_opid_index 3: ChangeConfig:REMOVE_PEER succeeded (attempt 1)
I20260608 10:10:06.432967 24470 raft_consensus.cc:1275] T b22e9e815b594ad19df7d23beb43fc80 P cd42bf6aa6654f489bbf48e694f337c6 [term 1 FOLLOWER]: Refusing update from remote peer f6b911b2940c4b2a9045e3fc7124a9dd: Log matching property violated. Preceding OpId in replica: term: 1 index: 2. Preceding OpId from leader: term: 1 index: 3. (index mismatch)
I20260608 10:10:06.434643 24801 consensus_queue.cc:1048] T c512345046c24159a53a040572ef1d4a P db7a8e0027994f6fae1ec0bbb0772b0c [LEADER]: Connected to new peer: Peer: permanent_uuid: "b389e455b35945ba9704e4d12ba28e41" member_type: VOTER last_known_addr { host: "127.20.214.4" port: 46317 } attrs { promote: false }, Status: LMP_MISMATCH, Last received: 0.0, Next index: 4, Last known committed idx: 3, Time since last communication: 0.000s
