[       OK ] AutoRebalancerTest.RangeAwareBuildClusterInfoGroupsByRange (2600 ms)
[ RUN      ] AutoRebalancerTest.RangeAwareRebalancesNewRangeReplicas
I20260608 10:09:51.998373 20165 internal_mini_cluster.cc:156] Creating distributed mini masters. Addrs: 127.19.177.126:39975
I20260608 10:09:51.999645 20165 file_cache.cc:492] Constructed file cache file cache with capacity 419430
W20260608 10:09:52.005383 23006 instance_detector.cc:116] could not retrieve AWS instance metadata: Network error: curl error: HTTP response code said error: The requested URL returned error: 404
W20260608 10:09:52.006428 23007 instance_detector.cc:116] could not retrieve Azure instance metadata: Network error: curl error: HTTP response code said error: The requested URL returned error: 404
W20260608 10:09:52.007575 23009 instance_detector.cc:116] could not retrieve OpenStack instance metadata: Network error: curl error: HTTP response code said error: The requested URL returned error: 404
I20260608 10:09:52.009460 20165 server_base.cc:1061] running on GCE node
I20260608 10:09:52.010550 20165 hybrid_clock.cc:584] initializing the hybrid clock with 'system_unsync' time source
W20260608 10:09:52.010850 20165 system_unsync_time.cc:38] NTP support is disabled. Clock error bounds will not be accurate. This configuration is not suitable for distributed clusters.
I20260608 10:09:52.011029 20165 hybrid_clock.cc:648] HybridClock initialized: now 1780913392011012 us; error 0 us; skew 500 ppm
I20260608 10:09:52.011648 20165 server_base.cc:861] Flag tcmalloc_max_total_thread_cache_bytes is not working since tcmalloc is not enabled.
I20260608 10:09:52.014351 20165 webserver.cc:533] Webserver started at http://127.19.177.126:43207/ using document root <none> and password file <none>
I20260608 10:09:52.014950 20165 fs_manager.cc:362] Metadata directory not provided
I20260608 10:09:52.015172 20165 fs_manager.cc:368] Using write-ahead log directory (fs_wal_dir) as metadata directory
I20260608 10:09:52.015463 20165 server_base.cc:909] This appears to be a new deployment of Kudu; creating new FS layout
I20260608 10:09:52.016673 20165 fs_manager.cc:1068] Generated new instance metadata in path /tmp/dist-test-taskWJ5C_Z/test-tmp/auto_rebalancer-test.0.AutoRebalancerTest.RangeAwareRebalancesNewRangeReplicas.1780913314847229-20165-0/minicluster-data/master-0-root/instance:
uuid: "ad7f8b41de0e48cf8dbdc3913ba1177d"
format_stamp: "Formatted at 2026-06-08 10:09:52 on dist-test-slave-j7tv"
I20260608 10:09:52.021903 20165 fs_manager.cc:696] Time spent creating directory manager: real 0.005s	user 0.007s	sys 0.000s
I20260608 10:09:52.025903 23014 log_block_manager.cc:4031] Time spent loading block containers with low live blocks: real 0.000s	user 0.000s	sys 0.000s
I20260608 10:09:52.027123 20165 fs_manager.cc:730] Time spent opening block manager: real 0.003s	user 0.003s	sys 0.000s
I20260608 10:09:52.027478 20165 fs_manager.cc:647] Opened local filesystem: /tmp/dist-test-taskWJ5C_Z/test-tmp/auto_rebalancer-test.0.AutoRebalancerTest.RangeAwareRebalancesNewRangeReplicas.1780913314847229-20165-0/minicluster-data/master-0-root
uuid: "ad7f8b41de0e48cf8dbdc3913ba1177d"
format_stamp: "Formatted at 2026-06-08 10:09:52 on dist-test-slave-j7tv"
I20260608 10:09:52.027745 20165 fs_report.cc:389] FS layout report
--------------------
wal directory: /tmp/dist-test-taskWJ5C_Z/test-tmp/auto_rebalancer-test.0.AutoRebalancerTest.RangeAwareRebalancesNewRangeReplicas.1780913314847229-20165-0/minicluster-data/master-0-root
metadata directory: /tmp/dist-test-taskWJ5C_Z/test-tmp/auto_rebalancer-test.0.AutoRebalancerTest.RangeAwareRebalancesNewRangeReplicas.1780913314847229-20165-0/minicluster-data/master-0-root
1 data directories: /tmp/dist-test-taskWJ5C_Z/test-tmp/auto_rebalancer-test.0.AutoRebalancerTest.RangeAwareRebalancesNewRangeReplicas.1780913314847229-20165-0/minicluster-data/master-0-root/data
Total live blocks: 0
Total live bytes: 0
Total live bytes (after alignment): 0
Total number of LBM containers: 0 (0 full)
Did not check for missing blocks
Did not check for orphaned blocks
Total full LBM containers with extra space: 0 (0 repaired)
Total full LBM container extra space in bytes: 0 (0 repaired)
Total incomplete LBM containers: 0 (0 repaired)
Total LBM partial records: 0 (0 repaired)
Total corrupted LBM metadata records in RocksDB: 0 (0 repaired)
I20260608 10:09:52.056331 20165 rpc_server.cc:225] running with OpenSSL 1.1.1  11 Sep 2018
I20260608 10:09:52.057341 20165 kserver.cc:163] Server-wide thread pool size limit: 3276
I20260608 10:09:52.096565 20165 rpc_server.cc:307] RPC server started. Bound to: 127.19.177.126:39975
I20260608 10:09:52.096688 23065 acceptor_pool.cc:272] collecting diagnostics on the listening RPC socket 127.19.177.126:39975 every 8 connection(s)
I20260608 10:09:52.100765 23066 data_dirs.cc:400] Could only allocate 1 dirs of requested 3 for tablet 00000000000000000000000000000000. 1 dirs total, 0 dirs full, 0 dirs failed
I20260608 10:09:52.110965 23066 tablet_bootstrap.cc:492] T 00000000000000000000000000000000 P ad7f8b41de0e48cf8dbdc3913ba1177d: Bootstrap starting.
I20260608 10:09:52.115558 23066 tablet_bootstrap.cc:654] T 00000000000000000000000000000000 P ad7f8b41de0e48cf8dbdc3913ba1177d: Neither blocks nor log segments found. Creating new log.
I20260608 10:09:52.119848 23066 tablet_bootstrap.cc:492] T 00000000000000000000000000000000 P ad7f8b41de0e48cf8dbdc3913ba1177d: No bootstrap required, opened a new log
I20260608 10:09:52.122146 23066 raft_consensus.cc:359] T 00000000000000000000000000000000 P ad7f8b41de0e48cf8dbdc3913ba1177d [term 0 FOLLOWER]: Replica starting. Triggering 0 pending ops. Active config: opid_index: -1 OBSOLETE_local: true peers { permanent_uuid: "ad7f8b41de0e48cf8dbdc3913ba1177d" member_type: VOTER }
I20260608 10:09:52.122593 23066 raft_consensus.cc:385] T 00000000000000000000000000000000 P ad7f8b41de0e48cf8dbdc3913ba1177d [term 0 FOLLOWER]: Consensus starting up: Expiring failure detector timer to make a prompt election more likely
I20260608 10:09:52.122897 23066 raft_consensus.cc:740] T 00000000000000000000000000000000 P ad7f8b41de0e48cf8dbdc3913ba1177d [term 0 FOLLOWER]: Becoming Follower/Learner. State: Replica: ad7f8b41de0e48cf8dbdc3913ba1177d, State: Initialized, Role: FOLLOWER
I20260608 10:09:52.123687 23066 consensus_queue.cc:260] T 00000000000000000000000000000000 P ad7f8b41de0e48cf8dbdc3913ba1177d [NON_LEADER]: Queue going to NON_LEADER mode. State: All replicated index: 0, Majority replicated index: 0, Committed index: 0, Last appended: 0.0, Last appended by leader: 0, Current term: 0, Majority size: -1, State: 0, Mode: NON_LEADER, active raft config: opid_index: -1 OBSOLETE_local: true peers { permanent_uuid: "ad7f8b41de0e48cf8dbdc3913ba1177d" member_type: VOTER }
I20260608 10:09:52.124163 23066 raft_consensus.cc:399] T 00000000000000000000000000000000 P ad7f8b41de0e48cf8dbdc3913ba1177d [term 0 FOLLOWER]: Only one voter in the Raft config. Triggering election immediately
I20260608 10:09:52.124383 23066 raft_consensus.cc:493] T 00000000000000000000000000000000 P ad7f8b41de0e48cf8dbdc3913ba1177d [term 0 FOLLOWER]: Starting leader election (initial election of a single-replica configuration)
I20260608 10:09:52.124708 23066 raft_consensus.cc:3060] T 00000000000000000000000000000000 P ad7f8b41de0e48cf8dbdc3913ba1177d [term 0 FOLLOWER]: Advancing to term 1
I20260608 10:09:52.129396 23066 raft_consensus.cc:515] T 00000000000000000000000000000000 P ad7f8b41de0e48cf8dbdc3913ba1177d [term 1 FOLLOWER]: Starting leader election with config: opid_index: -1 OBSOLETE_local: true peers { permanent_uuid: "ad7f8b41de0e48cf8dbdc3913ba1177d" member_type: VOTER }
I20260608 10:09:52.130012 23066 leader_election.cc:304] T 00000000000000000000000000000000 P ad7f8b41de0e48cf8dbdc3913ba1177d [CANDIDATE]: Term 1 election: Election decided. Result: candidate won. Election summary: received 1 responses out of 1 voters: 1 yes votes; 0 no votes. yes voters: ad7f8b41de0e48cf8dbdc3913ba1177d; no voters: 
I20260608 10:09:52.131278 23066 leader_election.cc:290] T 00000000000000000000000000000000 P ad7f8b41de0e48cf8dbdc3913ba1177d [CANDIDATE]: Term 1 election: Requested vote from peers 
I20260608 10:09:52.131771 23069 raft_consensus.cc:2804] T 00000000000000000000000000000000 P ad7f8b41de0e48cf8dbdc3913ba1177d [term 1 FOLLOWER]: Leader election won for term 1
I20260608 10:09:52.133245 23069 raft_consensus.cc:697] T 00000000000000000000000000000000 P ad7f8b41de0e48cf8dbdc3913ba1177d [term 1 LEADER]: Becoming Leader. State: Replica: ad7f8b41de0e48cf8dbdc3913ba1177d, State: Running, Role: LEADER
I20260608 10:09:52.134048 23069 consensus_queue.cc:237] T 00000000000000000000000000000000 P ad7f8b41de0e48cf8dbdc3913ba1177d [LEADER]: Queue going to LEADER mode. State: All replicated index: 0, Majority replicated index: 0, Committed index: 0, Last appended: 0.0, Last appended by leader: 0, Current term: 1, Majority size: 1, State: 0, Mode: LEADER, active raft config: opid_index: -1 OBSOLETE_local: true peers { permanent_uuid: "ad7f8b41de0e48cf8dbdc3913ba1177d" member_type: VOTER }
I20260608 10:09:52.134485 23066 sys_catalog.cc:565] T 00000000000000000000000000000000 P ad7f8b41de0e48cf8dbdc3913ba1177d [sys.catalog]: configured and running, proceeding with master startup.
I20260608 10:09:52.137281 23071 sys_catalog.cc:455] T 00000000000000000000000000000000 P ad7f8b41de0e48cf8dbdc3913ba1177d [sys.catalog]: SysCatalogTable state changed. Reason: New leader ad7f8b41de0e48cf8dbdc3913ba1177d. Latest consensus state: current_term: 1 leader_uuid: "ad7f8b41de0e48cf8dbdc3913ba1177d" committed_config { opid_index: -1 OBSOLETE_local: true peers { permanent_uuid: "ad7f8b41de0e48cf8dbdc3913ba1177d" member_type: VOTER } }
I20260608 10:09:52.137245 23070 sys_catalog.cc:455] T 00000000000000000000000000000000 P ad7f8b41de0e48cf8dbdc3913ba1177d [sys.catalog]: SysCatalogTable state changed. Reason: RaftConsensus started. Latest consensus state: current_term: 1 leader_uuid: "ad7f8b41de0e48cf8dbdc3913ba1177d" committed_config { opid_index: -1 OBSOLETE_local: true peers { permanent_uuid: "ad7f8b41de0e48cf8dbdc3913ba1177d" member_type: VOTER } }
I20260608 10:09:52.138053 23071 sys_catalog.cc:458] T 00000000000000000000000000000000 P ad7f8b41de0e48cf8dbdc3913ba1177d [sys.catalog]: This master's current role is: LEADER
I20260608 10:09:52.138098 23070 sys_catalog.cc:458] T 00000000000000000000000000000000 P ad7f8b41de0e48cf8dbdc3913ba1177d [sys.catalog]: This master's current role is: LEADER
I20260608 10:09:52.142900 23074 catalog_manager.cc:1510] Loading table and tablet metadata into memory...
I20260608 10:09:52.148854 23074 catalog_manager.cc:1519] Initializing Kudu cluster ID...
I20260608 10:09:52.150970 20165 internal_mini_cluster.cc:184] Waiting to initialize catalog manager on master 0
I20260608 10:09:52.159595 23074 catalog_manager.cc:1382] Generated new cluster ID: 868f1d2a34174c96936804c9025030fc
I20260608 10:09:52.159875 23074 catalog_manager.cc:1530] Initializing Kudu internal certificate authority...
I20260608 10:09:52.179183 23074 catalog_manager.cc:1405] Generated new certificate authority record
I20260608 10:09:52.180637 23074 catalog_manager.cc:1539] Loading token signing keys...
I20260608 10:09:52.204144 23074 catalog_manager.cc:6069] T 00000000000000000000000000000000 P ad7f8b41de0e48cf8dbdc3913ba1177d: Generated new TSK 0
I20260608 10:09:52.204816 23074 catalog_manager.cc:1549] Initializing in-progress tserver states...
I20260608 10:09:52.218039 20165 file_cache.cc:492] Constructed file cache file cache with capacity 419430
W20260608 10:09:52.224380 23087 instance_detector.cc:116] could not retrieve AWS instance metadata: Network error: curl error: HTTP response code said error: The requested URL returned error: 404
W20260608 10:09:52.225548 23088 instance_detector.cc:116] could not retrieve Azure instance metadata: Network error: curl error: HTTP response code said error: The requested URL returned error: 404
I20260608 10:09:52.227501 20165 server_base.cc:1061] running on GCE node
W20260608 10:09:52.227507 23090 instance_detector.cc:116] could not retrieve OpenStack instance metadata: Network error: curl error: HTTP response code said error: The requested URL returned error: 404
I20260608 10:09:52.228881 20165 hybrid_clock.cc:584] initializing the hybrid clock with 'system_unsync' time source
W20260608 10:09:52.229141 20165 system_unsync_time.cc:38] NTP support is disabled. Clock error bounds will not be accurate. This configuration is not suitable for distributed clusters.
I20260608 10:09:52.229331 20165 hybrid_clock.cc:648] HybridClock initialized: now 1780913392229312 us; error 0 us; skew 500 ppm
I20260608 10:09:52.229923 20165 server_base.cc:861] Flag tcmalloc_max_total_thread_cache_bytes is not working since tcmalloc is not enabled.
I20260608 10:09:52.232558 20165 webserver.cc:533] Webserver started at http://127.19.177.65:42057/ using document root <none> and password file <none>
I20260608 10:09:52.233101 20165 fs_manager.cc:362] Metadata directory not provided
I20260608 10:09:52.233320 20165 fs_manager.cc:368] Using write-ahead log directory (fs_wal_dir) as metadata directory
I20260608 10:09:52.233613 20165 server_base.cc:909] This appears to be a new deployment of Kudu; creating new FS layout
I20260608 10:09:52.234788 20165 fs_manager.cc:1068] Generated new instance metadata in path /tmp/dist-test-taskWJ5C_Z/test-tmp/auto_rebalancer-test.0.AutoRebalancerTest.RangeAwareRebalancesNewRangeReplicas.1780913314847229-20165-0/minicluster-data/ts-0-root/instance:
uuid: "75d151d4fd87436c95ddef37170a4896"
format_stamp: "Formatted at 2026-06-08 10:09:52 on dist-test-slave-j7tv"
I20260608 10:09:52.239773 20165 fs_manager.cc:696] Time spent creating directory manager: real 0.004s	user 0.004s	sys 0.000s
I20260608 10:09:52.243625 23095 log_block_manager.cc:4031] Time spent loading block containers with low live blocks: real 0.000s	user 0.000s	sys 0.000s
I20260608 10:09:52.244638 20165 fs_manager.cc:730] Time spent opening block manager: real 0.003s	user 0.004s	sys 0.000s
I20260608 10:09:52.244902 20165 fs_manager.cc:647] Opened local filesystem: /tmp/dist-test-taskWJ5C_Z/test-tmp/auto_rebalancer-test.0.AutoRebalancerTest.RangeAwareRebalancesNewRangeReplicas.1780913314847229-20165-0/minicluster-data/ts-0-root
uuid: "75d151d4fd87436c95ddef37170a4896"
format_stamp: "Formatted at 2026-06-08 10:09:52 on dist-test-slave-j7tv"
I20260608 10:09:52.245297 20165 fs_report.cc:389] FS layout report
--------------------
wal directory: /tmp/dist-test-taskWJ5C_Z/test-tmp/auto_rebalancer-test.0.AutoRebalancerTest.RangeAwareRebalancesNewRangeReplicas.1780913314847229-20165-0/minicluster-data/ts-0-root
metadata directory: /tmp/dist-test-taskWJ5C_Z/test-tmp/auto_rebalancer-test.0.AutoRebalancerTest.RangeAwareRebalancesNewRangeReplicas.1780913314847229-20165-0/minicluster-data/ts-0-root
1 data directories: /tmp/dist-test-taskWJ5C_Z/test-tmp/auto_rebalancer-test.0.AutoRebalancerTest.RangeAwareRebalancesNewRangeReplicas.1780913314847229-20165-0/minicluster-data/ts-0-root/data
Total live blocks: 0
Total live bytes: 0
Total live bytes (after alignment): 0
Total number of LBM containers: 0 (0 full)
Did not check for missing blocks
Did not check for orphaned blocks
Total full LBM containers with extra space: 0 (0 repaired)
Total full LBM container extra space in bytes: 0 (0 repaired)
Total incomplete LBM containers: 0 (0 repaired)
Total LBM partial records: 0 (0 repaired)
Total corrupted LBM metadata records in RocksDB: 0 (0 repaired)
I20260608 10:09:52.263886 20165 rpc_server.cc:225] running with OpenSSL 1.1.1  11 Sep 2018
I20260608 10:09:52.265064 20165 kserver.cc:163] Server-wide thread pool size limit: 3276
I20260608 10:09:52.266535 20165 txn_system_client.cc:432] TxnSystemClient initialization is disabled...
I20260608 10:09:52.269111 20165 ts_tablet_manager.cc:585] Loaded tablet metadata (0 total tablets, 0 live tablets)
I20260608 10:09:52.269292 20165 ts_tablet_manager.cc:531] Time spent load tablet metadata: real 0.000s	user 0.000s	sys 0.000s
I20260608 10:09:52.269626 20165 ts_tablet_manager.cc:616] Registered 0 tablets
I20260608 10:09:52.269770 20165 ts_tablet_manager.cc:595] Time spent register tablets: real 0.000s	user 0.000s	sys 0.000s
I20260608 10:09:52.311440 20165 rpc_server.cc:307] RPC server started. Bound to: 127.19.177.65:41803
I20260608 10:09:52.311563 23157 acceptor_pool.cc:272] collecting diagnostics on the listening RPC socket 127.19.177.65:41803 every 8 connection(s)
I20260608 10:09:52.316875 20165 file_cache.cc:492] Constructed file cache file cache with capacity 419430
W20260608 10:09:52.324738 23162 instance_detector.cc:116] could not retrieve AWS instance metadata: Network error: curl error: HTTP response code said error: The requested URL returned error: 404
W20260608 10:09:52.326432 23163 instance_detector.cc:116] could not retrieve Azure instance metadata: Network error: curl error: HTTP response code said error: The requested URL returned error: 404
I20260608 10:09:52.329871 20165 server_base.cc:1061] running on GCE node
W20260608 10:09:52.330122 23165 instance_detector.cc:116] could not retrieve OpenStack instance metadata: Network error: curl error: HTTP response code said error: The requested URL returned error: 404
I20260608 10:09:52.331357 23158 heartbeater.cc:344] Connected to a master server at 127.19.177.126:39975
I20260608 10:09:52.331372 20165 hybrid_clock.cc:584] initializing the hybrid clock with 'system_unsync' time source
W20260608 10:09:52.331881 20165 system_unsync_time.cc:38] NTP support is disabled. Clock error bounds will not be accurate. This configuration is not suitable for distributed clusters.
I20260608 10:09:52.331920 23158 heartbeater.cc:461] Registering TS with master...
I20260608 10:09:52.332113 20165 hybrid_clock.cc:648] HybridClock initialized: now 1780913392332093 us; error 0 us; skew 500 ppm
I20260608 10:09:52.332829 20165 server_base.cc:861] Flag tcmalloc_max_total_thread_cache_bytes is not working since tcmalloc is not enabled.
I20260608 10:09:52.332835 23158 heartbeater.cc:507] Master 127.19.177.126:39975 requested a full tablet report, sending...
I20260608 10:09:52.335422 23031 ts_manager.cc:194] Registered new tserver with Master: 75d151d4fd87436c95ddef37170a4896 (127.19.177.65:41803)
I20260608 10:09:52.335750 20165 webserver.cc:533] Webserver started at http://127.19.177.66:46063/ using document root <none> and password file <none>
I20260608 10:09:52.336472 20165 fs_manager.cc:362] Metadata directory not provided
I20260608 10:09:52.336694 20165 fs_manager.cc:368] Using write-ahead log directory (fs_wal_dir) as metadata directory
I20260608 10:09:52.336971 20165 server_base.cc:909] This appears to be a new deployment of Kudu; creating new FS layout
I20260608 10:09:52.337720 23031 master_service.cc:502] Signed X509 certificate for tserver {username='slave'} at 127.0.0.1:51194
I20260608 10:09:52.338099 20165 fs_manager.cc:1068] Generated new instance metadata in path /tmp/dist-test-taskWJ5C_Z/test-tmp/auto_rebalancer-test.0.AutoRebalancerTest.RangeAwareRebalancesNewRangeReplicas.1780913314847229-20165-0/minicluster-data/ts-1-root/instance:
uuid: "909fbfbbd0bc420786d3c9839863bc6e"
format_stamp: "Formatted at 2026-06-08 10:09:52 on dist-test-slave-j7tv"
I20260608 10:09:52.343020 20165 fs_manager.cc:696] Time spent creating directory manager: real 0.004s	user 0.004s	sys 0.000s
I20260608 10:09:52.347528 23170 log_block_manager.cc:4031] Time spent loading block containers with low live blocks: real 0.000s	user 0.000s	sys 0.000s
I20260608 10:09:52.348433 20165 fs_manager.cc:730] Time spent opening block manager: real 0.003s	user 0.004s	sys 0.000s
I20260608 10:09:52.348733 20165 fs_manager.cc:647] Opened local filesystem: /tmp/dist-test-taskWJ5C_Z/test-tmp/auto_rebalancer-test.0.AutoRebalancerTest.RangeAwareRebalancesNewRangeReplicas.1780913314847229-20165-0/minicluster-data/ts-1-root
uuid: "909fbfbbd0bc420786d3c9839863bc6e"
format_stamp: "Formatted at 2026-06-08 10:09:52 on dist-test-slave-j7tv"
I20260608 10:09:52.349018 20165 fs_report.cc:389] FS layout report
--------------------
wal directory: /tmp/dist-test-taskWJ5C_Z/test-tmp/auto_rebalancer-test.0.AutoRebalancerTest.RangeAwareRebalancesNewRangeReplicas.1780913314847229-20165-0/minicluster-data/ts-1-root
metadata directory: /tmp/dist-test-taskWJ5C_Z/test-tmp/auto_rebalancer-test.0.AutoRebalancerTest.RangeAwareRebalancesNewRangeReplicas.1780913314847229-20165-0/minicluster-data/ts-1-root
1 data directories: /tmp/dist-test-taskWJ5C_Z/test-tmp/auto_rebalancer-test.0.AutoRebalancerTest.RangeAwareRebalancesNewRangeReplicas.1780913314847229-20165-0/minicluster-data/ts-1-root/data
Total live blocks: 0
Total live bytes: 0
Total live bytes (after alignment): 0
Total number of LBM containers: 0 (0 full)
Did not check for missing blocks
Did not check for orphaned blocks
Total full LBM containers with extra space: 0 (0 repaired)
Total full LBM container extra space in bytes: 0 (0 repaired)
Total incomplete LBM containers: 0 (0 repaired)
Total LBM partial records: 0 (0 repaired)
Total corrupted LBM metadata records in RocksDB: 0 (0 repaired)
I20260608 10:09:52.363294 20165 rpc_server.cc:225] running with OpenSSL 1.1.1  11 Sep 2018
I20260608 10:09:52.364681 20165 kserver.cc:163] Server-wide thread pool size limit: 3276
I20260608 10:09:52.366333 20165 txn_system_client.cc:432] TxnSystemClient initialization is disabled...
I20260608 10:09:52.368992 20165 ts_tablet_manager.cc:585] Loaded tablet metadata (0 total tablets, 0 live tablets)
I20260608 10:09:52.369272 20165 ts_tablet_manager.cc:531] Time spent load tablet metadata: real 0.000s	user 0.000s	sys 0.000s
I20260608 10:09:52.369560 20165 ts_tablet_manager.cc:616] Registered 0 tablets
I20260608 10:09:52.369760 20165 ts_tablet_manager.cc:595] Time spent register tablets: real 0.000s	user 0.000s	sys 0.000s
I20260608 10:09:52.411337 20165 rpc_server.cc:307] RPC server started. Bound to: 127.19.177.66:33457
I20260608 10:09:52.411455 23232 acceptor_pool.cc:272] collecting diagnostics on the listening RPC socket 127.19.177.66:33457 every 8 connection(s)
I20260608 10:09:52.416579 20165 file_cache.cc:492] Constructed file cache file cache with capacity 419430
W20260608 10:09:52.423843 23236 instance_detector.cc:116] could not retrieve AWS instance metadata: Network error: curl error: HTTP response code said error: The requested URL returned error: 404
W20260608 10:09:52.425711 23237 instance_detector.cc:116] could not retrieve Azure instance metadata: Network error: curl error: HTTP response code said error: The requested URL returned error: 404
W20260608 10:09:52.428977 23239 instance_detector.cc:116] could not retrieve OpenStack instance metadata: Network error: curl error: HTTP response code said error: The requested URL returned error: 404
I20260608 10:09:52.429601 23233 heartbeater.cc:344] Connected to a master server at 127.19.177.126:39975
I20260608 10:09:52.430104 23233 heartbeater.cc:461] Registering TS with master...
I20260608 10:09:52.430696 20165 server_base.cc:1061] running on GCE node
I20260608 10:09:52.431166 23233 heartbeater.cc:507] Master 127.19.177.126:39975 requested a full tablet report, sending...
I20260608 10:09:52.431630 20165 hybrid_clock.cc:584] initializing the hybrid clock with 'system_unsync' time source
W20260608 10:09:52.431869 20165 system_unsync_time.cc:38] NTP support is disabled. Clock error bounds will not be accurate. This configuration is not suitable for distributed clusters.
I20260608 10:09:52.432054 20165 hybrid_clock.cc:648] HybridClock initialized: now 1780913392432039 us; error 0 us; skew 500 ppm
I20260608 10:09:52.432657 20165 server_base.cc:861] Flag tcmalloc_max_total_thread_cache_bytes is not working since tcmalloc is not enabled.
I20260608 10:09:52.433306 23031 ts_manager.cc:194] Registered new tserver with Master: 909fbfbbd0bc420786d3c9839863bc6e (127.19.177.66:33457)
I20260608 10:09:52.434810 23031 master_service.cc:502] Signed X509 certificate for tserver {username='slave'} at 127.0.0.1:51200
I20260608 10:09:52.435590 20165 webserver.cc:533] Webserver started at http://127.19.177.67:34099/ using document root <none> and password file <none>
I20260608 10:09:52.436234 20165 fs_manager.cc:362] Metadata directory not provided
I20260608 10:09:52.436445 20165 fs_manager.cc:368] Using write-ahead log directory (fs_wal_dir) as metadata directory
I20260608 10:09:52.436709 20165 server_base.cc:909] This appears to be a new deployment of Kudu; creating new FS layout
I20260608 10:09:52.437774 20165 fs_manager.cc:1068] Generated new instance metadata in path /tmp/dist-test-taskWJ5C_Z/test-tmp/auto_rebalancer-test.0.AutoRebalancerTest.RangeAwareRebalancesNewRangeReplicas.1780913314847229-20165-0/minicluster-data/ts-2-root/instance:
uuid: "71bbb57e122640998993ea5258ba74ad"
format_stamp: "Formatted at 2026-06-08 10:09:52 on dist-test-slave-j7tv"
I20260608 10:09:52.442329 20165 fs_manager.cc:696] Time spent creating directory manager: real 0.004s	user 0.006s	sys 0.000s
I20260608 10:09:52.445796 23244 log_block_manager.cc:4031] Time spent loading block containers with low live blocks: real 0.000s	user 0.000s	sys 0.000s
I20260608 10:09:52.446913 20165 fs_manager.cc:730] Time spent opening block manager: real 0.003s	user 0.003s	sys 0.000s
I20260608 10:09:52.447248 20165 fs_manager.cc:647] Opened local filesystem: /tmp/dist-test-taskWJ5C_Z/test-tmp/auto_rebalancer-test.0.AutoRebalancerTest.RangeAwareRebalancesNewRangeReplicas.1780913314847229-20165-0/minicluster-data/ts-2-root
uuid: "71bbb57e122640998993ea5258ba74ad"
format_stamp: "Formatted at 2026-06-08 10:09:52 on dist-test-slave-j7tv"
I20260608 10:09:52.447563 20165 fs_report.cc:389] FS layout report
--------------------
wal directory: /tmp/dist-test-taskWJ5C_Z/test-tmp/auto_rebalancer-test.0.AutoRebalancerTest.RangeAwareRebalancesNewRangeReplicas.1780913314847229-20165-0/minicluster-data/ts-2-root
metadata directory: /tmp/dist-test-taskWJ5C_Z/test-tmp/auto_rebalancer-test.0.AutoRebalancerTest.RangeAwareRebalancesNewRangeReplicas.1780913314847229-20165-0/minicluster-data/ts-2-root
1 data directories: /tmp/dist-test-taskWJ5C_Z/test-tmp/auto_rebalancer-test.0.AutoRebalancerTest.RangeAwareRebalancesNewRangeReplicas.1780913314847229-20165-0/minicluster-data/ts-2-root/data
Total live blocks: 0
Total live bytes: 0
Total live bytes (after alignment): 0
Total number of LBM containers: 0 (0 full)
Did not check for missing blocks
Did not check for orphaned blocks
Total full LBM containers with extra space: 0 (0 repaired)
Total full LBM container extra space in bytes: 0 (0 repaired)
Total incomplete LBM containers: 0 (0 repaired)
Total LBM partial records: 0 (0 repaired)
Total corrupted LBM metadata records in RocksDB: 0 (0 repaired)
I20260608 10:09:52.471112 20165 rpc_server.cc:225] running with OpenSSL 1.1.1  11 Sep 2018
I20260608 10:09:52.472379 20165 kserver.cc:163] Server-wide thread pool size limit: 3276
I20260608 10:09:52.473994 20165 txn_system_client.cc:432] TxnSystemClient initialization is disabled...
I20260608 10:09:52.476557 20165 ts_tablet_manager.cc:585] Loaded tablet metadata (0 total tablets, 0 live tablets)
I20260608 10:09:52.476789 20165 ts_tablet_manager.cc:531] Time spent load tablet metadata: real 0.000s	user 0.000s	sys 0.000s
I20260608 10:09:52.477032 20165 ts_tablet_manager.cc:616] Registered 0 tablets
I20260608 10:09:52.477209 20165 ts_tablet_manager.cc:595] Time spent register tablets: real 0.000s	user 0.000s	sys 0.000s
I20260608 10:09:52.518996 20165 rpc_server.cc:307] RPC server started. Bound to: 127.19.177.67:36323
I20260608 10:09:52.519166 23306 acceptor_pool.cc:272] collecting diagnostics on the listening RPC socket 127.19.177.67:36323 every 8 connection(s)
I20260608 10:09:52.534117 23307 heartbeater.cc:344] Connected to a master server at 127.19.177.126:39975
I20260608 10:09:52.534530 23307 heartbeater.cc:461] Registering TS with master...
I20260608 10:09:52.535292 23307 heartbeater.cc:507] Master 127.19.177.126:39975 requested a full tablet report, sending...
I20260608 10:09:52.537489 23031 ts_manager.cc:194] Registered new tserver with Master: 71bbb57e122640998993ea5258ba74ad (127.19.177.67:36323)
I20260608 10:09:52.537739 20165 internal_mini_cluster.cc:371] 3 TS(s) registered with all masters after 0.015081414s
I20260608 10:09:52.539283 23031 master_service.cc:502] Signed X509 certificate for tserver {username='slave'} at 127.0.0.1:51208
I20260608 10:09:53.340639 23158 heartbeater.cc:499] Master 127.19.177.126:39975 was elected leader, sending a full tablet report...
I20260608 10:09:53.437387 23233 heartbeater.cc:499] Master 127.19.177.126:39975 was elected leader, sending a full tablet report...
I20260608 10:09:53.541967 23307 heartbeater.cc:499] Master 127.19.177.126:39975 was elected leader, sending a full tablet report...
I20260608 10:09:53.593266 23031 catalog_manager.cc:2282] Servicing CreateTable request from {username='slave'} at 127.0.0.1:51216:
name: "range_aware_rebalance_new_range"
schema {
  columns {
    name: "key"
    type: INT32
    is_key: true
    is_nullable: false
    encoding: AUTO_ENCODING
    compression: DEFAULT_COMPRESSION
    cfile_block_size: 0
    immutable: false
  }
}
num_replicas: 3
split_rows_range_bounds {
  rows: "\006\001\000\000\000\000\007\001\n\000\000\000""\006\001\000\000\000\000\007\001\n\000\000\000"
  indirect_data: """"
}
partition_schema {
  hash_schema {
    columns {
      name: "key"
    }
    num_buckets: 8
    seed: 0
  }
  range_schema {
    columns {
      name: "key"
    }
  }
}
W20260608 10:09:53.595575 23031 catalog_manager.cc:7076] The number of live tablet servers is not enough to re-replicate a tablet replica of the newly created table range_aware_rebalance_new_range in case of a server failure: 4 tablet servers would be needed, 3 are available. Consider bringing up more tablet servers.
I20260608 10:09:53.662950 23121 tablet_service.cc:1511] Processing CreateTablet for tablet b6bff8bca36448008d5994c67163b53c (DEFAULT_TABLE table=range_aware_rebalance_new_range [id=0bd5f2005a1443d0aaf48317468da3b1]), partition=HASH (key) PARTITION 2, RANGE (key) PARTITION 0 <= VALUES < 10
I20260608 10:09:53.664610 23121 data_dirs.cc:400] Could only allocate 1 dirs of requested 3 for tablet b6bff8bca36448008d5994c67163b53c. 1 dirs total, 0 dirs full, 0 dirs failed
I20260608 10:09:53.664314 23122 tablet_service.cc:1511] Processing CreateTablet for tablet 6aef60941fd44f6ebec6a96b3b7c6df6 (DEFAULT_TABLE table=range_aware_rebalance_new_range [id=0bd5f2005a1443d0aaf48317468da3b1]), partition=HASH (key) PARTITION 1, RANGE (key) PARTITION 0 <= VALUES < 10
I20260608 10:09:53.665762 23122 data_dirs.cc:400] Could only allocate 1 dirs of requested 3 for tablet 6aef60941fd44f6ebec6a96b3b7c6df6. 1 dirs total, 0 dirs full, 0 dirs failed
I20260608 10:09:53.667537 23123 tablet_service.cc:1511] Processing CreateTablet for tablet 09de0009efc744488bb7471a6f2acb03 (DEFAULT_TABLE table=range_aware_rebalance_new_range [id=0bd5f2005a1443d0aaf48317468da3b1]), partition=HASH (key) PARTITION 0, RANGE (key) PARTITION 0 <= VALUES < 10
I20260608 10:09:53.667876 23120 tablet_service.cc:1511] Processing CreateTablet for tablet 79ccd378c0824ca0956e46801239da82 (DEFAULT_TABLE table=range_aware_rebalance_new_range [id=0bd5f2005a1443d0aaf48317468da3b1]), partition=HASH (key) PARTITION 3, RANGE (key) PARTITION 0 <= VALUES < 10
I20260608 10:09:53.669704 23119 tablet_service.cc:1511] Processing CreateTablet for tablet b4120690524e4cbf9bd934b873028a68 (DEFAULT_TABLE table=range_aware_rebalance_new_range [id=0bd5f2005a1443d0aaf48317468da3b1]), partition=HASH (key) PARTITION 4, RANGE (key) PARTITION 0 <= VALUES < 10
I20260608 10:09:53.670902 23123 data_dirs.cc:400] Could only allocate 1 dirs of requested 3 for tablet 09de0009efc744488bb7471a6f2acb03. 1 dirs total, 0 dirs full, 0 dirs failed
I20260608 10:09:53.671046 23198 tablet_service.cc:1511] Processing CreateTablet for tablet 09de0009efc744488bb7471a6f2acb03 (DEFAULT_TABLE table=range_aware_rebalance_new_range [id=0bd5f2005a1443d0aaf48317468da3b1]), partition=HASH (key) PARTITION 0, RANGE (key) PARTITION 0 <= VALUES < 10
I20260608 10:09:53.671607 23194 tablet_service.cc:1511] Processing CreateTablet for tablet b4120690524e4cbf9bd934b873028a68 (DEFAULT_TABLE table=range_aware_rebalance_new_range [id=0bd5f2005a1443d0aaf48317468da3b1]), partition=HASH (key) PARTITION 4, RANGE (key) PARTITION 0 <= VALUES < 10
I20260608 10:09:53.672576 23198 data_dirs.cc:400] Could only allocate 1 dirs of requested 3 for tablet 09de0009efc744488bb7471a6f2acb03. 1 dirs total, 0 dirs full, 0 dirs failed
I20260608 10:09:53.673848 23195 tablet_service.cc:1511] Processing CreateTablet for tablet 79ccd378c0824ca0956e46801239da82 (DEFAULT_TABLE table=range_aware_rebalance_new_range [id=0bd5f2005a1443d0aaf48317468da3b1]), partition=HASH (key) PARTITION 3, RANGE (key) PARTITION 0 <= VALUES < 10
I20260608 10:09:53.675427 23195 data_dirs.cc:400] Could only allocate 1 dirs of requested 3 for tablet 79ccd378c0824ca0956e46801239da82. 1 dirs total, 0 dirs full, 0 dirs failed
I20260608 10:09:53.675472 23272 tablet_service.cc:1511] Processing CreateTablet for tablet 09de0009efc744488bb7471a6f2acb03 (DEFAULT_TABLE table=range_aware_rebalance_new_range [id=0bd5f2005a1443d0aaf48317468da3b1]), partition=HASH (key) PARTITION 0, RANGE (key) PARTITION 0 <= VALUES < 10
I20260608 10:09:53.675365 23269 tablet_service.cc:1511] Processing CreateTablet for tablet 79ccd378c0824ca0956e46801239da82 (DEFAULT_TABLE table=range_aware_rebalance_new_range [id=0bd5f2005a1443d0aaf48317468da3b1]), partition=HASH (key) PARTITION 3, RANGE (key) PARTITION 0 <= VALUES < 10
I20260608 10:09:53.677160 23272 data_dirs.cc:400] Could only allocate 1 dirs of requested 3 for tablet 09de0009efc744488bb7471a6f2acb03. 1 dirs total, 0 dirs full, 0 dirs failed
I20260608 10:09:53.678118 23269 data_dirs.cc:400] Could only allocate 1 dirs of requested 3 for tablet 79ccd378c0824ca0956e46801239da82. 1 dirs total, 0 dirs full, 0 dirs failed
I20260608 10:09:53.678176 23119 data_dirs.cc:400] Could only allocate 1 dirs of requested 3 for tablet b4120690524e4cbf9bd934b873028a68. 1 dirs total, 0 dirs full, 0 dirs failed
I20260608 10:09:53.679050 23120 data_dirs.cc:400] Could only allocate 1 dirs of requested 3 for tablet 79ccd378c0824ca0956e46801239da82. 1 dirs total, 0 dirs full, 0 dirs failed
I20260608 10:09:53.680363 23197 tablet_service.cc:1511] Processing CreateTablet for tablet 6aef60941fd44f6ebec6a96b3b7c6df6 (DEFAULT_TABLE table=range_aware_rebalance_new_range [id=0bd5f2005a1443d0aaf48317468da3b1]), partition=HASH (key) PARTITION 1, RANGE (key) PARTITION 0 <= VALUES < 10
I20260608 10:09:53.681803 23197 data_dirs.cc:400] Could only allocate 1 dirs of requested 3 for tablet 6aef60941fd44f6ebec6a96b3b7c6df6. 1 dirs total, 0 dirs full, 0 dirs failed
I20260608 10:09:53.678580 23196 tablet_service.cc:1511] Processing CreateTablet for tablet b6bff8bca36448008d5994c67163b53c (DEFAULT_TABLE table=range_aware_rebalance_new_range [id=0bd5f2005a1443d0aaf48317468da3b1]), partition=HASH (key) PARTITION 2, RANGE (key) PARTITION 0 <= VALUES < 10
I20260608 10:09:53.683409 23196 data_dirs.cc:400] Could only allocate 1 dirs of requested 3 for tablet b6bff8bca36448008d5994c67163b53c. 1 dirs total, 0 dirs full, 0 dirs failed
I20260608 10:09:53.683914 23271 tablet_service.cc:1511] Processing CreateTablet for tablet 6aef60941fd44f6ebec6a96b3b7c6df6 (DEFAULT_TABLE table=range_aware_rebalance_new_range [id=0bd5f2005a1443d0aaf48317468da3b1]), partition=HASH (key) PARTITION 1, RANGE (key) PARTITION 0 <= VALUES < 10
I20260608 10:09:53.685410 23271 data_dirs.cc:400] Could only allocate 1 dirs of requested 3 for tablet 6aef60941fd44f6ebec6a96b3b7c6df6. 1 dirs total, 0 dirs full, 0 dirs failed
I20260608 10:09:53.687697 23270 tablet_service.cc:1511] Processing CreateTablet for tablet b6bff8bca36448008d5994c67163b53c (DEFAULT_TABLE table=range_aware_rebalance_new_range [id=0bd5f2005a1443d0aaf48317468da3b1]), partition=HASH (key) PARTITION 2, RANGE (key) PARTITION 0 <= VALUES < 10
I20260608 10:09:53.689247 23270 data_dirs.cc:400] Could only allocate 1 dirs of requested 3 for tablet b6bff8bca36448008d5994c67163b53c. 1 dirs total, 0 dirs full, 0 dirs failed
I20260608 10:09:53.694546 23194 data_dirs.cc:400] Could only allocate 1 dirs of requested 3 for tablet b4120690524e4cbf9bd934b873028a68. 1 dirs total, 0 dirs full, 0 dirs failed
I20260608 10:09:53.709071 23118 tablet_service.cc:1511] Processing CreateTablet for tablet 665bb425a4ae41909f6a6f869878db08 (DEFAULT_TABLE table=range_aware_rebalance_new_range [id=0bd5f2005a1443d0aaf48317468da3b1]), partition=HASH (key) PARTITION 5, RANGE (key) PARTITION 0 <= VALUES < 10
I20260608 10:09:53.710703 23118 data_dirs.cc:400] Could only allocate 1 dirs of requested 3 for tablet 665bb425a4ae41909f6a6f869878db08. 1 dirs total, 0 dirs full, 0 dirs failed
I20260608 10:09:53.716300 23193 tablet_service.cc:1511] Processing CreateTablet for tablet 665bb425a4ae41909f6a6f869878db08 (DEFAULT_TABLE table=range_aware_rebalance_new_range [id=0bd5f2005a1443d0aaf48317468da3b1]), partition=HASH (key) PARTITION 5, RANGE (key) PARTITION 0 <= VALUES < 10
I20260608 10:09:53.717821 23193 data_dirs.cc:400] Could only allocate 1 dirs of requested 3 for tablet 665bb425a4ae41909f6a6f869878db08. 1 dirs total, 0 dirs full, 0 dirs failed
I20260608 10:09:53.706607 23268 tablet_service.cc:1511] Processing CreateTablet for tablet b4120690524e4cbf9bd934b873028a68 (DEFAULT_TABLE table=range_aware_rebalance_new_range [id=0bd5f2005a1443d0aaf48317468da3b1]), partition=HASH (key) PARTITION 4, RANGE (key) PARTITION 0 <= VALUES < 10
I20260608 10:09:53.719952 23268 data_dirs.cc:400] Could only allocate 1 dirs of requested 3 for tablet b4120690524e4cbf9bd934b873028a68. 1 dirs total, 0 dirs full, 0 dirs failed
I20260608 10:09:53.732947 23267 tablet_service.cc:1511] Processing CreateTablet for tablet 665bb425a4ae41909f6a6f869878db08 (DEFAULT_TABLE table=range_aware_rebalance_new_range [id=0bd5f2005a1443d0aaf48317468da3b1]), partition=HASH (key) PARTITION 5, RANGE (key) PARTITION 0 <= VALUES < 10
I20260608 10:09:53.736240 23117 tablet_service.cc:1511] Processing CreateTablet for tablet 18863a78bf9b4e5ca7fff9521bc71234 (DEFAULT_TABLE table=range_aware_rebalance_new_range [id=0bd5f2005a1443d0aaf48317468da3b1]), partition=HASH (key) PARTITION 6, RANGE (key) PARTITION 0 <= VALUES < 10
I20260608 10:09:53.737782 23117 data_dirs.cc:400] Could only allocate 1 dirs of requested 3 for tablet 18863a78bf9b4e5ca7fff9521bc71234. 1 dirs total, 0 dirs full, 0 dirs failed
I20260608 10:09:53.743599 23266 tablet_service.cc:1511] Processing CreateTablet for tablet 18863a78bf9b4e5ca7fff9521bc71234 (DEFAULT_TABLE table=range_aware_rebalance_new_range [id=0bd5f2005a1443d0aaf48317468da3b1]), partition=HASH (key) PARTITION 6, RANGE (key) PARTITION 0 <= VALUES < 10
I20260608 10:09:53.740307 23192 tablet_service.cc:1511] Processing CreateTablet for tablet 18863a78bf9b4e5ca7fff9521bc71234 (DEFAULT_TABLE table=range_aware_rebalance_new_range [id=0bd5f2005a1443d0aaf48317468da3b1]), partition=HASH (key) PARTITION 6, RANGE (key) PARTITION 0 <= VALUES < 10
I20260608 10:09:53.745966 23192 data_dirs.cc:400] Could only allocate 1 dirs of requested 3 for tablet 18863a78bf9b4e5ca7fff9521bc71234. 1 dirs total, 0 dirs full, 0 dirs failed
I20260608 10:09:53.749558 23267 data_dirs.cc:400] Could only allocate 1 dirs of requested 3 for tablet 665bb425a4ae41909f6a6f869878db08. 1 dirs total, 0 dirs full, 0 dirs failed
I20260608 10:09:53.755609 23270 tablet_service.cc:1511] Processing CreateTablet for tablet c7ab65b25ab844faadc54028ac63952e (DEFAULT_TABLE table=range_aware_rebalance_new_range [id=0bd5f2005a1443d0aaf48317468da3b1]), partition=HASH (key) PARTITION 7, RANGE (key) PARTITION 0 <= VALUES < 10
I20260608 10:09:53.757779 23191 tablet_service.cc:1511] Processing CreateTablet for tablet c7ab65b25ab844faadc54028ac63952e (DEFAULT_TABLE table=range_aware_rebalance_new_range [id=0bd5f2005a1443d0aaf48317468da3b1]), partition=HASH (key) PARTITION 7, RANGE (key) PARTITION 0 <= VALUES < 10
I20260608 10:09:53.758693 23270 data_dirs.cc:400] Could only allocate 1 dirs of requested 3 for tablet c7ab65b25ab844faadc54028ac63952e. 1 dirs total, 0 dirs full, 0 dirs failed
I20260608 10:09:53.759318 23191 data_dirs.cc:400] Could only allocate 1 dirs of requested 3 for tablet c7ab65b25ab844faadc54028ac63952e. 1 dirs total, 0 dirs full, 0 dirs failed
I20260608 10:09:53.760445 23266 data_dirs.cc:400] Could only allocate 1 dirs of requested 3 for tablet 18863a78bf9b4e5ca7fff9521bc71234. 1 dirs total, 0 dirs full, 0 dirs failed
I20260608 10:09:53.757078 23119 tablet_service.cc:1511] Processing CreateTablet for tablet c7ab65b25ab844faadc54028ac63952e (DEFAULT_TABLE table=range_aware_rebalance_new_range [id=0bd5f2005a1443d0aaf48317468da3b1]), partition=HASH (key) PARTITION 7, RANGE (key) PARTITION 0 <= VALUES < 10
I20260608 10:09:53.761603 23119 data_dirs.cc:400] Could only allocate 1 dirs of requested 3 for tablet c7ab65b25ab844faadc54028ac63952e. 1 dirs total, 0 dirs full, 0 dirs failed
I20260608 10:09:53.794871 23328 tablet_bootstrap.cc:492] T 6aef60941fd44f6ebec6a96b3b7c6df6 P 75d151d4fd87436c95ddef37170a4896: Bootstrap starting.
I20260608 10:09:53.799160 23329 tablet_bootstrap.cc:492] T b6bff8bca36448008d5994c67163b53c P 909fbfbbd0bc420786d3c9839863bc6e: Bootstrap starting.
I20260608 10:09:53.800770 23328 tablet_bootstrap.cc:654] T 6aef60941fd44f6ebec6a96b3b7c6df6 P 75d151d4fd87436c95ddef37170a4896: Neither blocks nor log segments found. Creating new log.
I20260608 10:09:53.803563 23327 tablet_bootstrap.cc:492] T 79ccd378c0824ca0956e46801239da82 P 71bbb57e122640998993ea5258ba74ad: Bootstrap starting.
I20260608 10:09:53.817245 23327 tablet_bootstrap.cc:654] T 79ccd378c0824ca0956e46801239da82 P 71bbb57e122640998993ea5258ba74ad: Neither blocks nor log segments found. Creating new log.
I20260608 10:09:53.822901 23328 tablet_bootstrap.cc:492] T 6aef60941fd44f6ebec6a96b3b7c6df6 P 75d151d4fd87436c95ddef37170a4896: No bootstrap required, opened a new log
I20260608 10:09:53.822935 23329 tablet_bootstrap.cc:654] T b6bff8bca36448008d5994c67163b53c P 909fbfbbd0bc420786d3c9839863bc6e: Neither blocks nor log segments found. Creating new log.
I20260608 10:09:53.823303 23327 tablet_bootstrap.cc:492] T 79ccd378c0824ca0956e46801239da82 P 71bbb57e122640998993ea5258ba74ad: No bootstrap required, opened a new log
I20260608 10:09:53.823724 23328 ts_tablet_manager.cc:1403] T 6aef60941fd44f6ebec6a96b3b7c6df6 P 75d151d4fd87436c95ddef37170a4896: Time spent bootstrapping tablet: real 0.029s	user 0.013s	sys 0.008s
I20260608 10:09:53.823751 23327 ts_tablet_manager.cc:1403] T 79ccd378c0824ca0956e46801239da82 P 71bbb57e122640998993ea5258ba74ad: Time spent bootstrapping tablet: real 0.021s	user 0.008s	sys 0.004s
I20260608 10:09:53.826908 23327 raft_consensus.cc:359] T 79ccd378c0824ca0956e46801239da82 P 71bbb57e122640998993ea5258ba74ad [term 0 FOLLOWER]: Replica starting. Triggering 0 pending ops. Active config: opid_index: -1 OBSOLETE_local: false peers { permanent_uuid: "75d151d4fd87436c95ddef37170a4896" member_type: VOTER last_known_addr { host: "127.19.177.65" port: 41803 } } peers { permanent_uuid: "909fbfbbd0bc420786d3c9839863bc6e" member_type: VOTER last_known_addr { host: "127.19.177.66" port: 33457 } } peers { permanent_uuid: "71bbb57e122640998993ea5258ba74ad" member_type: VOTER last_known_addr { host: "127.19.177.67" port: 36323 } }
I20260608 10:09:53.827123 23328 raft_consensus.cc:359] T 6aef60941fd44f6ebec6a96b3b7c6df6 P 75d151d4fd87436c95ddef37170a4896 [term 0 FOLLOWER]: Replica starting. Triggering 0 pending ops. Active config: opid_index: -1 OBSOLETE_local: false peers { permanent_uuid: "909fbfbbd0bc420786d3c9839863bc6e" member_type: VOTER last_known_addr { host: "127.19.177.66" port: 33457 } } peers { permanent_uuid: "75d151d4fd87436c95ddef37170a4896" member_type: VOTER last_known_addr { host: "127.19.177.65" port: 41803 } } peers { permanent_uuid: "71bbb57e122640998993ea5258ba74ad" member_type: VOTER last_known_addr { host: "127.19.177.67" port: 36323 } }
I20260608 10:09:53.827628 23329 tablet_bootstrap.cc:492] T b6bff8bca36448008d5994c67163b53c P 909fbfbbd0bc420786d3c9839863bc6e: No bootstrap required, opened a new log
I20260608 10:09:53.827708 23327 raft_consensus.cc:385] T 79ccd378c0824ca0956e46801239da82 P 71bbb57e122640998993ea5258ba74ad [term 0 FOLLOWER]: Consensus starting up: Expiring failure detector timer to make a prompt election more likely
I20260608 10:09:53.827840 23328 raft_consensus.cc:385] T 6aef60941fd44f6ebec6a96b3b7c6df6 P 75d151d4fd87436c95ddef37170a4896 [term 0 FOLLOWER]: Consensus starting up: Expiring failure detector timer to make a prompt election more likely
I20260608 10:09:53.828284 23329 ts_tablet_manager.cc:1403] T b6bff8bca36448008d5994c67163b53c P 909fbfbbd0bc420786d3c9839863bc6e: Time spent bootstrapping tablet: real 0.029s	user 0.011s	sys 0.000s
I20260608 10:09:53.828316 23328 raft_consensus.cc:740] T 6aef60941fd44f6ebec6a96b3b7c6df6 P 75d151d4fd87436c95ddef37170a4896 [term 0 FOLLOWER]: Becoming Follower/Learner. State: Replica: 75d151d4fd87436c95ddef37170a4896, State: Initialized, Role: FOLLOWER
I20260608 10:09:53.828274 23327 raft_consensus.cc:740] T 79ccd378c0824ca0956e46801239da82 P 71bbb57e122640998993ea5258ba74ad [term 0 FOLLOWER]: Becoming Follower/Learner. State: Replica: 71bbb57e122640998993ea5258ba74ad, State: Initialized, Role: FOLLOWER
I20260608 10:09:53.829437 23328 consensus_queue.cc:260] T 6aef60941fd44f6ebec6a96b3b7c6df6 P 75d151d4fd87436c95ddef37170a4896 [NON_LEADER]: Queue going to NON_LEADER mode. State: All replicated index: 0, Majority replicated index: 0, Committed index: 0, Last appended: 0.0, Last appended by leader: 0, Current term: 0, Majority size: -1, State: 0, Mode: NON_LEADER, active raft config: opid_index: -1 OBSOLETE_local: false peers { permanent_uuid: "909fbfbbd0bc420786d3c9839863bc6e" member_type: VOTER last_known_addr { host: "127.19.177.66" port: 33457 } } peers { permanent_uuid: "75d151d4fd87436c95ddef37170a4896" member_type: VOTER last_known_addr { host: "127.19.177.65" port: 41803 } } peers { permanent_uuid: "71bbb57e122640998993ea5258ba74ad" member_type: VOTER last_known_addr { host: "127.19.177.67" port: 36323 } }
I20260608 10:09:53.829599 23327 consensus_queue.cc:260] T 79ccd378c0824ca0956e46801239da82 P 71bbb57e122640998993ea5258ba74ad [NON_LEADER]: Queue going to NON_LEADER mode. State: All replicated index: 0, Majority replicated index: 0, Committed index: 0, Last appended: 0.0, Last appended by leader: 0, Current term: 0, Majority size: -1, State: 0, Mode: NON_LEADER, active raft config: opid_index: -1 OBSOLETE_local: false peers { permanent_uuid: "75d151d4fd87436c95ddef37170a4896" member_type: VOTER last_known_addr { host: "127.19.177.65" port: 41803 } } peers { permanent_uuid: "909fbfbbd0bc420786d3c9839863bc6e" member_type: VOTER last_known_addr { host: "127.19.177.66" port: 33457 } } peers { permanent_uuid: "71bbb57e122640998993ea5258ba74ad" member_type: VOTER last_known_addr { host: "127.19.177.67" port: 36323 } }
I20260608 10:09:53.832484 23328 ts_tablet_manager.cc:1434] T 6aef60941fd44f6ebec6a96b3b7c6df6 P 75d151d4fd87436c95ddef37170a4896: Time spent starting tablet: real 0.008s	user 0.007s	sys 0.000s
I20260608 10:09:53.832084 23329 raft_consensus.cc:359] T b6bff8bca36448008d5994c67163b53c P 909fbfbbd0bc420786d3c9839863bc6e [term 0 FOLLOWER]: Replica starting. Triggering 0 pending ops. Active config: opid_index: -1 OBSOLETE_local: false peers { permanent_uuid: "75d151d4fd87436c95ddef37170a4896" member_type: VOTER last_known_addr { host: "127.19.177.65" port: 41803 } } peers { permanent_uuid: "909fbfbbd0bc420786d3c9839863bc6e" member_type: VOTER last_known_addr { host: "127.19.177.66" port: 33457 } } peers { permanent_uuid: "71bbb57e122640998993ea5258ba74ad" member_type: VOTER last_known_addr { host: "127.19.177.67" port: 36323 } }
I20260608 10:09:53.833123 23329 raft_consensus.cc:385] T b6bff8bca36448008d5994c67163b53c P 909fbfbbd0bc420786d3c9839863bc6e [term 0 FOLLOWER]: Consensus starting up: Expiring failure detector timer to make a prompt election more likely
I20260608 10:09:53.833547 23328 tablet_bootstrap.cc:492] T 79ccd378c0824ca0956e46801239da82 P 75d151d4fd87436c95ddef37170a4896: Bootstrap starting.
I20260608 10:09:53.835642 23327 ts_tablet_manager.cc:1434] T 79ccd378c0824ca0956e46801239da82 P 71bbb57e122640998993ea5258ba74ad: Time spent starting tablet: real 0.011s	user 0.006s	sys 0.004s
I20260608 10:09:53.833570 23329 raft_consensus.cc:740] T b6bff8bca36448008d5994c67163b53c P 909fbfbbd0bc420786d3c9839863bc6e [term 0 FOLLOWER]: Becoming Follower/Learner. State: Replica: 909fbfbbd0bc420786d3c9839863bc6e, State: Initialized, Role: FOLLOWER
I20260608 10:09:53.837286 23329 consensus_queue.cc:260] T b6bff8bca36448008d5994c67163b53c P 909fbfbbd0bc420786d3c9839863bc6e [NON_LEADER]: Queue going to NON_LEADER mode. State: All replicated index: 0, Majority replicated index: 0, Committed index: 0, Last appended: 0.0, Last appended by leader: 0, Current term: 0, Majority size: -1, State: 0, Mode: NON_LEADER, active raft config: opid_index: -1 OBSOLETE_local: false peers { permanent_uuid: "75d151d4fd87436c95ddef37170a4896" member_type: VOTER last_known_addr { host: "127.19.177.65" port: 41803 } } peers { permanent_uuid: "909fbfbbd0bc420786d3c9839863bc6e" member_type: VOTER last_known_addr { host: "127.19.177.66" port: 33457 } } peers { permanent_uuid: "71bbb57e122640998993ea5258ba74ad" member_type: VOTER last_known_addr { host: "127.19.177.67" port: 36323 } }
I20260608 10:09:53.840727 23328 tablet_bootstrap.cc:654] T 79ccd378c0824ca0956e46801239da82 P 75d151d4fd87436c95ddef37170a4896: Neither blocks nor log segments found. Creating new log.
I20260608 10:09:53.850447 23328 tablet_bootstrap.cc:492] T 79ccd378c0824ca0956e46801239da82 P 75d151d4fd87436c95ddef37170a4896: No bootstrap required, opened a new log
