Total number of LBM containers: 0 (0 full)
Did not check for missing blocks
Did not check for orphaned blocks
Total full LBM containers with extra space: 0 (0 repaired)
Total full LBM container extra space in bytes: 0 (0 repaired)
Total incomplete LBM containers: 0 (0 repaired)
Total LBM partial records: 0 (0 repaired)
Total corrupted LBM metadata records in RocksDB: 0 (0 repaired)
I20260608 10:09:36.534504 20165 rpc_server.cc:225] running with OpenSSL 1.1.1  11 Sep 2018
I20260608 10:09:36.535871 20165 kserver.cc:163] Server-wide thread pool size limit: 3276
I20260608 10:09:36.578548 20165 rpc_server.cc:307] RPC server started. Bound to: 127.19.177.126:42387
I20260608 10:09:36.578732 22403 acceptor_pool.cc:272] collecting diagnostics on the listening RPC socket 127.19.177.126:42387 every 8 connection(s)
I20260608 10:09:36.583259 22404 data_dirs.cc:400] Could only allocate 1 dirs of requested 3 for tablet 00000000000000000000000000000000. 1 dirs total, 0 dirs full, 0 dirs failed
I20260608 10:09:36.595237 22404 tablet_bootstrap.cc:492] T 00000000000000000000000000000000 P 352e9a3701f24904961befa61fd7c9d1: Bootstrap starting.
I20260608 10:09:36.600364 22404 tablet_bootstrap.cc:654] T 00000000000000000000000000000000 P 352e9a3701f24904961befa61fd7c9d1: Neither blocks nor log segments found. Creating new log.
I20260608 10:09:36.604931 22404 tablet_bootstrap.cc:492] T 00000000000000000000000000000000 P 352e9a3701f24904961befa61fd7c9d1: No bootstrap required, opened a new log
I20260608 10:09:36.607455 22404 raft_consensus.cc:359] T 00000000000000000000000000000000 P 352e9a3701f24904961befa61fd7c9d1 [term 0 FOLLOWER]: Replica starting. Triggering 0 pending ops. Active config: opid_index: -1 OBSOLETE_local: true peers { permanent_uuid: "352e9a3701f24904961befa61fd7c9d1" member_type: VOTER }
I20260608 10:09:36.607939 22404 raft_consensus.cc:385] T 00000000000000000000000000000000 P 352e9a3701f24904961befa61fd7c9d1 [term 0 FOLLOWER]: Consensus starting up: Expiring failure detector timer to make a prompt election more likely
I20260608 10:09:36.608197 22404 raft_consensus.cc:740] T 00000000000000000000000000000000 P 352e9a3701f24904961befa61fd7c9d1 [term 0 FOLLOWER]: Becoming Follower/Learner. State: Replica: 352e9a3701f24904961befa61fd7c9d1, State: Initialized, Role: FOLLOWER
I20260608 10:09:36.608897 22404 consensus_queue.cc:260] T 00000000000000000000000000000000 P 352e9a3701f24904961befa61fd7c9d1 [NON_LEADER]: Queue going to NON_LEADER mode. State: All replicated index: 0, Majority replicated index: 0, Committed index: 0, Last appended: 0.0, Last appended by leader: 0, Current term: 0, Majority size: -1, State: 0, Mode: NON_LEADER, active raft config: opid_index: -1 OBSOLETE_local: true peers { permanent_uuid: "352e9a3701f24904961befa61fd7c9d1" member_type: VOTER }
I20260608 10:09:36.609380 22404 raft_consensus.cc:399] T 00000000000000000000000000000000 P 352e9a3701f24904961befa61fd7c9d1 [term 0 FOLLOWER]: Only one voter in the Raft config. Triggering election immediately
I20260608 10:09:36.609623 22404 raft_consensus.cc:493] T 00000000000000000000000000000000 P 352e9a3701f24904961befa61fd7c9d1 [term 0 FOLLOWER]: Starting leader election (initial election of a single-replica configuration)
I20260608 10:09:36.609901 22404 raft_consensus.cc:3060] T 00000000000000000000000000000000 P 352e9a3701f24904961befa61fd7c9d1 [term 0 FOLLOWER]: Advancing to term 1
I20260608 10:09:36.615103 22404 raft_consensus.cc:515] T 00000000000000000000000000000000 P 352e9a3701f24904961befa61fd7c9d1 [term 1 FOLLOWER]: Starting leader election with config: opid_index: -1 OBSOLETE_local: true peers { permanent_uuid: "352e9a3701f24904961befa61fd7c9d1" member_type: VOTER }
I20260608 10:09:36.615667 22404 leader_election.cc:304] T 00000000000000000000000000000000 P 352e9a3701f24904961befa61fd7c9d1 [CANDIDATE]: Term 1 election: Election decided. Result: candidate won. Election summary: received 1 responses out of 1 voters: 1 yes votes; 0 no votes. yes voters: 352e9a3701f24904961befa61fd7c9d1; no voters: 
I20260608 10:09:36.616865 22404 leader_election.cc:290] T 00000000000000000000000000000000 P 352e9a3701f24904961befa61fd7c9d1 [CANDIDATE]: Term 1 election: Requested vote from peers 
I20260608 10:09:36.617314 22407 raft_consensus.cc:2804] T 00000000000000000000000000000000 P 352e9a3701f24904961befa61fd7c9d1 [term 1 FOLLOWER]: Leader election won for term 1
I20260608 10:09:36.618777 22407 raft_consensus.cc:697] T 00000000000000000000000000000000 P 352e9a3701f24904961befa61fd7c9d1 [term 1 LEADER]: Becoming Leader. State: Replica: 352e9a3701f24904961befa61fd7c9d1, State: Running, Role: LEADER
I20260608 10:09:36.619714 22407 consensus_queue.cc:237] T 00000000000000000000000000000000 P 352e9a3701f24904961befa61fd7c9d1 [LEADER]: Queue going to LEADER mode. State: All replicated index: 0, Majority replicated index: 0, Committed index: 0, Last appended: 0.0, Last appended by leader: 0, Current term: 1, Majority size: 1, State: 0, Mode: LEADER, active raft config: opid_index: -1 OBSOLETE_local: true peers { permanent_uuid: "352e9a3701f24904961befa61fd7c9d1" member_type: VOTER }
I20260608 10:09:36.620204 22404 sys_catalog.cc:565] T 00000000000000000000000000000000 P 352e9a3701f24904961befa61fd7c9d1 [sys.catalog]: configured and running, proceeding with master startup.
I20260608 10:09:36.623095 22409 sys_catalog.cc:455] T 00000000000000000000000000000000 P 352e9a3701f24904961befa61fd7c9d1 [sys.catalog]: SysCatalogTable state changed. Reason: New leader 352e9a3701f24904961befa61fd7c9d1. Latest consensus state: current_term: 1 leader_uuid: "352e9a3701f24904961befa61fd7c9d1" committed_config { opid_index: -1 OBSOLETE_local: true peers { permanent_uuid: "352e9a3701f24904961befa61fd7c9d1" member_type: VOTER } }
I20260608 10:09:36.623023 22408 sys_catalog.cc:455] T 00000000000000000000000000000000 P 352e9a3701f24904961befa61fd7c9d1 [sys.catalog]: SysCatalogTable state changed. Reason: RaftConsensus started. Latest consensus state: current_term: 1 leader_uuid: "352e9a3701f24904961befa61fd7c9d1" committed_config { opid_index: -1 OBSOLETE_local: true peers { permanent_uuid: "352e9a3701f24904961befa61fd7c9d1" member_type: VOTER } }
I20260608 10:09:36.623906 22409 sys_catalog.cc:458] T 00000000000000000000000000000000 P 352e9a3701f24904961befa61fd7c9d1 [sys.catalog]: This master's current role is: LEADER
I20260608 10:09:36.623982 22408 sys_catalog.cc:458] T 00000000000000000000000000000000 P 352e9a3701f24904961befa61fd7c9d1 [sys.catalog]: This master's current role is: LEADER
I20260608 10:09:36.632581 22413 catalog_manager.cc:1510] Loading table and tablet metadata into memory...
I20260608 10:09:36.638139 22413 catalog_manager.cc:1519] Initializing Kudu cluster ID...
I20260608 10:09:36.639288 20165 internal_mini_cluster.cc:184] Waiting to initialize catalog manager on master 0
I20260608 10:09:36.648185 22413 catalog_manager.cc:1382] Generated new cluster ID: fadbf2b196de48d5a2a9dc4833f8d60a
I20260608 10:09:36.648550 22413 catalog_manager.cc:1530] Initializing Kudu internal certificate authority...
I20260608 10:09:36.675551 22413 catalog_manager.cc:1405] Generated new certificate authority record
I20260608 10:09:36.677188 22413 catalog_manager.cc:1539] Loading token signing keys...
I20260608 10:09:36.694732 22413 catalog_manager.cc:6069] T 00000000000000000000000000000000 P 352e9a3701f24904961befa61fd7c9d1: Generated new TSK 0
I20260608 10:09:36.695402 22413 catalog_manager.cc:1549] Initializing in-progress tserver states...
I20260608 10:09:36.706106 20165 file_cache.cc:492] Constructed file cache file cache with capacity 419430
W20260608 10:09:36.713394 22425 instance_detector.cc:116] could not retrieve AWS instance metadata: Network error: curl error: HTTP response code said error: The requested URL returned error: 404
W20260608 10:09:36.713969 22426 instance_detector.cc:116] could not retrieve Azure instance metadata: Network error: curl error: HTTP response code said error: The requested URL returned error: 404
W20260608 10:09:36.715999 22428 instance_detector.cc:116] could not retrieve OpenStack instance metadata: Network error: curl error: HTTP response code said error: The requested URL returned error: 404
I20260608 10:09:36.716454 20165 server_base.cc:1061] running on GCE node
I20260608 10:09:36.717401 20165 hybrid_clock.cc:584] initializing the hybrid clock with 'system_unsync' time source
W20260608 10:09:36.717583 20165 system_unsync_time.cc:38] NTP support is disabled. Clock error bounds will not be accurate. This configuration is not suitable for distributed clusters.
I20260608 10:09:36.717810 20165 hybrid_clock.cc:648] HybridClock initialized: now 1780913376717771 us; error 0 us; skew 500 ppm
I20260608 10:09:36.718463 20165 server_base.cc:861] Flag tcmalloc_max_total_thread_cache_bytes is not working since tcmalloc is not enabled.
I20260608 10:09:36.721048 20165 webserver.cc:533] Webserver started at http://127.19.177.65:42381/ using document root <none> and password file <none>
I20260608 10:09:36.721679 20165 fs_manager.cc:362] Metadata directory not provided
I20260608 10:09:36.721873 20165 fs_manager.cc:368] Using write-ahead log directory (fs_wal_dir) as metadata directory
I20260608 10:09:36.722174 20165 server_base.cc:909] This appears to be a new deployment of Kudu; creating new FS layout
I20260608 10:09:36.723467 20165 fs_manager.cc:1068] Generated new instance metadata in path /tmp/dist-test-taskWJ5C_Z/test-tmp/auto_rebalancer-test.0.AutoRebalancerTest.NoReplicaMovesIfNoTablets.1780913314847229-20165-0/minicluster-data/ts-0-root/instance:
uuid: "461e530c093241de9ded1586bd33d1ac"
format_stamp: "Formatted at 2026-06-08 10:09:36 on dist-test-slave-j7tv"
I20260608 10:09:36.728329 20165 fs_manager.cc:696] Time spent creating directory manager: real 0.004s	user 0.001s	sys 0.004s
I20260608 10:09:36.732578 22433 log_block_manager.cc:4031] Time spent loading block containers with low live blocks: real 0.000s	user 0.000s	sys 0.000s
I20260608 10:09:36.733459 20165 fs_manager.cc:730] Time spent opening block manager: real 0.003s	user 0.001s	sys 0.000s
I20260608 10:09:36.733825 20165 fs_manager.cc:647] Opened local filesystem: /tmp/dist-test-taskWJ5C_Z/test-tmp/auto_rebalancer-test.0.AutoRebalancerTest.NoReplicaMovesIfNoTablets.1780913314847229-20165-0/minicluster-data/ts-0-root
uuid: "461e530c093241de9ded1586bd33d1ac"
format_stamp: "Formatted at 2026-06-08 10:09:36 on dist-test-slave-j7tv"
I20260608 10:09:36.734139 20165 fs_report.cc:389] FS layout report
--------------------
wal directory: /tmp/dist-test-taskWJ5C_Z/test-tmp/auto_rebalancer-test.0.AutoRebalancerTest.NoReplicaMovesIfNoTablets.1780913314847229-20165-0/minicluster-data/ts-0-root
metadata directory: /tmp/dist-test-taskWJ5C_Z/test-tmp/auto_rebalancer-test.0.AutoRebalancerTest.NoReplicaMovesIfNoTablets.1780913314847229-20165-0/minicluster-data/ts-0-root
1 data directories: /tmp/dist-test-taskWJ5C_Z/test-tmp/auto_rebalancer-test.0.AutoRebalancerTest.NoReplicaMovesIfNoTablets.1780913314847229-20165-0/minicluster-data/ts-0-root/data
Total live blocks: 0
Total live bytes: 0
Total live bytes (after alignment): 0
Total number of LBM containers: 0 (0 full)
Did not check for missing blocks
Did not check for orphaned blocks
Total full LBM containers with extra space: 0 (0 repaired)
Total full LBM container extra space in bytes: 0 (0 repaired)
Total incomplete LBM containers: 0 (0 repaired)
Total LBM partial records: 0 (0 repaired)
Total corrupted LBM metadata records in RocksDB: 0 (0 repaired)
I20260608 10:09:36.778311 20165 rpc_server.cc:225] running with OpenSSL 1.1.1  11 Sep 2018
I20260608 10:09:36.779815 20165 kserver.cc:163] Server-wide thread pool size limit: 3276
I20260608 10:09:36.781615 20165 txn_system_client.cc:432] TxnSystemClient initialization is disabled...
I20260608 10:09:36.784534 20165 ts_tablet_manager.cc:585] Loaded tablet metadata (0 total tablets, 0 live tablets)
I20260608 10:09:36.784797 20165 ts_tablet_manager.cc:531] Time spent load tablet metadata: real 0.000s	user 0.000s	sys 0.000s
I20260608 10:09:36.785071 20165 ts_tablet_manager.cc:616] Registered 0 tablets
I20260608 10:09:36.785275 20165 ts_tablet_manager.cc:595] Time spent register tablets: real 0.000s	user 0.000s	sys 0.000s
I20260608 10:09:36.832868 20165 rpc_server.cc:307] RPC server started. Bound to: 127.19.177.65:40057
I20260608 10:09:36.833003 22495 acceptor_pool.cc:272] collecting diagnostics on the listening RPC socket 127.19.177.65:40057 every 8 connection(s)
I20260608 10:09:36.840857 20165 file_cache.cc:492] Constructed file cache file cache with capacity 419430
W20260608 10:09:36.848729 22500 instance_detector.cc:116] could not retrieve AWS instance metadata: Network error: curl error: HTTP response code said error: The requested URL returned error: 404
W20260608 10:09:36.850829 22501 instance_detector.cc:116] could not retrieve Azure instance metadata: Network error: curl error: HTTP response code said error: The requested URL returned error: 404
W20260608 10:09:36.852741 22503 instance_detector.cc:116] could not retrieve OpenStack instance metadata: Network error: curl error: HTTP response code said error: The requested URL returned error: 404
I20260608 10:09:36.853356 20165 server_base.cc:1061] running on GCE node
I20260608 10:09:36.854533 20165 hybrid_clock.cc:584] initializing the hybrid clock with 'system_unsync' time source
W20260608 10:09:36.854897 20165 system_unsync_time.cc:38] NTP support is disabled. Clock error bounds will not be accurate. This configuration is not suitable for distributed clusters.
I20260608 10:09:36.855134 20165 hybrid_clock.cc:648] HybridClock initialized: now 1780913376855109 us; error 0 us; skew 500 ppm
I20260608 10:09:36.855625 22496 heartbeater.cc:344] Connected to a master server at 127.19.177.126:42387
I20260608 10:09:36.855863 20165 server_base.cc:861] Flag tcmalloc_max_total_thread_cache_bytes is not working since tcmalloc is not enabled.
I20260608 10:09:36.856027 22496 heartbeater.cc:461] Registering TS with master...
I20260608 10:09:36.857002 22496 heartbeater.cc:507] Master 127.19.177.126:42387 requested a full tablet report, sending...
I20260608 10:09:36.858935 20165 webserver.cc:533] Webserver started at http://127.19.177.66:41587/ using document root <none> and password file <none>
I20260608 10:09:36.859532 20165 fs_manager.cc:362] Metadata directory not provided
I20260608 10:09:36.859571 22369 ts_manager.cc:194] Registered new tserver with Master: 461e530c093241de9ded1586bd33d1ac (127.19.177.65:40057)
I20260608 10:09:36.859812 20165 fs_manager.cc:368] Using write-ahead log directory (fs_wal_dir) as metadata directory
I20260608 10:09:36.860232 20165 server_base.cc:909] This appears to be a new deployment of Kudu; creating new FS layout
I20260608 10:09:36.861610 20165 fs_manager.cc:1068] Generated new instance metadata in path /tmp/dist-test-taskWJ5C_Z/test-tmp/auto_rebalancer-test.0.AutoRebalancerTest.NoReplicaMovesIfNoTablets.1780913314847229-20165-0/minicluster-data/ts-1-root/instance:
uuid: "3232326a0acf4341ae18490c9719e04e"
format_stamp: "Formatted at 2026-06-08 10:09:36 on dist-test-slave-j7tv"
I20260608 10:09:36.861768 22369 master_service.cc:502] Signed X509 certificate for tserver {username='slave'} at 127.0.0.1:58948
I20260608 10:09:36.867367 20165 fs_manager.cc:696] Time spent creating directory manager: real 0.005s	user 0.005s	sys 0.002s
I20260608 10:09:36.871340 22508 log_block_manager.cc:4031] Time spent loading block containers with low live blocks: real 0.000s	user 0.000s	sys 0.000s
I20260608 10:09:36.872216 20165 fs_manager.cc:730] Time spent opening block manager: real 0.003s	user 0.002s	sys 0.002s
I20260608 10:09:36.872572 20165 fs_manager.cc:647] Opened local filesystem: /tmp/dist-test-taskWJ5C_Z/test-tmp/auto_rebalancer-test.0.AutoRebalancerTest.NoReplicaMovesIfNoTablets.1780913314847229-20165-0/minicluster-data/ts-1-root
uuid: "3232326a0acf4341ae18490c9719e04e"
format_stamp: "Formatted at 2026-06-08 10:09:36 on dist-test-slave-j7tv"
I20260608 10:09:36.872848 20165 fs_report.cc:389] FS layout report
--------------------
wal directory: /tmp/dist-test-taskWJ5C_Z/test-tmp/auto_rebalancer-test.0.AutoRebalancerTest.NoReplicaMovesIfNoTablets.1780913314847229-20165-0/minicluster-data/ts-1-root
metadata directory: /tmp/dist-test-taskWJ5C_Z/test-tmp/auto_rebalancer-test.0.AutoRebalancerTest.NoReplicaMovesIfNoTablets.1780913314847229-20165-0/minicluster-data/ts-1-root
1 data directories: /tmp/dist-test-taskWJ5C_Z/test-tmp/auto_rebalancer-test.0.AutoRebalancerTest.NoReplicaMovesIfNoTablets.1780913314847229-20165-0/minicluster-data/ts-1-root/data
Total live blocks: 0
Total live bytes: 0
Total live bytes (after alignment): 0
Total number of LBM containers: 0 (0 full)
Did not check for missing blocks
Did not check for orphaned blocks
Total full LBM containers with extra space: 0 (0 repaired)
Total full LBM container extra space in bytes: 0 (0 repaired)
Total incomplete LBM containers: 0 (0 repaired)
Total LBM partial records: 0 (0 repaired)
Total corrupted LBM metadata records in RocksDB: 0 (0 repaired)
I20260608 10:09:36.887359 20165 rpc_server.cc:225] running with OpenSSL 1.1.1  11 Sep 2018
I20260608 10:09:36.888722 20165 kserver.cc:163] Server-wide thread pool size limit: 3276
I20260608 10:09:36.890260 20165 txn_system_client.cc:432] TxnSystemClient initialization is disabled...
I20260608 10:09:36.893136 20165 ts_tablet_manager.cc:585] Loaded tablet metadata (0 total tablets, 0 live tablets)
I20260608 10:09:36.893653 20165 ts_tablet_manager.cc:531] Time spent load tablet metadata: real 0.001s	user 0.000s	sys 0.000s
I20260608 10:09:36.893949 20165 ts_tablet_manager.cc:616] Registered 0 tablets
I20260608 10:09:36.894163 20165 ts_tablet_manager.cc:595] Time spent register tablets: real 0.000s	user 0.000s	sys 0.000s
I20260608 10:09:36.937806 20165 rpc_server.cc:307] RPC server started. Bound to: 127.19.177.66:42573
I20260608 10:09:36.937928 22570 acceptor_pool.cc:272] collecting diagnostics on the listening RPC socket 127.19.177.66:42573 every 8 connection(s)
I20260608 10:09:36.943100 20165 file_cache.cc:492] Constructed file cache file cache with capacity 419430
W20260608 10:09:36.950300 22574 instance_detector.cc:116] could not retrieve AWS instance metadata: Network error: curl error: HTTP response code said error: The requested URL returned error: 404
W20260608 10:09:36.951851 22575 instance_detector.cc:116] could not retrieve Azure instance metadata: Network error: curl error: HTTP response code said error: The requested URL returned error: 404
W20260608 10:09:36.954624 22578 instance_detector.cc:116] could not retrieve OpenStack instance metadata: Network error: curl error: HTTP response code said error: The requested URL returned error: 404
I20260608 10:09:36.955442 20165 server_base.cc:1061] running on GCE node
I20260608 10:09:36.955313 22571 heartbeater.cc:344] Connected to a master server at 127.19.177.126:42387
I20260608 10:09:36.956101 22571 heartbeater.cc:461] Registering TS with master...
I20260608 10:09:36.956492 20165 hybrid_clock.cc:584] initializing the hybrid clock with 'system_unsync' time source
W20260608 10:09:36.956733 20165 system_unsync_time.cc:38] NTP support is disabled. Clock error bounds will not be accurate. This configuration is not suitable for distributed clusters.
I20260608 10:09:36.956912 20165 hybrid_clock.cc:648] HybridClock initialized: now 1780913376956897 us; error 0 us; skew 500 ppm
I20260608 10:09:36.956948 22571 heartbeater.cc:507] Master 127.19.177.126:42387 requested a full tablet report, sending...
I20260608 10:09:36.957595 20165 server_base.cc:861] Flag tcmalloc_max_total_thread_cache_bytes is not working since tcmalloc is not enabled.
I20260608 10:09:36.959510 22369 ts_manager.cc:194] Registered new tserver with Master: 3232326a0acf4341ae18490c9719e04e (127.19.177.66:42573)
I20260608 10:09:36.960675 20165 webserver.cc:533] Webserver started at http://127.19.177.67:43271/ using document root <none> and password file <none>
I20260608 10:09:36.961404 20165 fs_manager.cc:362] Metadata directory not provided
I20260608 10:09:36.961509 22369 master_service.cc:502] Signed X509 certificate for tserver {username='slave'} at 127.0.0.1:58950
I20260608 10:09:36.961670 20165 fs_manager.cc:368] Using write-ahead log directory (fs_wal_dir) as metadata directory
I20260608 10:09:36.962055 20165 server_base.cc:909] This appears to be a new deployment of Kudu; creating new FS layout
I20260608 10:09:36.963523 20165 fs_manager.cc:1068] Generated new instance metadata in path /tmp/dist-test-taskWJ5C_Z/test-tmp/auto_rebalancer-test.0.AutoRebalancerTest.NoReplicaMovesIfNoTablets.1780913314847229-20165-0/minicluster-data/ts-2-root/instance:
uuid: "14d4172b57144963a2b216302ef11d8a"
format_stamp: "Formatted at 2026-06-08 10:09:36 on dist-test-slave-j7tv"
I20260608 10:09:36.968397 20165 fs_manager.cc:696] Time spent creating directory manager: real 0.004s	user 0.005s	sys 0.000s
I20260608 10:09:36.972078 22582 log_block_manager.cc:4031] Time spent loading block containers with low live blocks: real 0.000s	user 0.000s	sys 0.000s
I20260608 10:09:36.973052 20165 fs_manager.cc:730] Time spent opening block manager: real 0.003s	user 0.004s	sys 0.000s
I20260608 10:09:36.973327 20165 fs_manager.cc:647] Opened local filesystem: /tmp/dist-test-taskWJ5C_Z/test-tmp/auto_rebalancer-test.0.AutoRebalancerTest.NoReplicaMovesIfNoTablets.1780913314847229-20165-0/minicluster-data/ts-2-root
uuid: "14d4172b57144963a2b216302ef11d8a"
format_stamp: "Formatted at 2026-06-08 10:09:36 on dist-test-slave-j7tv"
I20260608 10:09:36.973572 20165 fs_report.cc:389] FS layout report
--------------------
wal directory: /tmp/dist-test-taskWJ5C_Z/test-tmp/auto_rebalancer-test.0.AutoRebalancerTest.NoReplicaMovesIfNoTablets.1780913314847229-20165-0/minicluster-data/ts-2-root
metadata directory: /tmp/dist-test-taskWJ5C_Z/test-tmp/auto_rebalancer-test.0.AutoRebalancerTest.NoReplicaMovesIfNoTablets.1780913314847229-20165-0/minicluster-data/ts-2-root
1 data directories: /tmp/dist-test-taskWJ5C_Z/test-tmp/auto_rebalancer-test.0.AutoRebalancerTest.NoReplicaMovesIfNoTablets.1780913314847229-20165-0/minicluster-data/ts-2-root/data
Total live blocks: 0
Total live bytes: 0
Total live bytes (after alignment): 0
Total number of LBM containers: 0 (0 full)
Did not check for missing blocks
Did not check for orphaned blocks
Total full LBM containers with extra space: 0 (0 repaired)
Total full LBM container extra space in bytes: 0 (0 repaired)
Total incomplete LBM containers: 0 (0 repaired)
Total LBM partial records: 0 (0 repaired)
Total corrupted LBM metadata records in RocksDB: 0 (0 repaired)
I20260608 10:09:37.003999 20165 rpc_server.cc:225] running with OpenSSL 1.1.1  11 Sep 2018
I20260608 10:09:37.005812 20165 kserver.cc:163] Server-wide thread pool size limit: 3276
I20260608 10:09:37.007342 20165 txn_system_client.cc:432] TxnSystemClient initialization is disabled...
I20260608 10:09:37.009819 20165 ts_tablet_manager.cc:585] Loaded tablet metadata (0 total tablets, 0 live tablets)
I20260608 10:09:37.010129 20165 ts_tablet_manager.cc:531] Time spent load tablet metadata: real 0.000s	user 0.000s	sys 0.000s
I20260608 10:09:37.010423 20165 ts_tablet_manager.cc:616] Registered 0 tablets
I20260608 10:09:37.010721 20165 ts_tablet_manager.cc:595] Time spent register tablets: real 0.000s	user 0.001s	sys 0.000s
I20260608 10:09:37.054809 20165 rpc_server.cc:307] RPC server started. Bound to: 127.19.177.67:46579
I20260608 10:09:37.054920 22644 acceptor_pool.cc:272] collecting diagnostics on the listening RPC socket 127.19.177.67:46579 every 8 connection(s)
I20260608 10:09:37.070268 22645 heartbeater.cc:344] Connected to a master server at 127.19.177.126:42387
I20260608 10:09:37.070667 22645 heartbeater.cc:461] Registering TS with master...
I20260608 10:09:37.071451 22645 heartbeater.cc:507] Master 127.19.177.126:42387 requested a full tablet report, sending...
I20260608 10:09:37.073401 22369 ts_manager.cc:194] Registered new tserver with Master: 14d4172b57144963a2b216302ef11d8a (127.19.177.67:46579)
I20260608 10:09:37.074290 20165 internal_mini_cluster.cc:371] 3 TS(s) registered with all masters after 0.015890002s
I20260608 10:09:37.074982 22369 master_service.cc:502] Signed X509 certificate for tserver {username='slave'} at 127.0.0.1:58964
I20260608 10:09:37.864918 22496 heartbeater.cc:499] Master 127.19.177.126:42387 was elected leader, sending a full tablet report...
I20260608 10:09:37.964601 22571 heartbeater.cc:499] Master 127.19.177.126:42387 was elected leader, sending a full tablet report...
I20260608 10:09:38.078094 22645 heartbeater.cc:499] Master 127.19.177.126:42387 was elected leader, sending a full tablet report...
I20260608 10:09:38.637504 22422 auto_leader_rebalancer.cc:451] All tables' leader rebalancing finished this round
I20260608 10:09:40.638417 22422 auto_leader_rebalancer.cc:451] All tables' leader rebalancing finished this round
I20260608 10:09:42.639600 22422 auto_leader_rebalancer.cc:451] All tables' leader rebalancing finished this round
I20260608 10:09:44.640755 22422 auto_leader_rebalancer.cc:451] All tables' leader rebalancing finished this round
I20260608 10:09:46.642107 22422 auto_leader_rebalancer.cc:451] All tables' leader rebalancing finished this round
I20260608 10:09:48.643384 22422 auto_leader_rebalancer.cc:451] All tables' leader rebalancing finished this round
I20260608 10:09:49.173230 20165 tablet_server.cc:179] TabletServer@127.19.177.65:0 shutting down...
I20260608 10:09:49.199030 20165 ts_tablet_manager.cc:1507] Shutting down tablet manager...
I20260608 10:09:49.216326 20165 tablet_server.cc:196] TabletServer@127.19.177.65:0 shutdown complete.
I20260608 10:09:49.227311 20165 tablet_server.cc:179] TabletServer@127.19.177.66:0 shutting down...
I20260608 10:09:49.248713 20165 ts_tablet_manager.cc:1507] Shutting down tablet manager...
I20260608 10:09:49.265029 20165 tablet_server.cc:196] TabletServer@127.19.177.66:0 shutdown complete.
I20260608 10:09:49.274389 20165 tablet_server.cc:179] TabletServer@127.19.177.67:0 shutting down...
I20260608 10:09:49.295848 20165 ts_tablet_manager.cc:1507] Shutting down tablet manager...
I20260608 10:09:49.312558 20165 tablet_server.cc:196] TabletServer@127.19.177.67:0 shutdown complete.
I20260608 10:09:49.321758 20165 master.cc:562] Master@127.19.177.126:42387 shutting down...
I20260608 10:09:49.343840 20165 raft_consensus.cc:2243] T 00000000000000000000000000000000 P 352e9a3701f24904961befa61fd7c9d1 [term 1 LEADER]: Raft consensus shutting down.
I20260608 10:09:49.344576 20165 raft_consensus.cc:2272] T 00000000000000000000000000000000 P 352e9a3701f24904961befa61fd7c9d1 [term 1 FOLLOWER]: Raft consensus is shut down!
I20260608 10:09:49.344959 20165 tablet_replica.cc:333] T 00000000000000000000000000000000 P 352e9a3701f24904961befa61fd7c9d1: stopping tablet replica
I20260608 10:09:49.363330 20165 master.cc:584] Master@127.19.177.126:42387 shutdown complete.
[       OK ] AutoRebalancerTest.NoReplicaMovesIfNoTablets (12914 ms)
[ RUN      ] AutoRebalancerTest.RangeAwareBuildClusterInfoGroupsByRange
I20260608 10:09:49.397918 20165 internal_mini_cluster.cc:156] Creating distributed mini masters. Addrs: 127.19.177.126:43949
I20260608 10:09:49.399230 20165 file_cache.cc:492] Constructed file cache file cache with capacity 419430
W20260608 10:09:49.405254 22651 instance_detector.cc:116] could not retrieve Azure instance metadata: Network error: curl error: HTTP response code said error: The requested URL returned error: 404
W20260608 10:09:49.405444 22650 instance_detector.cc:116] could not retrieve AWS instance metadata: Network error: curl error: HTTP response code said error: The requested URL returned error: 404
W20260608 10:09:49.406411 22653 instance_detector.cc:116] could not retrieve OpenStack instance metadata: Network error: curl error: HTTP response code said error: The requested URL returned error: 404
I20260608 10:09:49.408082 20165 server_base.cc:1061] running on GCE node
I20260608 10:09:49.409092 20165 hybrid_clock.cc:584] initializing the hybrid clock with 'system_unsync' time source
W20260608 10:09:49.409291 20165 system_unsync_time.cc:38] NTP support is disabled. Clock error bounds will not be accurate. This configuration is not suitable for distributed clusters.
I20260608 10:09:49.409538 20165 hybrid_clock.cc:648] HybridClock initialized: now 1780913389409491 us; error 0 us; skew 500 ppm
I20260608 10:09:49.410238 20165 server_base.cc:861] Flag tcmalloc_max_total_thread_cache_bytes is not working since tcmalloc is not enabled.
I20260608 10:09:49.413048 20165 webserver.cc:533] Webserver started at http://127.19.177.126:32891/ using document root <none> and password file <none>
I20260608 10:09:49.413595 20165 fs_manager.cc:362] Metadata directory not provided
I20260608 10:09:49.413802 20165 fs_manager.cc:368] Using write-ahead log directory (fs_wal_dir) as metadata directory
I20260608 10:09:49.414110 20165 server_base.cc:909] This appears to be a new deployment of Kudu; creating new FS layout
I20260608 10:09:49.415403 20165 fs_manager.cc:1068] Generated new instance metadata in path /tmp/dist-test-taskWJ5C_Z/test-tmp/auto_rebalancer-test.0.AutoRebalancerTest.RangeAwareBuildClusterInfoGroupsByRange.1780913314847229-20165-0/minicluster-data/master-0-root/instance:
uuid: "0e762f6688914382adb7f98911cd4333"
format_stamp: "Formatted at 2026-06-08 10:09:49 on dist-test-slave-j7tv"
I20260608 10:09:49.420243 20165 fs_manager.cc:696] Time spent creating directory manager: real 0.004s	user 0.005s	sys 0.000s
I20260608 10:09:49.424547 22658 log_block_manager.cc:4031] Time spent loading block containers with low live blocks: real 0.000s	user 0.000s	sys 0.000s
I20260608 10:09:49.425452 20165 fs_manager.cc:730] Time spent opening block manager: real 0.003s	user 0.001s	sys 0.000s
I20260608 10:09:49.425762 20165 fs_manager.cc:647] Opened local filesystem: /tmp/dist-test-taskWJ5C_Z/test-tmp/auto_rebalancer-test.0.AutoRebalancerTest.RangeAwareBuildClusterInfoGroupsByRange.1780913314847229-20165-0/minicluster-data/master-0-root
uuid: "0e762f6688914382adb7f98911cd4333"
format_stamp: "Formatted at 2026-06-08 10:09:49 on dist-test-slave-j7tv"
I20260608 10:09:49.426077 20165 fs_report.cc:389] FS layout report
--------------------
wal directory: /tmp/dist-test-taskWJ5C_Z/test-tmp/auto_rebalancer-test.0.AutoRebalancerTest.RangeAwareBuildClusterInfoGroupsByRange.1780913314847229-20165-0/minicluster-data/master-0-root
metadata directory: /tmp/dist-test-taskWJ5C_Z/test-tmp/auto_rebalancer-test.0.AutoRebalancerTest.RangeAwareBuildClusterInfoGroupsByRange.1780913314847229-20165-0/minicluster-data/master-0-root
1 data directories: /tmp/dist-test-taskWJ5C_Z/test-tmp/auto_rebalancer-test.0.AutoRebalancerTest.RangeAwareBuildClusterInfoGroupsByRange.1780913314847229-20165-0/minicluster-data/master-0-root/data
Total live blocks: 0
Total live bytes: 0
Total live bytes (after alignment): 0
Total number of LBM containers: 0 (0 full)
Did not check for missing blocks
Did not check for orphaned blocks
Total full LBM containers with extra space: 0 (0 repaired)
Total full LBM container extra space in bytes: 0 (0 repaired)
Total incomplete LBM containers: 0 (0 repaired)
Total LBM partial records: 0 (0 repaired)
Total corrupted LBM metadata records in RocksDB: 0 (0 repaired)
I20260608 10:09:49.447459 20165 rpc_server.cc:225] running with OpenSSL 1.1.1  11 Sep 2018
I20260608 10:09:49.448961 20165 kserver.cc:163] Server-wide thread pool size limit: 3276
I20260608 10:09:49.491712 20165 rpc_server.cc:307] RPC server started. Bound to: 127.19.177.126:43949
I20260608 10:09:49.491835 22709 acceptor_pool.cc:272] collecting diagnostics on the listening RPC socket 127.19.177.126:43949 every 8 connection(s)
I20260608 10:09:49.496318 22710 data_dirs.cc:400] Could only allocate 1 dirs of requested 3 for tablet 00000000000000000000000000000000. 1 dirs total, 0 dirs full, 0 dirs failed
I20260608 10:09:49.508644 22710 tablet_bootstrap.cc:492] T 00000000000000000000000000000000 P 0e762f6688914382adb7f98911cd4333: Bootstrap starting.
I20260608 10:09:49.513703 22710 tablet_bootstrap.cc:654] T 00000000000000000000000000000000 P 0e762f6688914382adb7f98911cd4333: Neither blocks nor log segments found. Creating new log.
I20260608 10:09:49.518172 22710 tablet_bootstrap.cc:492] T 00000000000000000000000000000000 P 0e762f6688914382adb7f98911cd4333: No bootstrap required, opened a new log
I20260608 10:09:49.520602 22710 raft_consensus.cc:359] T 00000000000000000000000000000000 P 0e762f6688914382adb7f98911cd4333 [term 0 FOLLOWER]: Replica starting. Triggering 0 pending ops. Active config: opid_index: -1 OBSOLETE_local: true peers { permanent_uuid: "0e762f6688914382adb7f98911cd4333" member_type: VOTER }
I20260608 10:09:49.521061 22710 raft_consensus.cc:385] T 00000000000000000000000000000000 P 0e762f6688914382adb7f98911cd4333 [term 0 FOLLOWER]: Consensus starting up: Expiring failure detector timer to make a prompt election more likely
I20260608 10:09:49.521303 22710 raft_consensus.cc:740] T 00000000000000000000000000000000 P 0e762f6688914382adb7f98911cd4333 [term 0 FOLLOWER]: Becoming Follower/Learner. State: Replica: 0e762f6688914382adb7f98911cd4333, State: Initialized, Role: FOLLOWER
I20260608 10:09:49.521914 22710 consensus_queue.cc:260] T 00000000000000000000000000000000 P 0e762f6688914382adb7f98911cd4333 [NON_LEADER]: Queue going to NON_LEADER mode. State: All replicated index: 0, Majority replicated index: 0, Committed index: 0, Last appended: 0.0, Last appended by leader: 0, Current term: 0, Majority size: -1, State: 0, Mode: NON_LEADER, active raft config: opid_index: -1 OBSOLETE_local: true peers { permanent_uuid: "0e762f6688914382adb7f98911cd4333" member_type: VOTER }
I20260608 10:09:49.522433 22710 raft_consensus.cc:399] T 00000000000000000000000000000000 P 0e762f6688914382adb7f98911cd4333 [term 0 FOLLOWER]: Only one voter in the Raft config. Triggering election immediately
I20260608 10:09:49.522722 22710 raft_consensus.cc:493] T 00000000000000000000000000000000 P 0e762f6688914382adb7f98911cd4333 [term 0 FOLLOWER]: Starting leader election (initial election of a single-replica configuration)
I20260608 10:09:49.523013 22710 raft_consensus.cc:3060] T 00000000000000000000000000000000 P 0e762f6688914382adb7f98911cd4333 [term 0 FOLLOWER]: Advancing to term 1
I20260608 10:09:49.527758 22710 raft_consensus.cc:515] T 00000000000000000000000000000000 P 0e762f6688914382adb7f98911cd4333 [term 1 FOLLOWER]: Starting leader election with config: opid_index: -1 OBSOLETE_local: true peers { permanent_uuid: "0e762f6688914382adb7f98911cd4333" member_type: VOTER }
I20260608 10:09:49.528375 22710 leader_election.cc:304] T 00000000000000000000000000000000 P 0e762f6688914382adb7f98911cd4333 [CANDIDATE]: Term 1 election: Election decided. Result: candidate won. Election summary: received 1 responses out of 1 voters: 1 yes votes; 0 no votes. yes voters: 0e762f6688914382adb7f98911cd4333; no voters: 
I20260608 10:09:49.529542 22710 leader_election.cc:290] T 00000000000000000000000000000000 P 0e762f6688914382adb7f98911cd4333 [CANDIDATE]: Term 1 election: Requested vote from peers 
I20260608 10:09:49.530025 22713 raft_consensus.cc:2804] T 00000000000000000000000000000000 P 0e762f6688914382adb7f98911cd4333 [term 1 FOLLOWER]: Leader election won for term 1
I20260608 10:09:49.531534 22713 raft_consensus.cc:697] T 00000000000000000000000000000000 P 0e762f6688914382adb7f98911cd4333 [term 1 LEADER]: Becoming Leader. State: Replica: 0e762f6688914382adb7f98911cd4333, State: Running, Role: LEADER
I20260608 10:09:49.532213 22713 consensus_queue.cc:237] T 00000000000000000000000000000000 P 0e762f6688914382adb7f98911cd4333 [LEADER]: Queue going to LEADER mode. State: All replicated index: 0, Majority replicated index: 0, Committed index: 0, Last appended: 0.0, Last appended by leader: 0, Current term: 1, Majority size: 1, State: 0, Mode: LEADER, active raft config: opid_index: -1 OBSOLETE_local: true peers { permanent_uuid: "0e762f6688914382adb7f98911cd4333" member_type: VOTER }
I20260608 10:09:49.532881 22710 sys_catalog.cc:565] T 00000000000000000000000000000000 P 0e762f6688914382adb7f98911cd4333 [sys.catalog]: configured and running, proceeding with master startup.
I20260608 10:09:49.535377 22715 sys_catalog.cc:455] T 00000000000000000000000000000000 P 0e762f6688914382adb7f98911cd4333 [sys.catalog]: SysCatalogTable state changed. Reason: New leader 0e762f6688914382adb7f98911cd4333. Latest consensus state: current_term: 1 leader_uuid: "0e762f6688914382adb7f98911cd4333" committed_config { opid_index: -1 OBSOLETE_local: true peers { permanent_uuid: "0e762f6688914382adb7f98911cd4333" member_type: VOTER } }
I20260608 10:09:49.535305 22714 sys_catalog.cc:455] T 00000000000000000000000000000000 P 0e762f6688914382adb7f98911cd4333 [sys.catalog]: SysCatalogTable state changed. Reason: RaftConsensus started. Latest consensus state: current_term: 1 leader_uuid: "0e762f6688914382adb7f98911cd4333" committed_config { opid_index: -1 OBSOLETE_local: true peers { permanent_uuid: "0e762f6688914382adb7f98911cd4333" member_type: VOTER } }
I20260608 10:09:49.535998 22715 sys_catalog.cc:458] T 00000000000000000000000000000000 P 0e762f6688914382adb7f98911cd4333 [sys.catalog]: This master's current role is: LEADER
I20260608 10:09:49.536120 22714 sys_catalog.cc:458] T 00000000000000000000000000000000 P 0e762f6688914382adb7f98911cd4333 [sys.catalog]: This master's current role is: LEADER
I20260608 10:09:49.540455 22718 catalog_manager.cc:1510] Loading table and tablet metadata into memory...
I20260608 10:09:49.545715 22718 catalog_manager.cc:1519] Initializing Kudu cluster ID...
I20260608 10:09:49.552672 20165 internal_mini_cluster.cc:184] Waiting to initialize catalog manager on master 0
I20260608 10:09:49.556835 22718 catalog_manager.cc:1382] Generated new cluster ID: 98f81697b5c445aab1f39874fdda5380
I20260608 10:09:49.557274 22718 catalog_manager.cc:1530] Initializing Kudu internal certificate authority...
I20260608 10:09:49.597285 22718 catalog_manager.cc:1405] Generated new certificate authority record
I20260608 10:09:49.598624 22718 catalog_manager.cc:1539] Loading token signing keys...
I20260608 10:09:49.618685 22718 catalog_manager.cc:6069] T 00000000000000000000000000000000 P 0e762f6688914382adb7f98911cd4333: Generated new TSK 0
I20260608 10:09:49.619335 22718 catalog_manager.cc:1549] Initializing in-progress tserver states...
I20260608 10:09:49.624291 20165 file_cache.cc:492] Constructed file cache file cache with capacity 419430
W20260608 10:09:49.631012 22731 instance_detector.cc:116] could not retrieve AWS instance metadata: Network error: curl error: HTTP response code said error: The requested URL returned error: 404
W20260608 10:09:49.632313 22732 instance_detector.cc:116] could not retrieve Azure instance metadata: Network error: curl error: HTTP response code said error: The requested URL returned error: 404
W20260608 10:09:49.635695 22734 instance_detector.cc:116] could not retrieve OpenStack instance metadata: Network error: curl error: HTTP response code said error: The requested URL returned error: 404
I20260608 10:09:49.635775 20165 server_base.cc:1061] running on GCE node
I20260608 10:09:49.636830 20165 hybrid_clock.cc:584] initializing the hybrid clock with 'system_unsync' time source
W20260608 10:09:49.637017 20165 system_unsync_time.cc:38] NTP support is disabled. Clock error bounds will not be accurate. This configuration is not suitable for distributed clusters.
I20260608 10:09:49.637228 20165 hybrid_clock.cc:648] HybridClock initialized: now 1780913389637206 us; error 0 us; skew 500 ppm
I20260608 10:09:49.637869 20165 server_base.cc:861] Flag tcmalloc_max_total_thread_cache_bytes is not working since tcmalloc is not enabled.
I20260608 10:09:49.640465 20165 webserver.cc:533] Webserver started at http://127.19.177.65:33993/ using document root <none> and password file <none>
I20260608 10:09:49.640985 20165 fs_manager.cc:362] Metadata directory not provided
I20260608 10:09:49.641189 20165 fs_manager.cc:368] Using write-ahead log directory (fs_wal_dir) as metadata directory
I20260608 10:09:49.641480 20165 server_base.cc:909] This appears to be a new deployment of Kudu; creating new FS layout
I20260608 10:09:49.642720 20165 fs_manager.cc:1068] Generated new instance metadata in path /tmp/dist-test-taskWJ5C_Z/test-tmp/auto_rebalancer-test.0.AutoRebalancerTest.RangeAwareBuildClusterInfoGroupsByRange.1780913314847229-20165-0/minicluster-data/ts-0-root/instance:
uuid: "e229731641c84993ad7e52fa47ac13b1"
format_stamp: "Formatted at 2026-06-08 10:09:49 on dist-test-slave-j7tv"
I20260608 10:09:49.647939 20165 fs_manager.cc:696] Time spent creating directory manager: real 0.005s	user 0.004s	sys 0.000s
I20260608 10:09:49.651849 22739 log_block_manager.cc:4031] Time spent loading block containers with low live blocks: real 0.000s	user 0.000s	sys 0.000s
I20260608 10:09:49.652818 20165 fs_manager.cc:730] Time spent opening block manager: real 0.003s	user 0.004s	sys 0.000s
I20260608 10:09:49.653167 20165 fs_manager.cc:647] Opened local filesystem: /tmp/dist-test-taskWJ5C_Z/test-tmp/auto_rebalancer-test.0.AutoRebalancerTest.RangeAwareBuildClusterInfoGroupsByRange.1780913314847229-20165-0/minicluster-data/ts-0-root
uuid: "e229731641c84993ad7e52fa47ac13b1"
format_stamp: "Formatted at 2026-06-08 10:09:49 on dist-test-slave-j7tv"
I20260608 10:09:49.653466 20165 fs_report.cc:389] FS layout report
--------------------
wal directory: /tmp/dist-test-taskWJ5C_Z/test-tmp/auto_rebalancer-test.0.AutoRebalancerTest.RangeAwareBuildClusterInfoGroupsByRange.1780913314847229-20165-0/minicluster-data/ts-0-root
metadata directory: /tmp/dist-test-taskWJ5C_Z/test-tmp/auto_rebalancer-test.0.AutoRebalancerTest.RangeAwareBuildClusterInfoGroupsByRange.1780913314847229-20165-0/minicluster-data/ts-0-root
1 data directories: /tmp/dist-test-taskWJ5C_Z/test-tmp/auto_rebalancer-test.0.AutoRebalancerTest.RangeAwareBuildClusterInfoGroupsByRange.1780913314847229-20165-0/minicluster-data/ts-0-root/data
Total live blocks: 0
Total live bytes: 0
Total live bytes (after alignment): 0
Total number of LBM containers: 0 (0 full)
Did not check for missing blocks
Did not check for orphaned blocks
Total full LBM containers with extra space: 0 (0 repaired)
Total full LBM container extra space in bytes: 0 (0 repaired)
Total incomplete LBM containers: 0 (0 repaired)
Total LBM partial records: 0 (0 repaired)
Total corrupted LBM metadata records in RocksDB: 0 (0 repaired)
I20260608 10:09:49.680866 20165 rpc_server.cc:225] running with OpenSSL 1.1.1  11 Sep 2018
I20260608 10:09:49.682264 20165 kserver.cc:163] Server-wide thread pool size limit: 3276
I20260608 10:09:49.683812 20165 txn_system_client.cc:432] TxnSystemClient initialization is disabled...
I20260608 10:09:49.686218 20165 ts_tablet_manager.cc:585] Loaded tablet metadata (0 total tablets, 0 live tablets)
I20260608 10:09:49.686461 20165 ts_tablet_manager.cc:531] Time spent load tablet metadata: real 0.000s	user 0.000s	sys 0.000s
I20260608 10:09:49.686758 20165 ts_tablet_manager.cc:616] Registered 0 tablets
I20260608 10:09:49.686945 20165 ts_tablet_manager.cc:595] Time spent register tablets: real 0.000s	user 0.000s	sys 0.000s
I20260608 10:09:49.728971 20165 rpc_server.cc:307] RPC server started. Bound to: 127.19.177.65:41185
I20260608 10:09:49.729087 22801 acceptor_pool.cc:272] collecting diagnostics on the listening RPC socket 127.19.177.65:41185 every 8 connection(s)
I20260608 10:09:49.734236 20165 file_cache.cc:492] Constructed file cache file cache with capacity 419430
W20260608 10:09:49.745375 22806 instance_detector.cc:116] could not retrieve AWS instance metadata: Network error: curl error: HTTP response code said error: The requested URL returned error: 404
I20260608 10:09:49.749748 20165 server_base.cc:1061] running on GCE node
W20260608 10:09:49.750285 22809 instance_detector.cc:116] could not retrieve OpenStack instance metadata: Network error: curl error: HTTP response code said error: The requested URL returned error: 404
W20260608 10:09:49.753633 22807 instance_detector.cc:116] could not retrieve Azure instance metadata: Network error: curl error: HTTP response code said error: The requested URL returned error: 404
I20260608 10:09:49.755184 20165 hybrid_clock.cc:584] initializing the hybrid clock with 'system_unsync' time source
W20260608 10:09:49.755463 20165 system_unsync_time.cc:38] NTP support is disabled. Clock error bounds will not be accurate. This configuration is not suitable for distributed clusters.
I20260608 10:09:49.755690 20165 hybrid_clock.cc:648] HybridClock initialized: now 1780913389755666 us; error 0 us; skew 500 ppm
I20260608 10:09:49.756067 22802 heartbeater.cc:344] Connected to a master server at 127.19.177.126:43949
I20260608 10:09:49.756446 20165 server_base.cc:861] Flag tcmalloc_max_total_thread_cache_bytes is not working since tcmalloc is not enabled.
I20260608 10:09:49.756547 22802 heartbeater.cc:461] Registering TS with master...
I20260608 10:09:49.757773 22802 heartbeater.cc:507] Master 127.19.177.126:43949 requested a full tablet report, sending...
I20260608 10:09:49.759904 20165 webserver.cc:533] Webserver started at http://127.19.177.66:33341/ using document root <none> and password file <none>
I20260608 10:09:49.760627 20165 fs_manager.cc:362] Metadata directory not provided
I20260608 10:09:49.760926 20165 fs_manager.cc:368] Using write-ahead log directory (fs_wal_dir) as metadata directory
I20260608 10:09:49.760789 22675 ts_manager.cc:194] Registered new tserver with Master: e229731641c84993ad7e52fa47ac13b1 (127.19.177.65:41185)
I20260608 10:09:49.761344 20165 server_base.cc:909] This appears to be a new deployment of Kudu; creating new FS layout
I20260608 10:09:49.763151 20165 fs_manager.cc:1068] Generated new instance metadata in path /tmp/dist-test-taskWJ5C_Z/test-tmp/auto_rebalancer-test.0.AutoRebalancerTest.RangeAwareBuildClusterInfoGroupsByRange.1780913314847229-20165-0/minicluster-data/ts-1-root/instance:
uuid: "38e20acd154f464f824dcd5a2d9d1dc0"
format_stamp: "Formatted at 2026-06-08 10:09:49 on dist-test-slave-j7tv"
I20260608 10:09:49.763659 22675 master_service.cc:502] Signed X509 certificate for tserver {username='slave'} at 127.0.0.1:45342
I20260608 10:09:49.770476 20165 fs_manager.cc:696] Time spent creating directory manager: real 0.007s	user 0.006s	sys 0.000s
I20260608 10:09:49.775108 22814 log_block_manager.cc:4031] Time spent loading block containers with low live blocks: real 0.000s	user 0.000s	sys 0.000s
I20260608 10:09:49.776291 20165 fs_manager.cc:730] Time spent opening block manager: real 0.003s	user 0.004s	sys 0.000s
I20260608 10:09:49.776813 20165 fs_manager.cc:647] Opened local filesystem: /tmp/dist-test-taskWJ5C_Z/test-tmp/auto_rebalancer-test.0.AutoRebalancerTest.RangeAwareBuildClusterInfoGroupsByRange.1780913314847229-20165-0/minicluster-data/ts-1-root
uuid: "38e20acd154f464f824dcd5a2d9d1dc0"
format_stamp: "Formatted at 2026-06-08 10:09:49 on dist-test-slave-j7tv"
I20260608 10:09:49.777374 20165 fs_report.cc:389] FS layout report
--------------------
wal directory: /tmp/dist-test-taskWJ5C_Z/test-tmp/auto_rebalancer-test.0.AutoRebalancerTest.RangeAwareBuildClusterInfoGroupsByRange.1780913314847229-20165-0/minicluster-data/ts-1-root
metadata directory: /tmp/dist-test-taskWJ5C_Z/test-tmp/auto_rebalancer-test.0.AutoRebalancerTest.RangeAwareBuildClusterInfoGroupsByRange.1780913314847229-20165-0/minicluster-data/ts-1-root
1 data directories: /tmp/dist-test-taskWJ5C_Z/test-tmp/auto_rebalancer-test.0.AutoRebalancerTest.RangeAwareBuildClusterInfoGroupsByRange.1780913314847229-20165-0/minicluster-data/ts-1-root/data
Total live blocks: 0
Total live bytes: 0
Total live bytes (after alignment): 0
Total number of LBM containers: 0 (0 full)
Did not check for missing blocks
Did not check for orphaned blocks
Total full LBM containers with extra space: 0 (0 repaired)
Total full LBM container extra space in bytes: 0 (0 repaired)
Total incomplete LBM containers: 0 (0 repaired)
Total LBM partial records: 0 (0 repaired)
Total corrupted LBM metadata records in RocksDB: 0 (0 repaired)
I20260608 10:09:49.797219 20165 rpc_server.cc:225] running with OpenSSL 1.1.1  11 Sep 2018
I20260608 10:09:49.798696 20165 kserver.cc:163] Server-wide thread pool size limit: 3276
I20260608 10:09:49.800203 20165 txn_system_client.cc:432] TxnSystemClient initialization is disabled...
I20260608 10:09:49.802894 20165 ts_tablet_manager.cc:585] Loaded tablet metadata (0 total tablets, 0 live tablets)
I20260608 10:09:49.803102 20165 ts_tablet_manager.cc:531] Time spent load tablet metadata: real 0.000s	user 0.000s	sys 0.000s
I20260608 10:09:49.803417 20165 ts_tablet_manager.cc:616] Registered 0 tablets
I20260608 10:09:49.803599 20165 ts_tablet_manager.cc:595] Time spent register tablets: real 0.000s	user 0.000s	sys 0.000s
I20260608 10:09:49.849547 20165 rpc_server.cc:307] RPC server started. Bound to: 127.19.177.66:40683
I20260608 10:09:49.849686 22876 acceptor_pool.cc:272] collecting diagnostics on the listening RPC socket 127.19.177.66:40683 every 8 connection(s)
I20260608 10:09:49.855548 20165 file_cache.cc:492] Constructed file cache file cache with capacity 419430
W20260608 10:09:49.863981 22880 instance_detector.cc:116] could not retrieve AWS instance metadata: Network error: curl error: HTTP response code said error: The requested URL returned error: 404
W20260608 10:09:49.865861 22881 instance_detector.cc:116] could not retrieve Azure instance metadata: Network error: curl error: HTTP response code said error: The requested URL returned error: 404
W20260608 10:09:49.868695 22883 instance_detector.cc:116] could not retrieve OpenStack instance metadata: Network error: curl error: HTTP response code said error: The requested URL returned error: 404
I20260608 10:09:49.872392 22877 heartbeater.cc:344] Connected to a master server at 127.19.177.126:43949
