I20260608 10:10:33.135535 17267 raft_consensus.cc:493] T 06e05d6bad914e92b1de8e4a3dd0a677 P 0436db468971414cbb0f16259f07b831 [term 0 FOLLOWER]: Starting leader election (no leader contacted us within the election timeout)
I20260608 10:10:33.135902 17267 raft_consensus.cc:3060] T 06e05d6bad914e92b1de8e4a3dd0a677 P 0436db468971414cbb0f16259f07b831 [term 0 FOLLOWER]: Advancing to term 1
I20260608 10:10:33.138422 17238 leader_election.cc:290] T 6bc9f1a8ab1b43ac93fd267ccfa1ccc9 P 0436db468971414cbb0f16259f07b831 [CANDIDATE]: Term 1 election: Requested vote from peers 5af193c0b68b4795b5cc8e81a8221447 (127.12.60.130:38011), 44ebe7465ea346689ff6e81d692e09dd (127.12.60.129:35987)
I20260608 10:10:33.142625 17233 tablet_bootstrap.cc:654] T 7ba5014025ee4321a206985b773c1d58 P 0436db468971414cbb0f16259f07b831: Neither blocks nor log segments found. Creating new log.
I20260608 10:10:33.146849 17112 tablet_service.cc:1917] Received RequestConsensusVote() RPC: tablet_id: "ac5c35aa488f42d5ab315410e3564c1c" candidate_uuid: "0436db468971414cbb0f16259f07b831" candidate_term: 1 candidate_status { last_received { term: 0 index: 0 } } ignore_live_leader: false dest_uuid: "5af193c0b68b4795b5cc8e81a8221447" is_pre_election: true
I20260608 10:10:33.149507 17112 tablet_service.cc:1917] Received RequestConsensusVote() RPC: tablet_id: "e2f57a6be33849c2af3973782691f7c7" candidate_uuid: "0436db468971414cbb0f16259f07b831" candidate_term: 1 candidate_status { last_received { term: 0 index: 0 } } ignore_live_leader: false dest_uuid: "5af193c0b68b4795b5cc8e81a8221447" is_pre_election: true
I20260608 10:10:33.150594 16935 catalog_manager.cc:5696] T ac5c35aa488f42d5ab315410e3564c1c P 5af193c0b68b4795b5cc8e81a8221447 reported cstate change: term changed from 0 to 1, leader changed from <none> to 5af193c0b68b4795b5cc8e81a8221447 (127.12.60.130). New cstate: current_term: 1 leader_uuid: "5af193c0b68b4795b5cc8e81a8221447" committed_config { opid_index: -1 OBSOLETE_local: false peers { permanent_uuid: "44ebe7465ea346689ff6e81d692e09dd" member_type: VOTER last_known_addr { host: "127.12.60.129" port: 35987 } health_report { overall_health: UNKNOWN } } peers { permanent_uuid: "5af193c0b68b4795b5cc8e81a8221447" member_type: VOTER last_known_addr { host: "127.12.60.130" port: 38011 } health_report { overall_health: HEALTHY } } peers { permanent_uuid: "0436db468971414cbb0f16259f07b831" member_type: VOTER last_known_addr { host: "127.12.60.131" port: 45065 } health_report { overall_health: UNKNOWN } } }
I20260608 10:10:33.151943 17112 tablet_service.cc:1917] Received RequestConsensusVote() RPC: tablet_id: "ac5c35aa488f42d5ab315410e3564c1c" candidate_uuid: "0436db468971414cbb0f16259f07b831" candidate_term: 1 candidate_status { last_received { term: 0 index: 0 } } ignore_live_leader: false dest_uuid: "5af193c0b68b4795b5cc8e81a8221447"
I20260608 10:10:33.144388 17267 raft_consensus.cc:515] T 06e05d6bad914e92b1de8e4a3dd0a677 P 0436db468971414cbb0f16259f07b831 [term 1 FOLLOWER]: Starting leader election with config: opid_index: -1 OBSOLETE_local: false peers { permanent_uuid: "44ebe7465ea346689ff6e81d692e09dd" member_type: VOTER last_known_addr { host: "127.12.60.129" port: 35987 } } peers { permanent_uuid: "5af193c0b68b4795b5cc8e81a8221447" member_type: VOTER last_known_addr { host: "127.12.60.130" port: 38011 } } peers { permanent_uuid: "0436db468971414cbb0f16259f07b831" member_type: VOTER last_known_addr { host: "127.12.60.131" port: 45065 } }
I20260608 10:10:33.156104 17033 tablet_service.cc:1917] Received RequestConsensusVote() RPC: tablet_id: "06e05d6bad914e92b1de8e4a3dd0a677" candidate_uuid: "0436db468971414cbb0f16259f07b831" candidate_term: 1 candidate_status { last_received { term: 0 index: 0 } } ignore_live_leader: false dest_uuid: "44ebe7465ea346689ff6e81d692e09dd"
I20260608 10:10:33.156709 17033 raft_consensus.cc:3060] T 06e05d6bad914e92b1de8e4a3dd0a677 P 44ebe7465ea346689ff6e81d692e09dd [term 0 FOLLOWER]: Advancing to term 1
I20260608 10:10:33.157842 17235 tablet_bootstrap.cc:492] T 7ba5014025ee4321a206985b773c1d58 P 5af193c0b68b4795b5cc8e81a8221447: No bootstrap required, opened a new log
I20260608 10:10:33.158422 17235 ts_tablet_manager.cc:1403] T 7ba5014025ee4321a206985b773c1d58 P 5af193c0b68b4795b5cc8e81a8221447: Time spent bootstrapping tablet: real 0.061s	user 0.012s	sys 0.002s
I20260608 10:10:33.164620 17033 raft_consensus.cc:2468] T 06e05d6bad914e92b1de8e4a3dd0a677 P 44ebe7465ea346689ff6e81d692e09dd [term 1 FOLLOWER]: Leader election vote request: Granting yes vote for candidate 0436db468971414cbb0f16259f07b831 in term 1.
I20260608 10:10:33.167598 17154 leader_election.cc:304] T 06e05d6bad914e92b1de8e4a3dd0a677 P 0436db468971414cbb0f16259f07b831 [CANDIDATE]: Term 1 election: Election decided. Result: candidate won. Election summary: received 2 responses out of 3 voters: 2 yes votes; 0 no votes. yes voters: 0436db468971414cbb0f16259f07b831, 44ebe7465ea346689ff6e81d692e09dd; no voters: 
I20260608 10:10:33.168581 17269 raft_consensus.cc:2804] T 06e05d6bad914e92b1de8e4a3dd0a677 P 0436db468971414cbb0f16259f07b831 [term 1 FOLLOWER]: Leader election won for term 1
I20260608 10:10:33.169199 17269 raft_consensus.cc:697] T 06e05d6bad914e92b1de8e4a3dd0a677 P 0436db468971414cbb0f16259f07b831 [term 1 LEADER]: Becoming Leader. State: Replica: 0436db468971414cbb0f16259f07b831, State: Running, Role: LEADER
I20260608 10:10:33.170261 17269 consensus_queue.cc:237] T 06e05d6bad914e92b1de8e4a3dd0a677 P 0436db468971414cbb0f16259f07b831 [LEADER]: Queue going to LEADER mode. State: All replicated index: 0, Majority replicated index: 0, Committed index: 0, Last appended: 0.0, Last appended by leader: 0, Current term: 1, Majority size: 2, State: 0, Mode: LEADER, active raft config: opid_index: -1 OBSOLETE_local: false peers { permanent_uuid: "44ebe7465ea346689ff6e81d692e09dd" member_type: VOTER last_known_addr { host: "127.12.60.129" port: 35987 } } peers { permanent_uuid: "5af193c0b68b4795b5cc8e81a8221447" member_type: VOTER last_known_addr { host: "127.12.60.130" port: 38011 } } peers { permanent_uuid: "0436db468971414cbb0f16259f07b831" member_type: VOTER last_known_addr { host: "127.12.60.131" port: 45065 } }
I20260608 10:10:33.166282 17112 tablet_service.cc:1917] Received RequestConsensusVote() RPC: tablet_id: "9fa14861c2a74322943bdacc5185f3d7" candidate_uuid: "0436db468971414cbb0f16259f07b831" candidate_term: 1 candidate_status { last_received { term: 0 index: 0 } } ignore_live_leader: false dest_uuid: "5af193c0b68b4795b5cc8e81a8221447"
I20260608 10:10:33.175181 17186 tablet_service.cc:1917] Received RequestConsensusVote() RPC: tablet_id: "6bc9f1a8ab1b43ac93fd267ccfa1ccc9" candidate_uuid: "5af193c0b68b4795b5cc8e81a8221447" candidate_term: 1 candidate_status { last_received { term: 0 index: 0 } } ignore_live_leader: false dest_uuid: "0436db468971414cbb0f16259f07b831" is_pre_election: true
I20260608 10:10:33.175487 17112 raft_consensus.cc:3060] T 9fa14861c2a74322943bdacc5185f3d7 P 5af193c0b68b4795b5cc8e81a8221447 [term 0 FOLLOWER]: Advancing to term 1
I20260608 10:10:33.176081 17186 raft_consensus.cc:2393] T 6bc9f1a8ab1b43ac93fd267ccfa1ccc9 P 0436db468971414cbb0f16259f07b831 [term 1 FOLLOWER]: Leader pre-election vote request: Denying vote to candidate 5af193c0b68b4795b5cc8e81a8221447 in current term 1: Already voted for candidate 0436db468971414cbb0f16259f07b831 in this term.
I20260608 10:10:33.172712 17113 tablet_service.cc:1917] Received RequestConsensusVote() RPC: tablet_id: "6bc9f1a8ab1b43ac93fd267ccfa1ccc9" candidate_uuid: "0436db468971414cbb0f16259f07b831" candidate_term: 1 candidate_status { last_received { term: 0 index: 0 } } ignore_live_leader: false dest_uuid: "5af193c0b68b4795b5cc8e81a8221447"
I20260608 10:10:33.177402 17113 raft_consensus.cc:3060] T 6bc9f1a8ab1b43ac93fd267ccfa1ccc9 P 5af193c0b68b4795b5cc8e81a8221447 [term 0 FOLLOWER]: Advancing to term 1
I20260608 10:10:33.173478 17187 tablet_service.cc:1917] Received RequestConsensusVote() RPC: tablet_id: "ac5c35aa488f42d5ab315410e3564c1c" candidate_uuid: "5af193c0b68b4795b5cc8e81a8221447" candidate_term: 1 candidate_status { last_received { term: 0 index: 0 } } ignore_live_leader: false dest_uuid: "0436db468971414cbb0f16259f07b831" is_pre_election: true
I20260608 10:10:33.174209 17188 tablet_service.cc:1917] Received RequestConsensusVote() RPC: tablet_id: "06e05d6bad914e92b1de8e4a3dd0a677" candidate_uuid: "5af193c0b68b4795b5cc8e81a8221447" candidate_term: 1 candidate_status { last_received { term: 0 index: 0 } } ignore_live_leader: false dest_uuid: "0436db468971414cbb0f16259f07b831" is_pre_election: true
I20260608 10:10:33.181516 17187 raft_consensus.cc:2393] T ac5c35aa488f42d5ab315410e3564c1c P 0436db468971414cbb0f16259f07b831 [term 1 FOLLOWER]: Leader pre-election vote request: Denying vote to candidate 5af193c0b68b4795b5cc8e81a8221447 in current term 1: Already voted for candidate 0436db468971414cbb0f16259f07b831 in this term.
I20260608 10:10:33.183246 17112 raft_consensus.cc:2468] T 9fa14861c2a74322943bdacc5185f3d7 P 5af193c0b68b4795b5cc8e81a8221447 [term 1 FOLLOWER]: Leader election vote request: Granting yes vote for candidate 0436db468971414cbb0f16259f07b831 in term 1.
I20260608 10:10:33.186923 17185 tablet_service.cc:1917] Received RequestConsensusVote() RPC: tablet_id: "ac5c35aa488f42d5ab315410e3564c1c" candidate_uuid: "5af193c0b68b4795b5cc8e81a8221447" candidate_term: 1 candidate_status { last_received { term: 0 index: 0 } } ignore_live_leader: false dest_uuid: "0436db468971414cbb0f16259f07b831"
I20260608 10:10:33.187819 17185 raft_consensus.cc:2393] T ac5c35aa488f42d5ab315410e3564c1c P 0436db468971414cbb0f16259f07b831 [term 1 FOLLOWER]: Leader election vote request: Denying vote to candidate 5af193c0b68b4795b5cc8e81a8221447 in current term 1: Already voted for candidate 0436db468971414cbb0f16259f07b831 in this term.
I20260608 10:10:33.189417 17113 raft_consensus.cc:2468] T 6bc9f1a8ab1b43ac93fd267ccfa1ccc9 P 5af193c0b68b4795b5cc8e81a8221447 [term 1 FOLLOWER]: Leader election vote request: Granting yes vote for candidate 0436db468971414cbb0f16259f07b831 in term 1.
W20260608 10:10:33.189565 17152 leader_election.cc:343] T e2f57a6be33849c2af3973782691f7c7 P 0436db468971414cbb0f16259f07b831 [CANDIDATE]: Term 1 pre-election: Tablet error from VoteRequest() call to peer 5af193c0b68b4795b5cc8e81a8221447 (127.12.60.130:38011): Illegal state: must be running to vote when last-logged opid is not known
I20260608 10:10:33.191694 17152 leader_election.cc:304] T e2f57a6be33849c2af3973782691f7c7 P 0436db468971414cbb0f16259f07b831 [CANDIDATE]: Term 1 pre-election: Election decided. Result: candidate lost. Election summary: received 3 responses out of 3 voters: 1 yes votes; 2 no votes. yes voters: 0436db468971414cbb0f16259f07b831; no voters: 44ebe7465ea346689ff6e81d692e09dd, 5af193c0b68b4795b5cc8e81a8221447
I20260608 10:10:33.174881 17267 leader_election.cc:290] T 06e05d6bad914e92b1de8e4a3dd0a677 P 0436db468971414cbb0f16259f07b831 [CANDIDATE]: Term 1 election: Requested vote from peers 44ebe7465ea346689ff6e81d692e09dd (127.12.60.129:35987), 5af193c0b68b4795b5cc8e81a8221447 (127.12.60.130:38011)
I20260608 10:10:33.192984 17238 raft_consensus.cc:2749] T e2f57a6be33849c2af3973782691f7c7 P 0436db468971414cbb0f16259f07b831 [term 0 FOLLOWER]: Leader pre-election lost for term 1. Reason: could not achieve majority
I20260608 10:10:33.165876 17235 raft_consensus.cc:359] T 7ba5014025ee4321a206985b773c1d58 P 5af193c0b68b4795b5cc8e81a8221447 [term 0 FOLLOWER]: Replica starting. Triggering 0 pending ops. Active config: opid_index: -1 OBSOLETE_local: false peers { permanent_uuid: "44ebe7465ea346689ff6e81d692e09dd" member_type: VOTER last_known_addr { host: "127.12.60.129" port: 35987 } } peers { permanent_uuid: "5af193c0b68b4795b5cc8e81a8221447" member_type: VOTER last_known_addr { host: "127.12.60.130" port: 38011 } } peers { permanent_uuid: "0436db468971414cbb0f16259f07b831" member_type: VOTER last_known_addr { host: "127.12.60.131" port: 45065 } }
I20260608 10:10:33.194667 17235 raft_consensus.cc:385] T 7ba5014025ee4321a206985b773c1d58 P 5af193c0b68b4795b5cc8e81a8221447 [term 0 FOLLOWER]: Consensus starting up: Expiring failure detector timer to make a prompt election more likely
I20260608 10:10:33.195580 17235 raft_consensus.cc:740] T 7ba5014025ee4321a206985b773c1d58 P 5af193c0b68b4795b5cc8e81a8221447 [term 0 FOLLOWER]: Becoming Follower/Learner. State: Replica: 5af193c0b68b4795b5cc8e81a8221447, State: Initialized, Role: FOLLOWER
I20260608 10:10:33.194607 17152 leader_election.cc:304] T ac5c35aa488f42d5ab315410e3564c1c P 0436db468971414cbb0f16259f07b831 [CANDIDATE]: Term 1 election: Election decided. Result: candidate lost. Election summary: received 3 responses out of 3 voters: 1 yes votes; 2 no votes. yes voters: 0436db468971414cbb0f16259f07b831; no voters: 44ebe7465ea346689ff6e81d692e09dd, 5af193c0b68b4795b5cc8e81a8221447
I20260608 10:10:33.197253 17238 raft_consensus.cc:2749] T ac5c35aa488f42d5ab315410e3564c1c P 0436db468971414cbb0f16259f07b831 [term 1 FOLLOWER]: Leader election lost for term 1. Reason: could not achieve majority
I20260608 10:10:33.198371 17234 tablet_bootstrap.cc:492] T 9fa14861c2a74322943bdacc5185f3d7 P 44ebe7465ea346689ff6e81d692e09dd: No bootstrap required, opened a new log
I20260608 10:10:33.199013 17234 ts_tablet_manager.cc:1403] T 9fa14861c2a74322943bdacc5185f3d7 P 44ebe7465ea346689ff6e81d692e09dd: Time spent bootstrapping tablet: real 0.084s	user 0.032s	sys 0.036s
I20260608 10:10:33.199144 17152 leader_election.cc:304] T 9fa14861c2a74322943bdacc5185f3d7 P 0436db468971414cbb0f16259f07b831 [CANDIDATE]: Term 1 election: Election decided. Result: candidate won. Election summary: received 3 responses out of 3 voters: 2 yes votes; 1 no votes. yes voters: 0436db468971414cbb0f16259f07b831, 5af193c0b68b4795b5cc8e81a8221447; no voters: 44ebe7465ea346689ff6e81d692e09dd
I20260608 10:10:33.198179 17235 consensus_queue.cc:260] T 7ba5014025ee4321a206985b773c1d58 P 5af193c0b68b4795b5cc8e81a8221447 [NON_LEADER]: Queue going to NON_LEADER mode. State: All replicated index: 0, Majority replicated index: 0, Committed index: 0, Last appended: 0.0, Last appended by leader: 0, Current term: 0, Majority size: -1, State: 0, Mode: NON_LEADER, active raft config: opid_index: -1 OBSOLETE_local: false peers { permanent_uuid: "44ebe7465ea346689ff6e81d692e09dd" member_type: VOTER last_known_addr { host: "127.12.60.129" port: 35987 } } peers { permanent_uuid: "5af193c0b68b4795b5cc8e81a8221447" member_type: VOTER last_known_addr { host: "127.12.60.130" port: 38011 } } peers { permanent_uuid: "0436db468971414cbb0f16259f07b831" member_type: VOTER last_known_addr { host: "127.12.60.131" port: 45065 } }
I20260608 10:10:33.199985 17238 raft_consensus.cc:2804] T 9fa14861c2a74322943bdacc5185f3d7 P 0436db468971414cbb0f16259f07b831 [term 1 FOLLOWER]: Leader election won for term 1
I20260608 10:10:33.200507 17238 raft_consensus.cc:697] T 9fa14861c2a74322943bdacc5185f3d7 P 0436db468971414cbb0f16259f07b831 [term 1 LEADER]: Becoming Leader. State: Replica: 0436db468971414cbb0f16259f07b831, State: Running, Role: LEADER
I20260608 10:10:33.201496 17233 tablet_bootstrap.cc:492] T 7ba5014025ee4321a206985b773c1d58 P 0436db468971414cbb0f16259f07b831: No bootstrap required, opened a new log
I20260608 10:10:33.201395 17238 consensus_queue.cc:237] T 9fa14861c2a74322943bdacc5185f3d7 P 0436db468971414cbb0f16259f07b831 [LEADER]: Queue going to LEADER mode. State: All replicated index: 0, Majority replicated index: 0, Committed index: 0, Last appended: 0.0, Last appended by leader: 0, Current term: 1, Majority size: 2, State: 0, Mode: LEADER, active raft config: opid_index: -1 OBSOLETE_local: false peers { permanent_uuid: "44ebe7465ea346689ff6e81d692e09dd" member_type: VOTER last_known_addr { host: "127.12.60.129" port: 35987 } } peers { permanent_uuid: "5af193c0b68b4795b5cc8e81a8221447" member_type: VOTER last_known_addr { host: "127.12.60.130" port: 38011 } } peers { permanent_uuid: "0436db468971414cbb0f16259f07b831" member_type: VOTER last_known_addr { host: "127.12.60.131" port: 45065 } }
I20260608 10:10:33.201972 17233 ts_tablet_manager.cc:1403] T 7ba5014025ee4321a206985b773c1d58 P 0436db468971414cbb0f16259f07b831: Time spent bootstrapping tablet: real 0.076s	user 0.030s	sys 0.030s
I20260608 10:10:33.202251 17235 ts_tablet_manager.cc:1434] T 7ba5014025ee4321a206985b773c1d58 P 5af193c0b68b4795b5cc8e81a8221447: Time spent starting tablet: real 0.044s	user 0.011s	sys 0.000s
I20260608 10:10:33.202620 17234 raft_consensus.cc:359] T 9fa14861c2a74322943bdacc5185f3d7 P 44ebe7465ea346689ff6e81d692e09dd [term 0 FOLLOWER]: Replica starting. Triggering 0 pending ops. Active config: opid_index: -1 OBSOLETE_local: false peers { permanent_uuid: "44ebe7465ea346689ff6e81d692e09dd" member_type: VOTER last_known_addr { host: "127.12.60.129" port: 35987 } } peers { permanent_uuid: "5af193c0b68b4795b5cc8e81a8221447" member_type: VOTER last_known_addr { host: "127.12.60.130" port: 38011 } } peers { permanent_uuid: "0436db468971414cbb0f16259f07b831" member_type: VOTER last_known_addr { host: "127.12.60.131" port: 45065 } }
I20260608 10:10:33.203403 17235 tablet_bootstrap.cc:492] T 4861ec4e81964118a12023ef7ced6e24 P 5af193c0b68b4795b5cc8e81a8221447: Bootstrap starting.
I20260608 10:10:33.203373 17234 raft_consensus.cc:385] T 9fa14861c2a74322943bdacc5185f3d7 P 44ebe7465ea346689ff6e81d692e09dd [term 0 FOLLOWER]: Consensus starting up: Expiring failure detector timer to make a prompt election more likely
I20260608 10:10:33.204720 17234 raft_consensus.cc:740] T 9fa14861c2a74322943bdacc5185f3d7 P 44ebe7465ea346689ff6e81d692e09dd [term 0 FOLLOWER]: Becoming Follower/Learner. State: Replica: 44ebe7465ea346689ff6e81d692e09dd, State: Initialized, Role: FOLLOWER
I20260608 10:10:33.204922 17233 raft_consensus.cc:359] T 7ba5014025ee4321a206985b773c1d58 P 0436db468971414cbb0f16259f07b831 [term 0 FOLLOWER]: Replica starting. Triggering 0 pending ops. Active config: opid_index: -1 OBSOLETE_local: false peers { permanent_uuid: "44ebe7465ea346689ff6e81d692e09dd" member_type: VOTER last_known_addr { host: "127.12.60.129" port: 35987 } } peers { permanent_uuid: "5af193c0b68b4795b5cc8e81a8221447" member_type: VOTER last_known_addr { host: "127.12.60.130" port: 38011 } } peers { permanent_uuid: "0436db468971414cbb0f16259f07b831" member_type: VOTER last_known_addr { host: "127.12.60.131" port: 45065 } }
I20260608 10:10:33.205585 17233 raft_consensus.cc:385] T 7ba5014025ee4321a206985b773c1d58 P 0436db468971414cbb0f16259f07b831 [term 0 FOLLOWER]: Consensus starting up: Expiring failure detector timer to make a prompt election more likely
I20260608 10:10:33.205993 17233 raft_consensus.cc:740] T 7ba5014025ee4321a206985b773c1d58 P 0436db468971414cbb0f16259f07b831 [term 0 FOLLOWER]: Becoming Follower/Learner. State: Replica: 0436db468971414cbb0f16259f07b831, State: Initialized, Role: FOLLOWER
I20260608 10:10:33.205612 17234 consensus_queue.cc:260] T 9fa14861c2a74322943bdacc5185f3d7 P 44ebe7465ea346689ff6e81d692e09dd [NON_LEADER]: Queue going to NON_LEADER mode. State: All replicated index: 0, Majority replicated index: 0, Committed index: 0, Last appended: 0.0, Last appended by leader: 0, Current term: 0, Majority size: -1, State: 0, Mode: NON_LEADER, active raft config: opid_index: -1 OBSOLETE_local: false peers { permanent_uuid: "44ebe7465ea346689ff6e81d692e09dd" member_type: VOTER last_known_addr { host: "127.12.60.129" port: 35987 } } peers { permanent_uuid: "5af193c0b68b4795b5cc8e81a8221447" member_type: VOTER last_known_addr { host: "127.12.60.130" port: 38011 } } peers { permanent_uuid: "0436db468971414cbb0f16259f07b831" member_type: VOTER last_known_addr { host: "127.12.60.131" port: 45065 } }
I20260608 10:10:33.206823 17233 consensus_queue.cc:260] T 7ba5014025ee4321a206985b773c1d58 P 0436db468971414cbb0f16259f07b831 [NON_LEADER]: Queue going to NON_LEADER mode. State: All replicated index: 0, Majority replicated index: 0, Committed index: 0, Last appended: 0.0, Last appended by leader: 0, Current term: 0, Majority size: -1, State: 0, Mode: NON_LEADER, active raft config: opid_index: -1 OBSOLETE_local: false peers { permanent_uuid: "44ebe7465ea346689ff6e81d692e09dd" member_type: VOTER last_known_addr { host: "127.12.60.129" port: 35987 } } peers { permanent_uuid: "5af193c0b68b4795b5cc8e81a8221447" member_type: VOTER last_known_addr { host: "127.12.60.130" port: 38011 } } peers { permanent_uuid: "0436db468971414cbb0f16259f07b831" member_type: VOTER last_known_addr { host: "127.12.60.131" port: 45065 } }
I20260608 10:10:33.209272 17233 ts_tablet_manager.cc:1434] T 7ba5014025ee4321a206985b773c1d58 P 0436db468971414cbb0f16259f07b831: Time spent starting tablet: real 0.007s	user 0.007s	sys 0.000s
I20260608 10:10:33.210224 17233 tablet_bootstrap.cc:492] T af728836eaa14b279fbc02657c1f2013 P 0436db468971414cbb0f16259f07b831: Bootstrap starting.
I20260608 10:10:33.211642 17152 leader_election.cc:304] T 6bc9f1a8ab1b43ac93fd267ccfa1ccc9 P 0436db468971414cbb0f16259f07b831 [CANDIDATE]: Term 1 election: Election decided. Result: candidate won. Election summary: received 3 responses out of 3 voters: 2 yes votes; 1 no votes. yes voters: 0436db468971414cbb0f16259f07b831, 5af193c0b68b4795b5cc8e81a8221447; no voters: 44ebe7465ea346689ff6e81d692e09dd
I20260608 10:10:33.212411 17234 ts_tablet_manager.cc:1434] T 9fa14861c2a74322943bdacc5185f3d7 P 44ebe7465ea346689ff6e81d692e09dd: Time spent starting tablet: real 0.013s	user 0.002s	sys 0.005s
I20260608 10:10:33.212605 17267 raft_consensus.cc:2804] T 6bc9f1a8ab1b43ac93fd267ccfa1ccc9 P 0436db468971414cbb0f16259f07b831 [term 1 FOLLOWER]: Leader election won for term 1
I20260608 10:10:33.212854 17235 tablet_bootstrap.cc:654] T 4861ec4e81964118a12023ef7ced6e24 P 5af193c0b68b4795b5cc8e81a8221447: Neither blocks nor log segments found. Creating new log.
I20260608 10:10:33.213135 17267 raft_consensus.cc:697] T 6bc9f1a8ab1b43ac93fd267ccfa1ccc9 P 0436db468971414cbb0f16259f07b831 [term 1 LEADER]: Becoming Leader. State: Replica: 0436db468971414cbb0f16259f07b831, State: Running, Role: LEADER
I20260608 10:10:33.213789 17234 tablet_bootstrap.cc:492] T 4861ec4e81964118a12023ef7ced6e24 P 44ebe7465ea346689ff6e81d692e09dd: Bootstrap starting.
I20260608 10:10:33.214061 17113 tablet_service.cc:1917] Received RequestConsensusVote() RPC: tablet_id: "06e05d6bad914e92b1de8e4a3dd0a677" candidate_uuid: "0436db468971414cbb0f16259f07b831" candidate_term: 1 candidate_status { last_received { term: 0 index: 0 } } ignore_live_leader: false dest_uuid: "5af193c0b68b4795b5cc8e81a8221447"
I20260608 10:10:33.214754 17113 raft_consensus.cc:3060] T 06e05d6bad914e92b1de8e4a3dd0a677 P 5af193c0b68b4795b5cc8e81a8221447 [term 0 FOLLOWER]: Advancing to term 1
I20260608 10:10:33.217187 17079 leader_election.cc:304] T 6bc9f1a8ab1b43ac93fd267ccfa1ccc9 P 5af193c0b68b4795b5cc8e81a8221447 [CANDIDATE]: Term 1 pre-election: Election decided. Result: candidate lost. Election summary: received 3 responses out of 3 voters: 1 yes votes; 2 no votes. yes voters: 5af193c0b68b4795b5cc8e81a8221447; no voters: 0436db468971414cbb0f16259f07b831, 44ebe7465ea346689ff6e81d692e09dd
I20260608 10:10:33.218417 17241 raft_consensus.cc:2749] T 6bc9f1a8ab1b43ac93fd267ccfa1ccc9 P 5af193c0b68b4795b5cc8e81a8221447 [term 1 FOLLOWER]: Leader pre-election lost for term 1. Reason: could not achieve majority
I20260608 10:10:33.219611 17079 leader_election.cc:304] T 06e05d6bad914e92b1de8e4a3dd0a677 P 5af193c0b68b4795b5cc8e81a8221447 [CANDIDATE]: Term 1 pre-election: Election decided. Result: candidate lost. Election summary: received 3 responses out of 3 voters: 1 yes votes; 2 no votes. yes voters: 5af193c0b68b4795b5cc8e81a8221447; no voters: 0436db468971414cbb0f16259f07b831, 44ebe7465ea346689ff6e81d692e09dd
I20260608 10:10:33.222039 17234 tablet_bootstrap.cc:654] T 4861ec4e81964118a12023ef7ced6e24 P 44ebe7465ea346689ff6e81d692e09dd: Neither blocks nor log segments found. Creating new log.
I20260608 10:10:33.224861 17113 raft_consensus.cc:2468] T 06e05d6bad914e92b1de8e4a3dd0a677 P 5af193c0b68b4795b5cc8e81a8221447 [term 1 FOLLOWER]: Leader election vote request: Granting yes vote for candidate 0436db468971414cbb0f16259f07b831 in term 1.
I20260608 10:10:33.227921 17241 raft_consensus.cc:2749] T 06e05d6bad914e92b1de8e4a3dd0a677 P 5af193c0b68b4795b5cc8e81a8221447 [term 1 FOLLOWER]: Leader pre-election lost for term 1. Reason: could not achieve majority
I20260608 10:10:33.214097 17267 consensus_queue.cc:237] T 6bc9f1a8ab1b43ac93fd267ccfa1ccc9 P 0436db468971414cbb0f16259f07b831 [LEADER]: Queue going to LEADER mode. State: All replicated index: 0, Majority replicated index: 0, Committed index: 0, Last appended: 0.0, Last appended by leader: 0, Current term: 1, Majority size: 2, State: 0, Mode: LEADER, active raft config: opid_index: -1 OBSOLETE_local: false peers { permanent_uuid: "0436db468971414cbb0f16259f07b831" member_type: VOTER last_known_addr { host: "127.12.60.131" port: 45065 } } peers { permanent_uuid: "5af193c0b68b4795b5cc8e81a8221447" member_type: VOTER last_known_addr { host: "127.12.60.130" port: 38011 } } peers { permanent_uuid: "44ebe7465ea346689ff6e81d692e09dd" member_type: VOTER last_known_addr { host: "127.12.60.129" port: 35987 } }
I20260608 10:10:33.226739 17233 tablet_bootstrap.cc:654] T af728836eaa14b279fbc02657c1f2013 P 0436db468971414cbb0f16259f07b831: Neither blocks nor log segments found. Creating new log.
I20260608 10:10:33.243304 17242 raft_consensus.cc:493] T 2101aa1f77f64828833d24b8279ab7e7 P 44ebe7465ea346689ff6e81d692e09dd [term 0 FOLLOWER]: Starting pre-election (no leader contacted us within the election timeout)
I20260608 10:10:33.244020 17242 raft_consensus.cc:515] T 2101aa1f77f64828833d24b8279ab7e7 P 44ebe7465ea346689ff6e81d692e09dd [term 0 FOLLOWER]: Starting pre-election with config: opid_index: -1 OBSOLETE_local: false peers { permanent_uuid: "44ebe7465ea346689ff6e81d692e09dd" member_type: VOTER last_known_addr { host: "127.12.60.129" port: 35987 } } peers { permanent_uuid: "5af193c0b68b4795b5cc8e81a8221447" member_type: VOTER last_known_addr { host: "127.12.60.130" port: 38011 } } peers { permanent_uuid: "0436db468971414cbb0f16259f07b831" member_type: VOTER last_known_addr { host: "127.12.60.131" port: 45065 } }
I20260608 10:10:33.249894 17185 tablet_service.cc:1917] Received RequestConsensusVote() RPC: tablet_id: "2101aa1f77f64828833d24b8279ab7e7" candidate_uuid: "44ebe7465ea346689ff6e81d692e09dd" candidate_term: 1 candidate_status { last_received { term: 0 index: 0 } } ignore_live_leader: false dest_uuid: "0436db468971414cbb0f16259f07b831" is_pre_election: true
W20260608 10:10:33.252090 17004 leader_election.cc:343] T 2101aa1f77f64828833d24b8279ab7e7 P 44ebe7465ea346689ff6e81d692e09dd [CANDIDATE]: Term 1 pre-election: Tablet error from VoteRequest() call to peer 0436db468971414cbb0f16259f07b831 (127.12.60.131:45065): Illegal state: must be running to vote when last-logged opid is not known
I20260608 10:10:33.252882 17242 leader_election.cc:290] T 2101aa1f77f64828833d24b8279ab7e7 P 44ebe7465ea346689ff6e81d692e09dd [CANDIDATE]: Term 1 pre-election: Requested pre-vote from peers 5af193c0b68b4795b5cc8e81a8221447 (127.12.60.130:38011), 0436db468971414cbb0f16259f07b831 (127.12.60.131:45065)
I20260608 10:10:33.253893 17113 tablet_service.cc:1917] Received RequestConsensusVote() RPC: tablet_id: "2101aa1f77f64828833d24b8279ab7e7" candidate_uuid: "44ebe7465ea346689ff6e81d692e09dd" candidate_term: 1 candidate_status { last_received { term: 0 index: 0 } } ignore_live_leader: false dest_uuid: "5af193c0b68b4795b5cc8e81a8221447" is_pre_election: true
I20260608 10:10:33.254736 17113 raft_consensus.cc:2468] T 2101aa1f77f64828833d24b8279ab7e7 P 5af193c0b68b4795b5cc8e81a8221447 [term 0 FOLLOWER]: Leader pre-election vote request: Granting yes vote for candidate 44ebe7465ea346689ff6e81d692e09dd in term 0.
I20260608 10:10:33.257975 17002 leader_election.cc:304] T 2101aa1f77f64828833d24b8279ab7e7 P 44ebe7465ea346689ff6e81d692e09dd [CANDIDATE]: Term 1 pre-election: Election decided. Result: candidate won. Election summary: received 3 responses out of 3 voters: 2 yes votes; 1 no votes. yes voters: 44ebe7465ea346689ff6e81d692e09dd, 5af193c0b68b4795b5cc8e81a8221447; no voters: 0436db468971414cbb0f16259f07b831
I20260608 10:10:33.265094 17242 raft_consensus.cc:2804] T 2101aa1f77f64828833d24b8279ab7e7 P 44ebe7465ea346689ff6e81d692e09dd [term 0 FOLLOWER]: Leader pre-election won for term 1
I20260608 10:10:33.265591 17242 raft_consensus.cc:493] T 2101aa1f77f64828833d24b8279ab7e7 P 44ebe7465ea346689ff6e81d692e09dd [term 0 FOLLOWER]: Starting leader election (no leader contacted us within the election timeout)
I20260608 10:10:33.266023 17242 raft_consensus.cc:3060] T 2101aa1f77f64828833d24b8279ab7e7 P 44ebe7465ea346689ff6e81d692e09dd [term 0 FOLLOWER]: Advancing to term 1
I20260608 10:10:33.257184 17241 raft_consensus.cc:493] T 2101aa1f77f64828833d24b8279ab7e7 P 5af193c0b68b4795b5cc8e81a8221447 [term 0 FOLLOWER]: Starting pre-election (no leader contacted us within the election timeout)
I20260608 10:10:33.271441 17241 raft_consensus.cc:515] T 2101aa1f77f64828833d24b8279ab7e7 P 5af193c0b68b4795b5cc8e81a8221447 [term 0 FOLLOWER]: Starting pre-election with config: opid_index: -1 OBSOLETE_local: false peers { permanent_uuid: "44ebe7465ea346689ff6e81d692e09dd" member_type: VOTER last_known_addr { host: "127.12.60.129" port: 35987 } } peers { permanent_uuid: "5af193c0b68b4795b5cc8e81a8221447" member_type: VOTER last_known_addr { host: "127.12.60.130" port: 38011 } } peers { permanent_uuid: "0436db468971414cbb0f16259f07b831" member_type: VOTER last_known_addr { host: "127.12.60.131" port: 45065 } }
I20260608 10:10:33.276505 17185 tablet_service.cc:1917] Received RequestConsensusVote() RPC: tablet_id: "2101aa1f77f64828833d24b8279ab7e7" candidate_uuid: "5af193c0b68b4795b5cc8e81a8221447" candidate_term: 1 candidate_status { last_received { term: 0 index: 0 } } ignore_live_leader: false dest_uuid: "0436db468971414cbb0f16259f07b831" is_pre_election: true
I20260608 10:10:33.282465 17033 tablet_service.cc:1917] Received RequestConsensusVote() RPC: tablet_id: "2101aa1f77f64828833d24b8279ab7e7" candidate_uuid: "5af193c0b68b4795b5cc8e81a8221447" candidate_term: 1 candidate_status { last_received { term: 0 index: 0 } } ignore_live_leader: false dest_uuid: "44ebe7465ea346689ff6e81d692e09dd" is_pre_election: true
I20260608 10:10:33.282747 16934 catalog_manager.cc:5696] T 06e05d6bad914e92b1de8e4a3dd0a677 P 0436db468971414cbb0f16259f07b831 reported cstate change: term changed from 0 to 1, leader changed from <none> to 0436db468971414cbb0f16259f07b831 (127.12.60.131). New cstate: current_term: 1 leader_uuid: "0436db468971414cbb0f16259f07b831" committed_config { opid_index: -1 OBSOLETE_local: false peers { permanent_uuid: "44ebe7465ea346689ff6e81d692e09dd" member_type: VOTER last_known_addr { host: "127.12.60.129" port: 35987 } health_report { overall_health: UNKNOWN } } peers { permanent_uuid: "5af193c0b68b4795b5cc8e81a8221447" member_type: VOTER last_known_addr { host: "127.12.60.130" port: 38011 } health_report { overall_health: UNKNOWN } } peers { permanent_uuid: "0436db468971414cbb0f16259f07b831" member_type: VOTER last_known_addr { host: "127.12.60.131" port: 45065 } health_report { overall_health: HEALTHY } } }
I20260608 10:10:33.278573 17241 leader_election.cc:290] T 2101aa1f77f64828833d24b8279ab7e7 P 5af193c0b68b4795b5cc8e81a8221447 [CANDIDATE]: Term 1 pre-election: Requested pre-vote from peers 44ebe7465ea346689ff6e81d692e09dd (127.12.60.129:35987), 0436db468971414cbb0f16259f07b831 (127.12.60.131:45065)
W20260608 10:10:33.288820 17079 leader_election.cc:343] T 2101aa1f77f64828833d24b8279ab7e7 P 5af193c0b68b4795b5cc8e81a8221447 [CANDIDATE]: Term 1 pre-election: Tablet error from VoteRequest() call to peer 0436db468971414cbb0f16259f07b831 (127.12.60.131:45065): Illegal state: must be running to vote when last-logged opid is not known
I20260608 10:10:33.289352 17235 tablet_bootstrap.cc:492] T 4861ec4e81964118a12023ef7ced6e24 P 5af193c0b68b4795b5cc8e81a8221447: No bootstrap required, opened a new log
I20260608 10:10:33.289902 17235 ts_tablet_manager.cc:1403] T 4861ec4e81964118a12023ef7ced6e24 P 5af193c0b68b4795b5cc8e81a8221447: Time spent bootstrapping tablet: real 0.087s	user 0.044s	sys 0.015s
I20260608 10:10:33.295477 17235 raft_consensus.cc:359] T 4861ec4e81964118a12023ef7ced6e24 P 5af193c0b68b4795b5cc8e81a8221447 [term 0 FOLLOWER]: Replica starting. Triggering 0 pending ops. Active config: opid_index: -1 OBSOLETE_local: false peers { permanent_uuid: "44ebe7465ea346689ff6e81d692e09dd" member_type: VOTER last_known_addr { host: "127.12.60.129" port: 35987 } } peers { permanent_uuid: "5af193c0b68b4795b5cc8e81a8221447" member_type: VOTER last_known_addr { host: "127.12.60.130" port: 38011 } } peers { permanent_uuid: "0436db468971414cbb0f16259f07b831" member_type: VOTER last_known_addr { host: "127.12.60.131" port: 45065 } }
I20260608 10:10:33.296446 17235 raft_consensus.cc:385] T 4861ec4e81964118a12023ef7ced6e24 P 5af193c0b68b4795b5cc8e81a8221447 [term 0 FOLLOWER]: Consensus starting up: Expiring failure detector timer to make a prompt election more likely
I20260608 10:10:33.296818 17235 raft_consensus.cc:740] T 4861ec4e81964118a12023ef7ced6e24 P 5af193c0b68b4795b5cc8e81a8221447 [term 0 FOLLOWER]: Becoming Follower/Learner. State: Replica: 5af193c0b68b4795b5cc8e81a8221447, State: Initialized, Role: FOLLOWER
I20260608 10:10:33.297901 17235 consensus_queue.cc:260] T 4861ec4e81964118a12023ef7ced6e24 P 5af193c0b68b4795b5cc8e81a8221447 [NON_LEADER]: Queue going to NON_LEADER mode. State: All replicated index: 0, Majority replicated index: 0, Committed index: 0, Last appended: 0.0, Last appended by leader: 0, Current term: 0, Majority size: -1, State: 0, Mode: NON_LEADER, active raft config: opid_index: -1 OBSOLETE_local: false peers { permanent_uuid: "44ebe7465ea346689ff6e81d692e09dd" member_type: VOTER last_known_addr { host: "127.12.60.129" port: 35987 } } peers { permanent_uuid: "5af193c0b68b4795b5cc8e81a8221447" member_type: VOTER last_known_addr { host: "127.12.60.130" port: 38011 } } peers { permanent_uuid: "0436db468971414cbb0f16259f07b831" member_type: VOTER last_known_addr { host: "127.12.60.131" port: 45065 } }
I20260608 10:10:33.301204 17235 ts_tablet_manager.cc:1434] T 4861ec4e81964118a12023ef7ced6e24 P 5af193c0b68b4795b5cc8e81a8221447: Time spent starting tablet: real 0.010s	user 0.007s	sys 0.000s
I20260608 10:10:33.302642 17235 tablet_bootstrap.cc:492] T 4e7af440d0f549f3af27fa13f00972b2 P 5af193c0b68b4795b5cc8e81a8221447: Bootstrap starting.
I20260608 10:10:33.305739 17234 tablet_bootstrap.cc:492] T 4861ec4e81964118a12023ef7ced6e24 P 44ebe7465ea346689ff6e81d692e09dd: No bootstrap required, opened a new log
I20260608 10:10:33.306246 17234 ts_tablet_manager.cc:1403] T 4861ec4e81964118a12023ef7ced6e24 P 44ebe7465ea346689ff6e81d692e09dd: Time spent bootstrapping tablet: real 0.093s	user 0.018s	sys 0.034s
I20260608 10:10:33.311368 17235 tablet_bootstrap.cc:654] T 4e7af440d0f549f3af27fa13f00972b2 P 5af193c0b68b4795b5cc8e81a8221447: Neither blocks nor log segments found. Creating new log.
I20260608 10:10:33.311476 17242 raft_consensus.cc:515] T 2101aa1f77f64828833d24b8279ab7e7 P 44ebe7465ea346689ff6e81d692e09dd [term 1 FOLLOWER]: Starting leader election with config: opid_index: -1 OBSOLETE_local: false peers { permanent_uuid: "44ebe7465ea346689ff6e81d692e09dd" member_type: VOTER last_known_addr { host: "127.12.60.129" port: 35987 } } peers { permanent_uuid: "5af193c0b68b4795b5cc8e81a8221447" member_type: VOTER last_known_addr { host: "127.12.60.130" port: 38011 } } peers { permanent_uuid: "0436db468971414cbb0f16259f07b831" member_type: VOTER last_known_addr { host: "127.12.60.131" port: 45065 } }
I20260608 10:10:33.312994 17033 raft_consensus.cc:2393] T 2101aa1f77f64828833d24b8279ab7e7 P 44ebe7465ea346689ff6e81d692e09dd [term 1 FOLLOWER]: Leader pre-election vote request: Denying vote to candidate 5af193c0b68b4795b5cc8e81a8221447 in current term 1: Already voted for candidate 44ebe7465ea346689ff6e81d692e09dd in this term.
I20260608 10:10:33.314002 17242 leader_election.cc:290] T 2101aa1f77f64828833d24b8279ab7e7 P 44ebe7465ea346689ff6e81d692e09dd [CANDIDATE]: Term 1 election: Requested vote from peers 5af193c0b68b4795b5cc8e81a8221447 (127.12.60.130:38011), 0436db468971414cbb0f16259f07b831 (127.12.60.131:45065)
I20260608 10:10:33.315193 17185 tablet_service.cc:1917] Received RequestConsensusVote() RPC: tablet_id: "2101aa1f77f64828833d24b8279ab7e7" candidate_uuid: "44ebe7465ea346689ff6e81d692e09dd" candidate_term: 1 candidate_status { last_received { term: 0 index: 0 } } ignore_live_leader: false dest_uuid: "0436db468971414cbb0f16259f07b831"
I20260608 10:10:33.316013 17079 leader_election.cc:304] T 2101aa1f77f64828833d24b8279ab7e7 P 5af193c0b68b4795b5cc8e81a8221447 [CANDIDATE]: Term 1 pre-election: Election decided. Result: candidate lost. Election summary: received 3 responses out of 3 voters: 1 yes votes; 2 no votes. yes voters: 5af193c0b68b4795b5cc8e81a8221447; no voters: 0436db468971414cbb0f16259f07b831, 44ebe7465ea346689ff6e81d692e09dd
W20260608 10:10:33.316627 17004 leader_election.cc:343] T 2101aa1f77f64828833d24b8279ab7e7 P 44ebe7465ea346689ff6e81d692e09dd [CANDIDATE]: Term 1 election: Tablet error from VoteRequest() call to peer 0436db468971414cbb0f16259f07b831 (127.12.60.131:45065): Illegal state: must be running to vote when last-logged opid is not known
I20260608 10:10:33.316870 17241 raft_consensus.cc:3060] T 2101aa1f77f64828833d24b8279ab7e7 P 5af193c0b68b4795b5cc8e81a8221447 [term 0 FOLLOWER]: Advancing to term 1
I20260608 10:10:33.317121 17234 raft_consensus.cc:359] T 4861ec4e81964118a12023ef7ced6e24 P 44ebe7465ea346689ff6e81d692e09dd [term 0 FOLLOWER]: Replica starting. Triggering 0 pending ops. Active config: opid_index: -1 OBSOLETE_local: false peers { permanent_uuid: "44ebe7465ea346689ff6e81d692e09dd" member_type: VOTER last_known_addr { host: "127.12.60.129" port: 35987 } } peers { permanent_uuid: "5af193c0b68b4795b5cc8e81a8221447" member_type: VOTER last_known_addr { host: "127.12.60.130" port: 38011 } } peers { permanent_uuid: "0436db468971414cbb0f16259f07b831" member_type: VOTER last_known_addr { host: "127.12.60.131" port: 45065 } }
I20260608 10:10:33.317811 17234 raft_consensus.cc:385] T 4861ec4e81964118a12023ef7ced6e24 P 44ebe7465ea346689ff6e81d692e09dd [term 0 FOLLOWER]: Consensus starting up: Expiring failure detector timer to make a prompt election more likely
I20260608 10:10:33.318089 17234 raft_consensus.cc:740] T 4861ec4e81964118a12023ef7ced6e24 P 44ebe7465ea346689ff6e81d692e09dd [term 0 FOLLOWER]: Becoming Follower/Learner. State: Replica: 44ebe7465ea346689ff6e81d692e09dd, State: Initialized, Role: FOLLOWER
I20260608 10:10:33.332754 17241 raft_consensus.cc:2749] T 2101aa1f77f64828833d24b8279ab7e7 P 5af193c0b68b4795b5cc8e81a8221447 [term 1 FOLLOWER]: Leader pre-election lost for term 1. Reason: could not achieve majority
I20260608 10:10:33.331998 16933 catalog_manager.cc:5696] T 9fa14861c2a74322943bdacc5185f3d7 P 0436db468971414cbb0f16259f07b831 reported cstate change: term changed from 0 to 1, leader changed from <none> to 0436db468971414cbb0f16259f07b831 (127.12.60.131). New cstate: current_term: 1 leader_uuid: "0436db468971414cbb0f16259f07b831" committed_config { opid_index: -1 OBSOLETE_local: false peers { permanent_uuid: "44ebe7465ea346689ff6e81d692e09dd" member_type: VOTER last_known_addr { host: "127.12.60.129" port: 35987 } health_report { overall_health: UNKNOWN } } peers { permanent_uuid: "5af193c0b68b4795b5cc8e81a8221447" member_type: VOTER last_known_addr { host: "127.12.60.130" port: 38011 } health_report { overall_health: UNKNOWN } } peers { permanent_uuid: "0436db468971414cbb0f16259f07b831" member_type: VOTER last_known_addr { host: "127.12.60.131" port: 45065 } health_report { overall_health: HEALTHY } } }
I20260608 10:10:33.334106 16933 catalog_manager.cc:5696] T 6bc9f1a8ab1b43ac93fd267ccfa1ccc9 P 0436db468971414cbb0f16259f07b831 reported cstate change: term changed from 0 to 1, leader changed from <none> to 0436db468971414cbb0f16259f07b831 (127.12.60.131). New cstate: current_term: 1 leader_uuid: "0436db468971414cbb0f16259f07b831" committed_config { opid_index: -1 OBSOLETE_local: false peers { permanent_uuid: "0436db468971414cbb0f16259f07b831" member_type: VOTER last_known_addr { host: "127.12.60.131" port: 45065 } health_report { overall_health: HEALTHY } } peers { permanent_uuid: "5af193c0b68b4795b5cc8e81a8221447" member_type: VOTER last_known_addr { host: "127.12.60.130" port: 38011 } health_report { overall_health: UNKNOWN } } peers { permanent_uuid: "44ebe7465ea346689ff6e81d692e09dd" member_type: VOTER last_known_addr { host: "127.12.60.129" port: 35987 } health_report { overall_health: UNKNOWN } } }
I20260608 10:10:33.336756 17233 tablet_bootstrap.cc:492] T af728836eaa14b279fbc02657c1f2013 P 0436db468971414cbb0f16259f07b831: No bootstrap required, opened a new log
I20260608 10:10:33.337218 17233 ts_tablet_manager.cc:1403] T af728836eaa14b279fbc02657c1f2013 P 0436db468971414cbb0f16259f07b831: Time spent bootstrapping tablet: real 0.127s	user 0.033s	sys 0.029s
I20260608 10:10:33.337419 17234 consensus_queue.cc:260] T 4861ec4e81964118a12023ef7ced6e24 P 44ebe7465ea346689ff6e81d692e09dd [NON_LEADER]: Queue going to NON_LEADER mode. State: All replicated index: 0, Majority replicated index: 0, Committed index: 0, Last appended: 0.0, Last appended by leader: 0, Current term: 0, Majority size: -1, State: 0, Mode: NON_LEADER, active raft config: opid_index: -1 OBSOLETE_local: false peers { permanent_uuid: "44ebe7465ea346689ff6e81d692e09dd" member_type: VOTER last_known_addr { host: "127.12.60.129" port: 35987 } } peers { permanent_uuid: "5af193c0b68b4795b5cc8e81a8221447" member_type: VOTER last_known_addr { host: "127.12.60.130" port: 38011 } } peers { permanent_uuid: "0436db468971414cbb0f16259f07b831" member_type: VOTER last_known_addr { host: "127.12.60.131" port: 45065 } }
I20260608 10:10:33.339197 17113 tablet_service.cc:1917] Received RequestConsensusVote() RPC: tablet_id: "2101aa1f77f64828833d24b8279ab7e7" candidate_uuid: "44ebe7465ea346689ff6e81d692e09dd" candidate_term: 1 candidate_status { last_received { term: 0 index: 0 } } ignore_live_leader: false dest_uuid: "5af193c0b68b4795b5cc8e81a8221447"
I20260608 10:10:33.339994 17233 raft_consensus.cc:359] T af728836eaa14b279fbc02657c1f2013 P 0436db468971414cbb0f16259f07b831 [term 0 FOLLOWER]: Replica starting. Triggering 0 pending ops. Active config: opid_index: -1 OBSOLETE_local: false peers { permanent_uuid: "44ebe7465ea346689ff6e81d692e09dd" member_type: VOTER last_known_addr { host: "127.12.60.129" port: 35987 } } peers { permanent_uuid: "5af193c0b68b4795b5cc8e81a8221447" member_type: VOTER last_known_addr { host: "127.12.60.130" port: 38011 } } peers { permanent_uuid: "0436db468971414cbb0f16259f07b831" member_type: VOTER last_known_addr { host: "127.12.60.131" port: 45065 } }
I20260608 10:10:33.340657 17233 raft_consensus.cc:385] T af728836eaa14b279fbc02657c1f2013 P 0436db468971414cbb0f16259f07b831 [term 0 FOLLOWER]: Consensus starting up: Expiring failure detector timer to make a prompt election more likely
I20260608 10:10:33.340912 17233 raft_consensus.cc:740] T af728836eaa14b279fbc02657c1f2013 P 0436db468971414cbb0f16259f07b831 [term 0 FOLLOWER]: Becoming Follower/Learner. State: Replica: 0436db468971414cbb0f16259f07b831, State: Initialized, Role: FOLLOWER
I20260608 10:10:33.342016 17233 consensus_queue.cc:260] T af728836eaa14b279fbc02657c1f2013 P 0436db468971414cbb0f16259f07b831 [NON_LEADER]: Queue going to NON_LEADER mode. State: All replicated index: 0, Majority replicated index: 0, Committed index: 0, Last appended: 0.0, Last appended by leader: 0, Current term: 0, Majority size: -1, State: 0, Mode: NON_LEADER, active raft config: opid_index: -1 OBSOLETE_local: false peers { permanent_uuid: "44ebe7465ea346689ff6e81d692e09dd" member_type: VOTER last_known_addr { host: "127.12.60.129" port: 35987 } } peers { permanent_uuid: "5af193c0b68b4795b5cc8e81a8221447" member_type: VOTER last_known_addr { host: "127.12.60.130" port: 38011 } } peers { permanent_uuid: "0436db468971414cbb0f16259f07b831" member_type: VOTER last_known_addr { host: "127.12.60.131" port: 45065 } }
I20260608 10:10:33.342999 17269 raft_consensus.cc:493] T 7ba5014025ee4321a206985b773c1d58 P 0436db468971414cbb0f16259f07b831 [term 0 FOLLOWER]: Starting pre-election (no leader contacted us within the election timeout)
I20260608 10:10:33.343197 17234 ts_tablet_manager.cc:1434] T 4861ec4e81964118a12023ef7ced6e24 P 44ebe7465ea346689ff6e81d692e09dd: Time spent starting tablet: real 0.037s	user 0.005s	sys 0.003s
I20260608 10:10:33.343495 17269 raft_consensus.cc:515] T 7ba5014025ee4321a206985b773c1d58 P 0436db468971414cbb0f16259f07b831 [term 0 FOLLOWER]: Starting pre-election with config: opid_index: -1 OBSOLETE_local: false peers { permanent_uuid: "44ebe7465ea346689ff6e81d692e09dd" member_type: VOTER last_known_addr { host: "127.12.60.129" port: 35987 } } peers { permanent_uuid: "5af193c0b68b4795b5cc8e81a8221447" member_type: VOTER last_known_addr { host: "127.12.60.130" port: 38011 } } peers { permanent_uuid: "0436db468971414cbb0f16259f07b831" member_type: VOTER last_known_addr { host: "127.12.60.131" port: 45065 } }
I20260608 10:10:33.344246 17234 tablet_bootstrap.cc:492] T af728836eaa14b279fbc02657c1f2013 P 44ebe7465ea346689ff6e81d692e09dd: Bootstrap starting.
I20260608 10:10:33.345911 17269 leader_election.cc:290] T 7ba5014025ee4321a206985b773c1d58 P 0436db468971414cbb0f16259f07b831 [CANDIDATE]: Term 1 pre-election: Requested pre-vote from peers 44ebe7465ea346689ff6e81d692e09dd (127.12.60.129:35987), 5af193c0b68b4795b5cc8e81a8221447 (127.12.60.130:38011)
I20260608 10:10:33.347661 17113 raft_consensus.cc:2468] T 2101aa1f77f64828833d24b8279ab7e7 P 5af193c0b68b4795b5cc8e81a8221447 [term 1 FOLLOWER]: Leader election vote request: Granting yes vote for candidate 44ebe7465ea346689ff6e81d692e09dd in term 1.
I20260608 10:10:33.347761 17112 tablet_service.cc:1917] Received RequestConsensusVote() RPC: tablet_id: "7ba5014025ee4321a206985b773c1d58" candidate_uuid: "0436db468971414cbb0f16259f07b831" candidate_term: 1 candidate_status { last_received { term: 0 index: 0 } } ignore_live_leader: false dest_uuid: "5af193c0b68b4795b5cc8e81a8221447" is_pre_election: true
I20260608 10:10:33.348521 17112 raft_consensus.cc:2468] T 7ba5014025ee4321a206985b773c1d58 P 5af193c0b68b4795b5cc8e81a8221447 [term 0 FOLLOWER]: Leader pre-election vote request: Granting yes vote for candidate 0436db468971414cbb0f16259f07b831 in term 0.
I20260608 10:10:33.349464 17033 tablet_service.cc:1917] Received RequestConsensusVote() RPC: tablet_id: "7ba5014025ee4321a206985b773c1d58" candidate_uuid: "0436db468971414cbb0f16259f07b831" candidate_term: 1 candidate_status { last_received { term: 0 index: 0 } } ignore_live_leader: false dest_uuid: "44ebe7465ea346689ff6e81d692e09dd" is_pre_election: true
I20260608 10:10:33.349898 17152 leader_election.cc:304] T 7ba5014025ee4321a206985b773c1d58 P 0436db468971414cbb0f16259f07b831 [CANDIDATE]: Term 1 pre-election: Election decided. Result: candidate won. Election summary: received 2 responses out of 3 voters: 2 yes votes; 0 no votes. yes voters: 0436db468971414cbb0f16259f07b831, 5af193c0b68b4795b5cc8e81a8221447; no voters: 
I20260608 10:10:33.314574 17242 raft_consensus.cc:493] T 7ba5014025ee4321a206985b773c1d58 P 44ebe7465ea346689ff6e81d692e09dd [term 0 FOLLOWER]: Starting pre-election (no leader contacted us within the election timeout)
I20260608 10:10:33.350867 17269 raft_consensus.cc:2804] T 7ba5014025ee4321a206985b773c1d58 P 0436db468971414cbb0f16259f07b831 [term 0 FOLLOWER]: Leader pre-election won for term 1
I20260608 10:10:33.351244 17269 raft_consensus.cc:493] T 7ba5014025ee4321a206985b773c1d58 P 0436db468971414cbb0f16259f07b831 [term 0 FOLLOWER]: Starting leader election (no leader contacted us within the election timeout)
I20260608 10:10:33.351122 17242 raft_consensus.cc:515] T 7ba5014025ee4321a206985b773c1d58 P 44ebe7465ea346689ff6e81d692e09dd [term 0 FOLLOWER]: Starting pre-election with config: opid_index: -1 OBSOLETE_local: false peers { permanent_uuid: "44ebe7465ea346689ff6e81d692e09dd" member_type: VOTER last_known_addr { host: "127.12.60.129" port: 35987 } } peers { permanent_uuid: "5af193c0b68b4795b5cc8e81a8221447" member_type: VOTER last_known_addr { host: "127.12.60.130" port: 38011 } } peers { permanent_uuid: "0436db468971414cbb0f16259f07b831" member_type: VOTER last_known_addr { host: "127.12.60.131" port: 45065 } }
I20260608 10:10:33.351679 17233 ts_tablet_manager.cc:1434] T af728836eaa14b279fbc02657c1f2013 P 0436db468971414cbb0f16259f07b831: Time spent starting tablet: real 0.014s	user 0.007s	sys 0.000s
I20260608 10:10:33.352231 17033 raft_consensus.cc:2468] T 7ba5014025ee4321a206985b773c1d58 P 44ebe7465ea346689ff6e81d692e09dd [term 0 FOLLOWER]: Leader pre-election vote request: Granting yes vote for candidate 0436db468971414cbb0f16259f07b831 in term 0.
I20260608 10:10:33.352804 17233 tablet_bootstrap.cc:492] T 4e7af440d0f549f3af27fa13f00972b2 P 0436db468971414cbb0f16259f07b831: Bootstrap starting.
I20260608 10:10:33.353487 17242 leader_election.cc:290] T 7ba5014025ee4321a206985b773c1d58 P 44ebe7465ea346689ff6e81d692e09dd [CANDIDATE]: Term 1 pre-election: Requested pre-vote from peers 5af193c0b68b4795b5cc8e81a8221447 (127.12.60.130:38011), 0436db468971414cbb0f16259f07b831 (127.12.60.131:45065)
I20260608 10:10:33.350665 17234 tablet_bootstrap.cc:654] T af728836eaa14b279fbc02657c1f2013 P 44ebe7465ea346689ff6e81d692e09dd: Neither blocks nor log segments found. Creating new log.
