I20260608 09:47:41.164811 24301 sys_catalog.cc:455] T 00000000000000000000000000000000 P 0eeffe00734941719be1456e86533be9 [sys.catalog]: SysCatalogTable state changed. Reason: RaftConsensus started. Latest consensus state: current_term: 0 committed_config { opid_index: -1 OBSOLETE_local: false peers { permanent_uuid: "aaaba848ab784fc486efcff8334d6432" member_type: VOTER last_known_addr { host: "127.22.119.190" port: 42091 } } peers { permanent_uuid: "0eeffe00734941719be1456e86533be9" member_type: VOTER last_known_addr { host: "127.22.119.189" port: 46099 } } peers { permanent_uuid: "5090f14b5d2c404faa16b21e7c8657dc" member_type: VOTER last_known_addr { host: "127.22.119.188" port: 41205 } } }
I20260608 09:47:41.165593 24301 sys_catalog.cc:458] T 00000000000000000000000000000000 P 0eeffe00734941719be1456e86533be9 [sys.catalog]: This master's current role is: FOLLOWER
I20260608 09:47:41.166561 24216 sys_catalog.cc:565] T 00000000000000000000000000000000 P 0eeffe00734941719be1456e86533be9 [sys.catalog]: configured and running, proceeding with master startup.
W20260608 09:47:41.174829 24305 catalog_manager.cc:1593] T 00000000000000000000000000000000 P 5090f14b5d2c404faa16b21e7c8657dc: loading cluster ID for follower catalog manager: Not found: cluster ID entry not found
W20260608 09:47:41.175290 24305 catalog_manager.cc:883] Not found: cluster ID entry not found: failed to prepare follower catalog manager, will retry
I20260608 09:47:41.184965 23006 internal_mini_cluster.cc:184] Waiting to initialize catalog manager on master 1
I20260608 09:47:41.185313 23006 internal_mini_cluster.cc:184] Waiting to initialize catalog manager on master 2
W20260608 09:47:41.187114 24322 catalog_manager.cc:1593] T 00000000000000000000000000000000 P 0eeffe00734941719be1456e86533be9: loading cluster ID for follower catalog manager: Not found: cluster ID entry not found
I20260608 09:47:41.187197 23006 file_cache.cc:492] Constructed file cache file cache with capacity 419430
W20260608 09:47:41.187580 24322 catalog_manager.cc:883] Not found: cluster ID entry not found: failed to prepare follower catalog manager, will retry
W20260608 09:47:41.188462 24325 catalog_manager.cc:1593] T 00000000000000000000000000000000 P aaaba848ab784fc486efcff8334d6432: loading cluster ID for follower catalog manager: Not found: cluster ID entry not found
W20260608 09:47:41.188766 24325 catalog_manager.cc:883] Not found: cluster ID entry not found: failed to prepare follower catalog manager, will retry
W20260608 09:47:41.194386 24326 instance_detector.cc:116] could not retrieve AWS instance metadata: Network error: curl error: HTTP response code said error: The requested URL returned error: 404
W20260608 09:47:41.194558 24327 instance_detector.cc:116] could not retrieve Azure instance metadata: Network error: curl error: HTTP response code said error: The requested URL returned error: 404
I20260608 09:47:41.197165 23006 server_base.cc:1061] running on GCE node
W20260608 09:47:41.197353 24329 instance_detector.cc:116] could not retrieve OpenStack instance metadata: Network error: curl error: HTTP response code said error: The requested URL returned error: 404
I20260608 09:47:41.198305 23006 hybrid_clock.cc:584] initializing the hybrid clock with 'system_unsync' time source
W20260608 09:47:41.198580 23006 system_unsync_time.cc:38] NTP support is disabled. Clock error bounds will not be accurate. This configuration is not suitable for distributed clusters.
I20260608 09:47:41.198762 23006 hybrid_clock.cc:648] HybridClock initialized: now 1780912061198744 us; error 0 us; skew 500 ppm
I20260608 09:47:41.199419 23006 server_base.cc:861] Flag tcmalloc_max_total_thread_cache_bytes is not working since tcmalloc is not enabled.
I20260608 09:47:41.201758 23006 webserver.cc:533] Webserver started at http://127.22.119.129:42879/ using document root <none> and password file <none>
I20260608 09:47:41.202255 23006 fs_manager.cc:362] Metadata directory not provided
I20260608 09:47:41.202445 23006 fs_manager.cc:368] Using write-ahead log directory (fs_wal_dir) as metadata directory
I20260608 09:47:41.202725 23006 server_base.cc:909] This appears to be a new deployment of Kudu; creating new FS layout
I20260608 09:47:41.203925 23006 fs_manager.cc:1068] Generated new instance metadata in path /tmp/dist-test-taskzaICfr/test-tmp/auto_rebalancer-test.0.AutoRebalancerTest.NextLeaderResumesAutoRebalancing.1780912042975794-23006-0/minicluster-data/ts-0-root/instance:
uuid: "e27eda4d7da04e60b720fb43ea66e355"
format_stamp: "Formatted at 2026-06-08 09:47:41 on dist-test-slave-b67l"
I20260608 09:47:41.208621 23006 fs_manager.cc:696] Time spent creating directory manager: real 0.004s	user 0.005s	sys 0.000s
I20260608 09:47:41.212124 24334 log_block_manager.cc:4031] Time spent loading block containers with low live blocks: real 0.000s	user 0.000s	sys 0.000s
I20260608 09:47:41.212841 23006 fs_manager.cc:730] Time spent opening block manager: real 0.002s	user 0.002s	sys 0.002s
I20260608 09:47:41.213141 23006 fs_manager.cc:647] Opened local filesystem: /tmp/dist-test-taskzaICfr/test-tmp/auto_rebalancer-test.0.AutoRebalancerTest.NextLeaderResumesAutoRebalancing.1780912042975794-23006-0/minicluster-data/ts-0-root
uuid: "e27eda4d7da04e60b720fb43ea66e355"
format_stamp: "Formatted at 2026-06-08 09:47:41 on dist-test-slave-b67l"
I20260608 09:47:41.213423 23006 fs_report.cc:389] FS layout report
--------------------
wal directory: /tmp/dist-test-taskzaICfr/test-tmp/auto_rebalancer-test.0.AutoRebalancerTest.NextLeaderResumesAutoRebalancing.1780912042975794-23006-0/minicluster-data/ts-0-root
metadata directory: /tmp/dist-test-taskzaICfr/test-tmp/auto_rebalancer-test.0.AutoRebalancerTest.NextLeaderResumesAutoRebalancing.1780912042975794-23006-0/minicluster-data/ts-0-root
1 data directories: /tmp/dist-test-taskzaICfr/test-tmp/auto_rebalancer-test.0.AutoRebalancerTest.NextLeaderResumesAutoRebalancing.1780912042975794-23006-0/minicluster-data/ts-0-root/data
Total live blocks: 0
Total live bytes: 0
Total live bytes (after alignment): 0
Total number of LBM containers: 0 (0 full)
Did not check for missing blocks
Did not check for orphaned blocks
Total full LBM containers with extra space: 0 (0 repaired)
Total full LBM container extra space in bytes: 0 (0 repaired)
Total incomplete LBM containers: 0 (0 repaired)
Total LBM partial records: 0 (0 repaired)
Total corrupted LBM metadata records in RocksDB: 0 (0 repaired)
I20260608 09:47:41.234678 23006 rpc_server.cc:225] running with OpenSSL 1.1.1  11 Sep 2018
I20260608 09:47:41.235976 23006 kserver.cc:163] Server-wide thread pool size limit: 3276
I20260608 09:47:41.237648 23006 txn_system_client.cc:432] TxnSystemClient initialization is disabled...
I20260608 09:47:41.240154 23006 ts_tablet_manager.cc:585] Loaded tablet metadata (0 total tablets, 0 live tablets)
I20260608 09:47:41.240387 23006 ts_tablet_manager.cc:531] Time spent load tablet metadata: real 0.000s	user 0.000s	sys 0.000s
I20260608 09:47:41.240645 23006 ts_tablet_manager.cc:616] Registered 0 tablets
I20260608 09:47:41.240833 23006 ts_tablet_manager.cc:595] Time spent register tablets: real 0.000s	user 0.000s	sys 0.000s
I20260608 09:47:41.266976 24289 raft_consensus.cc:493] T 00000000000000000000000000000000 P 5090f14b5d2c404faa16b21e7c8657dc [term 0 FOLLOWER]: Starting pre-election (no leader contacted us within the election timeout)
I20260608 09:47:41.267742 24289 raft_consensus.cc:515] T 00000000000000000000000000000000 P 5090f14b5d2c404faa16b21e7c8657dc [term 0 FOLLOWER]: Starting pre-election with config: opid_index: -1 OBSOLETE_local: false peers { permanent_uuid: "aaaba848ab784fc486efcff8334d6432" member_type: VOTER last_known_addr { host: "127.22.119.190" port: 42091 } } peers { permanent_uuid: "0eeffe00734941719be1456e86533be9" member_type: VOTER last_known_addr { host: "127.22.119.189" port: 46099 } } peers { permanent_uuid: "5090f14b5d2c404faa16b21e7c8657dc" member_type: VOTER last_known_addr { host: "127.22.119.188" port: 41205 } }
I20260608 09:47:41.271406 24289 leader_election.cc:290] T 00000000000000000000000000000000 P 5090f14b5d2c404faa16b21e7c8657dc [CANDIDATE]: Term 1 pre-election: Requested pre-vote from peers aaaba848ab784fc486efcff8334d6432 (127.22.119.190:42091), 0eeffe00734941719be1456e86533be9 (127.22.119.189:46099)
I20260608 09:47:41.271522 24126 tablet_service.cc:1917] Received RequestConsensusVote() RPC: tablet_id: "00000000000000000000000000000000" candidate_uuid: "5090f14b5d2c404faa16b21e7c8657dc" candidate_term: 1 candidate_status { last_received { term: 0 index: 0 } } ignore_live_leader: false dest_uuid: "aaaba848ab784fc486efcff8334d6432" is_pre_election: true
I20260608 09:47:41.271970 24191 tablet_service.cc:1917] Received RequestConsensusVote() RPC: tablet_id: "00000000000000000000000000000000" candidate_uuid: "5090f14b5d2c404faa16b21e7c8657dc" candidate_term: 1 candidate_status { last_received { term: 0 index: 0 } } ignore_live_leader: false dest_uuid: "0eeffe00734941719be1456e86533be9" is_pre_election: true
I20260608 09:47:41.272424 24126 raft_consensus.cc:2468] T 00000000000000000000000000000000 P aaaba848ab784fc486efcff8334d6432 [term 0 FOLLOWER]: Leader pre-election vote request: Granting yes vote for candidate 5090f14b5d2c404faa16b21e7c8657dc in term 0.
I20260608 09:47:41.272773 24191 raft_consensus.cc:2468] T 00000000000000000000000000000000 P 0eeffe00734941719be1456e86533be9 [term 0 FOLLOWER]: Leader pre-election vote request: Granting yes vote for candidate 5090f14b5d2c404faa16b21e7c8657dc in term 0.
I20260608 09:47:41.274125 24232 leader_election.cc:304] T 00000000000000000000000000000000 P 5090f14b5d2c404faa16b21e7c8657dc [CANDIDATE]: Term 1 pre-election: Election decided. Result: candidate won. Election summary: received 2 responses out of 3 voters: 2 yes votes; 0 no votes. yes voters: 5090f14b5d2c404faa16b21e7c8657dc, aaaba848ab784fc486efcff8334d6432; no voters: 
I20260608 09:47:41.275038 24289 raft_consensus.cc:2804] T 00000000000000000000000000000000 P 5090f14b5d2c404faa16b21e7c8657dc [term 0 FOLLOWER]: Leader pre-election won for term 1
I20260608 09:47:41.275377 24289 raft_consensus.cc:493] T 00000000000000000000000000000000 P 5090f14b5d2c404faa16b21e7c8657dc [term 0 FOLLOWER]: Starting leader election (no leader contacted us within the election timeout)
I20260608 09:47:41.275671 24289 raft_consensus.cc:3060] T 00000000000000000000000000000000 P 5090f14b5d2c404faa16b21e7c8657dc [term 0 FOLLOWER]: Advancing to term 1
I20260608 09:47:41.281129 24289 raft_consensus.cc:515] T 00000000000000000000000000000000 P 5090f14b5d2c404faa16b21e7c8657dc [term 1 FOLLOWER]: Starting leader election with config: opid_index: -1 OBSOLETE_local: false peers { permanent_uuid: "aaaba848ab784fc486efcff8334d6432" member_type: VOTER last_known_addr { host: "127.22.119.190" port: 42091 } } peers { permanent_uuid: "0eeffe00734941719be1456e86533be9" member_type: VOTER last_known_addr { host: "127.22.119.189" port: 46099 } } peers { permanent_uuid: "5090f14b5d2c404faa16b21e7c8657dc" member_type: VOTER last_known_addr { host: "127.22.119.188" port: 41205 } }
I20260608 09:47:41.282994 24289 leader_election.cc:290] T 00000000000000000000000000000000 P 5090f14b5d2c404faa16b21e7c8657dc [CANDIDATE]: Term 1 election: Requested vote from peers aaaba848ab784fc486efcff8334d6432 (127.22.119.190:42091), 0eeffe00734941719be1456e86533be9 (127.22.119.189:46099)
I20260608 09:47:41.283838 24126 tablet_service.cc:1917] Received RequestConsensusVote() RPC: tablet_id: "00000000000000000000000000000000" candidate_uuid: "5090f14b5d2c404faa16b21e7c8657dc" candidate_term: 1 candidate_status { last_received { term: 0 index: 0 } } ignore_live_leader: false dest_uuid: "aaaba848ab784fc486efcff8334d6432"
I20260608 09:47:41.284160 24191 tablet_service.cc:1917] Received RequestConsensusVote() RPC: tablet_id: "00000000000000000000000000000000" candidate_uuid: "5090f14b5d2c404faa16b21e7c8657dc" candidate_term: 1 candidate_status { last_received { term: 0 index: 0 } } ignore_live_leader: false dest_uuid: "0eeffe00734941719be1456e86533be9"
I20260608 09:47:41.284624 24126 raft_consensus.cc:3060] T 00000000000000000000000000000000 P aaaba848ab784fc486efcff8334d6432 [term 0 FOLLOWER]: Advancing to term 1
I20260608 09:47:41.284782 24191 raft_consensus.cc:3060] T 00000000000000000000000000000000 P 0eeffe00734941719be1456e86533be9 [term 0 FOLLOWER]: Advancing to term 1
I20260608 09:47:41.292547 23006 rpc_server.cc:307] RPC server started. Bound to: 127.22.119.129:44893
I20260608 09:47:41.292708 24396 acceptor_pool.cc:272] collecting diagnostics on the listening RPC socket 127.22.119.129:44893 every 8 connection(s)
I20260608 09:47:41.293396 24191 raft_consensus.cc:2468] T 00000000000000000000000000000000 P 0eeffe00734941719be1456e86533be9 [term 1 FOLLOWER]: Leader election vote request: Granting yes vote for candidate 5090f14b5d2c404faa16b21e7c8657dc in term 1.
I20260608 09:47:41.294096 24126 raft_consensus.cc:2468] T 00000000000000000000000000000000 P aaaba848ab784fc486efcff8334d6432 [term 1 FOLLOWER]: Leader election vote request: Granting yes vote for candidate 5090f14b5d2c404faa16b21e7c8657dc in term 1.
I20260608 09:47:41.294732 24233 leader_election.cc:304] T 00000000000000000000000000000000 P 5090f14b5d2c404faa16b21e7c8657dc [CANDIDATE]: Term 1 election: Election decided. Result: candidate won. Election summary: received 2 responses out of 3 voters: 2 yes votes; 0 no votes. yes voters: 0eeffe00734941719be1456e86533be9, 5090f14b5d2c404faa16b21e7c8657dc; no voters: 
I20260608 09:47:41.295751 24289 raft_consensus.cc:2804] T 00000000000000000000000000000000 P 5090f14b5d2c404faa16b21e7c8657dc [term 1 FOLLOWER]: Leader election won for term 1
I20260608 09:47:41.297266 24289 raft_consensus.cc:697] T 00000000000000000000000000000000 P 5090f14b5d2c404faa16b21e7c8657dc [term 1 LEADER]: Becoming Leader. State: Replica: 5090f14b5d2c404faa16b21e7c8657dc, State: Running, Role: LEADER
I20260608 09:47:41.298374 24289 consensus_queue.cc:237] T 00000000000000000000000000000000 P 5090f14b5d2c404faa16b21e7c8657dc [LEADER]: Queue going to LEADER mode. State: All replicated index: 0, Majority replicated index: 0, Committed index: 0, Last appended: 0.0, Last appended by leader: 0, Current term: 1, Majority size: 2, State: 0, Mode: LEADER, active raft config: opid_index: -1 OBSOLETE_local: false peers { permanent_uuid: "aaaba848ab784fc486efcff8334d6432" member_type: VOTER last_known_addr { host: "127.22.119.190" port: 42091 } } peers { permanent_uuid: "0eeffe00734941719be1456e86533be9" member_type: VOTER last_known_addr { host: "127.22.119.189" port: 46099 } } peers { permanent_uuid: "5090f14b5d2c404faa16b21e7c8657dc" member_type: VOTER last_known_addr { host: "127.22.119.188" port: 41205 } }
I20260608 09:47:41.314301 24398 sys_catalog.cc:455] T 00000000000000000000000000000000 P 5090f14b5d2c404faa16b21e7c8657dc [sys.catalog]: SysCatalogTable state changed. Reason: New leader 5090f14b5d2c404faa16b21e7c8657dc. Latest consensus state: current_term: 1 leader_uuid: "5090f14b5d2c404faa16b21e7c8657dc" committed_config { opid_index: -1 OBSOLETE_local: false peers { permanent_uuid: "aaaba848ab784fc486efcff8334d6432" member_type: VOTER last_known_addr { host: "127.22.119.190" port: 42091 } } peers { permanent_uuid: "0eeffe00734941719be1456e86533be9" member_type: VOTER last_known_addr { host: "127.22.119.189" port: 46099 } } peers { permanent_uuid: "5090f14b5d2c404faa16b21e7c8657dc" member_type: VOTER last_known_addr { host: "127.22.119.188" port: 41205 } } }
I20260608 09:47:41.315477 24398 sys_catalog.cc:458] T 00000000000000000000000000000000 P 5090f14b5d2c404faa16b21e7c8657dc [sys.catalog]: This master's current role is: LEADER
I20260608 09:47:41.325587 23006 file_cache.cc:492] Constructed file cache file cache with capacity 419430
I20260608 09:47:41.327675 24397 heartbeater.cc:344] Connected to a master server at 127.22.119.188:41205
I20260608 09:47:41.328159 24397 heartbeater.cc:461] Registering TS with master...
I20260608 09:47:41.329123 24397 heartbeater.cc:507] Master 127.22.119.188:41205 requested a full tablet report, sending...
I20260608 09:47:41.330637 24399 heartbeater.cc:344] Connected to a master server at 127.22.119.189:46099
I20260608 09:47:41.331300 24399 heartbeater.cc:461] Registering TS with master...
I20260608 09:47:41.332201 24247 ts_manager.cc:194] Registered new tserver with Master: e27eda4d7da04e60b720fb43ea66e355 (127.22.119.129:44893)
I20260608 09:47:41.332602 24399 heartbeater.cc:507] Master 127.22.119.189:46099 requested a full tablet report, sending...
I20260608 09:47:41.337764 24181 ts_manager.cc:194] Registered new tserver with Master: e27eda4d7da04e60b720fb43ea66e355 (127.22.119.129:44893)
W20260608 09:47:41.341646 24407 instance_detector.cc:116] could not retrieve AWS instance metadata: Network error: curl error: HTTP response code said error: The requested URL returned error: 404
I20260608 09:47:41.343083 24405 catalog_manager.cc:1510] Loading table and tablet metadata into memory...
I20260608 09:47:41.349023 24400 heartbeater.cc:344] Connected to a master server at 127.22.119.190:42091
I20260608 09:47:41.349469 24400 heartbeater.cc:461] Registering TS with master...
I20260608 09:47:41.350287 24400 heartbeater.cc:507] Master 127.22.119.190:42091 requested a full tablet report, sending...
W20260608 09:47:41.352690 24408 instance_detector.cc:116] could not retrieve Azure instance metadata: Network error: curl error: HTTP response code said error: The requested URL returned error: 404
I20260608 09:47:41.354650 24116 ts_manager.cc:194] Registered new tserver with Master: e27eda4d7da04e60b720fb43ea66e355 (127.22.119.129:44893)
W20260608 09:47:41.354751 24410 instance_detector.cc:116] could not retrieve OpenStack instance metadata: Network error: curl error: HTTP response code said error: The requested URL returned error: 404
I20260608 09:47:41.356096 24405 catalog_manager.cc:1519] Initializing Kudu cluster ID...
I20260608 09:47:41.357088 23006 server_base.cc:1061] running on GCE node
I20260608 09:47:41.358016 23006 hybrid_clock.cc:584] initializing the hybrid clock with 'system_unsync' time source
W20260608 09:47:41.358259 23006 system_unsync_time.cc:38] NTP support is disabled. Clock error bounds will not be accurate. This configuration is not suitable for distributed clusters.
I20260608 09:47:41.358551 23006 hybrid_clock.cc:648] HybridClock initialized: now 1780912061358531 us; error 0 us; skew 500 ppm
I20260608 09:47:41.359192 23006 server_base.cc:861] Flag tcmalloc_max_total_thread_cache_bytes is not working since tcmalloc is not enabled.
I20260608 09:47:41.362398 23006 webserver.cc:533] Webserver started at http://127.22.119.130:45397/ using document root <none> and password file <none>
I20260608 09:47:41.362938 23006 fs_manager.cc:362] Metadata directory not provided
I20260608 09:47:41.363221 23006 fs_manager.cc:368] Using write-ahead log directory (fs_wal_dir) as metadata directory
I20260608 09:47:41.363579 23006 server_base.cc:909] This appears to be a new deployment of Kudu; creating new FS layout
I20260608 09:47:41.365070 23006 fs_manager.cc:1068] Generated new instance metadata in path /tmp/dist-test-taskzaICfr/test-tmp/auto_rebalancer-test.0.AutoRebalancerTest.NextLeaderResumesAutoRebalancing.1780912042975794-23006-0/minicluster-data/ts-1-root/instance:
uuid: "04823413108e418a872137073cd44a4f"
format_stamp: "Formatted at 2026-06-08 09:47:41 on dist-test-slave-b67l"
I20260608 09:47:41.366760 24126 raft_consensus.cc:1275] T 00000000000000000000000000000000 P aaaba848ab784fc486efcff8334d6432 [term 1 FOLLOWER]: Refusing update from remote peer 5090f14b5d2c404faa16b21e7c8657dc: Log matching property violated. Preceding OpId in replica: term: 0 index: 0. Preceding OpId from leader: term: 1 index: 2. (index mismatch)
I20260608 09:47:41.368041 24191 raft_consensus.cc:1275] T 00000000000000000000000000000000 P 0eeffe00734941719be1456e86533be9 [term 1 FOLLOWER]: Refusing update from remote peer 5090f14b5d2c404faa16b21e7c8657dc: Log matching property violated. Preceding OpId in replica: term: 0 index: 0. Preceding OpId from leader: term: 1 index: 2. (index mismatch)
I20260608 09:47:41.368505 24398 consensus_queue.cc:1048] T 00000000000000000000000000000000 P 5090f14b5d2c404faa16b21e7c8657dc [LEADER]: Connected to new peer: Peer: permanent_uuid: "aaaba848ab784fc486efcff8334d6432" member_type: VOTER last_known_addr { host: "127.22.119.190" port: 42091 }, Status: LMP_MISMATCH, Last received: 0.0, Next index: 1, Last known committed idx: 0, Time since last communication: 0.000s
I20260608 09:47:41.369586 24289 consensus_queue.cc:1048] T 00000000000000000000000000000000 P 5090f14b5d2c404faa16b21e7c8657dc [LEADER]: Connected to new peer: Peer: permanent_uuid: "0eeffe00734941719be1456e86533be9" member_type: VOTER last_known_addr { host: "127.22.119.189" port: 46099 }, Status: LMP_MISMATCH, Last received: 0.0, Next index: 1, Last known committed idx: 0, Time since last communication: 0.000s
I20260608 09:47:41.373368 23006 fs_manager.cc:696] Time spent creating directory manager: real 0.008s	user 0.008s	sys 0.001s
I20260608 09:47:41.379813 24301 sys_catalog.cc:455] T 00000000000000000000000000000000 P 0eeffe00734941719be1456e86533be9 [sys.catalog]: SysCatalogTable state changed. Reason: New leader 5090f14b5d2c404faa16b21e7c8657dc. Latest consensus state: current_term: 1 leader_uuid: "5090f14b5d2c404faa16b21e7c8657dc" committed_config { opid_index: -1 OBSOLETE_local: false peers { permanent_uuid: "aaaba848ab784fc486efcff8334d6432" member_type: VOTER last_known_addr { host: "127.22.119.190" port: 42091 } } peers { permanent_uuid: "0eeffe00734941719be1456e86533be9" member_type: VOTER last_known_addr { host: "127.22.119.189" port: 46099 } } peers { permanent_uuid: "5090f14b5d2c404faa16b21e7c8657dc" member_type: VOTER last_known_addr { host: "127.22.119.188" port: 41205 } } }
I20260608 09:47:41.380616 24301 sys_catalog.cc:458] T 00000000000000000000000000000000 P 0eeffe00734941719be1456e86533be9 [sys.catalog]: This master's current role is: FOLLOWER
I20260608 09:47:41.382553 24420 log_block_manager.cc:4031] Time spent loading block containers with low live blocks: real 0.000s	user 0.000s	sys 0.000s
I20260608 09:47:41.383703 23006 fs_manager.cc:730] Time spent opening block manager: real 0.006s	user 0.002s	sys 0.003s
I20260608 09:47:41.384153 23006 fs_manager.cc:647] Opened local filesystem: /tmp/dist-test-taskzaICfr/test-tmp/auto_rebalancer-test.0.AutoRebalancerTest.NextLeaderResumesAutoRebalancing.1780912042975794-23006-0/minicluster-data/ts-1-root
uuid: "04823413108e418a872137073cd44a4f"
format_stamp: "Formatted at 2026-06-08 09:47:41 on dist-test-slave-b67l"
I20260608 09:47:41.383847 24294 sys_catalog.cc:455] T 00000000000000000000000000000000 P aaaba848ab784fc486efcff8334d6432 [sys.catalog]: SysCatalogTable state changed. Reason: New leader 5090f14b5d2c404faa16b21e7c8657dc. Latest consensus state: current_term: 1 leader_uuid: "5090f14b5d2c404faa16b21e7c8657dc" committed_config { opid_index: -1 OBSOLETE_local: false peers { permanent_uuid: "aaaba848ab784fc486efcff8334d6432" member_type: VOTER last_known_addr { host: "127.22.119.190" port: 42091 } } peers { permanent_uuid: "0eeffe00734941719be1456e86533be9" member_type: VOTER last_known_addr { host: "127.22.119.189" port: 46099 } } peers { permanent_uuid: "5090f14b5d2c404faa16b21e7c8657dc" member_type: VOTER last_known_addr { host: "127.22.119.188" port: 41205 } } }
I20260608 09:47:41.384780 24294 sys_catalog.cc:458] T 00000000000000000000000000000000 P aaaba848ab784fc486efcff8334d6432 [sys.catalog]: This master's current role is: FOLLOWER
I20260608 09:47:41.384683 23006 fs_report.cc:389] FS layout report
--------------------
wal directory: /tmp/dist-test-taskzaICfr/test-tmp/auto_rebalancer-test.0.AutoRebalancerTest.NextLeaderResumesAutoRebalancing.1780912042975794-23006-0/minicluster-data/ts-1-root
metadata directory: /tmp/dist-test-taskzaICfr/test-tmp/auto_rebalancer-test.0.AutoRebalancerTest.NextLeaderResumesAutoRebalancing.1780912042975794-23006-0/minicluster-data/ts-1-root
1 data directories: /tmp/dist-test-taskzaICfr/test-tmp/auto_rebalancer-test.0.AutoRebalancerTest.NextLeaderResumesAutoRebalancing.1780912042975794-23006-0/minicluster-data/ts-1-root/data
Total live blocks: 0
Total live bytes: 0
Total live bytes (after alignment): 0
Total number of LBM containers: 0 (0 full)
Did not check for missing blocks
Did not check for orphaned blocks
Total full LBM containers with extra space: 0 (0 repaired)
Total full LBM container extra space in bytes: 0 (0 repaired)
Total incomplete LBM containers: 0 (0 repaired)
Total LBM partial records: 0 (0 repaired)
Total corrupted LBM metadata records in RocksDB: 0 (0 repaired)
I20260608 09:47:41.388720 24405 catalog_manager.cc:1382] Generated new cluster ID: b1057b5286c7413c986035b34e0c4965
I20260608 09:47:41.389144 24405 catalog_manager.cc:1530] Initializing Kudu internal certificate authority...
I20260608 09:47:41.390081 24398 sys_catalog.cc:455] T 00000000000000000000000000000000 P 5090f14b5d2c404faa16b21e7c8657dc [sys.catalog]: SysCatalogTable state changed. Reason: Peer health change. Latest consensus state: current_term: 1 leader_uuid: "5090f14b5d2c404faa16b21e7c8657dc" committed_config { opid_index: -1 OBSOLETE_local: false peers { permanent_uuid: "aaaba848ab784fc486efcff8334d6432" member_type: VOTER last_known_addr { host: "127.22.119.190" port: 42091 } } peers { permanent_uuid: "0eeffe00734941719be1456e86533be9" member_type: VOTER last_known_addr { host: "127.22.119.189" port: 46099 } } peers { permanent_uuid: "5090f14b5d2c404faa16b21e7c8657dc" member_type: VOTER last_known_addr { host: "127.22.119.188" port: 41205 } } }
I20260608 09:47:41.391145 24398 sys_catalog.cc:458] T 00000000000000000000000000000000 P 5090f14b5d2c404faa16b21e7c8657dc [sys.catalog]: This master's current role is: LEADER
I20260608 09:47:41.392027 24398 sys_catalog.cc:455] T 00000000000000000000000000000000 P 5090f14b5d2c404faa16b21e7c8657dc [sys.catalog]: SysCatalogTable state changed. Reason: Peer health change. Latest consensus state: current_term: 1 leader_uuid: "5090f14b5d2c404faa16b21e7c8657dc" committed_config { opid_index: -1 OBSOLETE_local: false peers { permanent_uuid: "aaaba848ab784fc486efcff8334d6432" member_type: VOTER last_known_addr { host: "127.22.119.190" port: 42091 } } peers { permanent_uuid: "0eeffe00734941719be1456e86533be9" member_type: VOTER last_known_addr { host: "127.22.119.189" port: 46099 } } peers { permanent_uuid: "5090f14b5d2c404faa16b21e7c8657dc" member_type: VOTER last_known_addr { host: "127.22.119.188" port: 41205 } } }
I20260608 09:47:41.392998 24398 sys_catalog.cc:458] T 00000000000000000000000000000000 P 5090f14b5d2c404faa16b21e7c8657dc [sys.catalog]: This master's current role is: LEADER
I20260608 09:47:41.395604 24301 sys_catalog.cc:455] T 00000000000000000000000000000000 P 0eeffe00734941719be1456e86533be9 [sys.catalog]: SysCatalogTable state changed. Reason: Replicated consensus-only round. Latest consensus state: current_term: 1 leader_uuid: "5090f14b5d2c404faa16b21e7c8657dc" committed_config { opid_index: -1 OBSOLETE_local: false peers { permanent_uuid: "aaaba848ab784fc486efcff8334d6432" member_type: VOTER last_known_addr { host: "127.22.119.190" port: 42091 } } peers { permanent_uuid: "0eeffe00734941719be1456e86533be9" member_type: VOTER last_known_addr { host: "127.22.119.189" port: 46099 } } peers { permanent_uuid: "5090f14b5d2c404faa16b21e7c8657dc" member_type: VOTER last_known_addr { host: "127.22.119.188" port: 41205 } } }
I20260608 09:47:41.396576 24301 sys_catalog.cc:458] T 00000000000000000000000000000000 P 0eeffe00734941719be1456e86533be9 [sys.catalog]: This master's current role is: FOLLOWER
I20260608 09:47:41.408880 24294 sys_catalog.cc:455] T 00000000000000000000000000000000 P aaaba848ab784fc486efcff8334d6432 [sys.catalog]: SysCatalogTable state changed. Reason: Replicated consensus-only round. Latest consensus state: current_term: 1 leader_uuid: "5090f14b5d2c404faa16b21e7c8657dc" committed_config { opid_index: -1 OBSOLETE_local: false peers { permanent_uuid: "aaaba848ab784fc486efcff8334d6432" member_type: VOTER last_known_addr { host: "127.22.119.190" port: 42091 } } peers { permanent_uuid: "0eeffe00734941719be1456e86533be9" member_type: VOTER last_known_addr { host: "127.22.119.189" port: 46099 } } peers { permanent_uuid: "5090f14b5d2c404faa16b21e7c8657dc" member_type: VOTER last_known_addr { host: "127.22.119.188" port: 41205 } } }
I20260608 09:47:41.409711 24294 sys_catalog.cc:458] T 00000000000000000000000000000000 P aaaba848ab784fc486efcff8334d6432 [sys.catalog]: This master's current role is: FOLLOWER
I20260608 09:47:41.423223 24405 catalog_manager.cc:1405] Generated new certificate authority record
I20260608 09:47:41.424614 23006 rpc_server.cc:225] running with OpenSSL 1.1.1  11 Sep 2018
I20260608 09:47:41.425143 24405 catalog_manager.cc:1539] Loading token signing keys...
I20260608 09:47:41.426839 23006 kserver.cc:163] Server-wide thread pool size limit: 3276
I20260608 09:47:41.428715 23006 txn_system_client.cc:432] TxnSystemClient initialization is disabled...
I20260608 09:47:41.431667 23006 ts_tablet_manager.cc:585] Loaded tablet metadata (0 total tablets, 0 live tablets)
I20260608 09:47:41.431910 23006 ts_tablet_manager.cc:531] Time spent load tablet metadata: real 0.000s	user 0.000s	sys 0.000s
I20260608 09:47:41.432161 23006 ts_tablet_manager.cc:616] Registered 0 tablets
I20260608 09:47:41.432343 23006 ts_tablet_manager.cc:595] Time spent register tablets: real 0.000s	user 0.000s	sys 0.000s
I20260608 09:47:41.456755 24405 catalog_manager.cc:6069] T 00000000000000000000000000000000 P 5090f14b5d2c404faa16b21e7c8657dc: Generated new TSK 0
I20260608 09:47:41.457829 24405 catalog_manager.cc:1549] Initializing in-progress tserver states...
I20260608 09:47:41.493745 23006 rpc_server.cc:307] RPC server started. Bound to: 127.22.119.130:45771
I20260608 09:47:41.493863 24487 acceptor_pool.cc:272] collecting diagnostics on the listening RPC socket 127.22.119.130:45771 every 8 connection(s)
I20260608 09:47:41.509819 23006 file_cache.cc:492] Constructed file cache file cache with capacity 419430
I20260608 09:47:41.525199 24488 heartbeater.cc:344] Connected to a master server at 127.22.119.188:41205
W20260608 09:47:41.525455 24495 instance_detector.cc:116] could not retrieve AWS instance metadata: Network error: curl error: HTTP response code said error: The requested URL returned error: 404
I20260608 09:47:41.525875 24488 heartbeater.cc:461] Registering TS with master...
I20260608 09:47:41.527029 24488 heartbeater.cc:507] Master 127.22.119.188:41205 requested a full tablet report, sending...
W20260608 09:47:41.527070 24496 instance_detector.cc:116] could not retrieve Azure instance metadata: Network error: curl error: HTTP response code said error: The requested URL returned error: 404
I20260608 09:47:41.530427 24489 heartbeater.cc:344] Connected to a master server at 127.22.119.189:46099
I20260608 09:47:41.530529 24247 ts_manager.cc:194] Registered new tserver with Master: 04823413108e418a872137073cd44a4f (127.22.119.130:45771)
I20260608 09:47:41.530982 24489 heartbeater.cc:461] Registering TS with master...
I20260608 09:47:41.531137 24490 heartbeater.cc:344] Connected to a master server at 127.22.119.190:42091
I20260608 09:47:41.531666 24490 heartbeater.cc:461] Registering TS with master...
I20260608 09:47:41.532308 24489 heartbeater.cc:507] Master 127.22.119.189:46099 requested a full tablet report, sending...
I20260608 09:47:41.532583 24490 heartbeater.cc:507] Master 127.22.119.190:42091 requested a full tablet report, sending...
I20260608 09:47:41.533351 24247 master_service.cc:502] Signed X509 certificate for tserver {username='slave'} at 127.0.0.1:53562
I20260608 09:47:41.536010 24116 ts_manager.cc:194] Registered new tserver with Master: 04823413108e418a872137073cd44a4f (127.22.119.130:45771)
I20260608 09:47:41.536230 24181 ts_manager.cc:194] Registered new tserver with Master: 04823413108e418a872137073cd44a4f (127.22.119.130:45771)
I20260608 09:47:41.538656 23006 server_base.cc:1061] running on GCE node
W20260608 09:47:41.539654 24498 instance_detector.cc:116] could not retrieve OpenStack instance metadata: Network error: curl error: HTTP response code said error: The requested URL returned error: 404
I20260608 09:47:41.540541 23006 hybrid_clock.cc:584] initializing the hybrid clock with 'system_unsync' time source
W20260608 09:47:41.540794 23006 system_unsync_time.cc:38] NTP support is disabled. Clock error bounds will not be accurate. This configuration is not suitable for distributed clusters.
I20260608 09:47:41.541004 23006 hybrid_clock.cc:648] HybridClock initialized: now 1780912061540985 us; error 0 us; skew 500 ppm
I20260608 09:47:41.541635 23006 server_base.cc:861] Flag tcmalloc_max_total_thread_cache_bytes is not working since tcmalloc is not enabled.
I20260608 09:47:41.544010 23006 webserver.cc:533] Webserver started at http://127.22.119.131:37677/ using document root <none> and password file <none>
I20260608 09:47:41.544541 23006 fs_manager.cc:362] Metadata directory not provided
I20260608 09:47:41.544742 23006 fs_manager.cc:368] Using write-ahead log directory (fs_wal_dir) as metadata directory
I20260608 09:47:41.545017 23006 server_base.cc:909] This appears to be a new deployment of Kudu; creating new FS layout
I20260608 09:47:41.546058 23006 fs_manager.cc:1068] Generated new instance metadata in path /tmp/dist-test-taskzaICfr/test-tmp/auto_rebalancer-test.0.AutoRebalancerTest.NextLeaderResumesAutoRebalancing.1780912042975794-23006-0/minicluster-data/ts-2-root/instance:
uuid: "11cc690ce48644768e855a9d6f9ce3ed"
format_stamp: "Formatted at 2026-06-08 09:47:41 on dist-test-slave-b67l"
I20260608 09:47:41.550557 23006 fs_manager.cc:696] Time spent creating directory manager: real 0.004s	user 0.002s	sys 0.004s
I20260608 09:47:41.553925 24503 log_block_manager.cc:4031] Time spent loading block containers with low live blocks: real 0.000s	user 0.000s	sys 0.000s
I20260608 09:47:41.554778 23006 fs_manager.cc:730] Time spent opening block manager: real 0.002s	user 0.002s	sys 0.000s
I20260608 09:47:41.555075 23006 fs_manager.cc:647] Opened local filesystem: /tmp/dist-test-taskzaICfr/test-tmp/auto_rebalancer-test.0.AutoRebalancerTest.NextLeaderResumesAutoRebalancing.1780912042975794-23006-0/minicluster-data/ts-2-root
uuid: "11cc690ce48644768e855a9d6f9ce3ed"
format_stamp: "Formatted at 2026-06-08 09:47:41 on dist-test-slave-b67l"
I20260608 09:47:41.555405 23006 fs_report.cc:389] FS layout report
--------------------
wal directory: /tmp/dist-test-taskzaICfr/test-tmp/auto_rebalancer-test.0.AutoRebalancerTest.NextLeaderResumesAutoRebalancing.1780912042975794-23006-0/minicluster-data/ts-2-root
metadata directory: /tmp/dist-test-taskzaICfr/test-tmp/auto_rebalancer-test.0.AutoRebalancerTest.NextLeaderResumesAutoRebalancing.1780912042975794-23006-0/minicluster-data/ts-2-root
1 data directories: /tmp/dist-test-taskzaICfr/test-tmp/auto_rebalancer-test.0.AutoRebalancerTest.NextLeaderResumesAutoRebalancing.1780912042975794-23006-0/minicluster-data/ts-2-root/data
Total live blocks: 0
Total live bytes: 0
Total live bytes (after alignment): 0
Total number of LBM containers: 0 (0 full)
Did not check for missing blocks
Did not check for orphaned blocks
Total full LBM containers with extra space: 0 (0 repaired)
Total full LBM container extra space in bytes: 0 (0 repaired)
Total incomplete LBM containers: 0 (0 repaired)
Total LBM partial records: 0 (0 repaired)
Total corrupted LBM metadata records in RocksDB: 0 (0 repaired)
I20260608 09:47:41.581605 23006 rpc_server.cc:225] running with OpenSSL 1.1.1  11 Sep 2018
I20260608 09:47:41.582858 23006 kserver.cc:163] Server-wide thread pool size limit: 3276
I20260608 09:47:41.584194 23006 txn_system_client.cc:432] TxnSystemClient initialization is disabled...
I20260608 09:47:41.586347 23006 ts_tablet_manager.cc:585] Loaded tablet metadata (0 total tablets, 0 live tablets)
I20260608 09:47:41.586601 23006 ts_tablet_manager.cc:531] Time spent load tablet metadata: real 0.000s	user 0.000s	sys 0.000s
I20260608 09:47:41.586804 23006 ts_tablet_manager.cc:616] Registered 0 tablets
I20260608 09:47:41.587009 23006 ts_tablet_manager.cc:595] Time spent register tablets: real 0.000s	user 0.000s	sys 0.000s
I20260608 09:47:41.628965 23006 rpc_server.cc:307] RPC server started. Bound to: 127.22.119.131:45375
I20260608 09:47:41.629106 24565 acceptor_pool.cc:272] collecting diagnostics on the listening RPC socket 127.22.119.131:45375 every 8 connection(s)
I20260608 09:47:41.662598 24568 heartbeater.cc:344] Connected to a master server at 127.22.119.190:42091
I20260608 09:47:41.662644 24567 heartbeater.cc:344] Connected to a master server at 127.22.119.189:46099
I20260608 09:47:41.663312 24568 heartbeater.cc:461] Registering TS with master...
I20260608 09:47:41.663416 24567 heartbeater.cc:461] Registering TS with master...
I20260608 09:47:41.664213 24567 heartbeater.cc:507] Master 127.22.119.189:46099 requested a full tablet report, sending...
I20260608 09:47:41.664292 24568 heartbeater.cc:507] Master 127.22.119.190:42091 requested a full tablet report, sending...
I20260608 09:47:41.665263 24566 heartbeater.cc:344] Connected to a master server at 127.22.119.188:41205
I20260608 09:47:41.665699 24566 heartbeater.cc:461] Registering TS with master...
I20260608 09:47:41.666595 24566 heartbeater.cc:507] Master 127.22.119.188:41205 requested a full tablet report, sending...
I20260608 09:47:41.667022 24181 ts_manager.cc:194] Registered new tserver with Master: 11cc690ce48644768e855a9d6f9ce3ed (127.22.119.131:45375)
I20260608 09:47:41.669144 24247 ts_manager.cc:194] Registered new tserver with Master: 11cc690ce48644768e855a9d6f9ce3ed (127.22.119.131:45375)
I20260608 09:47:41.669270 24116 ts_manager.cc:194] Registered new tserver with Master: 11cc690ce48644768e855a9d6f9ce3ed (127.22.119.131:45375)
I20260608 09:47:41.669866 23006 internal_mini_cluster.cc:371] 3 TS(s) registered with all masters after 0.020596763s
I20260608 09:47:41.671010 24247 master_service.cc:502] Signed X509 certificate for tserver {username='slave'} at 127.0.0.1:53566
I20260608 09:47:42.191648 24322 catalog_manager.cc:1294] Loaded cluster ID: b1057b5286c7413c986035b34e0c4965
I20260608 09:47:42.191968 24322 catalog_manager.cc:1587] T 00000000000000000000000000000000 P 0eeffe00734941719be1456e86533be9: loading cluster ID for follower catalog manager: success
I20260608 09:47:42.192600 24325 catalog_manager.cc:1294] Loaded cluster ID: b1057b5286c7413c986035b34e0c4965
I20260608 09:47:42.192855 24325 catalog_manager.cc:1587] T 00000000000000000000000000000000 P aaaba848ab784fc486efcff8334d6432: loading cluster ID for follower catalog manager: success
I20260608 09:47:42.197176 24322 catalog_manager.cc:1609] T 00000000000000000000000000000000 P 0eeffe00734941719be1456e86533be9: acquiring CA information for follower catalog manager: success
I20260608 09:47:42.197503 24325 catalog_manager.cc:1609] T 00000000000000000000000000000000 P aaaba848ab784fc486efcff8334d6432: acquiring CA information for follower catalog manager: success
I20260608 09:47:42.200979 24325 catalog_manager.cc:1637] T 00000000000000000000000000000000 P aaaba848ab784fc486efcff8334d6432: importing token verification keys for follower catalog manager: success; most recent TSK sequence number 0
I20260608 09:47:42.201659 24322 catalog_manager.cc:1637] T 00000000000000000000000000000000 P 0eeffe00734941719be1456e86533be9: importing token verification keys for follower catalog manager: success; most recent TSK sequence number 0
I20260608 09:47:42.339541 24247 master_service.cc:502] Signed X509 certificate for tserver {username='slave'} at 127.0.0.1:53552
I20260608 09:47:42.536834 24488 heartbeater.cc:499] Master 127.22.119.188:41205 was elected leader, sending a full tablet report...
I20260608 09:47:42.673517 24566 heartbeater.cc:499] Master 127.22.119.188:41205 was elected leader, sending a full tablet report...
I20260608 09:47:43.168879 24303 auto_leader_rebalancer.cc:451] All tables' leader rebalancing finished this round
I20260608 09:47:43.318663 24247 catalog_manager.cc:2282] Servicing CreateTable request from {username='slave'} at 127.0.0.1:53574:
name: "test-workload"
schema {
  columns {
    name: "key"
    type: INT32
    is_key: true
    is_nullable: false
    encoding: AUTO_ENCODING
    compression: DEFAULT_COMPRESSION
    cfile_block_size: 0
    immutable: false
  }
  columns {
    name: "int_val"
    type: INT32
    is_key: false
    is_nullable: false
    encoding: AUTO_ENCODING
    compression: DEFAULT_COMPRESSION
    cfile_block_size: 0
    immutable: false
  }
  columns {
    name: "string_val"
    type: STRING
    is_key: false
    is_nullable: true
    encoding: AUTO_ENCODING
    compression: DEFAULT_COMPRESSION
    cfile_block_size: 0
    immutable: false
  }
}
num_replicas: 1
split_rows_range_bounds {
  rows: "\004\001\000\252\252\252*\004\001\000TUUU""\004\001\000\252\252\252*\004\001\000TUUU"
  indirect_data: """"
}
partition_schema {
  range_schema {
    columns {
      name: "key"
    }
  }
}
I20260608 09:47:43.343050 24397 heartbeater.cc:499] Master 127.22.119.188:41205 was elected leader, sending a full tablet report...
I20260608 09:47:43.425545 24362 tablet_service.cc:1511] Processing CreateTablet for tablet 8ac4837c9a404da6b966eee4014f552e (DEFAULT_TABLE table=test-workload [id=f901671c0cb94bf48e59ee950b6f547e]), partition=RANGE (key) PARTITION VALUES < 715827882
I20260608 09:47:43.427500 24362 data_dirs.cc:400] Could only allocate 1 dirs of requested 3 for tablet 8ac4837c9a404da6b966eee4014f552e. 1 dirs total, 0 dirs full, 0 dirs failed
I20260608 09:47:43.432300 24531 tablet_service.cc:1511] Processing CreateTablet for tablet 0abfdfe907fa4ad4bc8954a01db101f4 (DEFAULT_TABLE table=test-workload [id=f901671c0cb94bf48e59ee950b6f547e]), partition=RANGE (key) PARTITION 715827882 <= VALUES < 1431655764
I20260608 09:47:43.433493 24453 tablet_service.cc:1511] Processing CreateTablet for tablet 2993b46985124dda8e5a27f2f01e98cb (DEFAULT_TABLE table=test-workload [id=f901671c0cb94bf48e59ee950b6f547e]), partition=RANGE (key) PARTITION 1431655764 <= VALUES
I20260608 09:47:43.435070 24453 data_dirs.cc:400] Could only allocate 1 dirs of requested 3 for tablet 2993b46985124dda8e5a27f2f01e98cb. 1 dirs total, 0 dirs full, 0 dirs failed
I20260608 09:47:43.434065 24531 data_dirs.cc:400] Could only allocate 1 dirs of requested 3 for tablet 0abfdfe907fa4ad4bc8954a01db101f4. 1 dirs total, 0 dirs full, 0 dirs failed
I20260608 09:47:43.445461 24601 tablet_bootstrap.cc:492] T 8ac4837c9a404da6b966eee4014f552e P e27eda4d7da04e60b720fb43ea66e355: Bootstrap starting.
I20260608 09:47:43.453119 24603 tablet_bootstrap.cc:492] T 0abfdfe907fa4ad4bc8954a01db101f4 P 11cc690ce48644768e855a9d6f9ce3ed: Bootstrap starting.
I20260608 09:47:43.454588 24601 tablet_bootstrap.cc:654] T 8ac4837c9a404da6b966eee4014f552e P e27eda4d7da04e60b720fb43ea66e355: Neither blocks nor log segments found. Creating new log.
I20260608 09:47:43.457216 24602 tablet_bootstrap.cc:492] T 2993b46985124dda8e5a27f2f01e98cb P 04823413108e418a872137073cd44a4f: Bootstrap starting.
I20260608 09:47:43.461529 24603 tablet_bootstrap.cc:654] T 0abfdfe907fa4ad4bc8954a01db101f4 P 11cc690ce48644768e855a9d6f9ce3ed: Neither blocks nor log segments found. Creating new log.
I20260608 09:47:43.463852 24601 tablet_bootstrap.cc:492] T 8ac4837c9a404da6b966eee4014f552e P e27eda4d7da04e60b720fb43ea66e355: No bootstrap required, opened a new log
I20260608 09:47:43.464395 24601 ts_tablet_manager.cc:1403] T 8ac4837c9a404da6b966eee4014f552e P e27eda4d7da04e60b720fb43ea66e355: Time spent bootstrapping tablet: real 0.019s	user 0.010s	sys 0.003s
I20260608 09:47:43.465374 24602 tablet_bootstrap.cc:654] T 2993b46985124dda8e5a27f2f01e98cb P 04823413108e418a872137073cd44a4f: Neither blocks nor log segments found. Creating new log.
I20260608 09:47:43.467826 24603 tablet_bootstrap.cc:492] T 0abfdfe907fa4ad4bc8954a01db101f4 P 11cc690ce48644768e855a9d6f9ce3ed: No bootstrap required, opened a new log
I20260608 09:47:43.468503 24603 ts_tablet_manager.cc:1403] T 0abfdfe907fa4ad4bc8954a01db101f4 P 11cc690ce48644768e855a9d6f9ce3ed: Time spent bootstrapping tablet: real 0.016s	user 0.008s	sys 0.007s
I20260608 09:47:43.468051 24601 raft_consensus.cc:359] T 8ac4837c9a404da6b966eee4014f552e P e27eda4d7da04e60b720fb43ea66e355 [term 0 FOLLOWER]: Replica starting. Triggering 0 pending ops. Active config: opid_index: -1 OBSOLETE_local: true peers { permanent_uuid: "e27eda4d7da04e60b720fb43ea66e355" member_type: VOTER last_known_addr { host: "127.22.119.129" port: 44893 } }
I20260608 09:47:43.469036 24601 raft_consensus.cc:385] T 8ac4837c9a404da6b966eee4014f552e P e27eda4d7da04e60b720fb43ea66e355 [term 0 FOLLOWER]: Consensus starting up: Expiring failure detector timer to make a prompt election more likely
I20260608 09:47:43.469425 24601 raft_consensus.cc:740] T 8ac4837c9a404da6b966eee4014f552e P e27eda4d7da04e60b720fb43ea66e355 [term 0 FOLLOWER]: Becoming Follower/Learner. State: Replica: e27eda4d7da04e60b720fb43ea66e355, State: Initialized, Role: FOLLOWER
I20260608 09:47:43.470361 24601 consensus_queue.cc:260] T 8ac4837c9a404da6b966eee4014f552e P e27eda4d7da04e60b720fb43ea66e355 [NON_LEADER]: Queue going to NON_LEADER mode. State: All replicated index: 0, Majority replicated index: 0, Committed index: 0, Last appended: 0.0, Last appended by leader: 0, Current term: 0, Majority size: -1, State: 0, Mode: NON_LEADER, active raft config: opid_index: -1 OBSOLETE_local: true peers { permanent_uuid: "e27eda4d7da04e60b720fb43ea66e355" member_type: VOTER last_known_addr { host: "127.22.119.129" port: 44893 } }
I20260608 09:47:43.471138 24601 raft_consensus.cc:399] T 8ac4837c9a404da6b966eee4014f552e P e27eda4d7da04e60b720fb43ea66e355 [term 0 FOLLOWER]: Only one voter in the Raft config. Triggering election immediately
I20260608 09:47:43.471594 24602 tablet_bootstrap.cc:492] T 2993b46985124dda8e5a27f2f01e98cb P 04823413108e418a872137073cd44a4f: No bootstrap required, opened a new log
I20260608 09:47:43.471516 24601 raft_consensus.cc:493] T 8ac4837c9a404da6b966eee4014f552e P e27eda4d7da04e60b720fb43ea66e355 [term 0 FOLLOWER]: Starting leader election (initial election of a single-replica configuration)
I20260608 09:47:43.471916 24603 raft_consensus.cc:359] T 0abfdfe907fa4ad4bc8954a01db101f4 P 11cc690ce48644768e855a9d6f9ce3ed [term 0 FOLLOWER]: Replica starting. Triggering 0 pending ops. Active config: opid_index: -1 OBSOLETE_local: true peers { permanent_uuid: "11cc690ce48644768e855a9d6f9ce3ed" member_type: VOTER last_known_addr { host: "127.22.119.131" port: 45375 } }
I20260608 09:47:43.472191 24602 ts_tablet_manager.cc:1403] T 2993b46985124dda8e5a27f2f01e98cb P 04823413108e418a872137073cd44a4f: Time spent bootstrapping tablet: real 0.015s	user 0.009s	sys 0.004s
I20260608 09:47:43.472204 24601 raft_consensus.cc:3060] T 8ac4837c9a404da6b966eee4014f552e P e27eda4d7da04e60b720fb43ea66e355 [term 0 FOLLOWER]: Advancing to term 1
I20260608 09:47:43.472577 24603 raft_consensus.cc:385] T 0abfdfe907fa4ad4bc8954a01db101f4 P 11cc690ce48644768e855a9d6f9ce3ed [term 0 FOLLOWER]: Consensus starting up: Expiring failure detector timer to make a prompt election more likely
I20260608 09:47:43.473037 24603 raft_consensus.cc:740] T 0abfdfe907fa4ad4bc8954a01db101f4 P 11cc690ce48644768e855a9d6f9ce3ed [term 0 FOLLOWER]: Becoming Follower/Learner. State: Replica: 11cc690ce48644768e855a9d6f9ce3ed, State: Initialized, Role: FOLLOWER
I20260608 09:47:43.474063 24603 consensus_queue.cc:260] T 0abfdfe907fa4ad4bc8954a01db101f4 P 11cc690ce48644768e855a9d6f9ce3ed [NON_LEADER]: Queue going to NON_LEADER mode. State: All replicated index: 0, Majority replicated index: 0, Committed index: 0, Last appended: 0.0, Last appended by leader: 0, Current term: 0, Majority size: -1, State: 0, Mode: NON_LEADER, active raft config: opid_index: -1 OBSOLETE_local: true peers { permanent_uuid: "11cc690ce48644768e855a9d6f9ce3ed" member_type: VOTER last_known_addr { host: "127.22.119.131" port: 45375 } }
I20260608 09:47:43.474947 24603 raft_consensus.cc:399] T 0abfdfe907fa4ad4bc8954a01db101f4 P 11cc690ce48644768e855a9d6f9ce3ed [term 0 FOLLOWER]: Only one voter in the Raft config. Triggering election immediately
I20260608 09:47:43.475351 24603 raft_consensus.cc:493] T 0abfdfe907fa4ad4bc8954a01db101f4 P 11cc690ce48644768e855a9d6f9ce3ed [term 0 FOLLOWER]: Starting leader election (initial election of a single-replica configuration)
I20260608 09:47:43.475759 24603 raft_consensus.cc:3060] T 0abfdfe907fa4ad4bc8954a01db101f4 P 11cc690ce48644768e855a9d6f9ce3ed [term 0 FOLLOWER]: Advancing to term 1
I20260608 09:47:43.475620 24602 raft_consensus.cc:359] T 2993b46985124dda8e5a27f2f01e98cb P 04823413108e418a872137073cd44a4f [term 0 FOLLOWER]: Replica starting. Triggering 0 pending ops. Active config: opid_index: -1 OBSOLETE_local: true peers { permanent_uuid: "04823413108e418a872137073cd44a4f" member_type: VOTER last_known_addr { host: "127.22.119.130" port: 45771 } }
I20260608 09:47:43.476224 24602 raft_consensus.cc:385] T 2993b46985124dda8e5a27f2f01e98cb P 04823413108e418a872137073cd44a4f [term 0 FOLLOWER]: Consensus starting up: Expiring failure detector timer to make a prompt election more likely
I20260608 09:47:43.476557 24602 raft_consensus.cc:740] T 2993b46985124dda8e5a27f2f01e98cb P 04823413108e418a872137073cd44a4f [term 0 FOLLOWER]: Becoming Follower/Learner. State: Replica: 04823413108e418a872137073cd44a4f, State: Initialized, Role: FOLLOWER
