I20260608 10:09:57.738111 10346 tablet_service.cc:1917] Received RequestConsensusVote() RPC: tablet_id: "d4ee69c811924a0a82e7c85188435567" candidate_uuid: "0d22856300974aebb71cfd09b4503057" candidate_term: 1 candidate_status { last_received { term: 0 index: 0 } } ignore_live_leader: false dest_uuid: "e2e88182282c48118f5abdd3ea67f3c7"
I20260608 10:09:57.738821 10346 raft_consensus.cc:3060] T d4ee69c811924a0a82e7c85188435567 P e2e88182282c48118f5abdd3ea67f3c7 [term 0 FOLLOWER]: Advancing to term 1
I20260608 10:09:57.741066 10271 raft_consensus.cc:2468] T 60fbbf1fb0ac45dcb9bca376d4b9cc77 P 98635bec7f28403491e4bc0060923626 [term 1 FOLLOWER]: Leader election vote request: Granting yes vote for candidate e2e88182282c48118f5abdd3ea67f3c7 in term 1.
I20260608 10:09:57.742657 10309 leader_election.cc:304] T 60fbbf1fb0ac45dcb9bca376d4b9cc77 P e2e88182282c48118f5abdd3ea67f3c7 [CANDIDATE]: Term 1 election: Election decided. Result: candidate won. Election summary: received 2 responses out of 3 voters: 2 yes votes; 0 no votes. yes voters: 98635bec7f28403491e4bc0060923626, e2e88182282c48118f5abdd3ea67f3c7; no voters: 
I20260608 10:09:57.743716 10475 raft_consensus.cc:2804] T 60fbbf1fb0ac45dcb9bca376d4b9cc77 P e2e88182282c48118f5abdd3ea67f3c7 [term 1 FOLLOWER]: Leader election won for term 1
I20260608 10:09:57.744285 10475 raft_consensus.cc:697] T 60fbbf1fb0ac45dcb9bca376d4b9cc77 P e2e88182282c48118f5abdd3ea67f3c7 [term 1 LEADER]: Becoming Leader. State: Replica: e2e88182282c48118f5abdd3ea67f3c7, State: Running, Role: LEADER
I20260608 10:09:57.744228 10469 raft_consensus.cc:359] T cea4a983e3944c088bec14b7d3e587ad P e2e88182282c48118f5abdd3ea67f3c7 [term 0 FOLLOWER]: Replica starting. Triggering 0 pending ops. Active config: opid_index: -1 OBSOLETE_local: false peers { permanent_uuid: "98635bec7f28403491e4bc0060923626" member_type: VOTER last_known_addr { host: "127.7.107.1" port: 45231 } } peers { permanent_uuid: "e2e88182282c48118f5abdd3ea67f3c7" member_type: VOTER last_known_addr { host: "127.7.107.2" port: 36057 } } peers { permanent_uuid: "0d22856300974aebb71cfd09b4503057" member_type: VOTER last_known_addr { host: "127.7.107.3" port: 33527 } }
I20260608 10:09:57.746187 10346 raft_consensus.cc:2468] T d4ee69c811924a0a82e7c85188435567 P e2e88182282c48118f5abdd3ea67f3c7 [term 1 FOLLOWER]: Leader election vote request: Granting yes vote for candidate 0d22856300974aebb71cfd09b4503057 in term 1.
I20260608 10:09:57.746580 10469 raft_consensus.cc:385] T cea4a983e3944c088bec14b7d3e587ad P e2e88182282c48118f5abdd3ea67f3c7 [term 0 FOLLOWER]: Consensus starting up: Expiring failure detector timer to make a prompt election more likely
I20260608 10:09:57.745368 10475 consensus_queue.cc:237] T 60fbbf1fb0ac45dcb9bca376d4b9cc77 P e2e88182282c48118f5abdd3ea67f3c7 [LEADER]: Queue going to LEADER mode. State: All replicated index: 0, Majority replicated index: 0, Committed index: 0, Last appended: 0.0, Last appended by leader: 0, Current term: 1, Majority size: 2, State: 0, Mode: LEADER, active raft config: opid_index: -1 OBSOLETE_local: false peers { permanent_uuid: "98635bec7f28403491e4bc0060923626" member_type: VOTER last_known_addr { host: "127.7.107.1" port: 45231 } } peers { permanent_uuid: "e2e88182282c48118f5abdd3ea67f3c7" member_type: VOTER last_known_addr { host: "127.7.107.2" port: 36057 } } peers { permanent_uuid: "0d22856300974aebb71cfd09b4503057" member_type: VOTER last_known_addr { host: "127.7.107.3" port: 33527 } }
I20260608 10:09:57.747658 10491 raft_consensus.cc:493] T b0edaf897e324655a3391320c50eb46d P 98635bec7f28403491e4bc0060923626 [term 0 FOLLOWER]: Starting pre-election (no leader contacted us within the election timeout)
I20260608 10:09:57.747731 10387 leader_election.cc:304] T d4ee69c811924a0a82e7c85188435567 P 0d22856300974aebb71cfd09b4503057 [CANDIDATE]: Term 1 election: Election decided. Result: candidate won. Election summary: received 2 responses out of 3 voters: 2 yes votes; 0 no votes. yes voters: 0d22856300974aebb71cfd09b4503057, e2e88182282c48118f5abdd3ea67f3c7; no voters: 
I20260608 10:09:57.748443 10420 raft_consensus.cc:2468] T 60fbbf1fb0ac45dcb9bca376d4b9cc77 P 0d22856300974aebb71cfd09b4503057 [term 1 FOLLOWER]: Leader election vote request: Granting yes vote for candidate e2e88182282c48118f5abdd3ea67f3c7 in term 1.
I20260608 10:09:57.750532 10469 raft_consensus.cc:740] T cea4a983e3944c088bec14b7d3e587ad P e2e88182282c48118f5abdd3ea67f3c7 [term 0 FOLLOWER]: Becoming Follower/Learner. State: Replica: e2e88182282c48118f5abdd3ea67f3c7, State: Initialized, Role: FOLLOWER
I20260608 10:09:57.751289 10491 raft_consensus.cc:515] T b0edaf897e324655a3391320c50eb46d P 98635bec7f28403491e4bc0060923626 [term 0 FOLLOWER]: Starting pre-election with config: opid_index: -1 OBSOLETE_local: false peers { permanent_uuid: "98635bec7f28403491e4bc0060923626" member_type: VOTER last_known_addr { host: "127.7.107.1" port: 45231 } } peers { permanent_uuid: "e2e88182282c48118f5abdd3ea67f3c7" member_type: VOTER last_known_addr { host: "127.7.107.2" port: 36057 } } peers { permanent_uuid: "0d22856300974aebb71cfd09b4503057" member_type: VOTER last_known_addr { host: "127.7.107.3" port: 33527 } }
I20260608 10:09:57.751876 10469 consensus_queue.cc:260] T cea4a983e3944c088bec14b7d3e587ad P e2e88182282c48118f5abdd3ea67f3c7 [NON_LEADER]: Queue going to NON_LEADER mode. State: All replicated index: 0, Majority replicated index: 0, Committed index: 0, Last appended: 0.0, Last appended by leader: 0, Current term: 0, Majority size: -1, State: 0, Mode: NON_LEADER, active raft config: opid_index: -1 OBSOLETE_local: false peers { permanent_uuid: "98635bec7f28403491e4bc0060923626" member_type: VOTER last_known_addr { host: "127.7.107.1" port: 45231 } } peers { permanent_uuid: "e2e88182282c48118f5abdd3ea67f3c7" member_type: VOTER last_known_addr { host: "127.7.107.2" port: 36057 } } peers { permanent_uuid: "0d22856300974aebb71cfd09b4503057" member_type: VOTER last_known_addr { host: "127.7.107.3" port: 33527 } }
I20260608 10:09:57.753634 10485 raft_consensus.cc:2804] T d4ee69c811924a0a82e7c85188435567 P 0d22856300974aebb71cfd09b4503057 [term 1 FOLLOWER]: Leader election won for term 1
I20260608 10:09:57.754221 10485 raft_consensus.cc:697] T d4ee69c811924a0a82e7c85188435567 P 0d22856300974aebb71cfd09b4503057 [term 1 LEADER]: Becoming Leader. State: Replica: 0d22856300974aebb71cfd09b4503057, State: Running, Role: LEADER
I20260608 10:09:57.754485 10493 raft_consensus.cc:493] T cea4a983e3944c088bec14b7d3e587ad P 0d22856300974aebb71cfd09b4503057 [term 0 FOLLOWER]: Starting pre-election (no leader contacted us within the election timeout)
I20260608 10:09:57.755124 10493 raft_consensus.cc:515] T cea4a983e3944c088bec14b7d3e587ad P 0d22856300974aebb71cfd09b4503057 [term 0 FOLLOWER]: Starting pre-election with config: opid_index: -1 OBSOLETE_local: false peers { permanent_uuid: "98635bec7f28403491e4bc0060923626" member_type: VOTER last_known_addr { host: "127.7.107.1" port: 45231 } } peers { permanent_uuid: "e2e88182282c48118f5abdd3ea67f3c7" member_type: VOTER last_known_addr { host: "127.7.107.2" port: 36057 } } peers { permanent_uuid: "0d22856300974aebb71cfd09b4503057" member_type: VOTER last_known_addr { host: "127.7.107.3" port: 33527 } }
I20260608 10:09:57.757287 10469 ts_tablet_manager.cc:1434] T cea4a983e3944c088bec14b7d3e587ad P e2e88182282c48118f5abdd3ea67f3c7: Time spent starting tablet: real 0.029s	user 0.007s	sys 0.001s
I20260608 10:09:57.758708 10271 tablet_service.cc:1917] Received RequestConsensusVote() RPC: tablet_id: "cea4a983e3944c088bec14b7d3e587ad" candidate_uuid: "0d22856300974aebb71cfd09b4503057" candidate_term: 1 candidate_status { last_received { term: 0 index: 0 } } ignore_live_leader: false dest_uuid: "98635bec7f28403491e4bc0060923626" is_pre_election: true
I20260608 10:09:57.758409 10168 catalog_manager.cc:5696] T b0edaf897e324655a3391320c50eb46d P 0d22856300974aebb71cfd09b4503057 reported cstate change: term changed from 0 to 1, leader changed from <none> to 0d22856300974aebb71cfd09b4503057 (127.7.107.3). New cstate: current_term: 1 leader_uuid: "0d22856300974aebb71cfd09b4503057" committed_config { opid_index: -1 OBSOLETE_local: false peers { permanent_uuid: "98635bec7f28403491e4bc0060923626" member_type: VOTER last_known_addr { host: "127.7.107.1" port: 45231 } health_report { overall_health: UNKNOWN } } peers { permanent_uuid: "e2e88182282c48118f5abdd3ea67f3c7" member_type: VOTER last_known_addr { host: "127.7.107.2" port: 36057 } health_report { overall_health: UNKNOWN } } peers { permanent_uuid: "0d22856300974aebb71cfd09b4503057" member_type: VOTER last_known_addr { host: "127.7.107.3" port: 33527 } health_report { overall_health: HEALTHY } } }
I20260608 10:09:57.759495 10271 raft_consensus.cc:2468] T cea4a983e3944c088bec14b7d3e587ad P 98635bec7f28403491e4bc0060923626 [term 0 FOLLOWER]: Leader pre-election vote request: Granting yes vote for candidate 0d22856300974aebb71cfd09b4503057 in term 0.
I20260608 10:09:57.758915 10493 leader_election.cc:290] T cea4a983e3944c088bec14b7d3e587ad P 0d22856300974aebb71cfd09b4503057 [CANDIDATE]: Term 1 pre-election: Requested pre-vote from peers 98635bec7f28403491e4bc0060923626 (127.7.107.1:45231), e2e88182282c48118f5abdd3ea67f3c7 (127.7.107.2:36057)
I20260608 10:09:57.760291 10346 tablet_service.cc:1917] Received RequestConsensusVote() RPC: tablet_id: "cea4a983e3944c088bec14b7d3e587ad" candidate_uuid: "0d22856300974aebb71cfd09b4503057" candidate_term: 1 candidate_status { last_received { term: 0 index: 0 } } ignore_live_leader: false dest_uuid: "e2e88182282c48118f5abdd3ea67f3c7" is_pre_election: true
I20260608 10:09:57.755162 10485 consensus_queue.cc:237] T d4ee69c811924a0a82e7c85188435567 P 0d22856300974aebb71cfd09b4503057 [LEADER]: Queue going to LEADER mode. State: All replicated index: 0, Majority replicated index: 0, Committed index: 0, Last appended: 0.0, Last appended by leader: 0, Current term: 1, Majority size: 2, State: 0, Mode: LEADER, active raft config: opid_index: -1 OBSOLETE_local: false peers { permanent_uuid: "0d22856300974aebb71cfd09b4503057" member_type: VOTER last_known_addr { host: "127.7.107.3" port: 33527 } } peers { permanent_uuid: "98635bec7f28403491e4bc0060923626" member_type: VOTER last_known_addr { host: "127.7.107.1" port: 45231 } } peers { permanent_uuid: "e2e88182282c48118f5abdd3ea67f3c7" member_type: VOTER last_known_addr { host: "127.7.107.2" port: 36057 } }
I20260608 10:09:57.760751 10384 leader_election.cc:304] T cea4a983e3944c088bec14b7d3e587ad P 0d22856300974aebb71cfd09b4503057 [CANDIDATE]: Term 1 pre-election: Election decided. Result: candidate won. Election summary: received 2 responses out of 3 voters: 2 yes votes; 0 no votes. yes voters: 0d22856300974aebb71cfd09b4503057, 98635bec7f28403491e4bc0060923626; no voters: 
I20260608 10:09:57.761112 10346 raft_consensus.cc:2468] T cea4a983e3944c088bec14b7d3e587ad P e2e88182282c48118f5abdd3ea67f3c7 [term 0 FOLLOWER]: Leader pre-election vote request: Granting yes vote for candidate 0d22856300974aebb71cfd09b4503057 in term 0.
I20260608 10:09:57.762936 10493 raft_consensus.cc:2804] T cea4a983e3944c088bec14b7d3e587ad P 0d22856300974aebb71cfd09b4503057 [term 0 FOLLOWER]: Leader pre-election won for term 1
I20260608 10:09:57.763415 10346 tablet_service.cc:1917] Received RequestConsensusVote() RPC: tablet_id: "d4ee69c811924a0a82e7c85188435567" candidate_uuid: "98635bec7f28403491e4bc0060923626" candidate_term: 1 candidate_status { last_received { term: 0 index: 0 } } ignore_live_leader: false dest_uuid: "e2e88182282c48118f5abdd3ea67f3c7" is_pre_election: true
I20260608 10:09:57.763821 10347 tablet_service.cc:1917] Received RequestConsensusVote() RPC: tablet_id: "b0edaf897e324655a3391320c50eb46d" candidate_uuid: "98635bec7f28403491e4bc0060923626" candidate_term: 1 candidate_status { last_received { term: 0 index: 0 } } ignore_live_leader: false dest_uuid: "e2e88182282c48118f5abdd3ea67f3c7" is_pre_election: true
I20260608 10:09:57.764199 10346 raft_consensus.cc:2393] T d4ee69c811924a0a82e7c85188435567 P e2e88182282c48118f5abdd3ea67f3c7 [term 1 FOLLOWER]: Leader pre-election vote request: Denying vote to candidate 98635bec7f28403491e4bc0060923626 in current term 1: Already voted for candidate 0d22856300974aebb71cfd09b4503057 in this term.
I20260608 10:09:57.764652 10347 raft_consensus.cc:2393] T b0edaf897e324655a3391320c50eb46d P e2e88182282c48118f5abdd3ea67f3c7 [term 1 FOLLOWER]: Leader pre-election vote request: Denying vote to candidate 98635bec7f28403491e4bc0060923626 in current term 1: Already voted for candidate 0d22856300974aebb71cfd09b4503057 in this term.
I20260608 10:09:57.763391 10493 raft_consensus.cc:493] T cea4a983e3944c088bec14b7d3e587ad P 0d22856300974aebb71cfd09b4503057 [term 0 FOLLOWER]: Starting leader election (no leader contacted us within the election timeout)
I20260608 10:09:57.765872 10270 raft_consensus.cc:2468] T d4ee69c811924a0a82e7c85188435567 P 98635bec7f28403491e4bc0060923626 [term 1 FOLLOWER]: Leader election vote request: Granting yes vote for candidate 0d22856300974aebb71cfd09b4503057 in term 1.
I20260608 10:09:57.765889 10493 raft_consensus.cc:3060] T cea4a983e3944c088bec14b7d3e587ad P 0d22856300974aebb71cfd09b4503057 [term 0 FOLLOWER]: Advancing to term 1
I20260608 10:09:57.768314 10420 tablet_service.cc:1917] Received RequestConsensusVote() RPC: tablet_id: "b0edaf897e324655a3391320c50eb46d" candidate_uuid: "98635bec7f28403491e4bc0060923626" candidate_term: 1 candidate_status { last_received { term: 0 index: 0 } } ignore_live_leader: false dest_uuid: "0d22856300974aebb71cfd09b4503057" is_pre_election: true
I20260608 10:09:57.768900 10491 leader_election.cc:290] T b0edaf897e324655a3391320c50eb46d P 98635bec7f28403491e4bc0060923626 [CANDIDATE]: Term 1 pre-election: Requested pre-vote from peers e2e88182282c48118f5abdd3ea67f3c7 (127.7.107.2:36057), 0d22856300974aebb71cfd09b4503057 (127.7.107.3:33527)
I20260608 10:09:57.773029 10237 leader_election.cc:304] T d4ee69c811924a0a82e7c85188435567 P 98635bec7f28403491e4bc0060923626 [CANDIDATE]: Term 1 pre-election: Election decided. Result: candidate lost. Election summary: received 3 responses out of 3 voters: 1 yes votes; 2 no votes. yes voters: 98635bec7f28403491e4bc0060923626; no voters: 0d22856300974aebb71cfd09b4503057, e2e88182282c48118f5abdd3ea67f3c7
I20260608 10:09:57.774024 10493 raft_consensus.cc:515] T cea4a983e3944c088bec14b7d3e587ad P 0d22856300974aebb71cfd09b4503057 [term 1 FOLLOWER]: Starting leader election with config: opid_index: -1 OBSOLETE_local: false peers { permanent_uuid: "98635bec7f28403491e4bc0060923626" member_type: VOTER last_known_addr { host: "127.7.107.1" port: 45231 } } peers { permanent_uuid: "e2e88182282c48118f5abdd3ea67f3c7" member_type: VOTER last_known_addr { host: "127.7.107.2" port: 36057 } } peers { permanent_uuid: "0d22856300974aebb71cfd09b4503057" member_type: VOTER last_known_addr { host: "127.7.107.3" port: 33527 } }
I20260608 10:09:57.775849 10471 raft_consensus.cc:2749] T d4ee69c811924a0a82e7c85188435567 P 98635bec7f28403491e4bc0060923626 [term 1 FOLLOWER]: Leader pre-election lost for term 1. Reason: could not achieve majority
I20260608 10:09:57.775875 10234 leader_election.cc:304] T b0edaf897e324655a3391320c50eb46d P 98635bec7f28403491e4bc0060923626 [CANDIDATE]: Term 1 pre-election: Election decided. Result: candidate lost. Election summary: received 3 responses out of 3 voters: 1 yes votes; 2 no votes. yes voters: 98635bec7f28403491e4bc0060923626; no voters: 0d22856300974aebb71cfd09b4503057, e2e88182282c48118f5abdd3ea67f3c7
I20260608 10:09:57.777032 10491 raft_consensus.cc:3060] T b0edaf897e324655a3391320c50eb46d P 98635bec7f28403491e4bc0060923626 [term 0 FOLLOWER]: Advancing to term 1
I20260608 10:09:57.777285 10270 tablet_service.cc:1917] Received RequestConsensusVote() RPC: tablet_id: "cea4a983e3944c088bec14b7d3e587ad" candidate_uuid: "0d22856300974aebb71cfd09b4503057" candidate_term: 1 candidate_status { last_received { term: 0 index: 0 } } ignore_live_leader: false dest_uuid: "98635bec7f28403491e4bc0060923626"
I20260608 10:09:57.777971 10270 raft_consensus.cc:3060] T cea4a983e3944c088bec14b7d3e587ad P 98635bec7f28403491e4bc0060923626 [term 0 FOLLOWER]: Advancing to term 1
I20260608 10:09:57.778002 10493 leader_election.cc:290] T cea4a983e3944c088bec14b7d3e587ad P 0d22856300974aebb71cfd09b4503057 [CANDIDATE]: Term 1 election: Requested vote from peers 98635bec7f28403491e4bc0060923626 (127.7.107.1:45231), e2e88182282c48118f5abdd3ea67f3c7 (127.7.107.2:36057)
I20260608 10:09:57.779685 10168 catalog_manager.cc:5696] T 60fbbf1fb0ac45dcb9bca376d4b9cc77 P e2e88182282c48118f5abdd3ea67f3c7 reported cstate change: term changed from 0 to 1, leader changed from <none> to e2e88182282c48118f5abdd3ea67f3c7 (127.7.107.2). New cstate: current_term: 1 leader_uuid: "e2e88182282c48118f5abdd3ea67f3c7" committed_config { opid_index: -1 OBSOLETE_local: false peers { permanent_uuid: "98635bec7f28403491e4bc0060923626" member_type: VOTER last_known_addr { host: "127.7.107.1" port: 45231 } health_report { overall_health: UNKNOWN } } peers { permanent_uuid: "e2e88182282c48118f5abdd3ea67f3c7" member_type: VOTER last_known_addr { host: "127.7.107.2" port: 36057 } health_report { overall_health: HEALTHY } } peers { permanent_uuid: "0d22856300974aebb71cfd09b4503057" member_type: VOTER last_known_addr { host: "127.7.107.3" port: 33527 } health_report { overall_health: UNKNOWN } } }
I20260608 10:09:57.782761 10347 tablet_service.cc:1917] Received RequestConsensusVote() RPC: tablet_id: "cea4a983e3944c088bec14b7d3e587ad" candidate_uuid: "0d22856300974aebb71cfd09b4503057" candidate_term: 1 candidate_status { last_received { term: 0 index: 0 } } ignore_live_leader: false dest_uuid: "e2e88182282c48118f5abdd3ea67f3c7"
I20260608 10:09:57.783464 10347 raft_consensus.cc:3060] T cea4a983e3944c088bec14b7d3e587ad P e2e88182282c48118f5abdd3ea67f3c7 [term 0 FOLLOWER]: Advancing to term 1
I20260608 10:09:57.784056 10491 raft_consensus.cc:2749] T b0edaf897e324655a3391320c50eb46d P 98635bec7f28403491e4bc0060923626 [term 1 FOLLOWER]: Leader pre-election lost for term 1. Reason: could not achieve majority
I20260608 10:09:57.785513 10270 raft_consensus.cc:2468] T cea4a983e3944c088bec14b7d3e587ad P 98635bec7f28403491e4bc0060923626 [term 1 FOLLOWER]: Leader election vote request: Granting yes vote for candidate 0d22856300974aebb71cfd09b4503057 in term 1.
I20260608 10:09:57.786859 10384 leader_election.cc:304] T cea4a983e3944c088bec14b7d3e587ad P 0d22856300974aebb71cfd09b4503057 [CANDIDATE]: Term 1 election: Election decided. Result: candidate won. Election summary: received 2 responses out of 3 voters: 2 yes votes; 0 no votes. yes voters: 0d22856300974aebb71cfd09b4503057, 98635bec7f28403491e4bc0060923626; no voters: 
I20260608 10:09:57.787725 10493 raft_consensus.cc:2804] T cea4a983e3944c088bec14b7d3e587ad P 0d22856300974aebb71cfd09b4503057 [term 1 FOLLOWER]: Leader election won for term 1
I20260608 10:09:57.788341 10493 raft_consensus.cc:697] T cea4a983e3944c088bec14b7d3e587ad P 0d22856300974aebb71cfd09b4503057 [term 1 LEADER]: Becoming Leader. State: Replica: 0d22856300974aebb71cfd09b4503057, State: Running, Role: LEADER
I20260608 10:09:57.789127 10493 consensus_queue.cc:237] T cea4a983e3944c088bec14b7d3e587ad P 0d22856300974aebb71cfd09b4503057 [LEADER]: Queue going to LEADER mode. State: All replicated index: 0, Majority replicated index: 0, Committed index: 0, Last appended: 0.0, Last appended by leader: 0, Current term: 1, Majority size: 2, State: 0, Mode: LEADER, active raft config: opid_index: -1 OBSOLETE_local: false peers { permanent_uuid: "98635bec7f28403491e4bc0060923626" member_type: VOTER last_known_addr { host: "127.7.107.1" port: 45231 } } peers { permanent_uuid: "e2e88182282c48118f5abdd3ea67f3c7" member_type: VOTER last_known_addr { host: "127.7.107.2" port: 36057 } } peers { permanent_uuid: "0d22856300974aebb71cfd09b4503057" member_type: VOTER last_known_addr { host: "127.7.107.3" port: 33527 } }
I20260608 10:09:57.791397 10347 raft_consensus.cc:2468] T cea4a983e3944c088bec14b7d3e587ad P e2e88182282c48118f5abdd3ea67f3c7 [term 1 FOLLOWER]: Leader election vote request: Granting yes vote for candidate 0d22856300974aebb71cfd09b4503057 in term 1.
I20260608 10:09:57.798672 10167 catalog_manager.cc:5696] T d4ee69c811924a0a82e7c85188435567 P 0d22856300974aebb71cfd09b4503057 reported cstate change: term changed from 0 to 1, leader changed from <none> to 0d22856300974aebb71cfd09b4503057 (127.7.107.3). New cstate: current_term: 1 leader_uuid: "0d22856300974aebb71cfd09b4503057" committed_config { opid_index: -1 OBSOLETE_local: false peers { permanent_uuid: "0d22856300974aebb71cfd09b4503057" member_type: VOTER last_known_addr { host: "127.7.107.3" port: 33527 } health_report { overall_health: HEALTHY } } peers { permanent_uuid: "98635bec7f28403491e4bc0060923626" member_type: VOTER last_known_addr { host: "127.7.107.1" port: 45231 } health_report { overall_health: UNKNOWN } } peers { permanent_uuid: "e2e88182282c48118f5abdd3ea67f3c7" member_type: VOTER last_known_addr { host: "127.7.107.2" port: 36057 } health_report { overall_health: UNKNOWN } } }
I20260608 10:09:57.813016 10167 catalog_manager.cc:5696] T cea4a983e3944c088bec14b7d3e587ad P 0d22856300974aebb71cfd09b4503057 reported cstate change: term changed from 0 to 1, leader changed from <none> to 0d22856300974aebb71cfd09b4503057 (127.7.107.3). New cstate: current_term: 1 leader_uuid: "0d22856300974aebb71cfd09b4503057" committed_config { opid_index: -1 OBSOLETE_local: false peers { permanent_uuid: "98635bec7f28403491e4bc0060923626" member_type: VOTER last_known_addr { host: "127.7.107.1" port: 45231 } health_report { overall_health: UNKNOWN } } peers { permanent_uuid: "e2e88182282c48118f5abdd3ea67f3c7" member_type: VOTER last_known_addr { host: "127.7.107.2" port: 36057 } health_report { overall_health: UNKNOWN } } peers { permanent_uuid: "0d22856300974aebb71cfd09b4503057" member_type: VOTER last_known_addr { host: "127.7.107.3" port: 33527 } health_report { overall_health: HEALTHY } } }
I20260608 10:09:57.864529  7596 tablet_server.cc:179] TabletServer@127.7.107.1:0 shutting down...
I20260608 10:09:57.868441 10222 auto_leader_rebalancer.cc:140] leader rebalance for table range_aware_auto_rebalancer_test
I20260608 10:09:57.886742 10420 tablet_service.cc:2072] Received LeaderStepDown RPC: tablet_id: "d4ee69c811924a0a82e7c85188435567"
dest_uuid: "0d22856300974aebb71cfd09b4503057"
mode: GRACEFUL
new_leader_uuid: "98635bec7f28403491e4bc0060923626"
 from {username='slave'} at 127.0.0.1:59376
I20260608 10:09:57.887568 10420 raft_consensus.cc:606] T d4ee69c811924a0a82e7c85188435567 P 0d22856300974aebb71cfd09b4503057 [term 1 LEADER]: Received request to transfer leadership to TS 98635bec7f28403491e4bc0060923626
I20260608 10:09:57.889483 10222 auto_leader_rebalancer.cc:388] table: range_aware_auto_rebalancer_test, leader rebalance finish, leader transfer count: 1
I20260608 10:09:57.889968 10222 auto_leader_rebalancer.cc:451] All tables' leader rebalancing finished this round
I20260608 10:09:57.897894  7596 ts_tablet_manager.cc:1507] Shutting down tablet manager...
I20260608 10:09:57.898883  7596 tablet_replica.cc:333] T cea4a983e3944c088bec14b7d3e587ad P 98635bec7f28403491e4bc0060923626: stopping tablet replica
I20260608 10:09:57.899569  7596 raft_consensus.cc:2243] T cea4a983e3944c088bec14b7d3e587ad P 98635bec7f28403491e4bc0060923626 [term 1 FOLLOWER]: Raft consensus shutting down.
I20260608 10:09:57.900038  7596 raft_consensus.cc:2272] T cea4a983e3944c088bec14b7d3e587ad P 98635bec7f28403491e4bc0060923626 [term 1 FOLLOWER]: Raft consensus is shut down!
I20260608 10:09:57.901973  7596 tablet_replica.cc:333] T d4ee69c811924a0a82e7c85188435567 P 98635bec7f28403491e4bc0060923626: stopping tablet replica
I20260608 10:09:57.902583  7596 raft_consensus.cc:2243] T d4ee69c811924a0a82e7c85188435567 P 98635bec7f28403491e4bc0060923626 [term 1 FOLLOWER]: Raft consensus shutting down.
I20260608 10:09:57.902987  7596 raft_consensus.cc:2272] T d4ee69c811924a0a82e7c85188435567 P 98635bec7f28403491e4bc0060923626 [term 1 FOLLOWER]: Raft consensus is shut down!
I20260608 10:09:57.904892  7596 tablet_replica.cc:333] T b0edaf897e324655a3391320c50eb46d P 98635bec7f28403491e4bc0060923626: stopping tablet replica
I20260608 10:09:57.905421  7596 raft_consensus.cc:2243] T b0edaf897e324655a3391320c50eb46d P 98635bec7f28403491e4bc0060923626 [term 1 FOLLOWER]: Raft consensus shutting down.
I20260608 10:09:57.905807  7596 raft_consensus.cc:2272] T b0edaf897e324655a3391320c50eb46d P 98635bec7f28403491e4bc0060923626 [term 1 FOLLOWER]: Raft consensus is shut down!
I20260608 10:09:57.907827  7596 tablet_replica.cc:333] T 60fbbf1fb0ac45dcb9bca376d4b9cc77 P 98635bec7f28403491e4bc0060923626: stopping tablet replica
I20260608 10:09:57.908391  7596 raft_consensus.cc:2243] T 60fbbf1fb0ac45dcb9bca376d4b9cc77 P 98635bec7f28403491e4bc0060923626 [term 1 FOLLOWER]: Raft consensus shutting down.
I20260608 10:09:57.908773  7596 raft_consensus.cc:2272] T 60fbbf1fb0ac45dcb9bca376d4b9cc77 P 98635bec7f28403491e4bc0060923626 [term 1 FOLLOWER]: Raft consensus is shut down!
I20260608 10:09:57.932304  7596 tablet_server.cc:196] TabletServer@127.7.107.1:0 shutdown complete.
I20260608 10:09:57.943750  7596 tablet_server.cc:179] TabletServer@127.7.107.2:0 shutting down...
I20260608 10:09:57.962029  7596 ts_tablet_manager.cc:1507] Shutting down tablet manager...
I20260608 10:09:57.962944  7596 tablet_replica.cc:333] T cea4a983e3944c088bec14b7d3e587ad P e2e88182282c48118f5abdd3ea67f3c7: stopping tablet replica
I20260608 10:09:57.963547  7596 raft_consensus.cc:2243] T cea4a983e3944c088bec14b7d3e587ad P e2e88182282c48118f5abdd3ea67f3c7 [term 1 FOLLOWER]: Raft consensus shutting down.
I20260608 10:09:57.963997  7596 raft_consensus.cc:2272] T cea4a983e3944c088bec14b7d3e587ad P e2e88182282c48118f5abdd3ea67f3c7 [term 1 FOLLOWER]: Raft consensus is shut down!
I20260608 10:09:57.966060  7596 tablet_replica.cc:333] T d4ee69c811924a0a82e7c85188435567 P e2e88182282c48118f5abdd3ea67f3c7: stopping tablet replica
I20260608 10:09:57.966615  7596 raft_consensus.cc:2243] T d4ee69c811924a0a82e7c85188435567 P e2e88182282c48118f5abdd3ea67f3c7 [term 1 FOLLOWER]: Raft consensus shutting down.
I20260608 10:09:57.966970  7596 raft_consensus.cc:2272] T d4ee69c811924a0a82e7c85188435567 P e2e88182282c48118f5abdd3ea67f3c7 [term 1 FOLLOWER]: Raft consensus is shut down!
I20260608 10:09:57.968793  7596 tablet_replica.cc:333] T 60fbbf1fb0ac45dcb9bca376d4b9cc77 P e2e88182282c48118f5abdd3ea67f3c7: stopping tablet replica
I20260608 10:09:57.969290  7596 raft_consensus.cc:2243] T 60fbbf1fb0ac45dcb9bca376d4b9cc77 P e2e88182282c48118f5abdd3ea67f3c7 [term 1 LEADER]: Raft consensus shutting down.
I20260608 10:09:57.969822  7596 pending_rounds.cc:70] T 60fbbf1fb0ac45dcb9bca376d4b9cc77 P e2e88182282c48118f5abdd3ea67f3c7: Trying to abort 1 pending ops.
I20260608 10:09:57.969995  7596 pending_rounds.cc:77] T 60fbbf1fb0ac45dcb9bca376d4b9cc77 P e2e88182282c48118f5abdd3ea67f3c7: Aborting op as it isn't in flight: id { term: 1 index: 1 } timestamp: 7294621277181014016 op_type: NO_OP noop_request { }
I20260608 10:09:57.970345  7596 raft_consensus.cc:2889] T 60fbbf1fb0ac45dcb9bca376d4b9cc77 P e2e88182282c48118f5abdd3ea67f3c7 [term 1 LEADER]: NO_OP replication failed: Aborted: Op aborted
I20260608 10:09:57.970598  7596 raft_consensus.cc:2272] T 60fbbf1fb0ac45dcb9bca376d4b9cc77 P e2e88182282c48118f5abdd3ea67f3c7 [term 1 FOLLOWER]: Raft consensus is shut down!
I20260608 10:09:57.972817  7596 tablet_replica.cc:333] T b0edaf897e324655a3391320c50eb46d P e2e88182282c48118f5abdd3ea67f3c7: stopping tablet replica
I20260608 10:09:57.973276  7596 raft_consensus.cc:2243] T b0edaf897e324655a3391320c50eb46d P e2e88182282c48118f5abdd3ea67f3c7 [term 1 FOLLOWER]: Raft consensus shutting down.
I20260608 10:09:57.973594  7596 raft_consensus.cc:2272] T b0edaf897e324655a3391320c50eb46d P e2e88182282c48118f5abdd3ea67f3c7 [term 1 FOLLOWER]: Raft consensus is shut down!
I20260608 10:09:57.996395  7596 tablet_server.cc:196] TabletServer@127.7.107.2:0 shutdown complete.
I20260608 10:09:58.008206  7596 tablet_server.cc:179] TabletServer@127.7.107.3:0 shutting down...
I20260608 10:09:58.025622  7596 ts_tablet_manager.cc:1507] Shutting down tablet manager...
I20260608 10:09:58.026526  7596 tablet_replica.cc:333] T cea4a983e3944c088bec14b7d3e587ad P 0d22856300974aebb71cfd09b4503057: stopping tablet replica
I20260608 10:09:58.027194  7596 raft_consensus.cc:2243] T cea4a983e3944c088bec14b7d3e587ad P 0d22856300974aebb71cfd09b4503057 [term 1 LEADER]: Raft consensus shutting down.
I20260608 10:09:58.027844  7596 pending_rounds.cc:70] T cea4a983e3944c088bec14b7d3e587ad P 0d22856300974aebb71cfd09b4503057: Trying to abort 1 pending ops.
I20260608 10:09:58.028059  7596 pending_rounds.cc:77] T cea4a983e3944c088bec14b7d3e587ad P 0d22856300974aebb71cfd09b4503057: Aborting op as it isn't in flight: id { term: 1 index: 1 } timestamp: 7294621277355134976 op_type: NO_OP noop_request { }
I20260608 10:09:58.028338  7596 raft_consensus.cc:2889] T cea4a983e3944c088bec14b7d3e587ad P 0d22856300974aebb71cfd09b4503057 [term 1 LEADER]: NO_OP replication failed: Aborted: Op aborted
I20260608 10:09:58.028627  7596 raft_consensus.cc:2272] T cea4a983e3944c088bec14b7d3e587ad P 0d22856300974aebb71cfd09b4503057 [term 1 FOLLOWER]: Raft consensus is shut down!
I20260608 10:09:58.031020  7596 tablet_replica.cc:333] T d4ee69c811924a0a82e7c85188435567 P 0d22856300974aebb71cfd09b4503057: stopping tablet replica
I20260608 10:09:58.031555  7596 raft_consensus.cc:2243] T d4ee69c811924a0a82e7c85188435567 P 0d22856300974aebb71cfd09b4503057 [term 1 LEADER]: Raft consensus shutting down.
I20260608 10:09:58.032167  7596 pending_rounds.cc:70] T d4ee69c811924a0a82e7c85188435567 P 0d22856300974aebb71cfd09b4503057: Trying to abort 1 pending ops.
I20260608 10:09:58.032361  7596 pending_rounds.cc:77] T d4ee69c811924a0a82e7c85188435567 P 0d22856300974aebb71cfd09b4503057: Aborting op as it isn't in flight: id { term: 1 index: 1 } timestamp: 7294621277270675456 op_type: NO_OP noop_request { }
I20260608 10:09:58.032627  7596 raft_consensus.cc:2889] T d4ee69c811924a0a82e7c85188435567 P 0d22856300974aebb71cfd09b4503057 [term 1 LEADER]: NO_OP replication failed: Aborted: Op aborted
I20260608 10:09:58.032903  7596 raft_consensus.cc:2272] T d4ee69c811924a0a82e7c85188435567 P 0d22856300974aebb71cfd09b4503057 [term 1 FOLLOWER]: Raft consensus is shut down!
I20260608 10:09:58.035437  7596 tablet_replica.cc:333] T 60fbbf1fb0ac45dcb9bca376d4b9cc77 P 0d22856300974aebb71cfd09b4503057: stopping tablet replica
I20260608 10:09:58.035974  7596 raft_consensus.cc:2243] T 60fbbf1fb0ac45dcb9bca376d4b9cc77 P 0d22856300974aebb71cfd09b4503057 [term 1 FOLLOWER]: Raft consensus shutting down.
I20260608 10:09:58.036372  7596 raft_consensus.cc:2272] T 60fbbf1fb0ac45dcb9bca376d4b9cc77 P 0d22856300974aebb71cfd09b4503057 [term 1 FOLLOWER]: Raft consensus is shut down!
I20260608 10:09:58.038468  7596 tablet_replica.cc:333] T b0edaf897e324655a3391320c50eb46d P 0d22856300974aebb71cfd09b4503057: stopping tablet replica
I20260608 10:09:58.038983  7596 raft_consensus.cc:2243] T b0edaf897e324655a3391320c50eb46d P 0d22856300974aebb71cfd09b4503057 [term 1 LEADER]: Raft consensus shutting down.
I20260608 10:09:58.039551  7596 pending_rounds.cc:70] T b0edaf897e324655a3391320c50eb46d P 0d22856300974aebb71cfd09b4503057: Trying to abort 1 pending ops.
I20260608 10:09:58.039753  7596 pending_rounds.cc:77] T b0edaf897e324655a3391320c50eb46d P 0d22856300974aebb71cfd09b4503057: Aborting op as it isn't in flight: id { term: 1 index: 1 } timestamp: 7294621277081575424 op_type: NO_OP noop_request { }
I20260608 10:09:58.040056  7596 raft_consensus.cc:2889] T b0edaf897e324655a3391320c50eb46d P 0d22856300974aebb71cfd09b4503057 [term 1 LEADER]: NO_OP replication failed: Aborted: Op aborted
I20260608 10:09:58.040329  7596 raft_consensus.cc:2272] T b0edaf897e324655a3391320c50eb46d P 0d22856300974aebb71cfd09b4503057 [term 1 FOLLOWER]: Raft consensus is shut down!
I20260608 10:09:58.054473  7596 tablet_server.cc:196] TabletServer@127.7.107.3:0 shutdown complete.
I20260608 10:09:58.065728  7596 master.cc:562] Master@127.7.107.62:46749 shutting down...
I20260608 10:09:58.081727  7596 raft_consensus.cc:2243] T 00000000000000000000000000000000 P 44beb98bc48a4f519a34e20d66138ad3 [term 1 LEADER]: Raft consensus shutting down.
I20260608 10:09:58.082248  7596 raft_consensus.cc:2272] T 00000000000000000000000000000000 P 44beb98bc48a4f519a34e20d66138ad3 [term 1 FOLLOWER]: Raft consensus is shut down!
I20260608 10:09:58.082614  7596 tablet_replica.cc:333] T 00000000000000000000000000000000 P 44beb98bc48a4f519a34e20d66138ad3: stopping tablet replica
I20260608 10:09:58.101171  7596 master.cc:584] Master@127.7.107.62:46749 shutdown complete.
[       OK ] AutoRebalancerTest.RangeAwareBuildClusterInfoGroupsByRange (2434 ms)
[ RUN      ] AutoRebalancerTest.RangeAwareRebalancesNewRangeReplicas
I20260608 10:09:58.134801  7596 internal_mini_cluster.cc:156] Creating distributed mini masters. Addrs: 127.7.107.62:33713
I20260608 10:09:58.136109  7596 file_cache.cc:492] Constructed file cache file cache with capacity 419430
W20260608 10:09:58.142053 10500 instance_detector.cc:116] could not retrieve AWS instance metadata: Network error: curl error: HTTP response code said error: The requested URL returned error: 404
W20260608 10:09:58.142129 10501 instance_detector.cc:116] could not retrieve Azure instance metadata: Network error: curl error: HTTP response code said error: The requested URL returned error: 404
W20260608 10:09:58.143873 10503 instance_detector.cc:116] could not retrieve OpenStack instance metadata: Network error: curl error: HTTP response code said error: The requested URL returned error: 404
I20260608 10:09:58.145187  7596 server_base.cc:1061] running on GCE node
I20260608 10:09:58.146035  7596 hybrid_clock.cc:584] initializing the hybrid clock with 'system_unsync' time source
W20260608 10:09:58.146260  7596 system_unsync_time.cc:38] NTP support is disabled. Clock error bounds will not be accurate. This configuration is not suitable for distributed clusters.
I20260608 10:09:58.146670  7596 hybrid_clock.cc:648] HybridClock initialized: now 1780913398146646 us; error 0 us; skew 500 ppm
I20260608 10:09:58.147317  7596 server_base.cc:861] Flag tcmalloc_max_total_thread_cache_bytes is not working since tcmalloc is not enabled.
I20260608 10:09:58.149853  7596 webserver.cc:533] Webserver started at http://127.7.107.62:40447/ using document root <none> and password file <none>
I20260608 10:09:58.150431  7596 fs_manager.cc:362] Metadata directory not provided
I20260608 10:09:58.150648  7596 fs_manager.cc:368] Using write-ahead log directory (fs_wal_dir) as metadata directory
I20260608 10:09:58.150925  7596 server_base.cc:909] This appears to be a new deployment of Kudu; creating new FS layout
I20260608 10:09:58.152206  7596 fs_manager.cc:1068] Generated new instance metadata in path /tmp/dist-test-task7ljyzt/test-tmp/auto_rebalancer-test.0.AutoRebalancerTest.RangeAwareRebalancesNewRangeReplicas.1780913313224722-7596-0/minicluster-data/master-0-root/instance:
uuid: "c87c96c65bc74f47b1ef0bd4c9f469cd"
format_stamp: "Formatted at 2026-06-08 10:09:58 on dist-test-slave-m6ng"
I20260608 10:09:58.157116  7596 fs_manager.cc:696] Time spent creating directory manager: real 0.004s	user 0.006s	sys 0.001s
I20260608 10:09:58.160984 10508 log_block_manager.cc:4031] Time spent loading block containers with low live blocks: real 0.000s	user 0.000s	sys 0.000s
I20260608 10:09:58.161842  7596 fs_manager.cc:730] Time spent opening block manager: real 0.002s	user 0.002s	sys 0.000s
I20260608 10:09:58.162177  7596 fs_manager.cc:647] Opened local filesystem: /tmp/dist-test-task7ljyzt/test-tmp/auto_rebalancer-test.0.AutoRebalancerTest.RangeAwareRebalancesNewRangeReplicas.1780913313224722-7596-0/minicluster-data/master-0-root
uuid: "c87c96c65bc74f47b1ef0bd4c9f469cd"
format_stamp: "Formatted at 2026-06-08 10:09:58 on dist-test-slave-m6ng"
I20260608 10:09:58.162576  7596 fs_report.cc:389] FS layout report
--------------------
wal directory: /tmp/dist-test-task7ljyzt/test-tmp/auto_rebalancer-test.0.AutoRebalancerTest.RangeAwareRebalancesNewRangeReplicas.1780913313224722-7596-0/minicluster-data/master-0-root
metadata directory: /tmp/dist-test-task7ljyzt/test-tmp/auto_rebalancer-test.0.AutoRebalancerTest.RangeAwareRebalancesNewRangeReplicas.1780913313224722-7596-0/minicluster-data/master-0-root
1 data directories: /tmp/dist-test-task7ljyzt/test-tmp/auto_rebalancer-test.0.AutoRebalancerTest.RangeAwareRebalancesNewRangeReplicas.1780913313224722-7596-0/minicluster-data/master-0-root/data
Total live blocks: 0
Total live bytes: 0
Total live bytes (after alignment): 0
Total number of LBM containers: 0 (0 full)
Did not check for missing blocks
Did not check for orphaned blocks
Total full LBM containers with extra space: 0 (0 repaired)
Total full LBM container extra space in bytes: 0 (0 repaired)
Total incomplete LBM containers: 0 (0 repaired)
Total LBM partial records: 0 (0 repaired)
Total corrupted LBM metadata records in RocksDB: 0 (0 repaired)
I20260608 10:09:58.189585  7596 rpc_server.cc:225] running with OpenSSL 1.1.1  11 Sep 2018
I20260608 10:09:58.190781  7596 kserver.cc:163] Server-wide thread pool size limit: 3276
I20260608 10:09:58.227795  7596 rpc_server.cc:307] RPC server started. Bound to: 127.7.107.62:33713
I20260608 10:09:58.227932 10559 acceptor_pool.cc:272] collecting diagnostics on the listening RPC socket 127.7.107.62:33713 every 8 connection(s)
I20260608 10:09:58.232034 10560 data_dirs.cc:400] Could only allocate 1 dirs of requested 3 for tablet 00000000000000000000000000000000. 1 dirs total, 0 dirs full, 0 dirs failed
I20260608 10:09:58.243007 10560 tablet_bootstrap.cc:492] T 00000000000000000000000000000000 P c87c96c65bc74f47b1ef0bd4c9f469cd: Bootstrap starting.
I20260608 10:09:58.248142 10560 tablet_bootstrap.cc:654] T 00000000000000000000000000000000 P c87c96c65bc74f47b1ef0bd4c9f469cd: Neither blocks nor log segments found. Creating new log.
I20260608 10:09:58.252638 10560 tablet_bootstrap.cc:492] T 00000000000000000000000000000000 P c87c96c65bc74f47b1ef0bd4c9f469cd: No bootstrap required, opened a new log
I20260608 10:09:58.255016 10560 raft_consensus.cc:359] T 00000000000000000000000000000000 P c87c96c65bc74f47b1ef0bd4c9f469cd [term 0 FOLLOWER]: Replica starting. Triggering 0 pending ops. Active config: opid_index: -1 OBSOLETE_local: true peers { permanent_uuid: "c87c96c65bc74f47b1ef0bd4c9f469cd" member_type: VOTER }
I20260608 10:09:58.255475 10560 raft_consensus.cc:385] T 00000000000000000000000000000000 P c87c96c65bc74f47b1ef0bd4c9f469cd [term 0 FOLLOWER]: Consensus starting up: Expiring failure detector timer to make a prompt election more likely
I20260608 10:09:58.255731 10560 raft_consensus.cc:740] T 00000000000000000000000000000000 P c87c96c65bc74f47b1ef0bd4c9f469cd [term 0 FOLLOWER]: Becoming Follower/Learner. State: Replica: c87c96c65bc74f47b1ef0bd4c9f469cd, State: Initialized, Role: FOLLOWER
I20260608 10:09:58.256363 10560 consensus_queue.cc:260] T 00000000000000000000000000000000 P c87c96c65bc74f47b1ef0bd4c9f469cd [NON_LEADER]: Queue going to NON_LEADER mode. State: All replicated index: 0, Majority replicated index: 0, Committed index: 0, Last appended: 0.0, Last appended by leader: 0, Current term: 0, Majority size: -1, State: 0, Mode: NON_LEADER, active raft config: opid_index: -1 OBSOLETE_local: true peers { permanent_uuid: "c87c96c65bc74f47b1ef0bd4c9f469cd" member_type: VOTER }
I20260608 10:09:58.256856 10560 raft_consensus.cc:399] T 00000000000000000000000000000000 P c87c96c65bc74f47b1ef0bd4c9f469cd [term 0 FOLLOWER]: Only one voter in the Raft config. Triggering election immediately
I20260608 10:09:58.257102 10560 raft_consensus.cc:493] T 00000000000000000000000000000000 P c87c96c65bc74f47b1ef0bd4c9f469cd [term 0 FOLLOWER]: Starting leader election (initial election of a single-replica configuration)
I20260608 10:09:58.257362 10560 raft_consensus.cc:3060] T 00000000000000000000000000000000 P c87c96c65bc74f47b1ef0bd4c9f469cd [term 0 FOLLOWER]: Advancing to term 1
I20260608 10:09:58.262387 10560 raft_consensus.cc:515] T 00000000000000000000000000000000 P c87c96c65bc74f47b1ef0bd4c9f469cd [term 1 FOLLOWER]: Starting leader election with config: opid_index: -1 OBSOLETE_local: true peers { permanent_uuid: "c87c96c65bc74f47b1ef0bd4c9f469cd" member_type: VOTER }
I20260608 10:09:58.262992 10560 leader_election.cc:304] T 00000000000000000000000000000000 P c87c96c65bc74f47b1ef0bd4c9f469cd [CANDIDATE]: Term 1 election: Election decided. Result: candidate won. Election summary: received 1 responses out of 1 voters: 1 yes votes; 0 no votes. yes voters: c87c96c65bc74f47b1ef0bd4c9f469cd; no voters: 
I20260608 10:09:58.264423 10560 leader_election.cc:290] T 00000000000000000000000000000000 P c87c96c65bc74f47b1ef0bd4c9f469cd [CANDIDATE]: Term 1 election: Requested vote from peers 
I20260608 10:09:58.264894 10563 raft_consensus.cc:2804] T 00000000000000000000000000000000 P c87c96c65bc74f47b1ef0bd4c9f469cd [term 1 FOLLOWER]: Leader election won for term 1
I20260608 10:09:58.266374 10563 raft_consensus.cc:697] T 00000000000000000000000000000000 P c87c96c65bc74f47b1ef0bd4c9f469cd [term 1 LEADER]: Becoming Leader. State: Replica: c87c96c65bc74f47b1ef0bd4c9f469cd, State: Running, Role: LEADER
I20260608 10:09:58.267139 10563 consensus_queue.cc:237] T 00000000000000000000000000000000 P c87c96c65bc74f47b1ef0bd4c9f469cd [LEADER]: Queue going to LEADER mode. State: All replicated index: 0, Majority replicated index: 0, Committed index: 0, Last appended: 0.0, Last appended by leader: 0, Current term: 1, Majority size: 1, State: 0, Mode: LEADER, active raft config: opid_index: -1 OBSOLETE_local: true peers { permanent_uuid: "c87c96c65bc74f47b1ef0bd4c9f469cd" member_type: VOTER }
I20260608 10:09:58.267724 10560 sys_catalog.cc:565] T 00000000000000000000000000000000 P c87c96c65bc74f47b1ef0bd4c9f469cd [sys.catalog]: configured and running, proceeding with master startup.
I20260608 10:09:58.270558 10565 sys_catalog.cc:455] T 00000000000000000000000000000000 P c87c96c65bc74f47b1ef0bd4c9f469cd [sys.catalog]: SysCatalogTable state changed. Reason: New leader c87c96c65bc74f47b1ef0bd4c9f469cd. Latest consensus state: current_term: 1 leader_uuid: "c87c96c65bc74f47b1ef0bd4c9f469cd" committed_config { opid_index: -1 OBSOLETE_local: true peers { permanent_uuid: "c87c96c65bc74f47b1ef0bd4c9f469cd" member_type: VOTER } }
I20260608 10:09:58.270511 10564 sys_catalog.cc:455] T 00000000000000000000000000000000 P c87c96c65bc74f47b1ef0bd4c9f469cd [sys.catalog]: SysCatalogTable state changed. Reason: RaftConsensus started. Latest consensus state: current_term: 1 leader_uuid: "c87c96c65bc74f47b1ef0bd4c9f469cd" committed_config { opid_index: -1 OBSOLETE_local: true peers { permanent_uuid: "c87c96c65bc74f47b1ef0bd4c9f469cd" member_type: VOTER } }
I20260608 10:09:58.271397 10565 sys_catalog.cc:458] T 00000000000000000000000000000000 P c87c96c65bc74f47b1ef0bd4c9f469cd [sys.catalog]: This master's current role is: LEADER
I20260608 10:09:58.271543 10564 sys_catalog.cc:458] T 00000000000000000000000000000000 P c87c96c65bc74f47b1ef0bd4c9f469cd [sys.catalog]: This master's current role is: LEADER
I20260608 10:09:58.280865 10568 catalog_manager.cc:1510] Loading table and tablet metadata into memory...
I20260608 10:09:58.288802 10568 catalog_manager.cc:1519] Initializing Kudu cluster ID...
I20260608 10:09:58.290169  7596 internal_mini_cluster.cc:184] Waiting to initialize catalog manager on master 0
I20260608 10:09:58.298916 10568 catalog_manager.cc:1382] Generated new cluster ID: 315c49169e624982b5608826dc653803
I20260608 10:09:58.299240 10568 catalog_manager.cc:1530] Initializing Kudu internal certificate authority...
I20260608 10:09:58.311913 10568 catalog_manager.cc:1405] Generated new certificate authority record
I20260608 10:09:58.313359 10568 catalog_manager.cc:1539] Loading token signing keys...
I20260608 10:09:58.326503 10568 catalog_manager.cc:6069] T 00000000000000000000000000000000 P c87c96c65bc74f47b1ef0bd4c9f469cd: Generated new TSK 0
I20260608 10:09:58.327174 10568 catalog_manager.cc:1549] Initializing in-progress tserver states...
I20260608 10:09:58.357267  7596 file_cache.cc:492] Constructed file cache file cache with capacity 419430
W20260608 10:09:58.363770 10581 instance_detector.cc:116] could not retrieve AWS instance metadata: Network error: curl error: HTTP response code said error: The requested URL returned error: 404
W20260608 10:09:58.365361 10582 instance_detector.cc:116] could not retrieve Azure instance metadata: Network error: curl error: HTTP response code said error: The requested URL returned error: 404
W20260608 10:09:58.366757 10584 instance_detector.cc:116] could not retrieve OpenStack instance metadata: Network error: curl error: HTTP response code said error: The requested URL returned error: 404
I20260608 10:09:58.367360  7596 server_base.cc:1061] running on GCE node
I20260608 10:09:58.368146  7596 hybrid_clock.cc:584] initializing the hybrid clock with 'system_unsync' time source
W20260608 10:09:58.368335  7596 system_unsync_time.cc:38] NTP support is disabled. Clock error bounds will not be accurate. This configuration is not suitable for distributed clusters.
I20260608 10:09:58.368462  7596 hybrid_clock.cc:648] HybridClock initialized: now 1780913398368451 us; error 0 us; skew 500 ppm
I20260608 10:09:58.369328  7596 server_base.cc:861] Flag tcmalloc_max_total_thread_cache_bytes is not working since tcmalloc is not enabled.
I20260608 10:09:58.371937  7596 webserver.cc:533] Webserver started at http://127.7.107.1:42589/ using document root <none> and password file <none>
I20260608 10:09:58.372471  7596 fs_manager.cc:362] Metadata directory not provided
I20260608 10:09:58.372632  7596 fs_manager.cc:368] Using write-ahead log directory (fs_wal_dir) as metadata directory
I20260608 10:09:58.372866  7596 server_base.cc:909] This appears to be a new deployment of Kudu; creating new FS layout
I20260608 10:09:58.374042  7596 fs_manager.cc:1068] Generated new instance metadata in path /tmp/dist-test-task7ljyzt/test-tmp/auto_rebalancer-test.0.AutoRebalancerTest.RangeAwareRebalancesNewRangeReplicas.1780913313224722-7596-0/minicluster-data/ts-0-root/instance:
uuid: "35205fc9a1ed4217970c63aa4abbe7b4"
format_stamp: "Formatted at 2026-06-08 10:09:58 on dist-test-slave-m6ng"
I20260608 10:09:58.379230  7596 fs_manager.cc:696] Time spent creating directory manager: real 0.005s	user 0.000s	sys 0.004s
I20260608 10:09:58.382993 10589 log_block_manager.cc:4031] Time spent loading block containers with low live blocks: real 0.000s	user 0.000s	sys 0.000s
I20260608 10:09:58.383867  7596 fs_manager.cc:730] Time spent opening block manager: real 0.002s	user 0.002s	sys 0.002s
I20260608 10:09:58.384183  7596 fs_manager.cc:647] Opened local filesystem: /tmp/dist-test-task7ljyzt/test-tmp/auto_rebalancer-test.0.AutoRebalancerTest.RangeAwareRebalancesNewRangeReplicas.1780913313224722-7596-0/minicluster-data/ts-0-root
uuid: "35205fc9a1ed4217970c63aa4abbe7b4"
format_stamp: "Formatted at 2026-06-08 10:09:58 on dist-test-slave-m6ng"
I20260608 10:09:58.384492  7596 fs_report.cc:389] FS layout report
--------------------
wal directory: /tmp/dist-test-task7ljyzt/test-tmp/auto_rebalancer-test.0.AutoRebalancerTest.RangeAwareRebalancesNewRangeReplicas.1780913313224722-7596-0/minicluster-data/ts-0-root
metadata directory: /tmp/dist-test-task7ljyzt/test-tmp/auto_rebalancer-test.0.AutoRebalancerTest.RangeAwareRebalancesNewRangeReplicas.1780913313224722-7596-0/minicluster-data/ts-0-root
1 data directories: /tmp/dist-test-task7ljyzt/test-tmp/auto_rebalancer-test.0.AutoRebalancerTest.RangeAwareRebalancesNewRangeReplicas.1780913313224722-7596-0/minicluster-data/ts-0-root/data
Total live blocks: 0
Total live bytes: 0
Total live bytes (after alignment): 0
Total number of LBM containers: 0 (0 full)
Did not check for missing blocks
Did not check for orphaned blocks
Total full LBM containers with extra space: 0 (0 repaired)
Total full LBM container extra space in bytes: 0 (0 repaired)
Total incomplete LBM containers: 0 (0 repaired)
Total LBM partial records: 0 (0 repaired)
Total corrupted LBM metadata records in RocksDB: 0 (0 repaired)
I20260608 10:09:58.402033  7596 rpc_server.cc:225] running with OpenSSL 1.1.1  11 Sep 2018
I20260608 10:09:58.403280  7596 kserver.cc:163] Server-wide thread pool size limit: 3276
I20260608 10:09:58.404817  7596 txn_system_client.cc:432] TxnSystemClient initialization is disabled...
I20260608 10:09:58.407353  7596 ts_tablet_manager.cc:585] Loaded tablet metadata (0 total tablets, 0 live tablets)
I20260608 10:09:58.407586  7596 ts_tablet_manager.cc:531] Time spent load tablet metadata: real 0.000s	user 0.000s	sys 0.000s
I20260608 10:09:58.407847  7596 ts_tablet_manager.cc:616] Registered 0 tablets
I20260608 10:09:58.408028  7596 ts_tablet_manager.cc:595] Time spent register tablets: real 0.000s	user 0.000s	sys 0.000s
I20260608 10:09:58.448287  7596 rpc_server.cc:307] RPC server started. Bound to: 127.7.107.1:42181
I20260608 10:09:58.448402 10651 acceptor_pool.cc:272] collecting diagnostics on the listening RPC socket 127.7.107.1:42181 every 8 connection(s)
I20260608 10:09:58.453712  7596 file_cache.cc:492] Constructed file cache file cache with capacity 419430
W20260608 10:09:58.461052 10656 instance_detector.cc:116] could not retrieve AWS instance metadata: Network error: curl error: HTTP response code said error: The requested URL returned error: 404
W20260608 10:09:58.462925 10657 instance_detector.cc:116] could not retrieve Azure instance metadata: Network error: curl error: HTTP response code said error: The requested URL returned error: 404
I20260608 10:09:58.464190  7596 server_base.cc:1061] running on GCE node
