I20260608 10:08:47.630983 26175 sys_catalog.cc:565] T 00000000000000000000000000000000 P 8a3d6038949047e4841002790d415ea6 [sys.catalog]: configured and running, proceeding with master startup.
I20260608 10:08:47.635179 26109 tablet_bootstrap.cc:654] T 00000000000000000000000000000000 P e446a2bd9096440491028e28341ca0f8: Neither blocks nor log segments found. Creating new log.
I20260608 10:08:47.636204 26044 tablet_bootstrap.cc:492] T 00000000000000000000000000000000 P f79240df567b42b594b9787c3150210a: Bootstrap starting.
I20260608 10:08:47.640584 26109 tablet_bootstrap.cc:492] T 00000000000000000000000000000000 P e446a2bd9096440491028e28341ca0f8: No bootstrap required, opened a new log
I20260608 10:08:47.643392 26109 raft_consensus.cc:359] T 00000000000000000000000000000000 P e446a2bd9096440491028e28341ca0f8 [term 0 FOLLOWER]: Replica starting. Triggering 0 pending ops. Active config: opid_index: -1 OBSOLETE_local: false peers { permanent_uuid: "f79240df567b42b594b9787c3150210a" member_type: VOTER last_known_addr { host: "127.24.81.254" port: 41919 } } peers { permanent_uuid: "e446a2bd9096440491028e28341ca0f8" member_type: VOTER last_known_addr { host: "127.24.81.253" port: 46631 } } peers { permanent_uuid: "8a3d6038949047e4841002790d415ea6" member_type: VOTER last_known_addr { host: "127.24.81.252" port: 34711 } }
I20260608 10:08:47.643874 26044 tablet_bootstrap.cc:654] T 00000000000000000000000000000000 P f79240df567b42b594b9787c3150210a: Neither blocks nor log segments found. Creating new log.
I20260608 10:08:47.644265 26109 raft_consensus.cc:385] T 00000000000000000000000000000000 P e446a2bd9096440491028e28341ca0f8 [term 0 FOLLOWER]: Consensus starting up: Expiring failure detector timer to make a prompt election more likely
I20260608 10:08:47.644701 26109 raft_consensus.cc:740] T 00000000000000000000000000000000 P e446a2bd9096440491028e28341ca0f8 [term 0 FOLLOWER]: Becoming Follower/Learner. State: Replica: e446a2bd9096440491028e28341ca0f8, State: Initialized, Role: FOLLOWER
I20260608 10:08:47.645584 26109 consensus_queue.cc:260] T 00000000000000000000000000000000 P e446a2bd9096440491028e28341ca0f8 [NON_LEADER]: Queue going to NON_LEADER mode. State: All replicated index: 0, Majority replicated index: 0, Committed index: 0, Last appended: 0.0, Last appended by leader: 0, Current term: 0, Majority size: -1, State: 0, Mode: NON_LEADER, active raft config: opid_index: -1 OBSOLETE_local: false peers { permanent_uuid: "f79240df567b42b594b9787c3150210a" member_type: VOTER last_known_addr { host: "127.24.81.254" port: 41919 } } peers { permanent_uuid: "e446a2bd9096440491028e28341ca0f8" member_type: VOTER last_known_addr { host: "127.24.81.253" port: 46631 } } peers { permanent_uuid: "8a3d6038949047e4841002790d415ea6" member_type: VOTER last_known_addr { host: "127.24.81.252" port: 34711 } }
I20260608 10:08:47.647854 26194 sys_catalog.cc:455] T 00000000000000000000000000000000 P e446a2bd9096440491028e28341ca0f8 [sys.catalog]: SysCatalogTable state changed. Reason: RaftConsensus started. Latest consensus state: current_term: 0 committed_config { opid_index: -1 OBSOLETE_local: false peers { permanent_uuid: "f79240df567b42b594b9787c3150210a" member_type: VOTER last_known_addr { host: "127.24.81.254" port: 41919 } } peers { permanent_uuid: "e446a2bd9096440491028e28341ca0f8" member_type: VOTER last_known_addr { host: "127.24.81.253" port: 46631 } } peers { permanent_uuid: "8a3d6038949047e4841002790d415ea6" member_type: VOTER last_known_addr { host: "127.24.81.252" port: 34711 } } }
I20260608 10:08:47.648767 26194 sys_catalog.cc:458] T 00000000000000000000000000000000 P e446a2bd9096440491028e28341ca0f8 [sys.catalog]: This master's current role is: FOLLOWER
I20260608 10:08:47.649576 26109 sys_catalog.cc:565] T 00000000000000000000000000000000 P e446a2bd9096440491028e28341ca0f8 [sys.catalog]: configured and running, proceeding with master startup.
I20260608 10:08:47.651537 26044 tablet_bootstrap.cc:492] T 00000000000000000000000000000000 P f79240df567b42b594b9787c3150210a: No bootstrap required, opened a new log
W20260608 10:08:47.651499 26193 catalog_manager.cc:1593] T 00000000000000000000000000000000 P 8a3d6038949047e4841002790d415ea6: loading cluster ID for follower catalog manager: Not found: cluster ID entry not found
W20260608 10:08:47.652032 26193 catalog_manager.cc:883] Not found: cluster ID entry not found: failed to prepare follower catalog manager, will retry
I20260608 10:08:47.654450 26044 raft_consensus.cc:359] T 00000000000000000000000000000000 P f79240df567b42b594b9787c3150210a [term 0 FOLLOWER]: Replica starting. Triggering 0 pending ops. Active config: opid_index: -1 OBSOLETE_local: false peers { permanent_uuid: "f79240df567b42b594b9787c3150210a" member_type: VOTER last_known_addr { host: "127.24.81.254" port: 41919 } } peers { permanent_uuid: "e446a2bd9096440491028e28341ca0f8" member_type: VOTER last_known_addr { host: "127.24.81.253" port: 46631 } } peers { permanent_uuid: "8a3d6038949047e4841002790d415ea6" member_type: VOTER last_known_addr { host: "127.24.81.252" port: 34711 } }
I20260608 10:08:47.655220 26044 raft_consensus.cc:385] T 00000000000000000000000000000000 P f79240df567b42b594b9787c3150210a [term 0 FOLLOWER]: Consensus starting up: Expiring failure detector timer to make a prompt election more likely
I20260608 10:08:47.655543 26044 raft_consensus.cc:740] T 00000000000000000000000000000000 P f79240df567b42b594b9787c3150210a [term 0 FOLLOWER]: Becoming Follower/Learner. State: Replica: f79240df567b42b594b9787c3150210a, State: Initialized, Role: FOLLOWER
I20260608 10:08:47.656342 26044 consensus_queue.cc:260] T 00000000000000000000000000000000 P f79240df567b42b594b9787c3150210a [NON_LEADER]: Queue going to NON_LEADER mode. State: All replicated index: 0, Majority replicated index: 0, Committed index: 0, Last appended: 0.0, Last appended by leader: 0, Current term: 0, Majority size: -1, State: 0, Mode: NON_LEADER, active raft config: opid_index: -1 OBSOLETE_local: false peers { permanent_uuid: "f79240df567b42b594b9787c3150210a" member_type: VOTER last_known_addr { host: "127.24.81.254" port: 41919 } } peers { permanent_uuid: "e446a2bd9096440491028e28341ca0f8" member_type: VOTER last_known_addr { host: "127.24.81.253" port: 46631 } } peers { permanent_uuid: "8a3d6038949047e4841002790d415ea6" member_type: VOTER last_known_addr { host: "127.24.81.252" port: 34711 } }
I20260608 10:08:47.658352 26201 sys_catalog.cc:455] T 00000000000000000000000000000000 P f79240df567b42b594b9787c3150210a [sys.catalog]: SysCatalogTable state changed. Reason: RaftConsensus started. Latest consensus state: current_term: 0 committed_config { opid_index: -1 OBSOLETE_local: false peers { permanent_uuid: "f79240df567b42b594b9787c3150210a" member_type: VOTER last_known_addr { host: "127.24.81.254" port: 41919 } } peers { permanent_uuid: "e446a2bd9096440491028e28341ca0f8" member_type: VOTER last_known_addr { host: "127.24.81.253" port: 46631 } } peers { permanent_uuid: "8a3d6038949047e4841002790d415ea6" member_type: VOTER last_known_addr { host: "127.24.81.252" port: 34711 } } }
I20260608 10:08:47.659235 26201 sys_catalog.cc:458] T 00000000000000000000000000000000 P f79240df567b42b594b9787c3150210a [sys.catalog]: This master's current role is: FOLLOWER
I20260608 10:08:47.660084 26044 sys_catalog.cc:565] T 00000000000000000000000000000000 P f79240df567b42b594b9787c3150210a [sys.catalog]: configured and running, proceeding with master startup.
W20260608 10:08:47.666981 26208 catalog_manager.cc:1593] T 00000000000000000000000000000000 P e446a2bd9096440491028e28341ca0f8: loading cluster ID for follower catalog manager: Not found: cluster ID entry not found
W20260608 10:08:47.667279 26208 catalog_manager.cc:883] Not found: cluster ID entry not found: failed to prepare follower catalog manager, will retry
I20260608 10:08:47.672405 24903 internal_mini_cluster.cc:184] Waiting to initialize catalog manager on master 1
I20260608 10:08:47.672827 24903 internal_mini_cluster.cc:184] Waiting to initialize catalog manager on master 2
I20260608 10:08:47.674793 24903 file_cache.cc:492] Constructed file cache file cache with capacity 419430
W20260608 10:08:47.675598 26218 catalog_manager.cc:1593] T 00000000000000000000000000000000 P f79240df567b42b594b9787c3150210a: loading cluster ID for follower catalog manager: Not found: cluster ID entry not found
W20260608 10:08:47.675902 26218 catalog_manager.cc:883] Not found: cluster ID entry not found: failed to prepare follower catalog manager, will retry
W20260608 10:08:47.681540 26219 instance_detector.cc:116] could not retrieve AWS instance metadata: Network error: curl error: HTTP response code said error: The requested URL returned error: 404
W20260608 10:08:47.682605 26220 instance_detector.cc:116] could not retrieve Azure instance metadata: Network error: curl error: HTTP response code said error: The requested URL returned error: 404
W20260608 10:08:47.684545 26222 instance_detector.cc:116] could not retrieve OpenStack instance metadata: Network error: curl error: HTTP response code said error: The requested URL returned error: 404
I20260608 10:08:47.685216 24903 server_base.cc:1061] running on GCE node
I20260608 10:08:47.685978 24903 hybrid_clock.cc:584] initializing the hybrid clock with 'system_unsync' time source
W20260608 10:08:47.686169 24903 system_unsync_time.cc:38] NTP support is disabled. Clock error bounds will not be accurate. This configuration is not suitable for distributed clusters.
I20260608 10:08:47.686304 24903 hybrid_clock.cc:648] HybridClock initialized: now 1780913327686292 us; error 0 us; skew 500 ppm
I20260608 10:08:47.686828 24903 server_base.cc:861] Flag tcmalloc_max_total_thread_cache_bytes is not working since tcmalloc is not enabled.
I20260608 10:08:47.689391 24903 webserver.cc:533] Webserver started at http://127.24.81.193:34835/ using document root <none> and password file <none>
I20260608 10:08:47.689904 24903 fs_manager.cc:362] Metadata directory not provided
I20260608 10:08:47.690062 24903 fs_manager.cc:368] Using write-ahead log directory (fs_wal_dir) as metadata directory
I20260608 10:08:47.690275 24903 server_base.cc:909] This appears to be a new deployment of Kudu; creating new FS layout
I20260608 10:08:47.691403 24903 fs_manager.cc:1068] Generated new instance metadata in path /tmp/dist-test-taskiwXMzk/test-tmp/auto_rebalancer-test.0.AutoRebalancerTest.NextLeaderResumesAutoRebalancing.1780913313151754-24903-0/minicluster-data/ts-0-root/instance:
uuid: "884742480d564c34841f9b7b47c320a2"
format_stamp: "Formatted at 2026-06-08 10:08:47 on dist-test-slave-fvtt"
I20260608 10:08:47.696105 24903 fs_manager.cc:696] Time spent creating directory manager: real 0.004s	user 0.006s	sys 0.000s
I20260608 10:08:47.700021 26227 log_block_manager.cc:4031] Time spent loading block containers with low live blocks: real 0.000s	user 0.000s	sys 0.000s
I20260608 10:08:47.701153 24903 fs_manager.cc:730] Time spent opening block manager: real 0.003s	user 0.003s	sys 0.000s
I20260608 10:08:47.701509 24903 fs_manager.cc:647] Opened local filesystem: /tmp/dist-test-taskiwXMzk/test-tmp/auto_rebalancer-test.0.AutoRebalancerTest.NextLeaderResumesAutoRebalancing.1780913313151754-24903-0/minicluster-data/ts-0-root
uuid: "884742480d564c34841f9b7b47c320a2"
format_stamp: "Formatted at 2026-06-08 10:08:47 on dist-test-slave-fvtt"
I20260608 10:08:47.701808 24903 fs_report.cc:389] FS layout report
--------------------
wal directory: /tmp/dist-test-taskiwXMzk/test-tmp/auto_rebalancer-test.0.AutoRebalancerTest.NextLeaderResumesAutoRebalancing.1780913313151754-24903-0/minicluster-data/ts-0-root
metadata directory: /tmp/dist-test-taskiwXMzk/test-tmp/auto_rebalancer-test.0.AutoRebalancerTest.NextLeaderResumesAutoRebalancing.1780913313151754-24903-0/minicluster-data/ts-0-root
1 data directories: /tmp/dist-test-taskiwXMzk/test-tmp/auto_rebalancer-test.0.AutoRebalancerTest.NextLeaderResumesAutoRebalancing.1780913313151754-24903-0/minicluster-data/ts-0-root/data
Total live blocks: 0
Total live bytes: 0
Total live bytes (after alignment): 0
Total number of LBM containers: 0 (0 full)
Did not check for missing blocks
Did not check for orphaned blocks
Total full LBM containers with extra space: 0 (0 repaired)
Total full LBM container extra space in bytes: 0 (0 repaired)
Total incomplete LBM containers: 0 (0 repaired)
Total LBM partial records: 0 (0 repaired)
Total corrupted LBM metadata records in RocksDB: 0 (0 repaired)
I20260608 10:08:47.726990 24903 rpc_server.cc:225] running with OpenSSL 1.1.1  11 Sep 2018
I20260608 10:08:47.728278 24903 kserver.cc:163] Server-wide thread pool size limit: 3276
I20260608 10:08:47.729863 24903 txn_system_client.cc:432] TxnSystemClient initialization is disabled...
I20260608 10:08:47.732429 24903 ts_tablet_manager.cc:585] Loaded tablet metadata (0 total tablets, 0 live tablets)
I20260608 10:08:47.732659 24903 ts_tablet_manager.cc:531] Time spent load tablet metadata: real 0.000s	user 0.000s	sys 0.000s
I20260608 10:08:47.732931 24903 ts_tablet_manager.cc:616] Registered 0 tablets
I20260608 10:08:47.733091 24903 ts_tablet_manager.cc:595] Time spent register tablets: real 0.000s	user 0.000s	sys 0.000s
I20260608 10:08:47.774106 24903 rpc_server.cc:307] RPC server started. Bound to: 127.24.81.193:36699
I20260608 10:08:47.774241 26289 acceptor_pool.cc:272] collecting diagnostics on the listening RPC socket 127.24.81.193:36699 every 8 connection(s)
I20260608 10:08:47.785422 24903 file_cache.cc:492] Constructed file cache file cache with capacity 419430
I20260608 10:08:47.796541 26290 heartbeater.cc:344] Connected to a master server at 127.24.81.253:46631
I20260608 10:08:47.796986 26290 heartbeater.cc:461] Registering TS with master...
W20260608 10:08:47.797358 26297 instance_detector.cc:116] could not retrieve AWS instance metadata: Network error: curl error: HTTP response code said error: The requested URL returned error: 404
I20260608 10:08:47.797829 26290 heartbeater.cc:507] Master 127.24.81.253:46631 requested a full tablet report, sending...
I20260608 10:08:47.800735 26291 heartbeater.cc:344] Connected to a master server at 127.24.81.252:34711
I20260608 10:08:47.801163 26291 heartbeater.cc:461] Registering TS with master...
I20260608 10:08:47.801101 26074 ts_manager.cc:194] Registered new tserver with Master: 884742480d564c34841f9b7b47c320a2 (127.24.81.193:36699)
I20260608 10:08:47.802254 26291 heartbeater.cc:507] Master 127.24.81.252:34711 requested a full tablet report, sending...
I20260608 10:08:47.805564 26140 ts_manager.cc:194] Registered new tserver with Master: 884742480d564c34841f9b7b47c320a2 (127.24.81.193:36699)
W20260608 10:08:47.806890 26298 instance_detector.cc:116] could not retrieve Azure instance metadata: Network error: curl error: HTTP response code said error: The requested URL returned error: 404
I20260608 10:08:47.810180 26292 heartbeater.cc:344] Connected to a master server at 127.24.81.254:41919
I20260608 10:08:47.810683 26292 heartbeater.cc:461] Registering TS with master...
W20260608 10:08:47.811264 26300 instance_detector.cc:116] could not retrieve OpenStack instance metadata: Network error: curl error: HTTP response code said error: The requested URL returned error: 404
I20260608 10:08:47.811681 24903 server_base.cc:1061] running on GCE node
I20260608 10:08:47.811754 26292 heartbeater.cc:507] Master 127.24.81.254:41919 requested a full tablet report, sending...
I20260608 10:08:47.812717 24903 hybrid_clock.cc:584] initializing the hybrid clock with 'system_unsync' time source
W20260608 10:08:47.813002 24903 system_unsync_time.cc:38] NTP support is disabled. Clock error bounds will not be accurate. This configuration is not suitable for distributed clusters.
I20260608 10:08:47.813171 24903 hybrid_clock.cc:648] HybridClock initialized: now 1780913327813155 us; error 0 us; skew 500 ppm
I20260608 10:08:47.813957 24903 server_base.cc:861] Flag tcmalloc_max_total_thread_cache_bytes is not working since tcmalloc is not enabled.
I20260608 10:08:47.814694 26009 ts_manager.cc:194] Registered new tserver with Master: 884742480d564c34841f9b7b47c320a2 (127.24.81.193:36699)
I20260608 10:08:47.816855 24903 webserver.cc:533] Webserver started at http://127.24.81.194:44247/ using document root <none> and password file <none>
I20260608 10:08:47.817411 24903 fs_manager.cc:362] Metadata directory not provided
I20260608 10:08:47.817602 24903 fs_manager.cc:368] Using write-ahead log directory (fs_wal_dir) as metadata directory
I20260608 10:08:47.817866 24903 server_base.cc:909] This appears to be a new deployment of Kudu; creating new FS layout
I20260608 10:08:47.818944 24903 fs_manager.cc:1068] Generated new instance metadata in path /tmp/dist-test-taskiwXMzk/test-tmp/auto_rebalancer-test.0.AutoRebalancerTest.NextLeaderResumesAutoRebalancing.1780913313151754-24903-0/minicluster-data/ts-1-root/instance:
uuid: "f8975fefc3e6406991af0b7dfa3bd2bd"
format_stamp: "Formatted at 2026-06-08 10:08:47 on dist-test-slave-fvtt"
I20260608 10:08:47.823696 24903 fs_manager.cc:696] Time spent creating directory manager: real 0.004s	user 0.006s	sys 0.000s
I20260608 10:08:47.827565 26305 log_block_manager.cc:4031] Time spent loading block containers with low live blocks: real 0.000s	user 0.000s	sys 0.000s
I20260608 10:08:47.828433 24903 fs_manager.cc:730] Time spent opening block manager: real 0.003s	user 0.002s	sys 0.000s
I20260608 10:08:47.828809 24903 fs_manager.cc:647] Opened local filesystem: /tmp/dist-test-taskiwXMzk/test-tmp/auto_rebalancer-test.0.AutoRebalancerTest.NextLeaderResumesAutoRebalancing.1780913313151754-24903-0/minicluster-data/ts-1-root
uuid: "f8975fefc3e6406991af0b7dfa3bd2bd"
format_stamp: "Formatted at 2026-06-08 10:08:47 on dist-test-slave-fvtt"
I20260608 10:08:47.829078 24903 fs_report.cc:389] FS layout report
--------------------
wal directory: /tmp/dist-test-taskiwXMzk/test-tmp/auto_rebalancer-test.0.AutoRebalancerTest.NextLeaderResumesAutoRebalancing.1780913313151754-24903-0/minicluster-data/ts-1-root
metadata directory: /tmp/dist-test-taskiwXMzk/test-tmp/auto_rebalancer-test.0.AutoRebalancerTest.NextLeaderResumesAutoRebalancing.1780913313151754-24903-0/minicluster-data/ts-1-root
1 data directories: /tmp/dist-test-taskiwXMzk/test-tmp/auto_rebalancer-test.0.AutoRebalancerTest.NextLeaderResumesAutoRebalancing.1780913313151754-24903-0/minicluster-data/ts-1-root/data
Total live blocks: 0
Total live bytes: 0
Total live bytes (after alignment): 0
Total number of LBM containers: 0 (0 full)
Did not check for missing blocks
Did not check for orphaned blocks
Total full LBM containers with extra space: 0 (0 repaired)
Total full LBM container extra space in bytes: 0 (0 repaired)
Total incomplete LBM containers: 0 (0 repaired)
Total LBM partial records: 0 (0 repaired)
Total corrupted LBM metadata records in RocksDB: 0 (0 repaired)
I20260608 10:08:47.848695 24903 rpc_server.cc:225] running with OpenSSL 1.1.1  11 Sep 2018
I20260608 10:08:47.850067 24903 kserver.cc:163] Server-wide thread pool size limit: 3276
I20260608 10:08:47.851677 24903 txn_system_client.cc:432] TxnSystemClient initialization is disabled...
I20260608 10:08:47.854140 24903 ts_tablet_manager.cc:585] Loaded tablet metadata (0 total tablets, 0 live tablets)
I20260608 10:08:47.854341 24903 ts_tablet_manager.cc:531] Time spent load tablet metadata: real 0.000s	user 0.000s	sys 0.000s
I20260608 10:08:47.854590 24903 ts_tablet_manager.cc:616] Registered 0 tablets
I20260608 10:08:47.854741 24903 ts_tablet_manager.cc:595] Time spent register tablets: real 0.000s	user 0.000s	sys 0.000s
I20260608 10:08:47.896497 24903 rpc_server.cc:307] RPC server started. Bound to: 127.24.81.194:33481
I20260608 10:08:47.896553 26367 acceptor_pool.cc:272] collecting diagnostics on the listening RPC socket 127.24.81.194:33481 every 8 connection(s)
I20260608 10:08:47.904852 26181 raft_consensus.cc:493] T 00000000000000000000000000000000 P 8a3d6038949047e4841002790d415ea6 [term 0 FOLLOWER]: Starting pre-election (no leader contacted us within the election timeout)
I20260608 10:08:47.905539 26181 raft_consensus.cc:515] T 00000000000000000000000000000000 P 8a3d6038949047e4841002790d415ea6 [term 0 FOLLOWER]: Starting pre-election with config: opid_index: -1 OBSOLETE_local: false peers { permanent_uuid: "f79240df567b42b594b9787c3150210a" member_type: VOTER last_known_addr { host: "127.24.81.254" port: 41919 } } peers { permanent_uuid: "e446a2bd9096440491028e28341ca0f8" member_type: VOTER last_known_addr { host: "127.24.81.253" port: 46631 } } peers { permanent_uuid: "8a3d6038949047e4841002790d415ea6" member_type: VOTER last_known_addr { host: "127.24.81.252" port: 34711 } }
I20260608 10:08:47.909759 26084 tablet_service.cc:1917] Received RequestConsensusVote() RPC: tablet_id: "00000000000000000000000000000000" candidate_uuid: "8a3d6038949047e4841002790d415ea6" candidate_term: 1 candidate_status { last_received { term: 0 index: 0 } } ignore_live_leader: false dest_uuid: "e446a2bd9096440491028e28341ca0f8" is_pre_election: true
I20260608 10:08:47.910213 26019 tablet_service.cc:1917] Received RequestConsensusVote() RPC: tablet_id: "00000000000000000000000000000000" candidate_uuid: "8a3d6038949047e4841002790d415ea6" candidate_term: 1 candidate_status { last_received { term: 0 index: 0 } } ignore_live_leader: false dest_uuid: "f79240df567b42b594b9787c3150210a" is_pre_election: true
I20260608 10:08:47.910727 26084 raft_consensus.cc:2468] T 00000000000000000000000000000000 P e446a2bd9096440491028e28341ca0f8 [term 0 FOLLOWER]: Leader pre-election vote request: Granting yes vote for candidate 8a3d6038949047e4841002790d415ea6 in term 0.
I20260608 10:08:47.910897 26181 leader_election.cc:290] T 00000000000000000000000000000000 P 8a3d6038949047e4841002790d415ea6 [CANDIDATE]: Term 1 pre-election: Requested pre-vote from peers f79240df567b42b594b9787c3150210a (127.24.81.254:41919), e446a2bd9096440491028e28341ca0f8 (127.24.81.253:46631)
I20260608 10:08:47.911715 26019 raft_consensus.cc:2468] T 00000000000000000000000000000000 P f79240df567b42b594b9787c3150210a [term 0 FOLLOWER]: Leader pre-election vote request: Granting yes vote for candidate 8a3d6038949047e4841002790d415ea6 in term 0.
I20260608 10:08:47.912806 26124 leader_election.cc:304] T 00000000000000000000000000000000 P 8a3d6038949047e4841002790d415ea6 [CANDIDATE]: Term 1 pre-election: Election decided. Result: candidate won. Election summary: received 2 responses out of 3 voters: 2 yes votes; 0 no votes. yes voters: 8a3d6038949047e4841002790d415ea6, e446a2bd9096440491028e28341ca0f8; no voters: 
I20260608 10:08:47.913909 26181 raft_consensus.cc:2804] T 00000000000000000000000000000000 P 8a3d6038949047e4841002790d415ea6 [term 0 FOLLOWER]: Leader pre-election won for term 1
I20260608 10:08:47.914338 26181 raft_consensus.cc:493] T 00000000000000000000000000000000 P 8a3d6038949047e4841002790d415ea6 [term 0 FOLLOWER]: Starting leader election (no leader contacted us within the election timeout)
I20260608 10:08:47.914700 26181 raft_consensus.cc:3060] T 00000000000000000000000000000000 P 8a3d6038949047e4841002790d415ea6 [term 0 FOLLOWER]: Advancing to term 1
I20260608 10:08:47.926951 26181 raft_consensus.cc:515] T 00000000000000000000000000000000 P 8a3d6038949047e4841002790d415ea6 [term 1 FOLLOWER]: Starting leader election with config: opid_index: -1 OBSOLETE_local: false peers { permanent_uuid: "f79240df567b42b594b9787c3150210a" member_type: VOTER last_known_addr { host: "127.24.81.254" port: 41919 } } peers { permanent_uuid: "e446a2bd9096440491028e28341ca0f8" member_type: VOTER last_known_addr { host: "127.24.81.253" port: 46631 } } peers { permanent_uuid: "8a3d6038949047e4841002790d415ea6" member_type: VOTER last_known_addr { host: "127.24.81.252" port: 34711 } }
I20260608 10:08:47.929558 26181 leader_election.cc:290] T 00000000000000000000000000000000 P 8a3d6038949047e4841002790d415ea6 [CANDIDATE]: Term 1 election: Requested vote from peers f79240df567b42b594b9787c3150210a (127.24.81.254:41919), e446a2bd9096440491028e28341ca0f8 (127.24.81.253:46631)
I20260608 10:08:47.930344 26019 tablet_service.cc:1917] Received RequestConsensusVote() RPC: tablet_id: "00000000000000000000000000000000" candidate_uuid: "8a3d6038949047e4841002790d415ea6" candidate_term: 1 candidate_status { last_received { term: 0 index: 0 } } ignore_live_leader: false dest_uuid: "f79240df567b42b594b9787c3150210a"
I20260608 10:08:47.930898 26084 tablet_service.cc:1917] Received RequestConsensusVote() RPC: tablet_id: "00000000000000000000000000000000" candidate_uuid: "8a3d6038949047e4841002790d415ea6" candidate_term: 1 candidate_status { last_received { term: 0 index: 0 } } ignore_live_leader: false dest_uuid: "e446a2bd9096440491028e28341ca0f8"
I20260608 10:08:47.931046 26019 raft_consensus.cc:3060] T 00000000000000000000000000000000 P f79240df567b42b594b9787c3150210a [term 0 FOLLOWER]: Advancing to term 1
I20260608 10:08:47.931516 26084 raft_consensus.cc:3060] T 00000000000000000000000000000000 P e446a2bd9096440491028e28341ca0f8 [term 0 FOLLOWER]: Advancing to term 1
I20260608 10:08:47.932267 24903 file_cache.cc:492] Constructed file cache file cache with capacity 419430
I20260608 10:08:47.938875 26019 raft_consensus.cc:2468] T 00000000000000000000000000000000 P f79240df567b42b594b9787c3150210a [term 1 FOLLOWER]: Leader election vote request: Granting yes vote for candidate 8a3d6038949047e4841002790d415ea6 in term 1.
I20260608 10:08:47.939002 26084 raft_consensus.cc:2468] T 00000000000000000000000000000000 P e446a2bd9096440491028e28341ca0f8 [term 1 FOLLOWER]: Leader election vote request: Granting yes vote for candidate 8a3d6038949047e4841002790d415ea6 in term 1.
I20260608 10:08:47.940363 26125 leader_election.cc:304] T 00000000000000000000000000000000 P 8a3d6038949047e4841002790d415ea6 [CANDIDATE]: Term 1 election: Election decided. Result: candidate won. Election summary: received 2 responses out of 3 voters: 2 yes votes; 0 no votes. yes voters: 8a3d6038949047e4841002790d415ea6, f79240df567b42b594b9787c3150210a; no voters: 
I20260608 10:08:47.941922 26181 raft_consensus.cc:2804] T 00000000000000000000000000000000 P 8a3d6038949047e4841002790d415ea6 [term 1 FOLLOWER]: Leader election won for term 1
I20260608 10:08:47.944926 26181 raft_consensus.cc:697] T 00000000000000000000000000000000 P 8a3d6038949047e4841002790d415ea6 [term 1 LEADER]: Becoming Leader. State: Replica: 8a3d6038949047e4841002790d415ea6, State: Running, Role: LEADER
I20260608 10:08:47.946087 26181 consensus_queue.cc:237] T 00000000000000000000000000000000 P 8a3d6038949047e4841002790d415ea6 [LEADER]: Queue going to LEADER mode. State: All replicated index: 0, Majority replicated index: 0, Committed index: 0, Last appended: 0.0, Last appended by leader: 0, Current term: 1, Majority size: 2, State: 0, Mode: LEADER, active raft config: opid_index: -1 OBSOLETE_local: false peers { permanent_uuid: "f79240df567b42b594b9787c3150210a" member_type: VOTER last_known_addr { host: "127.24.81.254" port: 41919 } } peers { permanent_uuid: "e446a2bd9096440491028e28341ca0f8" member_type: VOTER last_known_addr { host: "127.24.81.253" port: 46631 } } peers { permanent_uuid: "8a3d6038949047e4841002790d415ea6" member_type: VOTER last_known_addr { host: "127.24.81.252" port: 34711 } }
I20260608 10:08:47.948149 26370 heartbeater.cc:344] Connected to a master server at 127.24.81.254:41919
I20260608 10:08:47.948684 26370 heartbeater.cc:461] Registering TS with master...
I20260608 10:08:47.949759 26370 heartbeater.cc:507] Master 127.24.81.254:41919 requested a full tablet report, sending...
W20260608 10:08:47.951840 26375 instance_detector.cc:116] could not retrieve AWS instance metadata: Network error: curl error: HTTP response code said error: The requested URL returned error: 404
W20260608 10:08:47.952914 26377 instance_detector.cc:116] could not retrieve Azure instance metadata: Network error: curl error: HTTP response code said error: The requested URL returned error: 404
I20260608 10:08:47.953583 26009 ts_manager.cc:194] Registered new tserver with Master: f8975fefc3e6406991af0b7dfa3bd2bd (127.24.81.194:33481)
I20260608 10:08:47.959515 26369 heartbeater.cc:344] Connected to a master server at 127.24.81.252:34711
I20260608 10:08:47.960021 26369 heartbeater.cc:461] Registering TS with master...
I20260608 10:08:47.961128 26369 heartbeater.cc:507] Master 127.24.81.252:34711 requested a full tablet report, sending...
I20260608 10:08:47.961658 26376 sys_catalog.cc:455] T 00000000000000000000000000000000 P 8a3d6038949047e4841002790d415ea6 [sys.catalog]: SysCatalogTable state changed. Reason: New leader 8a3d6038949047e4841002790d415ea6. Latest consensus state: current_term: 1 leader_uuid: "8a3d6038949047e4841002790d415ea6" committed_config { opid_index: -1 OBSOLETE_local: false peers { permanent_uuid: "f79240df567b42b594b9787c3150210a" member_type: VOTER last_known_addr { host: "127.24.81.254" port: 41919 } } peers { permanent_uuid: "e446a2bd9096440491028e28341ca0f8" member_type: VOTER last_known_addr { host: "127.24.81.253" port: 46631 } } peers { permanent_uuid: "8a3d6038949047e4841002790d415ea6" member_type: VOTER last_known_addr { host: "127.24.81.252" port: 34711 } } }
I20260608 10:08:47.962877 26368 heartbeater.cc:344] Connected to a master server at 127.24.81.253:46631
I20260608 10:08:47.963145 26376 sys_catalog.cc:458] T 00000000000000000000000000000000 P 8a3d6038949047e4841002790d415ea6 [sys.catalog]: This master's current role is: LEADER
I20260608 10:08:47.963330 26368 heartbeater.cc:461] Registering TS with master...
I20260608 10:08:47.963819 26140 ts_manager.cc:194] Registered new tserver with Master: f8975fefc3e6406991af0b7dfa3bd2bd (127.24.81.194:33481)
I20260608 10:08:47.964406 26368 heartbeater.cc:507] Master 127.24.81.253:46631 requested a full tablet report, sending...
W20260608 10:08:47.964480 26381 instance_detector.cc:116] could not retrieve OpenStack instance metadata: Network error: curl error: HTTP response code said error: The requested URL returned error: 404
I20260608 10:08:47.965262 24903 server_base.cc:1061] running on GCE node
I20260608 10:08:47.966418 24903 hybrid_clock.cc:584] initializing the hybrid clock with 'system_unsync' time source
W20260608 10:08:47.966728 24903 system_unsync_time.cc:38] NTP support is disabled. Clock error bounds will not be accurate. This configuration is not suitable for distributed clusters.
I20260608 10:08:47.966964 24903 hybrid_clock.cc:648] HybridClock initialized: now 1780913327966943 us; error 0 us; skew 500 ppm
I20260608 10:08:47.967015 26382 catalog_manager.cc:1510] Loading table and tablet metadata into memory...
I20260608 10:08:47.967638 26074 ts_manager.cc:194] Registered new tserver with Master: f8975fefc3e6406991af0b7dfa3bd2bd (127.24.81.194:33481)
I20260608 10:08:47.967939 24903 server_base.cc:861] Flag tcmalloc_max_total_thread_cache_bytes is not working since tcmalloc is not enabled.
I20260608 10:08:47.971241 24903 webserver.cc:533] Webserver started at http://127.24.81.195:41007/ using document root <none> and password file <none>
I20260608 10:08:47.971971 24903 fs_manager.cc:362] Metadata directory not provided
I20260608 10:08:47.972218 24903 fs_manager.cc:368] Using write-ahead log directory (fs_wal_dir) as metadata directory
I20260608 10:08:47.972543 24903 server_base.cc:909] This appears to be a new deployment of Kudu; creating new FS layout
I20260608 10:08:47.974051 24903 fs_manager.cc:1068] Generated new instance metadata in path /tmp/dist-test-taskiwXMzk/test-tmp/auto_rebalancer-test.0.AutoRebalancerTest.NextLeaderResumesAutoRebalancing.1780913313151754-24903-0/minicluster-data/ts-2-root/instance:
uuid: "4523c396608e411d8db191cd34d9be3e"
format_stamp: "Formatted at 2026-06-08 10:08:47 on dist-test-slave-fvtt"
I20260608 10:08:47.974632 26382 catalog_manager.cc:1519] Initializing Kudu cluster ID...
I20260608 10:08:47.980444 24903 fs_manager.cc:696] Time spent creating directory manager: real 0.006s	user 0.006s	sys 0.001s
I20260608 10:08:47.984733 26387 log_block_manager.cc:4031] Time spent loading block containers with low live blocks: real 0.000s	user 0.000s	sys 0.000s
I20260608 10:08:47.985671 24903 fs_manager.cc:730] Time spent opening block manager: real 0.003s	user 0.003s	sys 0.000s
I20260608 10:08:47.985392 26084 raft_consensus.cc:1275] T 00000000000000000000000000000000 P e446a2bd9096440491028e28341ca0f8 [term 1 FOLLOWER]: Refusing update from remote peer 8a3d6038949047e4841002790d415ea6: Log matching property violated. Preceding OpId in replica: term: 0 index: 0. Preceding OpId from leader: term: 1 index: 2. (index mismatch)
I20260608 10:08:47.985392 26019 raft_consensus.cc:1275] T 00000000000000000000000000000000 P f79240df567b42b594b9787c3150210a [term 1 FOLLOWER]: Refusing update from remote peer 8a3d6038949047e4841002790d415ea6: Log matching property violated. Preceding OpId in replica: term: 0 index: 0. Preceding OpId from leader: term: 1 index: 2. (index mismatch)
I20260608 10:08:47.986138 24903 fs_manager.cc:647] Opened local filesystem: /tmp/dist-test-taskiwXMzk/test-tmp/auto_rebalancer-test.0.AutoRebalancerTest.NextLeaderResumesAutoRebalancing.1780913313151754-24903-0/minicluster-data/ts-2-root
uuid: "4523c396608e411d8db191cd34d9be3e"
format_stamp: "Formatted at 2026-06-08 10:08:47 on dist-test-slave-fvtt"
I20260608 10:08:47.986485 24903 fs_report.cc:389] FS layout report
--------------------
wal directory: /tmp/dist-test-taskiwXMzk/test-tmp/auto_rebalancer-test.0.AutoRebalancerTest.NextLeaderResumesAutoRebalancing.1780913313151754-24903-0/minicluster-data/ts-2-root
metadata directory: /tmp/dist-test-taskiwXMzk/test-tmp/auto_rebalancer-test.0.AutoRebalancerTest.NextLeaderResumesAutoRebalancing.1780913313151754-24903-0/minicluster-data/ts-2-root
1 data directories: /tmp/dist-test-taskiwXMzk/test-tmp/auto_rebalancer-test.0.AutoRebalancerTest.NextLeaderResumesAutoRebalancing.1780913313151754-24903-0/minicluster-data/ts-2-root/data
Total live blocks: 0
Total live bytes: 0
Total live bytes (after alignment): 0
Total number of LBM containers: 0 (0 full)
Did not check for missing blocks
Did not check for orphaned blocks
Total full LBM containers with extra space: 0 (0 repaired)
Total full LBM container extra space in bytes: 0 (0 repaired)
Total incomplete LBM containers: 0 (0 repaired)
Total LBM partial records: 0 (0 repaired)
Total corrupted LBM metadata records in RocksDB: 0 (0 repaired)
I20260608 10:08:47.987371 26181 consensus_queue.cc:1048] T 00000000000000000000000000000000 P 8a3d6038949047e4841002790d415ea6 [LEADER]: Connected to new peer: Peer: permanent_uuid: "f79240df567b42b594b9787c3150210a" member_type: VOTER last_known_addr { host: "127.24.81.254" port: 41919 }, Status: LMP_MISMATCH, Last received: 0.0, Next index: 1, Last known committed idx: 0, Time since last communication: 0.000s
I20260608 10:08:47.988093 26376 consensus_queue.cc:1048] T 00000000000000000000000000000000 P 8a3d6038949047e4841002790d415ea6 [LEADER]: Connected to new peer: Peer: permanent_uuid: "e446a2bd9096440491028e28341ca0f8" member_type: VOTER last_known_addr { host: "127.24.81.253" port: 46631 }, Status: LMP_MISMATCH, Last received: 0.0, Next index: 1, Last known committed idx: 0, Time since last communication: 0.000s
I20260608 10:08:48.004703 26201 sys_catalog.cc:455] T 00000000000000000000000000000000 P f79240df567b42b594b9787c3150210a [sys.catalog]: SysCatalogTable state changed. Reason: New leader 8a3d6038949047e4841002790d415ea6. Latest consensus state: current_term: 1 leader_uuid: "8a3d6038949047e4841002790d415ea6" committed_config { opid_index: -1 OBSOLETE_local: false peers { permanent_uuid: "f79240df567b42b594b9787c3150210a" member_type: VOTER last_known_addr { host: "127.24.81.254" port: 41919 } } peers { permanent_uuid: "e446a2bd9096440491028e28341ca0f8" member_type: VOTER last_known_addr { host: "127.24.81.253" port: 46631 } } peers { permanent_uuid: "8a3d6038949047e4841002790d415ea6" member_type: VOTER last_known_addr { host: "127.24.81.252" port: 34711 } } }
I20260608 10:08:48.005517 26201 sys_catalog.cc:458] T 00000000000000000000000000000000 P f79240df567b42b594b9787c3150210a [sys.catalog]: This master's current role is: FOLLOWER
I20260608 10:08:48.008361 26194 sys_catalog.cc:455] T 00000000000000000000000000000000 P e446a2bd9096440491028e28341ca0f8 [sys.catalog]: SysCatalogTable state changed. Reason: New leader 8a3d6038949047e4841002790d415ea6. Latest consensus state: current_term: 1 leader_uuid: "8a3d6038949047e4841002790d415ea6" committed_config { opid_index: -1 OBSOLETE_local: false peers { permanent_uuid: "f79240df567b42b594b9787c3150210a" member_type: VOTER last_known_addr { host: "127.24.81.254" port: 41919 } } peers { permanent_uuid: "e446a2bd9096440491028e28341ca0f8" member_type: VOTER last_known_addr { host: "127.24.81.253" port: 46631 } } peers { permanent_uuid: "8a3d6038949047e4841002790d415ea6" member_type: VOTER last_known_addr { host: "127.24.81.252" port: 34711 } } }
I20260608 10:08:48.009367 26194 sys_catalog.cc:458] T 00000000000000000000000000000000 P e446a2bd9096440491028e28341ca0f8 [sys.catalog]: This master's current role is: FOLLOWER
I20260608 10:08:48.012279 26181 sys_catalog.cc:455] T 00000000000000000000000000000000 P 8a3d6038949047e4841002790d415ea6 [sys.catalog]: SysCatalogTable state changed. Reason: Peer health change. Latest consensus state: current_term: 1 leader_uuid: "8a3d6038949047e4841002790d415ea6" committed_config { opid_index: -1 OBSOLETE_local: false peers { permanent_uuid: "f79240df567b42b594b9787c3150210a" member_type: VOTER last_known_addr { host: "127.24.81.254" port: 41919 } } peers { permanent_uuid: "e446a2bd9096440491028e28341ca0f8" member_type: VOTER last_known_addr { host: "127.24.81.253" port: 46631 } } peers { permanent_uuid: "8a3d6038949047e4841002790d415ea6" member_type: VOTER last_known_addr { host: "127.24.81.252" port: 34711 } } }
I20260608 10:08:48.013068 26181 sys_catalog.cc:458] T 00000000000000000000000000000000 P 8a3d6038949047e4841002790d415ea6 [sys.catalog]: This master's current role is: LEADER
I20260608 10:08:48.013329 26382 catalog_manager.cc:1382] Generated new cluster ID: b91a3ba4bc1c4c8bbaa3a0f52e60aad1
I20260608 10:08:48.013633 26382 catalog_manager.cc:1530] Initializing Kudu internal certificate authority...
I20260608 10:08:48.013648 26181 sys_catalog.cc:455] T 00000000000000000000000000000000 P 8a3d6038949047e4841002790d415ea6 [sys.catalog]: SysCatalogTable state changed. Reason: Peer health change. Latest consensus state: current_term: 1 leader_uuid: "8a3d6038949047e4841002790d415ea6" committed_config { opid_index: -1 OBSOLETE_local: false peers { permanent_uuid: "f79240df567b42b594b9787c3150210a" member_type: VOTER last_known_addr { host: "127.24.81.254" port: 41919 } } peers { permanent_uuid: "e446a2bd9096440491028e28341ca0f8" member_type: VOTER last_known_addr { host: "127.24.81.253" port: 46631 } } peers { permanent_uuid: "8a3d6038949047e4841002790d415ea6" member_type: VOTER last_known_addr { host: "127.24.81.252" port: 34711 } } }
I20260608 10:08:48.014554 26181 sys_catalog.cc:458] T 00000000000000000000000000000000 P 8a3d6038949047e4841002790d415ea6 [sys.catalog]: This master's current role is: LEADER
I20260608 10:08:48.022389 24903 rpc_server.cc:225] running with OpenSSL 1.1.1  11 Sep 2018
I20260608 10:08:48.024354 24903 kserver.cc:163] Server-wide thread pool size limit: 3276
I20260608 10:08:48.026964 26194 sys_catalog.cc:455] T 00000000000000000000000000000000 P e446a2bd9096440491028e28341ca0f8 [sys.catalog]: SysCatalogTable state changed. Reason: Replicated consensus-only round. Latest consensus state: current_term: 1 leader_uuid: "8a3d6038949047e4841002790d415ea6" committed_config { opid_index: -1 OBSOLETE_local: false peers { permanent_uuid: "f79240df567b42b594b9787c3150210a" member_type: VOTER last_known_addr { host: "127.24.81.254" port: 41919 } } peers { permanent_uuid: "e446a2bd9096440491028e28341ca0f8" member_type: VOTER last_known_addr { host: "127.24.81.253" port: 46631 } } peers { permanent_uuid: "8a3d6038949047e4841002790d415ea6" member_type: VOTER last_known_addr { host: "127.24.81.252" port: 34711 } } }
I20260608 10:08:48.027853 26194 sys_catalog.cc:458] T 00000000000000000000000000000000 P e446a2bd9096440491028e28341ca0f8 [sys.catalog]: This master's current role is: FOLLOWER
I20260608 10:08:48.033631 26201 sys_catalog.cc:455] T 00000000000000000000000000000000 P f79240df567b42b594b9787c3150210a [sys.catalog]: SysCatalogTable state changed. Reason: Replicated consensus-only round. Latest consensus state: current_term: 1 leader_uuid: "8a3d6038949047e4841002790d415ea6" committed_config { opid_index: -1 OBSOLETE_local: false peers { permanent_uuid: "f79240df567b42b594b9787c3150210a" member_type: VOTER last_known_addr { host: "127.24.81.254" port: 41919 } } peers { permanent_uuid: "e446a2bd9096440491028e28341ca0f8" member_type: VOTER last_known_addr { host: "127.24.81.253" port: 46631 } } peers { permanent_uuid: "8a3d6038949047e4841002790d415ea6" member_type: VOTER last_known_addr { host: "127.24.81.252" port: 34711 } } }
I20260608 10:08:48.034562 26201 sys_catalog.cc:458] T 00000000000000000000000000000000 P f79240df567b42b594b9787c3150210a [sys.catalog]: This master's current role is: FOLLOWER
I20260608 10:08:48.038357 24903 txn_system_client.cc:432] TxnSystemClient initialization is disabled...
I20260608 10:08:48.044191 24903 ts_tablet_manager.cc:585] Loaded tablet metadata (0 total tablets, 0 live tablets)
I20260608 10:08:48.044505 24903 ts_tablet_manager.cc:531] Time spent load tablet metadata: real 0.000s	user 0.000s	sys 0.000s
I20260608 10:08:48.044834 24903 ts_tablet_manager.cc:616] Registered 0 tablets
I20260608 10:08:48.045053 24903 ts_tablet_manager.cc:595] Time spent register tablets: real 0.000s	user 0.000s	sys 0.000s
I20260608 10:08:48.048019 26382 catalog_manager.cc:1405] Generated new certificate authority record
I20260608 10:08:48.049872 26382 catalog_manager.cc:1539] Loading token signing keys...
I20260608 10:08:48.078709 26382 catalog_manager.cc:6069] T 00000000000000000000000000000000 P 8a3d6038949047e4841002790d415ea6: Generated new TSK 0
I20260608 10:08:48.079480 26382 catalog_manager.cc:1549] Initializing in-progress tserver states...
I20260608 10:08:48.111927 24903 rpc_server.cc:307] RPC server started. Bound to: 127.24.81.195:35105
I20260608 10:08:48.112046 26457 acceptor_pool.cc:272] collecting diagnostics on the listening RPC socket 127.24.81.195:35105 every 8 connection(s)
I20260608 10:08:48.133586 26458 heartbeater.cc:344] Connected to a master server at 127.24.81.253:46631
I20260608 10:08:48.134057 26458 heartbeater.cc:461] Registering TS with master...
I20260608 10:08:48.134624 26459 heartbeater.cc:344] Connected to a master server at 127.24.81.252:34711
I20260608 10:08:48.135033 26459 heartbeater.cc:461] Registering TS with master...
I20260608 10:08:48.134972 26458 heartbeater.cc:507] Master 127.24.81.253:46631 requested a full tablet report, sending...
I20260608 10:08:48.135949 26459 heartbeater.cc:507] Master 127.24.81.252:34711 requested a full tablet report, sending...
I20260608 10:08:48.136525 26460 heartbeater.cc:344] Connected to a master server at 127.24.81.254:41919
I20260608 10:08:48.137012 26460 heartbeater.cc:461] Registering TS with master...
I20260608 10:08:48.137895 26460 heartbeater.cc:507] Master 127.24.81.254:41919 requested a full tablet report, sending...
I20260608 10:08:48.138687 26074 ts_manager.cc:194] Registered new tserver with Master: 4523c396608e411d8db191cd34d9be3e (127.24.81.195:35105)
I20260608 10:08:48.138731 26140 ts_manager.cc:194] Registered new tserver with Master: 4523c396608e411d8db191cd34d9be3e (127.24.81.195:35105)
I20260608 10:08:48.140972 26009 ts_manager.cc:194] Registered new tserver with Master: 4523c396608e411d8db191cd34d9be3e (127.24.81.195:35105)
I20260608 10:08:48.141508 26140 master_service.cc:502] Signed X509 certificate for tserver {username='slave'} at 127.0.0.1:46444
I20260608 10:08:48.141674 24903 internal_mini_cluster.cc:371] 3 TS(s) registered with all masters after 0.022826092s
I20260608 10:08:48.671265 26208 catalog_manager.cc:1294] Loaded cluster ID: b91a3ba4bc1c4c8bbaa3a0f52e60aad1
I20260608 10:08:48.671644 26208 catalog_manager.cc:1587] T 00000000000000000000000000000000 P e446a2bd9096440491028e28341ca0f8: loading cluster ID for follower catalog manager: success
I20260608 10:08:48.676292 26208 catalog_manager.cc:1609] T 00000000000000000000000000000000 P e446a2bd9096440491028e28341ca0f8: acquiring CA information for follower catalog manager: success
I20260608 10:08:48.680002 26208 catalog_manager.cc:1637] T 00000000000000000000000000000000 P e446a2bd9096440491028e28341ca0f8: importing token verification keys for follower catalog manager: success; most recent TSK sequence number 0
I20260608 10:08:48.680275 26218 catalog_manager.cc:1294] Loaded cluster ID: b91a3ba4bc1c4c8bbaa3a0f52e60aad1
I20260608 10:08:48.680573 26218 catalog_manager.cc:1587] T 00000000000000000000000000000000 P f79240df567b42b594b9787c3150210a: loading cluster ID for follower catalog manager: success
I20260608 10:08:48.685761 26218 catalog_manager.cc:1609] T 00000000000000000000000000000000 P f79240df567b42b594b9787c3150210a: acquiring CA information for follower catalog manager: success
I20260608 10:08:48.689339 26218 catalog_manager.cc:1637] T 00000000000000000000000000000000 P f79240df567b42b594b9787c3150210a: importing token verification keys for follower catalog manager: success; most recent TSK sequence number 0
I20260608 10:08:48.811030 26140 master_service.cc:502] Signed X509 certificate for tserver {username='slave'} at 127.0.0.1:46416
I20260608 10:08:48.971100 26140 master_service.cc:502] Signed X509 certificate for tserver {username='slave'} at 127.0.0.1:46432
I20260608 10:08:49.144340 26459 heartbeater.cc:499] Master 127.24.81.252:34711 was elected leader, sending a full tablet report...
I20260608 10:08:49.646325 26192 auto_leader_rebalancer.cc:451] All tables' leader rebalancing finished this round
I20260608 10:08:49.758338 26140 catalog_manager.cc:2282] Servicing CreateTable request from {username='slave'} at 127.0.0.1:46448:
name: "test-workload"
schema {
  columns {
    name: "key"
    type: INT32
    is_key: true
    is_nullable: false
    encoding: AUTO_ENCODING
    compression: DEFAULT_COMPRESSION
    cfile_block_size: 0
    immutable: false
  }
  columns {
    name: "int_val"
    type: INT32
    is_key: false
    is_nullable: false
    encoding: AUTO_ENCODING
    compression: DEFAULT_COMPRESSION
    cfile_block_size: 0
    immutable: false
  }
  columns {
    name: "string_val"
    type: STRING
    is_key: false
    is_nullable: true
    encoding: AUTO_ENCODING
    compression: DEFAULT_COMPRESSION
    cfile_block_size: 0
    immutable: false
  }
}
num_replicas: 1
split_rows_range_bounds {
  rows: "\004\001\000\252\252\252*\004\001\000TUUU""\004\001\000\252\252\252*\004\001\000TUUU"
  indirect_data: """"
}
partition_schema {
  range_schema {
    columns {
      name: "key"
    }
  }
}
I20260608 10:08:49.813907 26291 heartbeater.cc:499] Master 127.24.81.252:34711 was elected leader, sending a full tablet report...
I20260608 10:08:49.839807 26423 tablet_service.cc:1511] Processing CreateTablet for tablet 636b4ca37eff439ca05660eef1c1641c (DEFAULT_TABLE table=test-workload [id=b6f3f9ef6f6b4908b0641bb36eebeff3]), partition=RANGE (key) PARTITION VALUES < 715827882
I20260608 10:08:49.841372 26423 data_dirs.cc:400] Could only allocate 1 dirs of requested 3 for tablet 636b4ca37eff439ca05660eef1c1641c. 1 dirs total, 0 dirs full, 0 dirs failed
I20260608 10:08:49.842851 26255 tablet_service.cc:1511] Processing CreateTablet for tablet 90c20367af7942d794e0c984bf38af45 (DEFAULT_TABLE table=test-workload [id=b6f3f9ef6f6b4908b0641bb36eebeff3]), partition=RANGE (key) PARTITION 715827882 <= VALUES < 1431655764
I20260608 10:08:49.844223 26255 data_dirs.cc:400] Could only allocate 1 dirs of requested 3 for tablet 90c20367af7942d794e0c984bf38af45. 1 dirs total, 0 dirs full, 0 dirs failed
I20260608 10:08:49.853228 26333 tablet_service.cc:1511] Processing CreateTablet for tablet bcaf3a0b5f794ba9b10088ffb3fcc2ab (DEFAULT_TABLE table=test-workload [id=b6f3f9ef6f6b4908b0641bb36eebeff3]), partition=RANGE (key) PARTITION 1431655764 <= VALUES
I20260608 10:08:49.854676 26333 data_dirs.cc:400] Could only allocate 1 dirs of requested 3 for tablet bcaf3a0b5f794ba9b10088ffb3fcc2ab. 1 dirs total, 0 dirs full, 0 dirs failed
I20260608 10:08:49.856647 26493 tablet_bootstrap.cc:492] T 636b4ca37eff439ca05660eef1c1641c P 4523c396608e411d8db191cd34d9be3e: Bootstrap starting.
I20260608 10:08:49.858796 26494 tablet_bootstrap.cc:492] T 90c20367af7942d794e0c984bf38af45 P 884742480d564c34841f9b7b47c320a2: Bootstrap starting.
I20260608 10:08:49.864475 26493 tablet_bootstrap.cc:654] T 636b4ca37eff439ca05660eef1c1641c P 4523c396608e411d8db191cd34d9be3e: Neither blocks nor log segments found. Creating new log.
I20260608 10:08:49.865852 26494 tablet_bootstrap.cc:654] T 90c20367af7942d794e0c984bf38af45 P 884742480d564c34841f9b7b47c320a2: Neither blocks nor log segments found. Creating new log.
I20260608 10:08:49.869447 26493 tablet_bootstrap.cc:492] T 636b4ca37eff439ca05660eef1c1641c P 4523c396608e411d8db191cd34d9be3e: No bootstrap required, opened a new log
I20260608 10:08:49.869988 26493 ts_tablet_manager.cc:1403] T 636b4ca37eff439ca05660eef1c1641c P 4523c396608e411d8db191cd34d9be3e: Time spent bootstrapping tablet: real 0.014s	user 0.004s	sys 0.007s
I20260608 10:08:49.871788 26494 tablet_bootstrap.cc:492] T 90c20367af7942d794e0c984bf38af45 P 884742480d564c34841f9b7b47c320a2: No bootstrap required, opened a new log
I20260608 10:08:49.872459 26494 ts_tablet_manager.cc:1403] T 90c20367af7942d794e0c984bf38af45 P 884742480d564c34841f9b7b47c320a2: Time spent bootstrapping tablet: real 0.014s	user 0.009s	sys 0.004s
