I20260608 10:09:51.916235  4636 tablet_bootstrap.cc:492] T c730009e70c2440aa34c4f2dc3489fdf P ce30376958f04bcf923d24672e268de0: Bootstrap starting.
I20260608 10:09:51.917754  4248 leader_election.cc:304] T 34dafae53ffa4022af58f0a914633d3c P ce30376958f04bcf923d24672e268de0 [CANDIDATE]: Term 1 pre-election: Election decided. Result: candidate lost. Election summary: received 3 responses out of 3 voters: 1 yes votes; 2 no votes. yes voters: ce30376958f04bcf923d24672e268de0; no voters: b7ca36bfc50c496591d1de89a556e35e, ee1aac05bad148e5bec844938e227550
I20260608 10:09:51.919482  4653 raft_consensus.cc:2749] T 34dafae53ffa4022af58f0a914633d3c P ce30376958f04bcf923d24672e268de0 [term 1 FOLLOWER]: Leader pre-election lost for term 1. Reason: could not achieve majority
I20260608 10:09:51.921253  4358 tablet_service.cc:1917] Received RequestConsensusVote() RPC: tablet_id: "c6acf299bf26422f8a2003229850af1d" candidate_uuid: "b7ca36bfc50c496591d1de89a556e35e" candidate_term: 1 candidate_status { last_received { term: 0 index: 0 } } ignore_live_leader: false dest_uuid: "8cb6c896927e47f4aa65d9d759ab040f"
I20260608 10:09:51.918164  4635 ts_tablet_manager.cc:1403] T 34dafae53ffa4022af58f0a914633d3c P b7ca36bfc50c496591d1de89a556e35e: Time spent bootstrapping tablet: real 0.076s	user 0.023s	sys 0.010s
I20260608 10:09:51.917433  4496 leader_election.cc:290] T c6acf299bf26422f8a2003229850af1d P b7ca36bfc50c496591d1de89a556e35e [CANDIDATE]: Term 1 election: Requested vote from peers ee1aac05bad148e5bec844938e227550 (127.1.67.4:35707), 8cb6c896927e47f4aa65d9d759ab040f (127.1.67.2:38665)
I20260608 10:09:51.922971  4358 raft_consensus.cc:3060] T c6acf299bf26422f8a2003229850af1d P 8cb6c896927e47f4aa65d9d759ab040f [term 0 FOLLOWER]: Advancing to term 1
I20260608 10:09:51.965636  4596 tablet_service.cc:1917] Received RequestConsensusVote() RPC: tablet_id: "c6acf299bf26422f8a2003229850af1d" candidate_uuid: "b7ca36bfc50c496591d1de89a556e35e" candidate_term: 1 candidate_status { last_received { term: 0 index: 0 } } ignore_live_leader: false dest_uuid: "ee1aac05bad148e5bec844938e227550"
I20260608 10:09:51.933997  4638 tablet_bootstrap.cc:654] T 0460c92639aa48ab907781ca50220494 P ee1aac05bad148e5bec844938e227550: Neither blocks nor log segments found. Creating new log.
W20260608 10:09:51.972479  4399 leader_election.cc:343] T c6acf299bf26422f8a2003229850af1d P b7ca36bfc50c496591d1de89a556e35e [CANDIDATE]: Term 1 election: Tablet error from VoteRequest() call to peer ee1aac05bad148e5bec844938e227550 (127.1.67.4:35707): Illegal state: must be running to vote when last-logged opid is not known
I20260608 10:09:51.972774  4637 tablet_bootstrap.cc:492] T 5e8d469bb1b643478fdad5c33e75c935 P 8cb6c896927e47f4aa65d9d759ab040f: No bootstrap required, opened a new log
I20260608 10:09:51.980289  4657 raft_consensus.cc:2804] T 34dafae53ffa4022af58f0a914633d3c P ee1aac05bad148e5bec844938e227550 [term 1 FOLLOWER]: Leader election won for term 1
I20260608 10:09:51.973412  4637 ts_tablet_manager.cc:1403] T 5e8d469bb1b643478fdad5c33e75c935 P 8cb6c896927e47f4aa65d9d759ab040f: Time spent bootstrapping tablet: real 0.095s	user 0.022s	sys 0.016s
I20260608 10:09:51.980736  4597 tablet_service.cc:1917] Received RequestConsensusVote() RPC: tablet_id: "c6acf299bf26422f8a2003229850af1d" candidate_uuid: "b7ca36bfc50c496591d1de89a556e35e" candidate_term: 1 candidate_status { last_received { term: 0 index: 0 } } ignore_live_leader: false dest_uuid: "ee1aac05bad148e5bec844938e227550" is_pre_election: true
I20260608 10:09:51.982224  4657 raft_consensus.cc:697] T 34dafae53ffa4022af58f0a914633d3c P ee1aac05bad148e5bec844938e227550 [term 1 LEADER]: Becoming Leader. State: Replica: ee1aac05bad148e5bec844938e227550, State: Running, Role: LEADER
I20260608 10:09:51.982939  4635 raft_consensus.cc:359] T 34dafae53ffa4022af58f0a914633d3c P b7ca36bfc50c496591d1de89a556e35e [term 0 FOLLOWER]: Replica starting. Triggering 0 pending ops. Active config: opid_index: -1 OBSOLETE_local: false peers { permanent_uuid: "ce30376958f04bcf923d24672e268de0" member_type: VOTER last_known_addr { host: "127.1.67.1" port: 43371 } } peers { permanent_uuid: "ee1aac05bad148e5bec844938e227550" member_type: VOTER last_known_addr { host: "127.1.67.4" port: 35707 } } peers { permanent_uuid: "b7ca36bfc50c496591d1de89a556e35e" member_type: VOTER last_known_addr { host: "127.1.67.3" port: 44201 } }
I20260608 10:09:51.983654  4635 raft_consensus.cc:385] T 34dafae53ffa4022af58f0a914633d3c P b7ca36bfc50c496591d1de89a556e35e [term 0 FOLLOWER]: Consensus starting up: Expiring failure detector timer to make a prompt election more likely
W20260608 10:09:51.983815  4399 leader_election.cc:343] T c6acf299bf26422f8a2003229850af1d P b7ca36bfc50c496591d1de89a556e35e [CANDIDATE]: Term 1 pre-election: Tablet error from VoteRequest() call to peer ee1aac05bad148e5bec844938e227550 (127.1.67.4:35707): Illegal state: must be running to vote when last-logged opid is not known
I20260608 10:09:51.983978  4635 raft_consensus.cc:740] T 34dafae53ffa4022af58f0a914633d3c P b7ca36bfc50c496591d1de89a556e35e [term 0 FOLLOWER]: Becoming Follower/Learner. State: Replica: b7ca36bfc50c496591d1de89a556e35e, State: Initialized, Role: FOLLOWER
I20260608 10:09:51.984982  4643 raft_consensus.cc:493] T c730009e70c2440aa34c4f2dc3489fdf P ee1aac05bad148e5bec844938e227550 [term 0 FOLLOWER]: Starting pre-election (no leader contacted us within the election timeout)
I20260608 10:09:51.984856  4635 consensus_queue.cc:260] T 34dafae53ffa4022af58f0a914633d3c P b7ca36bfc50c496591d1de89a556e35e [NON_LEADER]: Queue going to NON_LEADER mode. State: All replicated index: 0, Majority replicated index: 0, Committed index: 0, Last appended: 0.0, Last appended by leader: 0, Current term: 0, Majority size: -1, State: 0, Mode: NON_LEADER, active raft config: opid_index: -1 OBSOLETE_local: false peers { permanent_uuid: "ce30376958f04bcf923d24672e268de0" member_type: VOTER last_known_addr { host: "127.1.67.1" port: 43371 } } peers { permanent_uuid: "ee1aac05bad148e5bec844938e227550" member_type: VOTER last_known_addr { host: "127.1.67.4" port: 35707 } } peers { permanent_uuid: "b7ca36bfc50c496591d1de89a556e35e" member_type: VOTER last_known_addr { host: "127.1.67.3" port: 44201 } }
I20260608 10:09:51.985503  4643 raft_consensus.cc:515] T c730009e70c2440aa34c4f2dc3489fdf P ee1aac05bad148e5bec844938e227550 [term 0 FOLLOWER]: Starting pre-election with config: opid_index: -1 OBSOLETE_local: false peers { permanent_uuid: "b7ca36bfc50c496591d1de89a556e35e" member_type: VOTER last_known_addr { host: "127.1.67.3" port: 44201 } } peers { permanent_uuid: "ee1aac05bad148e5bec844938e227550" member_type: VOTER last_known_addr { host: "127.1.67.4" port: 35707 } } peers { permanent_uuid: "ce30376958f04bcf923d24672e268de0" member_type: VOTER last_known_addr { host: "127.1.67.1" port: 43371 } }
I20260608 10:09:51.985800  4637 raft_consensus.cc:359] T 5e8d469bb1b643478fdad5c33e75c935 P 8cb6c896927e47f4aa65d9d759ab040f [term 0 FOLLOWER]: Replica starting. Triggering 0 pending ops. Active config: opid_index: -1 OBSOLETE_local: false peers { permanent_uuid: "ce30376958f04bcf923d24672e268de0" member_type: VOTER last_known_addr { host: "127.1.67.1" port: 43371 } } peers { permanent_uuid: "8cb6c896927e47f4aa65d9d759ab040f" member_type: VOTER last_known_addr { host: "127.1.67.2" port: 38665 } } peers { permanent_uuid: "ee1aac05bad148e5bec844938e227550" member_type: VOTER last_known_addr { host: "127.1.67.4" port: 35707 } }
I20260608 10:09:51.986541  4637 raft_consensus.cc:385] T 5e8d469bb1b643478fdad5c33e75c935 P 8cb6c896927e47f4aa65d9d759ab040f [term 0 FOLLOWER]: Consensus starting up: Expiring failure detector timer to make a prompt election more likely
I20260608 10:09:51.987324  4637 raft_consensus.cc:740] T 5e8d469bb1b643478fdad5c33e75c935 P 8cb6c896927e47f4aa65d9d759ab040f [term 0 FOLLOWER]: Becoming Follower/Learner. State: Replica: 8cb6c896927e47f4aa65d9d759ab040f, State: Initialized, Role: FOLLOWER
I20260608 10:09:51.988070  4637 consensus_queue.cc:260] T 5e8d469bb1b643478fdad5c33e75c935 P 8cb6c896927e47f4aa65d9d759ab040f [NON_LEADER]: Queue going to NON_LEADER mode. State: All replicated index: 0, Majority replicated index: 0, Committed index: 0, Last appended: 0.0, Last appended by leader: 0, Current term: 0, Majority size: -1, State: 0, Mode: NON_LEADER, active raft config: opid_index: -1 OBSOLETE_local: false peers { permanent_uuid: "ce30376958f04bcf923d24672e268de0" member_type: VOTER last_known_addr { host: "127.1.67.1" port: 43371 } } peers { permanent_uuid: "8cb6c896927e47f4aa65d9d759ab040f" member_type: VOTER last_known_addr { host: "127.1.67.2" port: 38665 } } peers { permanent_uuid: "ee1aac05bad148e5bec844938e227550" member_type: VOTER last_known_addr { host: "127.1.67.4" port: 35707 } }
I20260608 10:09:51.989775  4434 tablet_service.cc:1917] Received RequestConsensusVote() RPC: tablet_id: "c730009e70c2440aa34c4f2dc3489fdf" candidate_uuid: "ee1aac05bad148e5bec844938e227550" candidate_term: 1 candidate_status { last_received { term: 0 index: 0 } } ignore_live_leader: false dest_uuid: "b7ca36bfc50c496591d1de89a556e35e" is_pre_election: true
I20260608 10:09:51.990414  4434 raft_consensus.cc:2468] T c730009e70c2440aa34c4f2dc3489fdf P b7ca36bfc50c496591d1de89a556e35e [term 0 FOLLOWER]: Leader pre-election vote request: Granting yes vote for candidate ee1aac05bad148e5bec844938e227550 in term 0.
I20260608 10:09:51.991528  4637 ts_tablet_manager.cc:1434] T 5e8d469bb1b643478fdad5c33e75c935 P 8cb6c896927e47f4aa65d9d759ab040f: Time spent starting tablet: real 0.009s	user 0.006s	sys 0.001s
I20260608 10:09:51.991734  4562 leader_election.cc:304] T c730009e70c2440aa34c4f2dc3489fdf P ee1aac05bad148e5bec844938e227550 [CANDIDATE]: Term 1 pre-election: Election decided. Result: candidate won. Election summary: received 2 responses out of 3 voters: 2 yes votes; 0 no votes. yes voters: b7ca36bfc50c496591d1de89a556e35e, ee1aac05bad148e5bec844938e227550; no voters: 
I20260608 10:09:51.986217  4657 consensus_queue.cc:237] T 34dafae53ffa4022af58f0a914633d3c P ee1aac05bad148e5bec844938e227550 [LEADER]: Queue going to LEADER mode. State: All replicated index: 0, Majority replicated index: 0, Committed index: 0, Last appended: 0.0, Last appended by leader: 0, Current term: 1, Majority size: 2, State: 0, Mode: LEADER, active raft config: opid_index: -1 OBSOLETE_local: false peers { permanent_uuid: "ce30376958f04bcf923d24672e268de0" member_type: VOTER last_known_addr { host: "127.1.67.1" port: 43371 } } peers { permanent_uuid: "ee1aac05bad148e5bec844938e227550" member_type: VOTER last_known_addr { host: "127.1.67.4" port: 35707 } } peers { permanent_uuid: "b7ca36bfc50c496591d1de89a556e35e" member_type: VOTER last_known_addr { host: "127.1.67.3" port: 44201 } }
I20260608 10:09:51.993037  4637 tablet_bootstrap.cc:492] T 0841edb736ce4a76813d1925d34480fa P 8cb6c896927e47f4aa65d9d759ab040f: Bootstrap starting.
I20260608 10:09:51.994621  4636 tablet_bootstrap.cc:654] T c730009e70c2440aa34c4f2dc3489fdf P ce30376958f04bcf923d24672e268de0: Neither blocks nor log segments found. Creating new log.
I20260608 10:09:51.996642  4635 ts_tablet_manager.cc:1434] T 34dafae53ffa4022af58f0a914633d3c P b7ca36bfc50c496591d1de89a556e35e: Time spent starting tablet: real 0.074s	user 0.011s	sys 0.002s
I20260608 10:09:51.998083  4358 raft_consensus.cc:2468] T c6acf299bf26422f8a2003229850af1d P 8cb6c896927e47f4aa65d9d759ab040f [term 1 FOLLOWER]: Leader election vote request: Granting yes vote for candidate b7ca36bfc50c496591d1de89a556e35e in term 1.
I20260608 10:09:51.996995  4283 tablet_service.cc:1917] Received RequestConsensusVote() RPC: tablet_id: "c730009e70c2440aa34c4f2dc3489fdf" candidate_uuid: "ee1aac05bad148e5bec844938e227550" candidate_term: 1 candidate_status { last_received { term: 0 index: 0 } } ignore_live_leader: false dest_uuid: "ce30376958f04bcf923d24672e268de0" is_pre_election: true
I20260608 10:09:52.001329  4635 tablet_bootstrap.cc:492] T 0841edb736ce4a76813d1925d34480fa P b7ca36bfc50c496591d1de89a556e35e: Bootstrap starting.
I20260608 10:09:52.004482  4637 tablet_bootstrap.cc:654] T 0841edb736ce4a76813d1925d34480fa P 8cb6c896927e47f4aa65d9d759ab040f: Neither blocks nor log segments found. Creating new log.
I20260608 10:09:52.004930  4643 leader_election.cc:290] T c730009e70c2440aa34c4f2dc3489fdf P ee1aac05bad148e5bec844938e227550 [CANDIDATE]: Term 1 pre-election: Requested pre-vote from peers b7ca36bfc50c496591d1de89a556e35e (127.1.67.3:44201), ce30376958f04bcf923d24672e268de0 (127.1.67.1:43371)
I20260608 10:09:52.005542  4643 raft_consensus.cc:2804] T c730009e70c2440aa34c4f2dc3489fdf P ee1aac05bad148e5bec844938e227550 [term 0 FOLLOWER]: Leader pre-election won for term 1
I20260608 10:09:52.005914  4643 raft_consensus.cc:493] T c730009e70c2440aa34c4f2dc3489fdf P ee1aac05bad148e5bec844938e227550 [term 0 FOLLOWER]: Starting leader election (no leader contacted us within the election timeout)
I20260608 10:09:52.006246  4643 raft_consensus.cc:3060] T c730009e70c2440aa34c4f2dc3489fdf P ee1aac05bad148e5bec844938e227550 [term 0 FOLLOWER]: Advancing to term 1
W20260608 10:09:52.013494  4560 leader_election.cc:343] T c730009e70c2440aa34c4f2dc3489fdf P ee1aac05bad148e5bec844938e227550 [CANDIDATE]: Term 1 pre-election: Tablet error from VoteRequest() call to peer ce30376958f04bcf923d24672e268de0 (127.1.67.1:43371): Illegal state: must be running to vote when last-logged opid is not known
I20260608 10:09:52.016830  4643 raft_consensus.cc:515] T c730009e70c2440aa34c4f2dc3489fdf P ee1aac05bad148e5bec844938e227550 [term 1 FOLLOWER]: Starting leader election with config: opid_index: -1 OBSOLETE_local: false peers { permanent_uuid: "b7ca36bfc50c496591d1de89a556e35e" member_type: VOTER last_known_addr { host: "127.1.67.3" port: 44201 } } peers { permanent_uuid: "ee1aac05bad148e5bec844938e227550" member_type: VOTER last_known_addr { host: "127.1.67.4" port: 35707 } } peers { permanent_uuid: "ce30376958f04bcf923d24672e268de0" member_type: VOTER last_known_addr { host: "127.1.67.1" port: 43371 } }
I20260608 10:09:52.017671  4635 tablet_bootstrap.cc:654] T 0841edb736ce4a76813d1925d34480fa P b7ca36bfc50c496591d1de89a556e35e: Neither blocks nor log segments found. Creating new log.
I20260608 10:09:52.018339  4398 leader_election.cc:304] T c6acf299bf26422f8a2003229850af1d P b7ca36bfc50c496591d1de89a556e35e [CANDIDATE]: Term 1 election: Election decided. Result: candidate won. Election summary: received 3 responses out of 3 voters: 2 yes votes; 1 no votes. yes voters: 8cb6c896927e47f4aa65d9d759ab040f, b7ca36bfc50c496591d1de89a556e35e; no voters: ee1aac05bad148e5bec844938e227550
I20260608 10:09:52.019245  4496 raft_consensus.cc:2804] T c6acf299bf26422f8a2003229850af1d P b7ca36bfc50c496591d1de89a556e35e [term 1 FOLLOWER]: Leader election won for term 1
I20260608 10:09:52.019763  4496 raft_consensus.cc:697] T c6acf299bf26422f8a2003229850af1d P b7ca36bfc50c496591d1de89a556e35e [term 1 LEADER]: Becoming Leader. State: Replica: b7ca36bfc50c496591d1de89a556e35e, State: Running, Role: LEADER
I20260608 10:09:52.020592  4496 consensus_queue.cc:237] T c6acf299bf26422f8a2003229850af1d P b7ca36bfc50c496591d1de89a556e35e [LEADER]: Queue going to LEADER mode. State: All replicated index: 0, Majority replicated index: 0, Committed index: 0, Last appended: 0.0, Last appended by leader: 0, Current term: 1, Majority size: 2, State: 0, Mode: LEADER, active raft config: opid_index: -1 OBSOLETE_local: false peers { permanent_uuid: "ee1aac05bad148e5bec844938e227550" member_type: VOTER last_known_addr { host: "127.1.67.4" port: 35707 } } peers { permanent_uuid: "8cb6c896927e47f4aa65d9d759ab040f" member_type: VOTER last_known_addr { host: "127.1.67.2" port: 38665 } } peers { permanent_uuid: "b7ca36bfc50c496591d1de89a556e35e" member_type: VOTER last_known_addr { host: "127.1.67.3" port: 44201 } }
I20260608 10:09:52.021749  4283 tablet_service.cc:1917] Received RequestConsensusVote() RPC: tablet_id: "c730009e70c2440aa34c4f2dc3489fdf" candidate_uuid: "ee1aac05bad148e5bec844938e227550" candidate_term: 1 candidate_status { last_received { term: 0 index: 0 } } ignore_live_leader: false dest_uuid: "ce30376958f04bcf923d24672e268de0"
I20260608 10:09:52.019783  4434 tablet_service.cc:1917] Received RequestConsensusVote() RPC: tablet_id: "c730009e70c2440aa34c4f2dc3489fdf" candidate_uuid: "ee1aac05bad148e5bec844938e227550" candidate_term: 1 candidate_status { last_received { term: 0 index: 0 } } ignore_live_leader: false dest_uuid: "b7ca36bfc50c496591d1de89a556e35e"
I20260608 10:09:52.022611  4434 raft_consensus.cc:3060] T c730009e70c2440aa34c4f2dc3489fdf P b7ca36bfc50c496591d1de89a556e35e [term 0 FOLLOWER]: Advancing to term 1
I20260608 10:09:52.024735  4643 leader_election.cc:290] T c730009e70c2440aa34c4f2dc3489fdf P ee1aac05bad148e5bec844938e227550 [CANDIDATE]: Term 1 election: Requested vote from peers b7ca36bfc50c496591d1de89a556e35e (127.1.67.3:44201), ce30376958f04bcf923d24672e268de0 (127.1.67.1:43371)
W20260608 10:09:52.025556  4560 leader_election.cc:343] T c730009e70c2440aa34c4f2dc3489fdf P ee1aac05bad148e5bec844938e227550 [CANDIDATE]: Term 1 election: Tablet error from VoteRequest() call to peer ce30376958f04bcf923d24672e268de0 (127.1.67.1:43371): Illegal state: must be running to vote when last-logged opid is not known
I20260608 10:09:52.027307  4636 tablet_bootstrap.cc:492] T c730009e70c2440aa34c4f2dc3489fdf P ce30376958f04bcf923d24672e268de0: No bootstrap required, opened a new log
I20260608 10:09:52.027789  4636 ts_tablet_manager.cc:1403] T c730009e70c2440aa34c4f2dc3489fdf P ce30376958f04bcf923d24672e268de0: Time spent bootstrapping tablet: real 0.112s	user 0.010s	sys 0.005s
I20260608 10:09:52.028395  4638 tablet_bootstrap.cc:492] T 0460c92639aa48ab907781ca50220494 P ee1aac05bad148e5bec844938e227550: No bootstrap required, opened a new log
I20260608 10:09:52.028868  4638 ts_tablet_manager.cc:1403] T 0460c92639aa48ab907781ca50220494 P ee1aac05bad148e5bec844938e227550: Time spent bootstrapping tablet: real 0.153s	user 0.011s	sys 0.022s
I20260608 10:09:52.030922  4636 raft_consensus.cc:359] T c730009e70c2440aa34c4f2dc3489fdf P ce30376958f04bcf923d24672e268de0 [term 0 FOLLOWER]: Replica starting. Triggering 0 pending ops. Active config: opid_index: -1 OBSOLETE_local: false peers { permanent_uuid: "b7ca36bfc50c496591d1de89a556e35e" member_type: VOTER last_known_addr { host: "127.1.67.3" port: 44201 } } peers { permanent_uuid: "ee1aac05bad148e5bec844938e227550" member_type: VOTER last_known_addr { host: "127.1.67.4" port: 35707 } } peers { permanent_uuid: "ce30376958f04bcf923d24672e268de0" member_type: VOTER last_known_addr { host: "127.1.67.1" port: 43371 } }
I20260608 10:09:52.031654  4636 raft_consensus.cc:385] T c730009e70c2440aa34c4f2dc3489fdf P ce30376958f04bcf923d24672e268de0 [term 0 FOLLOWER]: Consensus starting up: Expiring failure detector timer to make a prompt election more likely
I20260608 10:09:52.031999  4636 raft_consensus.cc:740] T c730009e70c2440aa34c4f2dc3489fdf P ce30376958f04bcf923d24672e268de0 [term 0 FOLLOWER]: Becoming Follower/Learner. State: Replica: ce30376958f04bcf923d24672e268de0, State: Initialized, Role: FOLLOWER
I20260608 10:09:52.031298  4180 catalog_manager.cc:5696] T 34dafae53ffa4022af58f0a914633d3c P ee1aac05bad148e5bec844938e227550 reported cstate change: term changed from 0 to 1, leader changed from <none> to ee1aac05bad148e5bec844938e227550 (127.1.67.4). New cstate: current_term: 1 leader_uuid: "ee1aac05bad148e5bec844938e227550" committed_config { opid_index: -1 OBSOLETE_local: false peers { permanent_uuid: "ce30376958f04bcf923d24672e268de0" member_type: VOTER last_known_addr { host: "127.1.67.1" port: 43371 } health_report { overall_health: UNKNOWN } } peers { permanent_uuid: "ee1aac05bad148e5bec844938e227550" member_type: VOTER last_known_addr { host: "127.1.67.4" port: 35707 } health_report { overall_health: HEALTHY } } peers { permanent_uuid: "b7ca36bfc50c496591d1de89a556e35e" member_type: VOTER last_known_addr { host: "127.1.67.3" port: 44201 } health_report { overall_health: UNKNOWN } } }
I20260608 10:09:52.033005  4636 consensus_queue.cc:260] T c730009e70c2440aa34c4f2dc3489fdf P ce30376958f04bcf923d24672e268de0 [NON_LEADER]: Queue going to NON_LEADER mode. State: All replicated index: 0, Majority replicated index: 0, Committed index: 0, Last appended: 0.0, Last appended by leader: 0, Current term: 0, Majority size: -1, State: 0, Mode: NON_LEADER, active raft config: opid_index: -1 OBSOLETE_local: false peers { permanent_uuid: "b7ca36bfc50c496591d1de89a556e35e" member_type: VOTER last_known_addr { host: "127.1.67.3" port: 44201 } } peers { permanent_uuid: "ee1aac05bad148e5bec844938e227550" member_type: VOTER last_known_addr { host: "127.1.67.4" port: 35707 } } peers { permanent_uuid: "ce30376958f04bcf923d24672e268de0" member_type: VOTER last_known_addr { host: "127.1.67.1" port: 43371 } }
I20260608 10:09:52.036612  4434 raft_consensus.cc:2468] T c730009e70c2440aa34c4f2dc3489fdf P b7ca36bfc50c496591d1de89a556e35e [term 1 FOLLOWER]: Leader election vote request: Granting yes vote for candidate ee1aac05bad148e5bec844938e227550 in term 1.
I20260608 10:09:52.041664  4562 leader_election.cc:304] T c730009e70c2440aa34c4f2dc3489fdf P ee1aac05bad148e5bec844938e227550 [CANDIDATE]: Term 1 election: Election decided. Result: candidate won. Election summary: received 3 responses out of 3 voters: 2 yes votes; 1 no votes. yes voters: b7ca36bfc50c496591d1de89a556e35e, ee1aac05bad148e5bec844938e227550; no voters: ce30376958f04bcf923d24672e268de0
I20260608 10:09:52.042944  4643 raft_consensus.cc:2804] T c730009e70c2440aa34c4f2dc3489fdf P ee1aac05bad148e5bec844938e227550 [term 1 FOLLOWER]: Leader election won for term 1
I20260608 10:09:52.043226  4636 ts_tablet_manager.cc:1434] T c730009e70c2440aa34c4f2dc3489fdf P ce30376958f04bcf923d24672e268de0: Time spent starting tablet: real 0.015s	user 0.008s	sys 0.000s
I20260608 10:09:52.043663  4643 raft_consensus.cc:697] T c730009e70c2440aa34c4f2dc3489fdf P ee1aac05bad148e5bec844938e227550 [term 1 LEADER]: Becoming Leader. State: Replica: ee1aac05bad148e5bec844938e227550, State: Running, Role: LEADER
I20260608 10:09:52.044533  4643 consensus_queue.cc:237] T c730009e70c2440aa34c4f2dc3489fdf P ee1aac05bad148e5bec844938e227550 [LEADER]: Queue going to LEADER mode. State: All replicated index: 0, Majority replicated index: 0, Committed index: 0, Last appended: 0.0, Last appended by leader: 0, Current term: 1, Majority size: 2, State: 0, Mode: LEADER, active raft config: opid_index: -1 OBSOLETE_local: false peers { permanent_uuid: "b7ca36bfc50c496591d1de89a556e35e" member_type: VOTER last_known_addr { host: "127.1.67.3" port: 44201 } } peers { permanent_uuid: "ee1aac05bad148e5bec844938e227550" member_type: VOTER last_known_addr { host: "127.1.67.4" port: 35707 } } peers { permanent_uuid: "ce30376958f04bcf923d24672e268de0" member_type: VOTER last_known_addr { host: "127.1.67.1" port: 43371 } }
I20260608 10:09:52.046921  4653 raft_consensus.cc:493] T 5e8d469bb1b643478fdad5c33e75c935 P ce30376958f04bcf923d24672e268de0 [term 0 FOLLOWER]: Starting pre-election (no leader contacted us within the election timeout)
I20260608 10:09:52.047410  4653 raft_consensus.cc:515] T 5e8d469bb1b643478fdad5c33e75c935 P ce30376958f04bcf923d24672e268de0 [term 0 FOLLOWER]: Starting pre-election with config: opid_index: -1 OBSOLETE_local: false peers { permanent_uuid: "ce30376958f04bcf923d24672e268de0" member_type: VOTER last_known_addr { host: "127.1.67.1" port: 43371 } } peers { permanent_uuid: "8cb6c896927e47f4aa65d9d759ab040f" member_type: VOTER last_known_addr { host: "127.1.67.2" port: 38665 } } peers { permanent_uuid: "ee1aac05bad148e5bec844938e227550" member_type: VOTER last_known_addr { host: "127.1.67.4" port: 35707 } }
I20260608 10:09:52.051687  4597 tablet_service.cc:1917] Received RequestConsensusVote() RPC: tablet_id: "5e8d469bb1b643478fdad5c33e75c935" candidate_uuid: "ce30376958f04bcf923d24672e268de0" candidate_term: 1 candidate_status { last_received { term: 0 index: 0 } } ignore_live_leader: false dest_uuid: "ee1aac05bad148e5bec844938e227550" is_pre_election: true
W20260608 10:09:52.053332  4248 leader_election.cc:343] T 5e8d469bb1b643478fdad5c33e75c935 P ce30376958f04bcf923d24672e268de0 [CANDIDATE]: Term 1 pre-election: Tablet error from VoteRequest() call to peer ee1aac05bad148e5bec844938e227550 (127.1.67.4:35707): Illegal state: must be running to vote when last-logged opid is not known
I20260608 10:09:52.055531  4653 leader_election.cc:290] T 5e8d469bb1b643478fdad5c33e75c935 P ce30376958f04bcf923d24672e268de0 [CANDIDATE]: Term 1 pre-election: Requested pre-vote from peers 8cb6c896927e47f4aa65d9d759ab040f (127.1.67.2:38665), ee1aac05bad148e5bec844938e227550 (127.1.67.4:35707)
I20260608 10:09:52.056701  4636 tablet_bootstrap.cc:492] T 2a0dba01501f411290d40198e705bcc2 P ce30376958f04bcf923d24672e268de0: Bootstrap starting.
I20260608 10:09:52.059808  4358 tablet_service.cc:1917] Received RequestConsensusVote() RPC: tablet_id: "5e8d469bb1b643478fdad5c33e75c935" candidate_uuid: "ce30376958f04bcf923d24672e268de0" candidate_term: 1 candidate_status { last_received { term: 0 index: 0 } } ignore_live_leader: false dest_uuid: "8cb6c896927e47f4aa65d9d759ab040f" is_pre_election: true
I20260608 10:09:52.060570  4358 raft_consensus.cc:2468] T 5e8d469bb1b643478fdad5c33e75c935 P 8cb6c896927e47f4aa65d9d759ab040f [term 0 FOLLOWER]: Leader pre-election vote request: Granting yes vote for candidate ce30376958f04bcf923d24672e268de0 in term 0.
I20260608 10:09:52.061942  4637 tablet_bootstrap.cc:492] T 0841edb736ce4a76813d1925d34480fa P 8cb6c896927e47f4aa65d9d759ab040f: No bootstrap required, opened a new log
I20260608 10:09:52.062500  4637 ts_tablet_manager.cc:1403] T 0841edb736ce4a76813d1925d34480fa P 8cb6c896927e47f4aa65d9d759ab040f: Time spent bootstrapping tablet: real 0.070s	user 0.005s	sys 0.018s
I20260608 10:09:52.062462  4247 leader_election.cc:304] T 5e8d469bb1b643478fdad5c33e75c935 P ce30376958f04bcf923d24672e268de0 [CANDIDATE]: Term 1 pre-election: Election decided. Result: candidate won. Election summary: received 3 responses out of 3 voters: 2 yes votes; 1 no votes. yes voters: 8cb6c896927e47f4aa65d9d759ab040f, ce30376958f04bcf923d24672e268de0; no voters: ee1aac05bad148e5bec844938e227550
I20260608 10:09:52.066605  4552 raft_consensus.cc:2804] T 5e8d469bb1b643478fdad5c33e75c935 P ce30376958f04bcf923d24672e268de0 [term 0 FOLLOWER]: Leader pre-election won for term 1
I20260608 10:09:52.067028  4552 raft_consensus.cc:493] T 5e8d469bb1b643478fdad5c33e75c935 P ce30376958f04bcf923d24672e268de0 [term 0 FOLLOWER]: Starting leader election (no leader contacted us within the election timeout)
I20260608 10:09:52.067377  4552 raft_consensus.cc:3060] T 5e8d469bb1b643478fdad5c33e75c935 P ce30376958f04bcf923d24672e268de0 [term 0 FOLLOWER]: Advancing to term 1
I20260608 10:09:52.071621  4637 raft_consensus.cc:359] T 0841edb736ce4a76813d1925d34480fa P 8cb6c896927e47f4aa65d9d759ab040f [term 0 FOLLOWER]: Replica starting. Triggering 0 pending ops. Active config: opid_index: -1 OBSOLETE_local: false peers { permanent_uuid: "ee1aac05bad148e5bec844938e227550" member_type: VOTER last_known_addr { host: "127.1.67.4" port: 35707 } } peers { permanent_uuid: "b7ca36bfc50c496591d1de89a556e35e" member_type: VOTER last_known_addr { host: "127.1.67.3" port: 44201 } } peers { permanent_uuid: "8cb6c896927e47f4aa65d9d759ab040f" member_type: VOTER last_known_addr { host: "127.1.67.2" port: 38665 } }
I20260608 10:09:52.072357  4637 raft_consensus.cc:385] T 0841edb736ce4a76813d1925d34480fa P 8cb6c896927e47f4aa65d9d759ab040f [term 0 FOLLOWER]: Consensus starting up: Expiring failure detector timer to make a prompt election more likely
I20260608 10:09:52.072641  4637 raft_consensus.cc:740] T 0841edb736ce4a76813d1925d34480fa P 8cb6c896927e47f4aa65d9d759ab040f [term 0 FOLLOWER]: Becoming Follower/Learner. State: Replica: 8cb6c896927e47f4aa65d9d759ab040f, State: Initialized, Role: FOLLOWER
I20260608 10:09:52.072978  4181 catalog_manager.cc:5696] T c6acf299bf26422f8a2003229850af1d P b7ca36bfc50c496591d1de89a556e35e reported cstate change: term changed from 0 to 1, leader changed from <none> to b7ca36bfc50c496591d1de89a556e35e (127.1.67.3). New cstate: current_term: 1 leader_uuid: "b7ca36bfc50c496591d1de89a556e35e" committed_config { opid_index: -1 OBSOLETE_local: false peers { permanent_uuid: "ee1aac05bad148e5bec844938e227550" member_type: VOTER last_known_addr { host: "127.1.67.4" port: 35707 } health_report { overall_health: UNKNOWN } } peers { permanent_uuid: "8cb6c896927e47f4aa65d9d759ab040f" member_type: VOTER last_known_addr { host: "127.1.67.2" port: 38665 } health_report { overall_health: UNKNOWN } } peers { permanent_uuid: "b7ca36bfc50c496591d1de89a556e35e" member_type: VOTER last_known_addr { host: "127.1.67.3" port: 44201 } health_report { overall_health: HEALTHY } } }
I20260608 10:09:52.078430  4636 tablet_bootstrap.cc:654] T 2a0dba01501f411290d40198e705bcc2 P ce30376958f04bcf923d24672e268de0: Neither blocks nor log segments found. Creating new log.
I20260608 10:09:52.031805  4638 raft_consensus.cc:359] T 0460c92639aa48ab907781ca50220494 P ee1aac05bad148e5bec844938e227550 [term 0 FOLLOWER]: Replica starting. Triggering 0 pending ops. Active config: opid_index: -1 OBSOLETE_local: false peers { permanent_uuid: "ee1aac05bad148e5bec844938e227550" member_type: VOTER last_known_addr { host: "127.1.67.4" port: 35707 } } peers { permanent_uuid: "ce30376958f04bcf923d24672e268de0" member_type: VOTER last_known_addr { host: "127.1.67.1" port: 43371 } } peers { permanent_uuid: "8cb6c896927e47f4aa65d9d759ab040f" member_type: VOTER last_known_addr { host: "127.1.67.2" port: 38665 } }
I20260608 10:09:52.081904  4638 raft_consensus.cc:385] T 0460c92639aa48ab907781ca50220494 P ee1aac05bad148e5bec844938e227550 [term 0 FOLLOWER]: Consensus starting up: Expiring failure detector timer to make a prompt election more likely
I20260608 10:09:52.082247  4638 raft_consensus.cc:740] T 0460c92639aa48ab907781ca50220494 P ee1aac05bad148e5bec844938e227550 [term 0 FOLLOWER]: Becoming Follower/Learner. State: Replica: ee1aac05bad148e5bec844938e227550, State: Initialized, Role: FOLLOWER
I20260608 10:09:52.073407  4637 consensus_queue.cc:260] T 0841edb736ce4a76813d1925d34480fa P 8cb6c896927e47f4aa65d9d759ab040f [NON_LEADER]: Queue going to NON_LEADER mode. State: All replicated index: 0, Majority replicated index: 0, Committed index: 0, Last appended: 0.0, Last appended by leader: 0, Current term: 0, Majority size: -1, State: 0, Mode: NON_LEADER, active raft config: opid_index: -1 OBSOLETE_local: false peers { permanent_uuid: "ee1aac05bad148e5bec844938e227550" member_type: VOTER last_known_addr { host: "127.1.67.4" port: 35707 } } peers { permanent_uuid: "b7ca36bfc50c496591d1de89a556e35e" member_type: VOTER last_known_addr { host: "127.1.67.3" port: 44201 } } peers { permanent_uuid: "8cb6c896927e47f4aa65d9d759ab040f" member_type: VOTER last_known_addr { host: "127.1.67.2" port: 38665 } }
I20260608 10:09:52.084342  4637 ts_tablet_manager.cc:1434] T 0841edb736ce4a76813d1925d34480fa P 8cb6c896927e47f4aa65d9d759ab040f: Time spent starting tablet: real 0.021s	user 0.006s	sys 0.001s
I20260608 10:09:52.085686  4637 tablet_bootstrap.cc:492] T 2a0dba01501f411290d40198e705bcc2 P 8cb6c896927e47f4aa65d9d759ab040f: Bootstrap starting.
I20260608 10:09:52.086396  4635 tablet_bootstrap.cc:492] T 0841edb736ce4a76813d1925d34480fa P b7ca36bfc50c496591d1de89a556e35e: No bootstrap required, opened a new log
I20260608 10:09:52.086891  4635 ts_tablet_manager.cc:1403] T 0841edb736ce4a76813d1925d34480fa P b7ca36bfc50c496591d1de89a556e35e: Time spent bootstrapping tablet: real 0.086s	user 0.019s	sys 0.040s
I20260608 10:09:52.085111  4638 consensus_queue.cc:260] T 0460c92639aa48ab907781ca50220494 P ee1aac05bad148e5bec844938e227550 [NON_LEADER]: Queue going to NON_LEADER mode. State: All replicated index: 0, Majority replicated index: 0, Committed index: 0, Last appended: 0.0, Last appended by leader: 0, Current term: 0, Majority size: -1, State: 0, Mode: NON_LEADER, active raft config: opid_index: -1 OBSOLETE_local: false peers { permanent_uuid: "ee1aac05bad148e5bec844938e227550" member_type: VOTER last_known_addr { host: "127.1.67.4" port: 35707 } } peers { permanent_uuid: "ce30376958f04bcf923d24672e268de0" member_type: VOTER last_known_addr { host: "127.1.67.1" port: 43371 } } peers { permanent_uuid: "8cb6c896927e47f4aa65d9d759ab040f" member_type: VOTER last_known_addr { host: "127.1.67.2" port: 38665 } }
I20260608 10:09:52.092358  4637 tablet_bootstrap.cc:654] T 2a0dba01501f411290d40198e705bcc2 P 8cb6c896927e47f4aa65d9d759ab040f: Neither blocks nor log segments found. Creating new log.
I20260608 10:09:52.084205  4552 raft_consensus.cc:515] T 5e8d469bb1b643478fdad5c33e75c935 P ce30376958f04bcf923d24672e268de0 [term 1 FOLLOWER]: Starting leader election with config: opid_index: -1 OBSOLETE_local: false peers { permanent_uuid: "ce30376958f04bcf923d24672e268de0" member_type: VOTER last_known_addr { host: "127.1.67.1" port: 43371 } } peers { permanent_uuid: "8cb6c896927e47f4aa65d9d759ab040f" member_type: VOTER last_known_addr { host: "127.1.67.2" port: 38665 } } peers { permanent_uuid: "ee1aac05bad148e5bec844938e227550" member_type: VOTER last_known_addr { host: "127.1.67.4" port: 35707 } }
I20260608 10:09:52.097875  4358 tablet_service.cc:1917] Received RequestConsensusVote() RPC: tablet_id: "5e8d469bb1b643478fdad5c33e75c935" candidate_uuid: "ce30376958f04bcf923d24672e268de0" candidate_term: 1 candidate_status { last_received { term: 0 index: 0 } } ignore_live_leader: false dest_uuid: "8cb6c896927e47f4aa65d9d759ab040f"
I20260608 10:09:52.098428  4358 raft_consensus.cc:3060] T 5e8d469bb1b643478fdad5c33e75c935 P 8cb6c896927e47f4aa65d9d759ab040f [term 0 FOLLOWER]: Advancing to term 1
I20260608 10:09:52.103000  4638 ts_tablet_manager.cc:1434] T 0460c92639aa48ab907781ca50220494 P ee1aac05bad148e5bec844938e227550: Time spent starting tablet: real 0.074s	user 0.007s	sys 0.000s
I20260608 10:09:52.104226  4638 tablet_bootstrap.cc:492] T 0841edb736ce4a76813d1925d34480fa P ee1aac05bad148e5bec844938e227550: Bootstrap starting.
I20260608 10:09:52.104949  4358 raft_consensus.cc:2468] T 5e8d469bb1b643478fdad5c33e75c935 P 8cb6c896927e47f4aa65d9d759ab040f [term 1 FOLLOWER]: Leader election vote request: Granting yes vote for candidate ce30376958f04bcf923d24672e268de0 in term 1.
I20260608 10:09:52.106156  4635 raft_consensus.cc:359] T 0841edb736ce4a76813d1925d34480fa P b7ca36bfc50c496591d1de89a556e35e [term 0 FOLLOWER]: Replica starting. Triggering 0 pending ops. Active config: opid_index: -1 OBSOLETE_local: false peers { permanent_uuid: "ee1aac05bad148e5bec844938e227550" member_type: VOTER last_known_addr { host: "127.1.67.4" port: 35707 } } peers { permanent_uuid: "b7ca36bfc50c496591d1de89a556e35e" member_type: VOTER last_known_addr { host: "127.1.67.3" port: 44201 } } peers { permanent_uuid: "8cb6c896927e47f4aa65d9d759ab040f" member_type: VOTER last_known_addr { host: "127.1.67.2" port: 38665 } }
I20260608 10:09:52.106881  4635 raft_consensus.cc:385] T 0841edb736ce4a76813d1925d34480fa P b7ca36bfc50c496591d1de89a556e35e [term 0 FOLLOWER]: Consensus starting up: Expiring failure detector timer to make a prompt election more likely
I20260608 10:09:52.108839  4597 tablet_service.cc:1917] Received RequestConsensusVote() RPC: tablet_id: "5e8d469bb1b643478fdad5c33e75c935" candidate_uuid: "ce30376958f04bcf923d24672e268de0" candidate_term: 1 candidate_status { last_received { term: 0 index: 0 } } ignore_live_leader: false dest_uuid: "ee1aac05bad148e5bec844938e227550"
W20260608 10:09:52.110428  4248 leader_election.cc:343] T 5e8d469bb1b643478fdad5c33e75c935 P ce30376958f04bcf923d24672e268de0 [CANDIDATE]: Term 1 election: Tablet error from VoteRequest() call to peer ee1aac05bad148e5bec844938e227550 (127.1.67.4:35707): Illegal state: must be running to vote when last-logged opid is not known
I20260608 10:09:52.111083  4552 leader_election.cc:290] T 5e8d469bb1b643478fdad5c33e75c935 P ce30376958f04bcf923d24672e268de0 [CANDIDATE]: Term 1 election: Requested vote from peers 8cb6c896927e47f4aa65d9d759ab040f (127.1.67.2:38665), ee1aac05bad148e5bec844938e227550 (127.1.67.4:35707)
I20260608 10:09:52.112469  4247 leader_election.cc:304] T 5e8d469bb1b643478fdad5c33e75c935 P ce30376958f04bcf923d24672e268de0 [CANDIDATE]: Term 1 election: Election decided. Result: candidate won. Election summary: received 3 responses out of 3 voters: 2 yes votes; 1 no votes. yes voters: 8cb6c896927e47f4aa65d9d759ab040f, ce30376958f04bcf923d24672e268de0; no voters: ee1aac05bad148e5bec844938e227550
I20260608 10:09:52.113817  4552 raft_consensus.cc:2804] T 5e8d469bb1b643478fdad5c33e75c935 P ce30376958f04bcf923d24672e268de0 [term 1 FOLLOWER]: Leader election won for term 1
I20260608 10:09:52.107172  4635 raft_consensus.cc:740] T 0841edb736ce4a76813d1925d34480fa P b7ca36bfc50c496591d1de89a556e35e [term 0 FOLLOWER]: Becoming Follower/Learner. State: Replica: b7ca36bfc50c496591d1de89a556e35e, State: Initialized, Role: FOLLOWER
I20260608 10:09:52.115384  4552 raft_consensus.cc:697] T 5e8d469bb1b643478fdad5c33e75c935 P ce30376958f04bcf923d24672e268de0 [term 1 LEADER]: Becoming Leader. State: Replica: ce30376958f04bcf923d24672e268de0, State: Running, Role: LEADER
I20260608 10:09:52.115206  4635 consensus_queue.cc:260] T 0841edb736ce4a76813d1925d34480fa P b7ca36bfc50c496591d1de89a556e35e [NON_LEADER]: Queue going to NON_LEADER mode. State: All replicated index: 0, Majority replicated index: 0, Committed index: 0, Last appended: 0.0, Last appended by leader: 0, Current term: 0, Majority size: -1, State: 0, Mode: NON_LEADER, active raft config: opid_index: -1 OBSOLETE_local: false peers { permanent_uuid: "ee1aac05bad148e5bec844938e227550" member_type: VOTER last_known_addr { host: "127.1.67.4" port: 35707 } } peers { permanent_uuid: "b7ca36bfc50c496591d1de89a556e35e" member_type: VOTER last_known_addr { host: "127.1.67.3" port: 44201 } } peers { permanent_uuid: "8cb6c896927e47f4aa65d9d759ab040f" member_type: VOTER last_known_addr { host: "127.1.67.2" port: 38665 } }
I20260608 10:09:52.116269  4552 consensus_queue.cc:237] T 5e8d469bb1b643478fdad5c33e75c935 P ce30376958f04bcf923d24672e268de0 [LEADER]: Queue going to LEADER mode. State: All replicated index: 0, Majority replicated index: 0, Committed index: 0, Last appended: 0.0, Last appended by leader: 0, Current term: 1, Majority size: 2, State: 0, Mode: LEADER, active raft config: opid_index: -1 OBSOLETE_local: false peers { permanent_uuid: "ce30376958f04bcf923d24672e268de0" member_type: VOTER last_known_addr { host: "127.1.67.1" port: 43371 } } peers { permanent_uuid: "8cb6c896927e47f4aa65d9d759ab040f" member_type: VOTER last_known_addr { host: "127.1.67.2" port: 38665 } } peers { permanent_uuid: "ee1aac05bad148e5bec844938e227550" member_type: VOTER last_known_addr { host: "127.1.67.4" port: 35707 } }
I20260608 10:09:52.118103  4635 ts_tablet_manager.cc:1434] T 0841edb736ce4a76813d1925d34480fa P b7ca36bfc50c496591d1de89a556e35e: Time spent starting tablet: real 0.031s	user 0.007s	sys 0.002s
I20260608 10:09:52.109045  4178 catalog_manager.cc:5696] T c730009e70c2440aa34c4f2dc3489fdf P ee1aac05bad148e5bec844938e227550 reported cstate change: term changed from 0 to 1, leader changed from <none> to ee1aac05bad148e5bec844938e227550 (127.1.67.4). New cstate: current_term: 1 leader_uuid: "ee1aac05bad148e5bec844938e227550" committed_config { opid_index: -1 OBSOLETE_local: false peers { permanent_uuid: "b7ca36bfc50c496591d1de89a556e35e" member_type: VOTER last_known_addr { host: "127.1.67.3" port: 44201 } health_report { overall_health: UNKNOWN } } peers { permanent_uuid: "ee1aac05bad148e5bec844938e227550" member_type: VOTER last_known_addr { host: "127.1.67.4" port: 35707 } health_report { overall_health: HEALTHY } } peers { permanent_uuid: "ce30376958f04bcf923d24672e268de0" member_type: VOTER last_known_addr { host: "127.1.67.1" port: 43371 } health_report { overall_health: UNKNOWN } } }
I20260608 10:09:52.120515  4638 tablet_bootstrap.cc:654] T 0841edb736ce4a76813d1925d34480fa P ee1aac05bad148e5bec844938e227550: Neither blocks nor log segments found. Creating new log.
I20260608 10:09:52.119140  4635 tablet_bootstrap.cc:492] T ed99366392ba4b948231f157c7f92790 P b7ca36bfc50c496591d1de89a556e35e: Bootstrap starting.
I20260608 10:09:52.126554  4637 tablet_bootstrap.cc:492] T 2a0dba01501f411290d40198e705bcc2 P 8cb6c896927e47f4aa65d9d759ab040f: No bootstrap required, opened a new log
I20260608 10:09:52.127094  4637 ts_tablet_manager.cc:1403] T 2a0dba01501f411290d40198e705bcc2 P 8cb6c896927e47f4aa65d9d759ab040f: Time spent bootstrapping tablet: real 0.042s	user 0.003s	sys 0.010s
I20260608 10:09:52.131551  4637 raft_consensus.cc:359] T 2a0dba01501f411290d40198e705bcc2 P 8cb6c896927e47f4aa65d9d759ab040f [term 0 FOLLOWER]: Replica starting. Triggering 0 pending ops. Active config: opid_index: -1 OBSOLETE_local: false peers { permanent_uuid: "ee1aac05bad148e5bec844938e227550" member_type: VOTER last_known_addr { host: "127.1.67.4" port: 35707 } } peers { permanent_uuid: "ce30376958f04bcf923d24672e268de0" member_type: VOTER last_known_addr { host: "127.1.67.1" port: 43371 } } peers { permanent_uuid: "8cb6c896927e47f4aa65d9d759ab040f" member_type: VOTER last_known_addr { host: "127.1.67.2" port: 38665 } }
I20260608 10:09:52.132305  4637 raft_consensus.cc:385] T 2a0dba01501f411290d40198e705bcc2 P 8cb6c896927e47f4aa65d9d759ab040f [term 0 FOLLOWER]: Consensus starting up: Expiring failure detector timer to make a prompt election more likely
I20260608 10:09:52.132649  4637 raft_consensus.cc:740] T 2a0dba01501f411290d40198e705bcc2 P 8cb6c896927e47f4aa65d9d759ab040f [term 0 FOLLOWER]: Becoming Follower/Learner. State: Replica: 8cb6c896927e47f4aa65d9d759ab040f, State: Initialized, Role: FOLLOWER
I20260608 10:09:52.135277  4638 tablet_bootstrap.cc:492] T 0841edb736ce4a76813d1925d34480fa P ee1aac05bad148e5bec844938e227550: No bootstrap required, opened a new log
I20260608 10:09:52.135882  4638 ts_tablet_manager.cc:1403] T 0841edb736ce4a76813d1925d34480fa P ee1aac05bad148e5bec844938e227550: Time spent bootstrapping tablet: real 0.032s	user 0.007s	sys 0.004s
I20260608 10:09:52.137408  4637 consensus_queue.cc:260] T 2a0dba01501f411290d40198e705bcc2 P 8cb6c896927e47f4aa65d9d759ab040f [NON_LEADER]: Queue going to NON_LEADER mode. State: All replicated index: 0, Majority replicated index: 0, Committed index: 0, Last appended: 0.0, Last appended by leader: 0, Current term: 0, Majority size: -1, State: 0, Mode: NON_LEADER, active raft config: opid_index: -1 OBSOLETE_local: false peers { permanent_uuid: "ee1aac05bad148e5bec844938e227550" member_type: VOTER last_known_addr { host: "127.1.67.4" port: 35707 } } peers { permanent_uuid: "ce30376958f04bcf923d24672e268de0" member_type: VOTER last_known_addr { host: "127.1.67.1" port: 43371 } } peers { permanent_uuid: "8cb6c896927e47f4aa65d9d759ab040f" member_type: VOTER last_known_addr { host: "127.1.67.2" port: 38665 } }
I20260608 10:09:52.139070  4638 raft_consensus.cc:359] T 0841edb736ce4a76813d1925d34480fa P ee1aac05bad148e5bec844938e227550 [term 0 FOLLOWER]: Replica starting. Triggering 0 pending ops. Active config: opid_index: -1 OBSOLETE_local: false peers { permanent_uuid: "ee1aac05bad148e5bec844938e227550" member_type: VOTER last_known_addr { host: "127.1.67.4" port: 35707 } } peers { permanent_uuid: "b7ca36bfc50c496591d1de89a556e35e" member_type: VOTER last_known_addr { host: "127.1.67.3" port: 44201 } } peers { permanent_uuid: "8cb6c896927e47f4aa65d9d759ab040f" member_type: VOTER last_known_addr { host: "127.1.67.2" port: 38665 } }
I20260608 10:09:52.139814  4638 raft_consensus.cc:385] T 0841edb736ce4a76813d1925d34480fa P ee1aac05bad148e5bec844938e227550 [term 0 FOLLOWER]: Consensus starting up: Expiring failure detector timer to make a prompt election more likely
I20260608 10:09:52.140095  4638 raft_consensus.cc:740] T 0841edb736ce4a76813d1925d34480fa P ee1aac05bad148e5bec844938e227550 [term 0 FOLLOWER]: Becoming Follower/Learner. State: Replica: ee1aac05bad148e5bec844938e227550, State: Initialized, Role: FOLLOWER
I20260608 10:09:52.132040  4635 tablet_bootstrap.cc:654] T ed99366392ba4b948231f157c7f92790 P b7ca36bfc50c496591d1de89a556e35e: Neither blocks nor log segments found. Creating new log.
I20260608 10:09:52.141698  4637 ts_tablet_manager.cc:1434] T 2a0dba01501f411290d40198e705bcc2 P 8cb6c896927e47f4aa65d9d759ab040f: Time spent starting tablet: real 0.014s	user 0.009s	sys 0.000s
I20260608 10:09:52.143761  4638 consensus_queue.cc:260] T 0841edb736ce4a76813d1925d34480fa P ee1aac05bad148e5bec844938e227550 [NON_LEADER]: Queue going to NON_LEADER mode. State: All replicated index: 0, Majority replicated index: 0, Committed index: 0, Last appended: 0.0, Last appended by leader: 0, Current term: 0, Majority size: -1, State: 0, Mode: NON_LEADER, active raft config: opid_index: -1 OBSOLETE_local: false peers { permanent_uuid: "ee1aac05bad148e5bec844938e227550" member_type: VOTER last_known_addr { host: "127.1.67.4" port: 35707 } } peers { permanent_uuid: "b7ca36bfc50c496591d1de89a556e35e" member_type: VOTER last_known_addr { host: "127.1.67.3" port: 44201 } } peers { permanent_uuid: "8cb6c896927e47f4aa65d9d759ab040f" member_type: VOTER last_known_addr { host: "127.1.67.2" port: 38665 } }
I20260608 10:09:52.146539  4638 ts_tablet_manager.cc:1434] T 0841edb736ce4a76813d1925d34480fa P ee1aac05bad148e5bec844938e227550: Time spent starting tablet: real 0.010s	user 0.008s	sys 0.001s
I20260608 10:09:52.147636  4638 tablet_bootstrap.cc:492] T c6acf299bf26422f8a2003229850af1d P ee1aac05bad148e5bec844938e227550: Bootstrap starting.
I20260608 10:09:52.158668  4635 tablet_bootstrap.cc:492] T ed99366392ba4b948231f157c7f92790 P b7ca36bfc50c496591d1de89a556e35e: No bootstrap required, opened a new log
I20260608 10:09:52.159224  4635 ts_tablet_manager.cc:1403] T ed99366392ba4b948231f157c7f92790 P b7ca36bfc50c496591d1de89a556e35e: Time spent bootstrapping tablet: real 0.040s	user 0.007s	sys 0.008s
I20260608 10:09:52.163928  4636 tablet_bootstrap.cc:492] T 2a0dba01501f411290d40198e705bcc2 P ce30376958f04bcf923d24672e268de0: No bootstrap required, opened a new log
I20260608 10:09:52.164336  4636 ts_tablet_manager.cc:1403] T 2a0dba01501f411290d40198e705bcc2 P ce30376958f04bcf923d24672e268de0: Time spent bootstrapping tablet: real 0.108s	user 0.036s	sys 0.042s
I20260608 10:09:52.165398  4496 raft_consensus.cc:493] T 34dafae53ffa4022af58f0a914633d3c P b7ca36bfc50c496591d1de89a556e35e [term 0 FOLLOWER]: Starting pre-election (no leader contacted us within the election timeout)
I20260608 10:09:52.165869  4635 raft_consensus.cc:359] T ed99366392ba4b948231f157c7f92790 P b7ca36bfc50c496591d1de89a556e35e [term 0 FOLLOWER]: Replica starting. Triggering 0 pending ops. Active config: opid_index: -1 OBSOLETE_local: false peers { permanent_uuid: "ee1aac05bad148e5bec844938e227550" member_type: VOTER last_known_addr { host: "127.1.67.4" port: 35707 } } peers { permanent_uuid: "b7ca36bfc50c496591d1de89a556e35e" member_type: VOTER last_known_addr { host: "127.1.67.3" port: 44201 } } peers { permanent_uuid: "ce30376958f04bcf923d24672e268de0" member_type: VOTER last_known_addr { host: "127.1.67.1" port: 43371 } }
I20260608 10:09:52.166868  4635 raft_consensus.cc:385] T ed99366392ba4b948231f157c7f92790 P b7ca36bfc50c496591d1de89a556e35e [term 0 FOLLOWER]: Consensus starting up: Expiring failure detector timer to make a prompt election more likely
I20260608 10:09:52.167201  4635 raft_consensus.cc:740] T ed99366392ba4b948231f157c7f92790 P b7ca36bfc50c496591d1de89a556e35e [term 0 FOLLOWER]: Becoming Follower/Learner. State: Replica: b7ca36bfc50c496591d1de89a556e35e, State: Initialized, Role: FOLLOWER
I20260608 10:09:52.165912  4496 raft_consensus.cc:515] T 34dafae53ffa4022af58f0a914633d3c P b7ca36bfc50c496591d1de89a556e35e [term 0 FOLLOWER]: Starting pre-election with config: opid_index: -1 OBSOLETE_local: false peers { permanent_uuid: "ce30376958f04bcf923d24672e268de0" member_type: VOTER last_known_addr { host: "127.1.67.1" port: 43371 } } peers { permanent_uuid: "ee1aac05bad148e5bec844938e227550" member_type: VOTER last_known_addr { host: "127.1.67.4" port: 35707 } } peers { permanent_uuid: "b7ca36bfc50c496591d1de89a556e35e" member_type: VOTER last_known_addr { host: "127.1.67.3" port: 44201 } }
I20260608 10:09:52.168357  4635 consensus_queue.cc:260] T ed99366392ba4b948231f157c7f92790 P b7ca36bfc50c496591d1de89a556e35e [NON_LEADER]: Queue going to NON_LEADER mode. State: All replicated index: 0, Majority replicated index: 0, Committed index: 0, Last appended: 0.0, Last appended by leader: 0, Current term: 0, Majority size: -1, State: 0, Mode: NON_LEADER, active raft config: opid_index: -1 OBSOLETE_local: false peers { permanent_uuid: "ee1aac05bad148e5bec844938e227550" member_type: VOTER last_known_addr { host: "127.1.67.4" port: 35707 } } peers { permanent_uuid: "b7ca36bfc50c496591d1de89a556e35e" member_type: VOTER last_known_addr { host: "127.1.67.3" port: 44201 } } peers { permanent_uuid: "ce30376958f04bcf923d24672e268de0" member_type: VOTER last_known_addr { host: "127.1.67.1" port: 43371 } }
I20260608 10:09:52.169061  4638 tablet_bootstrap.cc:654] T c6acf299bf26422f8a2003229850af1d P ee1aac05bad148e5bec844938e227550: Neither blocks nor log segments found. Creating new log.
I20260608 10:09:52.171159  4635 ts_tablet_manager.cc:1434] T ed99366392ba4b948231f157c7f92790 P b7ca36bfc50c496591d1de89a556e35e: Time spent starting tablet: real 0.012s	user 0.007s	sys 0.000s
I20260608 10:09:52.172019  4283 tablet_service.cc:1917] Received RequestConsensusVote() RPC: tablet_id: "34dafae53ffa4022af58f0a914633d3c" candidate_uuid: "b7ca36bfc50c496591d1de89a556e35e" candidate_term: 1 candidate_status { last_received { term: 0 index: 0 } } ignore_live_leader: false dest_uuid: "ce30376958f04bcf923d24672e268de0" is_pre_election: true
