I20260608 10:09:38.474846 11350 server_base.cc:861] Flag tcmalloc_max_total_thread_cache_bytes is not working since tcmalloc is not enabled.
I20260608 10:09:38.476244 13627 ts_manager.cc:194] Registered new tserver with Master: 1cc931c34f8640ef8eaf2ecb1e652f2e (127.11.21.130:34167)
I20260608 10:09:38.477694 11350 webserver.cc:533] Webserver started at http://127.11.21.131:41723/ using document root <none> and password file <none>
I20260608 10:09:38.478101 13627 master_service.cc:502] Signed X509 certificate for tserver {username='slave'} at 127.0.0.1:47354
I20260608 10:09:38.478379 11350 fs_manager.cc:362] Metadata directory not provided
I20260608 10:09:38.478645 11350 fs_manager.cc:368] Using write-ahead log directory (fs_wal_dir) as metadata directory
I20260608 10:09:38.478943 11350 server_base.cc:909] This appears to be a new deployment of Kudu; creating new FS layout
I20260608 10:09:38.480561 11350 fs_manager.cc:1068] Generated new instance metadata in path /tmp/dist-test-tasksyQY5a/test-tmp/auto_rebalancer-test.0.AutoRebalancerTest.NoReplicaMovesIfNoTablets.1780913310779642-11350-0/minicluster-data/ts-2-root/instance:
uuid: "029a72d9ace94a55aab9b483a0202419"
format_stamp: "Formatted at 2026-06-08 10:09:38 on dist-test-slave-58dp"
I20260608 10:09:38.485929 11350 fs_manager.cc:696] Time spent creating directory manager: real 0.005s	user 0.003s	sys 0.004s
I20260608 10:09:38.489873 13840 log_block_manager.cc:4031] Time spent loading block containers with low live blocks: real 0.000s	user 0.000s	sys 0.000s
I20260608 10:09:38.490837 11350 fs_manager.cc:730] Time spent opening block manager: real 0.003s	user 0.003s	sys 0.000s
I20260608 10:09:38.491194 11350 fs_manager.cc:647] Opened local filesystem: /tmp/dist-test-tasksyQY5a/test-tmp/auto_rebalancer-test.0.AutoRebalancerTest.NoReplicaMovesIfNoTablets.1780913310779642-11350-0/minicluster-data/ts-2-root
uuid: "029a72d9ace94a55aab9b483a0202419"
format_stamp: "Formatted at 2026-06-08 10:09:38 on dist-test-slave-58dp"
I20260608 10:09:38.491490 11350 fs_report.cc:389] FS layout report
--------------------
wal directory: /tmp/dist-test-tasksyQY5a/test-tmp/auto_rebalancer-test.0.AutoRebalancerTest.NoReplicaMovesIfNoTablets.1780913310779642-11350-0/minicluster-data/ts-2-root
metadata directory: /tmp/dist-test-tasksyQY5a/test-tmp/auto_rebalancer-test.0.AutoRebalancerTest.NoReplicaMovesIfNoTablets.1780913310779642-11350-0/minicluster-data/ts-2-root
1 data directories: /tmp/dist-test-tasksyQY5a/test-tmp/auto_rebalancer-test.0.AutoRebalancerTest.NoReplicaMovesIfNoTablets.1780913310779642-11350-0/minicluster-data/ts-2-root/data
Total live blocks: 0
Total live bytes: 0
Total live bytes (after alignment): 0
Total number of LBM containers: 0 (0 full)
Did not check for missing blocks
Did not check for orphaned blocks
Total full LBM containers with extra space: 0 (0 repaired)
Total full LBM container extra space in bytes: 0 (0 repaired)
Total incomplete LBM containers: 0 (0 repaired)
Total LBM partial records: 0 (0 repaired)
Total corrupted LBM metadata records in RocksDB: 0 (0 repaired)
I20260608 10:09:38.506443 11350 rpc_server.cc:225] running with OpenSSL 1.1.1  11 Sep 2018
I20260608 10:09:38.507959 11350 kserver.cc:163] Server-wide thread pool size limit: 3276
I20260608 10:09:38.509955 11350 txn_system_client.cc:432] TxnSystemClient initialization is disabled...
I20260608 10:09:38.512434 11350 ts_tablet_manager.cc:585] Loaded tablet metadata (0 total tablets, 0 live tablets)
I20260608 10:09:38.512673 11350 ts_tablet_manager.cc:531] Time spent load tablet metadata: real 0.000s	user 0.000s	sys 0.000s
I20260608 10:09:38.512944 11350 ts_tablet_manager.cc:616] Registered 0 tablets
I20260608 10:09:38.513135 11350 ts_tablet_manager.cc:595] Time spent register tablets: real 0.000s	user 0.000s	sys 0.000s
I20260608 10:09:38.555785 11350 rpc_server.cc:307] RPC server started. Bound to: 127.11.21.131:34455
I20260608 10:09:38.555888 13902 acceptor_pool.cc:272] collecting diagnostics on the listening RPC socket 127.11.21.131:34455 every 8 connection(s)
I20260608 10:09:38.571880 13903 heartbeater.cc:344] Connected to a master server at 127.11.21.190:44411
I20260608 10:09:38.572348 13903 heartbeater.cc:461] Registering TS with master...
I20260608 10:09:38.573253 13903 heartbeater.cc:507] Master 127.11.21.190:44411 requested a full tablet report, sending...
I20260608 10:09:38.575599 13627 ts_manager.cc:194] Registered new tserver with Master: 029a72d9ace94a55aab9b483a0202419 (127.11.21.131:34455)
I20260608 10:09:38.576320 11350 internal_mini_cluster.cc:371] 3 TS(s) registered with all masters after 0.017028739s
I20260608 10:09:38.577149 13627 master_service.cc:502] Signed X509 certificate for tserver {username='slave'} at 127.0.0.1:47370
I20260608 10:09:39.385396 13754 heartbeater.cc:499] Master 127.11.21.190:44411 was elected leader, sending a full tablet report...
I20260608 10:09:39.481264 13829 heartbeater.cc:499] Master 127.11.21.190:44411 was elected leader, sending a full tablet report...
I20260608 10:09:39.579830 13903 heartbeater.cc:499] Master 127.11.21.190:44411 was elected leader, sending a full tablet report...
I20260608 10:09:40.187167 13680 auto_leader_rebalancer.cc:451] All tables' leader rebalancing finished this round
I20260608 10:09:42.188263 13680 auto_leader_rebalancer.cc:451] All tables' leader rebalancing finished this round
I20260608 10:09:44.189777 13680 auto_leader_rebalancer.cc:451] All tables' leader rebalancing finished this round
I20260608 10:09:46.191164 13680 auto_leader_rebalancer.cc:451] All tables' leader rebalancing finished this round
I20260608 10:09:48.192433 13680 auto_leader_rebalancer.cc:451] All tables' leader rebalancing finished this round
I20260608 10:09:50.193626 13680 auto_leader_rebalancer.cc:451] All tables' leader rebalancing finished this round
I20260608 10:09:50.674515 11350 tablet_server.cc:179] TabletServer@127.11.21.129:0 shutting down...
I20260608 10:09:50.704962 11350 ts_tablet_manager.cc:1507] Shutting down tablet manager...
I20260608 10:09:50.722853 11350 tablet_server.cc:196] TabletServer@127.11.21.129:0 shutdown complete.
I20260608 10:09:50.733968 11350 tablet_server.cc:179] TabletServer@127.11.21.130:0 shutting down...
I20260608 10:09:50.766476 11350 ts_tablet_manager.cc:1507] Shutting down tablet manager...
I20260608 10:09:50.783453 11350 tablet_server.cc:196] TabletServer@127.11.21.130:0 shutdown complete.
I20260608 10:09:50.793861 11350 tablet_server.cc:179] TabletServer@127.11.21.131:0 shutting down...
I20260608 10:09:50.816162 11350 ts_tablet_manager.cc:1507] Shutting down tablet manager...
I20260608 10:09:50.832860 11350 tablet_server.cc:196] TabletServer@127.11.21.131:0 shutdown complete.
I20260608 10:09:50.842605 11350 master.cc:562] Master@127.11.21.190:44411 shutting down...
I20260608 10:09:50.866734 11350 raft_consensus.cc:2243] T 00000000000000000000000000000000 P 131b8f9dc63240568ef389d469e60845 [term 1 LEADER]: Raft consensus shutting down.
I20260608 10:09:50.867565 11350 raft_consensus.cc:2272] T 00000000000000000000000000000000 P 131b8f9dc63240568ef389d469e60845 [term 1 FOLLOWER]: Raft consensus is shut down!
I20260608 10:09:50.867980 11350 tablet_replica.cc:333] T 00000000000000000000000000000000 P 131b8f9dc63240568ef389d469e60845: stopping tablet replica
I20260608 10:09:50.887609 11350 master.cc:584] Master@127.11.21.190:44411 shutdown complete.
[       OK ] AutoRebalancerTest.NoReplicaMovesIfNoTablets (12886 ms)
[ RUN      ] AutoRebalancerTest.RangeAwareBuildClusterInfoGroupsByRange
I20260608 10:09:50.932572 11350 internal_mini_cluster.cc:156] Creating distributed mini masters. Addrs: 127.11.21.190:46559
I20260608 10:09:50.933879 11350 file_cache.cc:492] Constructed file cache file cache with capacity 419430
W20260608 10:09:50.940573 13909 instance_detector.cc:116] could not retrieve Azure instance metadata: Network error: curl error: HTTP response code said error: The requested URL returned error: 404
W20260608 10:09:50.940662 13908 instance_detector.cc:116] could not retrieve AWS instance metadata: Network error: curl error: HTTP response code said error: The requested URL returned error: 404
W20260608 10:09:50.941808 13911 instance_detector.cc:116] could not retrieve OpenStack instance metadata: Network error: curl error: HTTP response code said error: The requested URL returned error: 404
I20260608 10:09:50.942233 11350 server_base.cc:1061] running on GCE node
I20260608 10:09:50.943069 11350 hybrid_clock.cc:584] initializing the hybrid clock with 'system_unsync' time source
W20260608 10:09:50.943270 11350 system_unsync_time.cc:38] NTP support is disabled. Clock error bounds will not be accurate. This configuration is not suitable for distributed clusters.
I20260608 10:09:50.943404 11350 hybrid_clock.cc:648] HybridClock initialized: now 1780913390943391 us; error 0 us; skew 500 ppm
I20260608 10:09:50.943917 11350 server_base.cc:861] Flag tcmalloc_max_total_thread_cache_bytes is not working since tcmalloc is not enabled.
I20260608 10:09:50.946579 11350 webserver.cc:533] Webserver started at http://127.11.21.190:42487/ using document root <none> and password file <none>
I20260608 10:09:50.947088 11350 fs_manager.cc:362] Metadata directory not provided
I20260608 10:09:50.947255 11350 fs_manager.cc:368] Using write-ahead log directory (fs_wal_dir) as metadata directory
I20260608 10:09:50.947484 11350 server_base.cc:909] This appears to be a new deployment of Kudu; creating new FS layout
I20260608 10:09:50.948731 11350 fs_manager.cc:1068] Generated new instance metadata in path /tmp/dist-test-tasksyQY5a/test-tmp/auto_rebalancer-test.0.AutoRebalancerTest.RangeAwareBuildClusterInfoGroupsByRange.1780913310779642-11350-0/minicluster-data/master-0-root/instance:
uuid: "819383a1f2f24f58892589964b01307f"
format_stamp: "Formatted at 2026-06-08 10:09:50 on dist-test-slave-58dp"
I20260608 10:09:50.953701 11350 fs_manager.cc:696] Time spent creating directory manager: real 0.004s	user 0.004s	sys 0.003s
I20260608 10:09:50.957463 13916 log_block_manager.cc:4031] Time spent loading block containers with low live blocks: real 0.000s	user 0.000s	sys 0.000s
I20260608 10:09:50.958343 11350 fs_manager.cc:730] Time spent opening block manager: real 0.002s	user 0.003s	sys 0.000s
I20260608 10:09:50.958671 11350 fs_manager.cc:647] Opened local filesystem: /tmp/dist-test-tasksyQY5a/test-tmp/auto_rebalancer-test.0.AutoRebalancerTest.RangeAwareBuildClusterInfoGroupsByRange.1780913310779642-11350-0/minicluster-data/master-0-root
uuid: "819383a1f2f24f58892589964b01307f"
format_stamp: "Formatted at 2026-06-08 10:09:50 on dist-test-slave-58dp"
I20260608 10:09:50.958968 11350 fs_report.cc:389] FS layout report
--------------------
wal directory: /tmp/dist-test-tasksyQY5a/test-tmp/auto_rebalancer-test.0.AutoRebalancerTest.RangeAwareBuildClusterInfoGroupsByRange.1780913310779642-11350-0/minicluster-data/master-0-root
metadata directory: /tmp/dist-test-tasksyQY5a/test-tmp/auto_rebalancer-test.0.AutoRebalancerTest.RangeAwareBuildClusterInfoGroupsByRange.1780913310779642-11350-0/minicluster-data/master-0-root
1 data directories: /tmp/dist-test-tasksyQY5a/test-tmp/auto_rebalancer-test.0.AutoRebalancerTest.RangeAwareBuildClusterInfoGroupsByRange.1780913310779642-11350-0/minicluster-data/master-0-root/data
Total live blocks: 0
Total live bytes: 0
Total live bytes (after alignment): 0
Total number of LBM containers: 0 (0 full)
Did not check for missing blocks
Did not check for orphaned blocks
Total full LBM containers with extra space: 0 (0 repaired)
Total full LBM container extra space in bytes: 0 (0 repaired)
Total incomplete LBM containers: 0 (0 repaired)
Total LBM partial records: 0 (0 repaired)
Total corrupted LBM metadata records in RocksDB: 0 (0 repaired)
I20260608 10:09:50.982326 11350 rpc_server.cc:225] running with OpenSSL 1.1.1  11 Sep 2018
I20260608 10:09:50.983695 11350 kserver.cc:163] Server-wide thread pool size limit: 3276
I20260608 10:09:51.026191 11350 rpc_server.cc:307] RPC server started. Bound to: 127.11.21.190:46559
I20260608 10:09:51.026326 13967 acceptor_pool.cc:272] collecting diagnostics on the listening RPC socket 127.11.21.190:46559 every 8 connection(s)
I20260608 10:09:51.030879 13968 data_dirs.cc:400] Could only allocate 1 dirs of requested 3 for tablet 00000000000000000000000000000000. 1 dirs total, 0 dirs full, 0 dirs failed
I20260608 10:09:51.043329 13968 tablet_bootstrap.cc:492] T 00000000000000000000000000000000 P 819383a1f2f24f58892589964b01307f: Bootstrap starting.
I20260608 10:09:51.048506 13968 tablet_bootstrap.cc:654] T 00000000000000000000000000000000 P 819383a1f2f24f58892589964b01307f: Neither blocks nor log segments found. Creating new log.
I20260608 10:09:51.053535 13968 tablet_bootstrap.cc:492] T 00000000000000000000000000000000 P 819383a1f2f24f58892589964b01307f: No bootstrap required, opened a new log
I20260608 10:09:51.056123 13968 raft_consensus.cc:359] T 00000000000000000000000000000000 P 819383a1f2f24f58892589964b01307f [term 0 FOLLOWER]: Replica starting. Triggering 0 pending ops. Active config: opid_index: -1 OBSOLETE_local: true peers { permanent_uuid: "819383a1f2f24f58892589964b01307f" member_type: VOTER }
I20260608 10:09:51.056613 13968 raft_consensus.cc:385] T 00000000000000000000000000000000 P 819383a1f2f24f58892589964b01307f [term 0 FOLLOWER]: Consensus starting up: Expiring failure detector timer to make a prompt election more likely
I20260608 10:09:51.056859 13968 raft_consensus.cc:740] T 00000000000000000000000000000000 P 819383a1f2f24f58892589964b01307f [term 0 FOLLOWER]: Becoming Follower/Learner. State: Replica: 819383a1f2f24f58892589964b01307f, State: Initialized, Role: FOLLOWER
I20260608 10:09:51.057575 13968 consensus_queue.cc:260] T 00000000000000000000000000000000 P 819383a1f2f24f58892589964b01307f [NON_LEADER]: Queue going to NON_LEADER mode. State: All replicated index: 0, Majority replicated index: 0, Committed index: 0, Last appended: 0.0, Last appended by leader: 0, Current term: 0, Majority size: -1, State: 0, Mode: NON_LEADER, active raft config: opid_index: -1 OBSOLETE_local: true peers { permanent_uuid: "819383a1f2f24f58892589964b01307f" member_type: VOTER }
I20260608 10:09:51.058115 13968 raft_consensus.cc:399] T 00000000000000000000000000000000 P 819383a1f2f24f58892589964b01307f [term 0 FOLLOWER]: Only one voter in the Raft config. Triggering election immediately
I20260608 10:09:51.058364 13968 raft_consensus.cc:493] T 00000000000000000000000000000000 P 819383a1f2f24f58892589964b01307f [term 0 FOLLOWER]: Starting leader election (initial election of a single-replica configuration)
I20260608 10:09:51.058655 13968 raft_consensus.cc:3060] T 00000000000000000000000000000000 P 819383a1f2f24f58892589964b01307f [term 0 FOLLOWER]: Advancing to term 1
I20260608 10:09:51.063987 13968 raft_consensus.cc:515] T 00000000000000000000000000000000 P 819383a1f2f24f58892589964b01307f [term 1 FOLLOWER]: Starting leader election with config: opid_index: -1 OBSOLETE_local: true peers { permanent_uuid: "819383a1f2f24f58892589964b01307f" member_type: VOTER }
I20260608 10:09:51.064626 13968 leader_election.cc:304] T 00000000000000000000000000000000 P 819383a1f2f24f58892589964b01307f [CANDIDATE]: Term 1 election: Election decided. Result: candidate won. Election summary: received 1 responses out of 1 voters: 1 yes votes; 0 no votes. yes voters: 819383a1f2f24f58892589964b01307f; no voters: 
I20260608 10:09:51.065877 13968 leader_election.cc:290] T 00000000000000000000000000000000 P 819383a1f2f24f58892589964b01307f [CANDIDATE]: Term 1 election: Requested vote from peers 
I20260608 10:09:51.066529 13971 raft_consensus.cc:2804] T 00000000000000000000000000000000 P 819383a1f2f24f58892589964b01307f [term 1 FOLLOWER]: Leader election won for term 1
I20260608 10:09:51.067955 13971 raft_consensus.cc:697] T 00000000000000000000000000000000 P 819383a1f2f24f58892589964b01307f [term 1 LEADER]: Becoming Leader. State: Replica: 819383a1f2f24f58892589964b01307f, State: Running, Role: LEADER
I20260608 10:09:51.068758 13971 consensus_queue.cc:237] T 00000000000000000000000000000000 P 819383a1f2f24f58892589964b01307f [LEADER]: Queue going to LEADER mode. State: All replicated index: 0, Majority replicated index: 0, Committed index: 0, Last appended: 0.0, Last appended by leader: 0, Current term: 1, Majority size: 1, State: 0, Mode: LEADER, active raft config: opid_index: -1 OBSOLETE_local: true peers { permanent_uuid: "819383a1f2f24f58892589964b01307f" member_type: VOTER }
I20260608 10:09:51.069216 13968 sys_catalog.cc:565] T 00000000000000000000000000000000 P 819383a1f2f24f58892589964b01307f [sys.catalog]: configured and running, proceeding with master startup.
I20260608 10:09:51.072136 13972 sys_catalog.cc:455] T 00000000000000000000000000000000 P 819383a1f2f24f58892589964b01307f [sys.catalog]: SysCatalogTable state changed. Reason: RaftConsensus started. Latest consensus state: current_term: 1 leader_uuid: "819383a1f2f24f58892589964b01307f" committed_config { opid_index: -1 OBSOLETE_local: true peers { permanent_uuid: "819383a1f2f24f58892589964b01307f" member_type: VOTER } }
I20260608 10:09:51.072136 13973 sys_catalog.cc:455] T 00000000000000000000000000000000 P 819383a1f2f24f58892589964b01307f [sys.catalog]: SysCatalogTable state changed. Reason: New leader 819383a1f2f24f58892589964b01307f. Latest consensus state: current_term: 1 leader_uuid: "819383a1f2f24f58892589964b01307f" committed_config { opid_index: -1 OBSOLETE_local: true peers { permanent_uuid: "819383a1f2f24f58892589964b01307f" member_type: VOTER } }
I20260608 10:09:51.072979 13972 sys_catalog.cc:458] T 00000000000000000000000000000000 P 819383a1f2f24f58892589964b01307f [sys.catalog]: This master's current role is: LEADER
I20260608 10:09:51.073099 13973 sys_catalog.cc:458] T 00000000000000000000000000000000 P 819383a1f2f24f58892589964b01307f [sys.catalog]: This master's current role is: LEADER
I20260608 10:09:51.078013 13976 catalog_manager.cc:1510] Loading table and tablet metadata into memory...
I20260608 10:09:51.086906 13976 catalog_manager.cc:1519] Initializing Kudu cluster ID...
I20260608 10:09:51.088049 11350 internal_mini_cluster.cc:184] Waiting to initialize catalog manager on master 0
I20260608 10:09:51.097597 13976 catalog_manager.cc:1382] Generated new cluster ID: 29502c649c1941c19aa9996e4e8aded8
I20260608 10:09:51.097970 13976 catalog_manager.cc:1530] Initializing Kudu internal certificate authority...
I20260608 10:09:51.128818 13976 catalog_manager.cc:1405] Generated new certificate authority record
I20260608 10:09:51.130331 13976 catalog_manager.cc:1539] Loading token signing keys...
I20260608 10:09:51.144078 13976 catalog_manager.cc:6069] T 00000000000000000000000000000000 P 819383a1f2f24f58892589964b01307f: Generated new TSK 0
I20260608 10:09:51.144784 13976 catalog_manager.cc:1549] Initializing in-progress tserver states...
I20260608 10:09:51.155028 11350 file_cache.cc:492] Constructed file cache file cache with capacity 419430
W20260608 10:09:51.161633 13989 instance_detector.cc:116] could not retrieve AWS instance metadata: Network error: curl error: HTTP response code said error: The requested URL returned error: 404
W20260608 10:09:51.162801 13990 instance_detector.cc:116] could not retrieve Azure instance metadata: Network error: curl error: HTTP response code said error: The requested URL returned error: 404
I20260608 10:09:51.165047 11350 server_base.cc:1061] running on GCE node
W20260608 10:09:51.165095 13992 instance_detector.cc:116] could not retrieve OpenStack instance metadata: Network error: curl error: HTTP response code said error: The requested URL returned error: 404
I20260608 10:09:51.166467 11350 hybrid_clock.cc:584] initializing the hybrid clock with 'system_unsync' time source
W20260608 10:09:51.166684 11350 system_unsync_time.cc:38] NTP support is disabled. Clock error bounds will not be accurate. This configuration is not suitable for distributed clusters.
I20260608 10:09:51.166893 11350 hybrid_clock.cc:648] HybridClock initialized: now 1780913391166876 us; error 0 us; skew 500 ppm
I20260608 10:09:51.167578 11350 server_base.cc:861] Flag tcmalloc_max_total_thread_cache_bytes is not working since tcmalloc is not enabled.
I20260608 10:09:51.170382 11350 webserver.cc:533] Webserver started at http://127.11.21.129:44697/ using document root <none> and password file <none>
I20260608 10:09:51.171133 11350 fs_manager.cc:362] Metadata directory not provided
I20260608 10:09:51.171308 11350 fs_manager.cc:368] Using write-ahead log directory (fs_wal_dir) as metadata directory
I20260608 10:09:51.171681 11350 server_base.cc:909] This appears to be a new deployment of Kudu; creating new FS layout
I20260608 10:09:51.172936 11350 fs_manager.cc:1068] Generated new instance metadata in path /tmp/dist-test-tasksyQY5a/test-tmp/auto_rebalancer-test.0.AutoRebalancerTest.RangeAwareBuildClusterInfoGroupsByRange.1780913310779642-11350-0/minicluster-data/ts-0-root/instance:
uuid: "b3eb4cf7438c40cbb4d559b691b6b062"
format_stamp: "Formatted at 2026-06-08 10:09:51 on dist-test-slave-58dp"
I20260608 10:09:51.178165 11350 fs_manager.cc:696] Time spent creating directory manager: real 0.005s	user 0.005s	sys 0.003s
I20260608 10:09:51.182432 13997 log_block_manager.cc:4031] Time spent loading block containers with low live blocks: real 0.000s	user 0.000s	sys 0.000s
I20260608 10:09:51.183275 11350 fs_manager.cc:730] Time spent opening block manager: real 0.003s	user 0.004s	sys 0.000s
I20260608 10:09:51.183666 11350 fs_manager.cc:647] Opened local filesystem: /tmp/dist-test-tasksyQY5a/test-tmp/auto_rebalancer-test.0.AutoRebalancerTest.RangeAwareBuildClusterInfoGroupsByRange.1780913310779642-11350-0/minicluster-data/ts-0-root
uuid: "b3eb4cf7438c40cbb4d559b691b6b062"
format_stamp: "Formatted at 2026-06-08 10:09:51 on dist-test-slave-58dp"
I20260608 10:09:51.183940 11350 fs_report.cc:389] FS layout report
--------------------
wal directory: /tmp/dist-test-tasksyQY5a/test-tmp/auto_rebalancer-test.0.AutoRebalancerTest.RangeAwareBuildClusterInfoGroupsByRange.1780913310779642-11350-0/minicluster-data/ts-0-root
metadata directory: /tmp/dist-test-tasksyQY5a/test-tmp/auto_rebalancer-test.0.AutoRebalancerTest.RangeAwareBuildClusterInfoGroupsByRange.1780913310779642-11350-0/minicluster-data/ts-0-root
1 data directories: /tmp/dist-test-tasksyQY5a/test-tmp/auto_rebalancer-test.0.AutoRebalancerTest.RangeAwareBuildClusterInfoGroupsByRange.1780913310779642-11350-0/minicluster-data/ts-0-root/data
Total live blocks: 0
Total live bytes: 0
Total live bytes (after alignment): 0
Total number of LBM containers: 0 (0 full)
Did not check for missing blocks
Did not check for orphaned blocks
Total full LBM containers with extra space: 0 (0 repaired)
Total full LBM container extra space in bytes: 0 (0 repaired)
Total incomplete LBM containers: 0 (0 repaired)
Total LBM partial records: 0 (0 repaired)
Total corrupted LBM metadata records in RocksDB: 0 (0 repaired)
I20260608 10:09:51.211661 11350 rpc_server.cc:225] running with OpenSSL 1.1.1  11 Sep 2018
I20260608 10:09:51.213167 11350 kserver.cc:163] Server-wide thread pool size limit: 3276
I20260608 10:09:51.214947 11350 txn_system_client.cc:432] TxnSystemClient initialization is disabled...
I20260608 10:09:51.217574 11350 ts_tablet_manager.cc:585] Loaded tablet metadata (0 total tablets, 0 live tablets)
I20260608 10:09:51.217833 11350 ts_tablet_manager.cc:531] Time spent load tablet metadata: real 0.000s	user 0.000s	sys 0.000s
I20260608 10:09:51.218108 11350 ts_tablet_manager.cc:616] Registered 0 tablets
I20260608 10:09:51.218297 11350 ts_tablet_manager.cc:595] Time spent register tablets: real 0.000s	user 0.000s	sys 0.000s
I20260608 10:09:51.262387 11350 rpc_server.cc:307] RPC server started. Bound to: 127.11.21.129:39607
I20260608 10:09:51.262563 14059 acceptor_pool.cc:272] collecting diagnostics on the listening RPC socket 127.11.21.129:39607 every 8 connection(s)
I20260608 10:09:51.268355 11350 file_cache.cc:492] Constructed file cache file cache with capacity 419430
W20260608 10:09:51.277498 14064 instance_detector.cc:116] could not retrieve AWS instance metadata: Network error: curl error: HTTP response code said error: The requested URL returned error: 404
W20260608 10:09:51.278054 14065 instance_detector.cc:116] could not retrieve Azure instance metadata: Network error: curl error: HTTP response code said error: The requested URL returned error: 404
I20260608 10:09:51.282136 11350 server_base.cc:1061] running on GCE node
W20260608 10:09:51.282938 14068 instance_detector.cc:116] could not retrieve OpenStack instance metadata: Network error: curl error: HTTP response code said error: The requested URL returned error: 404
I20260608 10:09:51.283875 14060 heartbeater.cc:344] Connected to a master server at 127.11.21.190:46559
I20260608 10:09:51.284188 11350 hybrid_clock.cc:584] initializing the hybrid clock with 'system_unsync' time source
I20260608 10:09:51.284301 14060 heartbeater.cc:461] Registering TS with master...
W20260608 10:09:51.284468 11350 system_unsync_time.cc:38] NTP support is disabled. Clock error bounds will not be accurate. This configuration is not suitable for distributed clusters.
I20260608 10:09:51.284739 11350 hybrid_clock.cc:648] HybridClock initialized: now 1780913391284715 us; error 0 us; skew 500 ppm
I20260608 10:09:51.285429 11350 server_base.cc:861] Flag tcmalloc_max_total_thread_cache_bytes is not working since tcmalloc is not enabled.
I20260608 10:09:51.285377 14060 heartbeater.cc:507] Master 127.11.21.190:46559 requested a full tablet report, sending...
I20260608 10:09:51.288357 13933 ts_manager.cc:194] Registered new tserver with Master: b3eb4cf7438c40cbb4d559b691b6b062 (127.11.21.129:39607)
I20260608 10:09:51.288983 11350 webserver.cc:533] Webserver started at http://127.11.21.130:43793/ using document root <none> and password file <none>
I20260608 10:09:51.289784 11350 fs_manager.cc:362] Metadata directory not provided
I20260608 10:09:51.290165 11350 fs_manager.cc:368] Using write-ahead log directory (fs_wal_dir) as metadata directory
I20260608 10:09:51.290532 11350 server_base.cc:909] This appears to be a new deployment of Kudu; creating new FS layout
I20260608 10:09:51.291245 13933 master_service.cc:502] Signed X509 certificate for tserver {username='slave'} at 127.0.0.1:43068
I20260608 10:09:51.292256 11350 fs_manager.cc:1068] Generated new instance metadata in path /tmp/dist-test-tasksyQY5a/test-tmp/auto_rebalancer-test.0.AutoRebalancerTest.RangeAwareBuildClusterInfoGroupsByRange.1780913310779642-11350-0/minicluster-data/ts-1-root/instance:
uuid: "163d48dabbaf40bea00df17542cbd018"
format_stamp: "Formatted at 2026-06-08 10:09:51 on dist-test-slave-58dp"
I20260608 10:09:51.297338 11350 fs_manager.cc:696] Time spent creating directory manager: real 0.004s	user 0.006s	sys 0.001s
I20260608 10:09:51.301199 14072 log_block_manager.cc:4031] Time spent loading block containers with low live blocks: real 0.000s	user 0.000s	sys 0.000s
I20260608 10:09:51.302176 11350 fs_manager.cc:730] Time spent opening block manager: real 0.003s	user 0.003s	sys 0.000s
I20260608 10:09:51.302515 11350 fs_manager.cc:647] Opened local filesystem: /tmp/dist-test-tasksyQY5a/test-tmp/auto_rebalancer-test.0.AutoRebalancerTest.RangeAwareBuildClusterInfoGroupsByRange.1780913310779642-11350-0/minicluster-data/ts-1-root
uuid: "163d48dabbaf40bea00df17542cbd018"
format_stamp: "Formatted at 2026-06-08 10:09:51 on dist-test-slave-58dp"
I20260608 10:09:51.302835 11350 fs_report.cc:389] FS layout report
--------------------
wal directory: /tmp/dist-test-tasksyQY5a/test-tmp/auto_rebalancer-test.0.AutoRebalancerTest.RangeAwareBuildClusterInfoGroupsByRange.1780913310779642-11350-0/minicluster-data/ts-1-root
metadata directory: /tmp/dist-test-tasksyQY5a/test-tmp/auto_rebalancer-test.0.AutoRebalancerTest.RangeAwareBuildClusterInfoGroupsByRange.1780913310779642-11350-0/minicluster-data/ts-1-root
1 data directories: /tmp/dist-test-tasksyQY5a/test-tmp/auto_rebalancer-test.0.AutoRebalancerTest.RangeAwareBuildClusterInfoGroupsByRange.1780913310779642-11350-0/minicluster-data/ts-1-root/data
Total live blocks: 0
Total live bytes: 0
Total live bytes (after alignment): 0
Total number of LBM containers: 0 (0 full)
Did not check for missing blocks
Did not check for orphaned blocks
Total full LBM containers with extra space: 0 (0 repaired)
Total full LBM container extra space in bytes: 0 (0 repaired)
Total incomplete LBM containers: 0 (0 repaired)
Total LBM partial records: 0 (0 repaired)
Total corrupted LBM metadata records in RocksDB: 0 (0 repaired)
I20260608 10:09:51.319568 11350 rpc_server.cc:225] running with OpenSSL 1.1.1  11 Sep 2018
I20260608 10:09:51.320863 11350 kserver.cc:163] Server-wide thread pool size limit: 3276
I20260608 10:09:51.322497 11350 txn_system_client.cc:432] TxnSystemClient initialization is disabled...
I20260608 10:09:51.324982 11350 ts_tablet_manager.cc:585] Loaded tablet metadata (0 total tablets, 0 live tablets)
I20260608 10:09:51.325238 11350 ts_tablet_manager.cc:531] Time spent load tablet metadata: real 0.000s	user 0.000s	sys 0.000s
I20260608 10:09:51.325506 11350 ts_tablet_manager.cc:616] Registered 0 tablets
I20260608 10:09:51.325690 11350 ts_tablet_manager.cc:595] Time spent register tablets: real 0.000s	user 0.000s	sys 0.000s
I20260608 10:09:51.368467 11350 rpc_server.cc:307] RPC server started. Bound to: 127.11.21.130:40967
I20260608 10:09:51.368624 14134 acceptor_pool.cc:272] collecting diagnostics on the listening RPC socket 127.11.21.130:40967 every 8 connection(s)
I20260608 10:09:51.373939 11350 file_cache.cc:492] Constructed file cache file cache with capacity 419430
W20260608 10:09:51.382335 14138 instance_detector.cc:116] could not retrieve AWS instance metadata: Network error: curl error: HTTP response code said error: The requested URL returned error: 404
W20260608 10:09:51.383561 14139 instance_detector.cc:116] could not retrieve Azure instance metadata: Network error: curl error: HTTP response code said error: The requested URL returned error: 404
I20260608 10:09:51.386497 11350 server_base.cc:1061] running on GCE node
W20260608 10:09:51.387327 14141 instance_detector.cc:116] could not retrieve OpenStack instance metadata: Network error: curl error: HTTP response code said error: The requested URL returned error: 404
I20260608 10:09:51.388542 11350 hybrid_clock.cc:584] initializing the hybrid clock with 'system_unsync' time source
W20260608 10:09:51.388846 11350 system_unsync_time.cc:38] NTP support is disabled. Clock error bounds will not be accurate. This configuration is not suitable for distributed clusters.
I20260608 10:09:51.389065 11350 hybrid_clock.cc:648] HybridClock initialized: now 1780913391389025 us; error 0 us; skew 500 ppm
I20260608 10:09:51.389663 14135 heartbeater.cc:344] Connected to a master server at 127.11.21.190:46559
I20260608 10:09:51.389886 11350 server_base.cc:861] Flag tcmalloc_max_total_thread_cache_bytes is not working since tcmalloc is not enabled.
I20260608 10:09:51.390280 14135 heartbeater.cc:461] Registering TS with master...
I20260608 10:09:51.391460 14135 heartbeater.cc:507] Master 127.11.21.190:46559 requested a full tablet report, sending...
I20260608 10:09:51.393548 11350 webserver.cc:533] Webserver started at http://127.11.21.131:39899/ using document root <none> and password file <none>
I20260608 10:09:51.394188 11350 fs_manager.cc:362] Metadata directory not provided
I20260608 10:09:51.394366 11350 fs_manager.cc:368] Using write-ahead log directory (fs_wal_dir) as metadata directory
I20260608 10:09:51.394279 13933 ts_manager.cc:194] Registered new tserver with Master: 163d48dabbaf40bea00df17542cbd018 (127.11.21.130:40967)
I20260608 10:09:51.394824 11350 server_base.cc:909] This appears to be a new deployment of Kudu; creating new FS layout
I20260608 10:09:51.396087 13933 master_service.cc:502] Signed X509 certificate for tserver {username='slave'} at 127.0.0.1:43082
I20260608 10:09:51.396080 11350 fs_manager.cc:1068] Generated new instance metadata in path /tmp/dist-test-tasksyQY5a/test-tmp/auto_rebalancer-test.0.AutoRebalancerTest.RangeAwareBuildClusterInfoGroupsByRange.1780913310779642-11350-0/minicluster-data/ts-2-root/instance:
uuid: "3bbeb3154a974437b4bbbd6b45f8c83b"
format_stamp: "Formatted at 2026-06-08 10:09:51 on dist-test-slave-58dp"
I20260608 10:09:51.402170 11350 fs_manager.cc:696] Time spent creating directory manager: real 0.005s	user 0.001s	sys 0.004s
I20260608 10:09:51.406286 14146 log_block_manager.cc:4031] Time spent loading block containers with low live blocks: real 0.000s	user 0.000s	sys 0.000s
I20260608 10:09:51.407234 11350 fs_manager.cc:730] Time spent opening block manager: real 0.003s	user 0.004s	sys 0.000s
I20260608 10:09:51.407611 11350 fs_manager.cc:647] Opened local filesystem: /tmp/dist-test-tasksyQY5a/test-tmp/auto_rebalancer-test.0.AutoRebalancerTest.RangeAwareBuildClusterInfoGroupsByRange.1780913310779642-11350-0/minicluster-data/ts-2-root
uuid: "3bbeb3154a974437b4bbbd6b45f8c83b"
format_stamp: "Formatted at 2026-06-08 10:09:51 on dist-test-slave-58dp"
I20260608 10:09:51.407930 11350 fs_report.cc:389] FS layout report
--------------------
wal directory: /tmp/dist-test-tasksyQY5a/test-tmp/auto_rebalancer-test.0.AutoRebalancerTest.RangeAwareBuildClusterInfoGroupsByRange.1780913310779642-11350-0/minicluster-data/ts-2-root
metadata directory: /tmp/dist-test-tasksyQY5a/test-tmp/auto_rebalancer-test.0.AutoRebalancerTest.RangeAwareBuildClusterInfoGroupsByRange.1780913310779642-11350-0/minicluster-data/ts-2-root
1 data directories: /tmp/dist-test-tasksyQY5a/test-tmp/auto_rebalancer-test.0.AutoRebalancerTest.RangeAwareBuildClusterInfoGroupsByRange.1780913310779642-11350-0/minicluster-data/ts-2-root/data
Total live blocks: 0
Total live bytes: 0
Total live bytes (after alignment): 0
Total number of LBM containers: 0 (0 full)
Did not check for missing blocks
Did not check for orphaned blocks
Total full LBM containers with extra space: 0 (0 repaired)
Total full LBM container extra space in bytes: 0 (0 repaired)
Total incomplete LBM containers: 0 (0 repaired)
Total LBM partial records: 0 (0 repaired)
Total corrupted LBM metadata records in RocksDB: 0 (0 repaired)
I20260608 10:09:51.428447 11350 rpc_server.cc:225] running with OpenSSL 1.1.1  11 Sep 2018
I20260608 10:09:51.429787 11350 kserver.cc:163] Server-wide thread pool size limit: 3276
I20260608 10:09:51.431383 11350 txn_system_client.cc:432] TxnSystemClient initialization is disabled...
I20260608 10:09:51.433975 11350 ts_tablet_manager.cc:585] Loaded tablet metadata (0 total tablets, 0 live tablets)
I20260608 10:09:51.434196 11350 ts_tablet_manager.cc:531] Time spent load tablet metadata: real 0.000s	user 0.000s	sys 0.000s
I20260608 10:09:51.434508 11350 ts_tablet_manager.cc:616] Registered 0 tablets
I20260608 10:09:51.434656 11350 ts_tablet_manager.cc:595] Time spent register tablets: real 0.000s	user 0.000s	sys 0.000s
I20260608 10:09:51.478758 11350 rpc_server.cc:307] RPC server started. Bound to: 127.11.21.131:41895
I20260608 10:09:51.478976 14208 acceptor_pool.cc:272] collecting diagnostics on the listening RPC socket 127.11.21.131:41895 every 8 connection(s)
I20260608 10:09:51.494848 14209 heartbeater.cc:344] Connected to a master server at 127.11.21.190:46559
I20260608 10:09:51.495226 14209 heartbeater.cc:461] Registering TS with master...
I20260608 10:09:51.496145 14209 heartbeater.cc:507] Master 127.11.21.190:46559 requested a full tablet report, sending...
I20260608 10:09:51.498620 13933 ts_manager.cc:194] Registered new tserver with Master: 3bbeb3154a974437b4bbbd6b45f8c83b (127.11.21.131:41895)
I20260608 10:09:51.499591 11350 internal_mini_cluster.cc:371] 3 TS(s) registered with all masters after 0.0172139s
I20260608 10:09:51.500126 13933 master_service.cc:502] Signed X509 certificate for tserver {username='slave'} at 127.0.0.1:43096
I20260608 10:09:52.294577 14060 heartbeater.cc:499] Master 127.11.21.190:46559 was elected leader, sending a full tablet report...
I20260608 10:09:52.399500 14135 heartbeater.cc:499] Master 127.11.21.190:46559 was elected leader, sending a full tablet report...
I20260608 10:09:52.503654 14209 heartbeater.cc:499] Master 127.11.21.190:46559 was elected leader, sending a full tablet report...
I20260608 10:09:52.561296 13933 catalog_manager.cc:2282] Servicing CreateTable request from {username='slave'} at 127.0.0.1:43110:
name: "range_aware_auto_rebalancer_test"
schema {
  columns {
    name: "key"
    type: INT32
    is_key: true
    is_nullable: false
    encoding: AUTO_ENCODING
    compression: DEFAULT_COMPRESSION
    cfile_block_size: 0
    immutable: false
  }
}
num_replicas: 3
split_rows_range_bounds {
  rows: "\006\001\000\000\000\000\007\001\n\000\000\000\006\001\n\000\000\000\007\001\024\000\000\000""\006\001\000\000\000\000\007\001\n\000\000\000\006\001\n\000\000\000\007\001\024\000\000\000"
  indirect_data: """"
}
partition_schema {
  hash_schema {
    columns {
      name: "key"
    }
    num_buckets: 2
    seed: 0
  }
  range_schema {
    columns {
      name: "key"
    }
  }
}
W20260608 10:09:52.564433 13933 catalog_manager.cc:7076] The number of live tablet servers is not enough to re-replicate a tablet replica of the newly created table range_aware_auto_rebalancer_test in case of a server failure: 4 tablet servers would be needed, 3 are available. Consider bringing up more tablet servers.
I20260608 10:09:52.633526 14025 tablet_service.cc:1511] Processing CreateTablet for tablet 9c6d9d33cf2542329841e0e2827744d9 (DEFAULT_TABLE table=range_aware_auto_rebalancer_test [id=bc6e3fb7d1f74d86affa05b844aa76e3]), partition=HASH (key) PARTITION 0, RANGE (key) PARTITION 0 <= VALUES < 10
I20260608 10:09:52.633728 14174 tablet_service.cc:1511] Processing CreateTablet for tablet 9c6d9d33cf2542329841e0e2827744d9 (DEFAULT_TABLE table=range_aware_auto_rebalancer_test [id=bc6e3fb7d1f74d86affa05b844aa76e3]), partition=HASH (key) PARTITION 0, RANGE (key) PARTITION 0 <= VALUES < 10
I20260608 10:09:52.634137 14024 tablet_service.cc:1511] Processing CreateTablet for tablet d45d14442bd543d488a1bd7df20ee638 (DEFAULT_TABLE table=range_aware_auto_rebalancer_test [id=bc6e3fb7d1f74d86affa05b844aa76e3]), partition=HASH (key) PARTITION 0, RANGE (key) PARTITION 10 <= VALUES < 20
I20260608 10:09:52.637492 14173 tablet_service.cc:1511] Processing CreateTablet for tablet d45d14442bd543d488a1bd7df20ee638 (DEFAULT_TABLE table=range_aware_auto_rebalancer_test [id=bc6e3fb7d1f74d86affa05b844aa76e3]), partition=HASH (key) PARTITION 0, RANGE (key) PARTITION 10 <= VALUES < 20
I20260608 10:09:52.638350 14172 tablet_service.cc:1511] Processing CreateTablet for tablet fcdf5d975d9940cba46994e834b1db7c (DEFAULT_TABLE table=range_aware_auto_rebalancer_test [id=bc6e3fb7d1f74d86affa05b844aa76e3]), partition=HASH (key) PARTITION 1, RANGE (key) PARTITION 0 <= VALUES < 10
I20260608 10:09:52.638113 14023 tablet_service.cc:1511] Processing CreateTablet for tablet fcdf5d975d9940cba46994e834b1db7c (DEFAULT_TABLE table=range_aware_auto_rebalancer_test [id=bc6e3fb7d1f74d86affa05b844aa76e3]), partition=HASH (key) PARTITION 1, RANGE (key) PARTITION 0 <= VALUES < 10
I20260608 10:09:52.639451 14173 data_dirs.cc:400] Could only allocate 1 dirs of requested 3 for tablet d45d14442bd543d488a1bd7df20ee638. 1 dirs total, 0 dirs full, 0 dirs failed
I20260608 10:09:52.640280 14172 data_dirs.cc:400] Could only allocate 1 dirs of requested 3 for tablet fcdf5d975d9940cba46994e834b1db7c. 1 dirs total, 0 dirs full, 0 dirs failed
I20260608 10:09:52.641144 14025 data_dirs.cc:400] Could only allocate 1 dirs of requested 3 for tablet 9c6d9d33cf2542329841e0e2827744d9. 1 dirs total, 0 dirs full, 0 dirs failed
I20260608 10:09:52.641451 14174 data_dirs.cc:400] Could only allocate 1 dirs of requested 3 for tablet 9c6d9d33cf2542329841e0e2827744d9. 1 dirs total, 0 dirs full, 0 dirs failed
I20260608 10:09:52.641912 14024 data_dirs.cc:400] Could only allocate 1 dirs of requested 3 for tablet d45d14442bd543d488a1bd7df20ee638. 1 dirs total, 0 dirs full, 0 dirs failed
I20260608 10:09:52.642650 14023 data_dirs.cc:400] Could only allocate 1 dirs of requested 3 for tablet fcdf5d975d9940cba46994e834b1db7c. 1 dirs total, 0 dirs full, 0 dirs failed
I20260608 10:09:52.657240 14022 tablet_service.cc:1511] Processing CreateTablet for tablet 2656d62bd0644ccc98c235222da2f8b6 (DEFAULT_TABLE table=range_aware_auto_rebalancer_test [id=bc6e3fb7d1f74d86affa05b844aa76e3]), partition=HASH (key) PARTITION 1, RANGE (key) PARTITION 10 <= VALUES < 20
I20260608 10:09:52.658977 14022 data_dirs.cc:400] Could only allocate 1 dirs of requested 3 for tablet 2656d62bd0644ccc98c235222da2f8b6. 1 dirs total, 0 dirs full, 0 dirs failed
I20260608 10:09:52.678012 14171 tablet_service.cc:1511] Processing CreateTablet for tablet 2656d62bd0644ccc98c235222da2f8b6 (DEFAULT_TABLE table=range_aware_auto_rebalancer_test [id=bc6e3fb7d1f74d86affa05b844aa76e3]), partition=HASH (key) PARTITION 1, RANGE (key) PARTITION 10 <= VALUES < 20
I20260608 10:09:52.679687 14171 data_dirs.cc:400] Could only allocate 1 dirs of requested 3 for tablet 2656d62bd0644ccc98c235222da2f8b6. 1 dirs total, 0 dirs full, 0 dirs failed
I20260608 10:09:52.684197 14100 tablet_service.cc:1511] Processing CreateTablet for tablet 9c6d9d33cf2542329841e0e2827744d9 (DEFAULT_TABLE table=range_aware_auto_rebalancer_test [id=bc6e3fb7d1f74d86affa05b844aa76e3]), partition=HASH (key) PARTITION 0, RANGE (key) PARTITION 0 <= VALUES < 10
I20260608 10:09:52.689826 14099 tablet_service.cc:1511] Processing CreateTablet for tablet d45d14442bd543d488a1bd7df20ee638 (DEFAULT_TABLE table=range_aware_auto_rebalancer_test [id=bc6e3fb7d1f74d86affa05b844aa76e3]), partition=HASH (key) PARTITION 0, RANGE (key) PARTITION 10 <= VALUES < 20
I20260608 10:09:52.691494 14097 tablet_service.cc:1511] Processing CreateTablet for tablet 2656d62bd0644ccc98c235222da2f8b6 (DEFAULT_TABLE table=range_aware_auto_rebalancer_test [id=bc6e3fb7d1f74d86affa05b844aa76e3]), partition=HASH (key) PARTITION 1, RANGE (key) PARTITION 10 <= VALUES < 20
I20260608 10:09:52.694657 14100 data_dirs.cc:400] Could only allocate 1 dirs of requested 3 for tablet 9c6d9d33cf2542329841e0e2827744d9. 1 dirs total, 0 dirs full, 0 dirs failed
I20260608 10:09:52.698874 14097 data_dirs.cc:400] Could only allocate 1 dirs of requested 3 for tablet 2656d62bd0644ccc98c235222da2f8b6. 1 dirs total, 0 dirs full, 0 dirs failed
I20260608 10:09:52.700169 14230 tablet_bootstrap.cc:492] T fcdf5d975d9940cba46994e834b1db7c P b3eb4cf7438c40cbb4d559b691b6b062: Bootstrap starting.
I20260608 10:09:52.694201 14098 tablet_service.cc:1511] Processing CreateTablet for tablet fcdf5d975d9940cba46994e834b1db7c (DEFAULT_TABLE table=range_aware_auto_rebalancer_test [id=bc6e3fb7d1f74d86affa05b844aa76e3]), partition=HASH (key) PARTITION 1, RANGE (key) PARTITION 0 <= VALUES < 10
I20260608 10:09:52.702409 14099 data_dirs.cc:400] Could only allocate 1 dirs of requested 3 for tablet d45d14442bd543d488a1bd7df20ee638. 1 dirs total, 0 dirs full, 0 dirs failed
I20260608 10:09:52.703203 14098 data_dirs.cc:400] Could only allocate 1 dirs of requested 3 for tablet fcdf5d975d9940cba46994e834b1db7c. 1 dirs total, 0 dirs full, 0 dirs failed
I20260608 10:09:52.724968 14230 tablet_bootstrap.cc:654] T fcdf5d975d9940cba46994e834b1db7c P b3eb4cf7438c40cbb4d559b691b6b062: Neither blocks nor log segments found. Creating new log.
I20260608 10:09:52.738412 14232 tablet_bootstrap.cc:492] T fcdf5d975d9940cba46994e834b1db7c P 163d48dabbaf40bea00df17542cbd018: Bootstrap starting.
I20260608 10:09:52.763826 14232 tablet_bootstrap.cc:654] T fcdf5d975d9940cba46994e834b1db7c P 163d48dabbaf40bea00df17542cbd018: Neither blocks nor log segments found. Creating new log.
I20260608 10:09:52.766922 14231 tablet_bootstrap.cc:492] T fcdf5d975d9940cba46994e834b1db7c P 3bbeb3154a974437b4bbbd6b45f8c83b: Bootstrap starting.
I20260608 10:09:52.771865 14230 tablet_bootstrap.cc:492] T fcdf5d975d9940cba46994e834b1db7c P b3eb4cf7438c40cbb4d559b691b6b062: No bootstrap required, opened a new log
I20260608 10:09:52.772470 14230 ts_tablet_manager.cc:1403] T fcdf5d975d9940cba46994e834b1db7c P b3eb4cf7438c40cbb4d559b691b6b062: Time spent bootstrapping tablet: real 0.073s	user 0.009s	sys 0.028s
I20260608 10:09:52.777150 14231 tablet_bootstrap.cc:654] T fcdf5d975d9940cba46994e834b1db7c P 3bbeb3154a974437b4bbbd6b45f8c83b: Neither blocks nor log segments found. Creating new log.
I20260608 10:09:52.776479 14230 raft_consensus.cc:359] T fcdf5d975d9940cba46994e834b1db7c P b3eb4cf7438c40cbb4d559b691b6b062 [term 0 FOLLOWER]: Replica starting. Triggering 0 pending ops. Active config: opid_index: -1 OBSOLETE_local: false peers { permanent_uuid: "b3eb4cf7438c40cbb4d559b691b6b062" member_type: VOTER last_known_addr { host: "127.11.21.129" port: 39607 } } peers { permanent_uuid: "163d48dabbaf40bea00df17542cbd018" member_type: VOTER last_known_addr { host: "127.11.21.130" port: 40967 } } peers { permanent_uuid: "3bbeb3154a974437b4bbbd6b45f8c83b" member_type: VOTER last_known_addr { host: "127.11.21.131" port: 41895 } }
I20260608 10:09:52.778276 14230 raft_consensus.cc:385] T fcdf5d975d9940cba46994e834b1db7c P b3eb4cf7438c40cbb4d559b691b6b062 [term 0 FOLLOWER]: Consensus starting up: Expiring failure detector timer to make a prompt election more likely
I20260608 10:09:52.778718 14230 raft_consensus.cc:740] T fcdf5d975d9940cba46994e834b1db7c P b3eb4cf7438c40cbb4d559b691b6b062 [term 0 FOLLOWER]: Becoming Follower/Learner. State: Replica: b3eb4cf7438c40cbb4d559b691b6b062, State: Initialized, Role: FOLLOWER
I20260608 10:09:52.780565 14232 tablet_bootstrap.cc:492] T fcdf5d975d9940cba46994e834b1db7c P 163d48dabbaf40bea00df17542cbd018: No bootstrap required, opened a new log
I20260608 10:09:52.780007 14230 consensus_queue.cc:260] T fcdf5d975d9940cba46994e834b1db7c P b3eb4cf7438c40cbb4d559b691b6b062 [NON_LEADER]: Queue going to NON_LEADER mode. State: All replicated index: 0, Majority replicated index: 0, Committed index: 0, Last appended: 0.0, Last appended by leader: 0, Current term: 0, Majority size: -1, State: 0, Mode: NON_LEADER, active raft config: opid_index: -1 OBSOLETE_local: false peers { permanent_uuid: "b3eb4cf7438c40cbb4d559b691b6b062" member_type: VOTER last_known_addr { host: "127.11.21.129" port: 39607 } } peers { permanent_uuid: "163d48dabbaf40bea00df17542cbd018" member_type: VOTER last_known_addr { host: "127.11.21.130" port: 40967 } } peers { permanent_uuid: "3bbeb3154a974437b4bbbd6b45f8c83b" member_type: VOTER last_known_addr { host: "127.11.21.131" port: 41895 } }
I20260608 10:09:52.781268 14232 ts_tablet_manager.cc:1403] T fcdf5d975d9940cba46994e834b1db7c P 163d48dabbaf40bea00df17542cbd018: Time spent bootstrapping tablet: real 0.044s	user 0.015s	sys 0.016s
I20260608 10:09:52.783900 14230 ts_tablet_manager.cc:1434] T fcdf5d975d9940cba46994e834b1db7c P b3eb4cf7438c40cbb4d559b691b6b062: Time spent starting tablet: real 0.011s	user 0.005s	sys 0.006s
I20260608 10:09:52.784327 14231 tablet_bootstrap.cc:492] T fcdf5d975d9940cba46994e834b1db7c P 3bbeb3154a974437b4bbbd6b45f8c83b: No bootstrap required, opened a new log
I20260608 10:09:52.784853 14231 ts_tablet_manager.cc:1403] T fcdf5d975d9940cba46994e834b1db7c P 3bbeb3154a974437b4bbbd6b45f8c83b: Time spent bootstrapping tablet: real 0.019s	user 0.008s	sys 0.005s
I20260608 10:09:52.785189 14230 tablet_bootstrap.cc:492] T 9c6d9d33cf2542329841e0e2827744d9 P b3eb4cf7438c40cbb4d559b691b6b062: Bootstrap starting.
I20260608 10:09:52.785089 14232 raft_consensus.cc:359] T fcdf5d975d9940cba46994e834b1db7c P 163d48dabbaf40bea00df17542cbd018 [term 0 FOLLOWER]: Replica starting. Triggering 0 pending ops. Active config: opid_index: -1 OBSOLETE_local: false peers { permanent_uuid: "b3eb4cf7438c40cbb4d559b691b6b062" member_type: VOTER last_known_addr { host: "127.11.21.129" port: 39607 } } peers { permanent_uuid: "163d48dabbaf40bea00df17542cbd018" member_type: VOTER last_known_addr { host: "127.11.21.130" port: 40967 } } peers { permanent_uuid: "3bbeb3154a974437b4bbbd6b45f8c83b" member_type: VOTER last_known_addr { host: "127.11.21.131" port: 41895 } }
I20260608 10:09:52.786047 14232 raft_consensus.cc:385] T fcdf5d975d9940cba46994e834b1db7c P 163d48dabbaf40bea00df17542cbd018 [term 0 FOLLOWER]: Consensus starting up: Expiring failure detector timer to make a prompt election more likely
I20260608 10:09:52.786360 14232 raft_consensus.cc:740] T fcdf5d975d9940cba46994e834b1db7c P 163d48dabbaf40bea00df17542cbd018 [term 0 FOLLOWER]: Becoming Follower/Learner. State: Replica: 163d48dabbaf40bea00df17542cbd018, State: Initialized, Role: FOLLOWER
I20260608 10:09:52.787503 14232 consensus_queue.cc:260] T fcdf5d975d9940cba46994e834b1db7c P 163d48dabbaf40bea00df17542cbd018 [NON_LEADER]: Queue going to NON_LEADER mode. State: All replicated index: 0, Majority replicated index: 0, Committed index: 0, Last appended: 0.0, Last appended by leader: 0, Current term: 0, Majority size: -1, State: 0, Mode: NON_LEADER, active raft config: opid_index: -1 OBSOLETE_local: false peers { permanent_uuid: "b3eb4cf7438c40cbb4d559b691b6b062" member_type: VOTER last_known_addr { host: "127.11.21.129" port: 39607 } } peers { permanent_uuid: "163d48dabbaf40bea00df17542cbd018" member_type: VOTER last_known_addr { host: "127.11.21.130" port: 40967 } } peers { permanent_uuid: "3bbeb3154a974437b4bbbd6b45f8c83b" member_type: VOTER last_known_addr { host: "127.11.21.131" port: 41895 } }
