W20260608 10:08:35.973269 11895 instance_detector.cc:116] could not retrieve OpenStack instance metadata: Network error: curl error: HTTP response code said error: The requested URL returned error: 404
I20260608 10:08:35.974143 11350 server_base.cc:1061] running on GCE node
I20260608 10:08:35.974943 11350 hybrid_clock.cc:584] initializing the hybrid clock with 'system_unsync' time source
W20260608 10:08:35.975122 11350 system_unsync_time.cc:38] NTP support is disabled. Clock error bounds will not be accurate. This configuration is not suitable for distributed clusters.
I20260608 10:08:35.975247 11350 hybrid_clock.cc:648] HybridClock initialized: now 1780913315975236 us; error 0 us; skew 500 ppm
I20260608 10:08:35.975834 11350 server_base.cc:861] Flag tcmalloc_max_total_thread_cache_bytes is not working since tcmalloc is not enabled.
I20260608 10:08:35.978451 11350 webserver.cc:533] Webserver started at http://127.11.21.190:43659/ using document root <none> and password file <none>
I20260608 10:08:35.978958 11350 fs_manager.cc:362] Metadata directory not provided
I20260608 10:08:35.979125 11350 fs_manager.cc:368] Using write-ahead log directory (fs_wal_dir) as metadata directory
I20260608 10:08:35.979367 11350 server_base.cc:909] This appears to be a new deployment of Kudu; creating new FS layout
I20260608 10:08:35.980429 11350 fs_manager.cc:1068] Generated new instance metadata in path /tmp/dist-test-tasksyQY5a/test-tmp/auto_rebalancer-test.0.AutoRebalancerTest.AutoRebalancingTurnOffAndOn.1780913310779642-11350-0/minicluster-data/master-0-root/instance:
uuid: "272edcba2da94779aad9658ad8383966"
format_stamp: "Formatted at 2026-06-08 10:08:35 on dist-test-slave-58dp"
I20260608 10:08:35.985211 11350 fs_manager.cc:696] Time spent creating directory manager: real 0.004s	user 0.006s	sys 0.000s
I20260608 10:08:35.988879 11900 log_block_manager.cc:4031] Time spent loading block containers with low live blocks: real 0.000s	user 0.000s	sys 0.000s
I20260608 10:08:35.989817 11350 fs_manager.cc:730] Time spent opening block manager: real 0.002s	user 0.002s	sys 0.000s
I20260608 10:08:35.990255 11350 fs_manager.cc:647] Opened local filesystem: /tmp/dist-test-tasksyQY5a/test-tmp/auto_rebalancer-test.0.AutoRebalancerTest.AutoRebalancingTurnOffAndOn.1780913310779642-11350-0/minicluster-data/master-0-root
uuid: "272edcba2da94779aad9658ad8383966"
format_stamp: "Formatted at 2026-06-08 10:08:35 on dist-test-slave-58dp"
I20260608 10:08:35.990576 11350 fs_report.cc:389] FS layout report
--------------------
wal directory: /tmp/dist-test-tasksyQY5a/test-tmp/auto_rebalancer-test.0.AutoRebalancerTest.AutoRebalancingTurnOffAndOn.1780913310779642-11350-0/minicluster-data/master-0-root
metadata directory: /tmp/dist-test-tasksyQY5a/test-tmp/auto_rebalancer-test.0.AutoRebalancerTest.AutoRebalancingTurnOffAndOn.1780913310779642-11350-0/minicluster-data/master-0-root
1 data directories: /tmp/dist-test-tasksyQY5a/test-tmp/auto_rebalancer-test.0.AutoRebalancerTest.AutoRebalancingTurnOffAndOn.1780913310779642-11350-0/minicluster-data/master-0-root/data
Total live blocks: 0
Total live bytes: 0
Total live bytes (after alignment): 0
Total number of LBM containers: 0 (0 full)
Did not check for missing blocks
Did not check for orphaned blocks
Total full LBM containers with extra space: 0 (0 repaired)
Total full LBM container extra space in bytes: 0 (0 repaired)
Total incomplete LBM containers: 0 (0 repaired)
Total LBM partial records: 0 (0 repaired)
Total corrupted LBM metadata records in RocksDB: 0 (0 repaired)
I20260608 10:08:36.005079 11350 rpc_server.cc:225] running with OpenSSL 1.1.1  11 Sep 2018
I20260608 10:08:36.006239 11350 kserver.cc:163] Server-wide thread pool size limit: 3276
I20260608 10:08:36.043430 11350 rpc_server.cc:307] RPC server started. Bound to: 127.11.21.190:34557
I20260608 10:08:36.043552 11951 acceptor_pool.cc:272] collecting diagnostics on the listening RPC socket 127.11.21.190:34557 every 8 connection(s)
I20260608 10:08:36.047722 11952 data_dirs.cc:400] Could only allocate 1 dirs of requested 3 for tablet 00000000000000000000000000000000. 1 dirs total, 0 dirs full, 0 dirs failed
I20260608 10:08:36.057389 11952 tablet_bootstrap.cc:492] T 00000000000000000000000000000000 P 272edcba2da94779aad9658ad8383966: Bootstrap starting.
I20260608 10:08:36.061944 11952 tablet_bootstrap.cc:654] T 00000000000000000000000000000000 P 272edcba2da94779aad9658ad8383966: Neither blocks nor log segments found. Creating new log.
I20260608 10:08:36.066521 11952 tablet_bootstrap.cc:492] T 00000000000000000000000000000000 P 272edcba2da94779aad9658ad8383966: No bootstrap required, opened a new log
I20260608 10:08:36.068706 11952 raft_consensus.cc:359] T 00000000000000000000000000000000 P 272edcba2da94779aad9658ad8383966 [term 0 FOLLOWER]: Replica starting. Triggering 0 pending ops. Active config: opid_index: -1 OBSOLETE_local: true peers { permanent_uuid: "272edcba2da94779aad9658ad8383966" member_type: VOTER }
I20260608 10:08:36.069118 11952 raft_consensus.cc:385] T 00000000000000000000000000000000 P 272edcba2da94779aad9658ad8383966 [term 0 FOLLOWER]: Consensus starting up: Expiring failure detector timer to make a prompt election more likely
I20260608 10:08:36.069423 11952 raft_consensus.cc:740] T 00000000000000000000000000000000 P 272edcba2da94779aad9658ad8383966 [term 0 FOLLOWER]: Becoming Follower/Learner. State: Replica: 272edcba2da94779aad9658ad8383966, State: Initialized, Role: FOLLOWER
I20260608 10:08:36.070152 11952 consensus_queue.cc:260] T 00000000000000000000000000000000 P 272edcba2da94779aad9658ad8383966 [NON_LEADER]: Queue going to NON_LEADER mode. State: All replicated index: 0, Majority replicated index: 0, Committed index: 0, Last appended: 0.0, Last appended by leader: 0, Current term: 0, Majority size: -1, State: 0, Mode: NON_LEADER, active raft config: opid_index: -1 OBSOLETE_local: true peers { permanent_uuid: "272edcba2da94779aad9658ad8383966" member_type: VOTER }
I20260608 10:08:36.070647 11952 raft_consensus.cc:399] T 00000000000000000000000000000000 P 272edcba2da94779aad9658ad8383966 [term 0 FOLLOWER]: Only one voter in the Raft config. Triggering election immediately
I20260608 10:08:36.070879 11952 raft_consensus.cc:493] T 00000000000000000000000000000000 P 272edcba2da94779aad9658ad8383966 [term 0 FOLLOWER]: Starting leader election (initial election of a single-replica configuration)
I20260608 10:08:36.071225 11952 raft_consensus.cc:3060] T 00000000000000000000000000000000 P 272edcba2da94779aad9658ad8383966 [term 0 FOLLOWER]: Advancing to term 1
I20260608 10:08:36.075520 11952 raft_consensus.cc:515] T 00000000000000000000000000000000 P 272edcba2da94779aad9658ad8383966 [term 1 FOLLOWER]: Starting leader election with config: opid_index: -1 OBSOLETE_local: true peers { permanent_uuid: "272edcba2da94779aad9658ad8383966" member_type: VOTER }
I20260608 10:08:36.076128 11952 leader_election.cc:304] T 00000000000000000000000000000000 P 272edcba2da94779aad9658ad8383966 [CANDIDATE]: Term 1 election: Election decided. Result: candidate won. Election summary: received 1 responses out of 1 voters: 1 yes votes; 0 no votes. yes voters: 272edcba2da94779aad9658ad8383966; no voters: 
I20260608 10:08:36.077397 11952 leader_election.cc:290] T 00000000000000000000000000000000 P 272edcba2da94779aad9658ad8383966 [CANDIDATE]: Term 1 election: Requested vote from peers 
I20260608 10:08:36.077875 11955 raft_consensus.cc:2804] T 00000000000000000000000000000000 P 272edcba2da94779aad9658ad8383966 [term 1 FOLLOWER]: Leader election won for term 1
I20260608 10:08:36.079469 11955 raft_consensus.cc:697] T 00000000000000000000000000000000 P 272edcba2da94779aad9658ad8383966 [term 1 LEADER]: Becoming Leader. State: Replica: 272edcba2da94779aad9658ad8383966, State: Running, Role: LEADER
I20260608 10:08:36.080235 11955 consensus_queue.cc:237] T 00000000000000000000000000000000 P 272edcba2da94779aad9658ad8383966 [LEADER]: Queue going to LEADER mode. State: All replicated index: 0, Majority replicated index: 0, Committed index: 0, Last appended: 0.0, Last appended by leader: 0, Current term: 1, Majority size: 1, State: 0, Mode: LEADER, active raft config: opid_index: -1 OBSOLETE_local: true peers { permanent_uuid: "272edcba2da94779aad9658ad8383966" member_type: VOTER }
I20260608 10:08:36.080535 11952 sys_catalog.cc:565] T 00000000000000000000000000000000 P 272edcba2da94779aad9658ad8383966 [sys.catalog]: configured and running, proceeding with master startup.
I20260608 10:08:36.085448 11957 sys_catalog.cc:455] T 00000000000000000000000000000000 P 272edcba2da94779aad9658ad8383966 [sys.catalog]: SysCatalogTable state changed. Reason: New leader 272edcba2da94779aad9658ad8383966. Latest consensus state: current_term: 1 leader_uuid: "272edcba2da94779aad9658ad8383966" committed_config { opid_index: -1 OBSOLETE_local: true peers { permanent_uuid: "272edcba2da94779aad9658ad8383966" member_type: VOTER } }
I20260608 10:08:36.086246 11957 sys_catalog.cc:458] T 00000000000000000000000000000000 P 272edcba2da94779aad9658ad8383966 [sys.catalog]: This master's current role is: LEADER
I20260608 10:08:36.086089 11956 sys_catalog.cc:455] T 00000000000000000000000000000000 P 272edcba2da94779aad9658ad8383966 [sys.catalog]: SysCatalogTable state changed. Reason: RaftConsensus started. Latest consensus state: current_term: 1 leader_uuid: "272edcba2da94779aad9658ad8383966" committed_config { opid_index: -1 OBSOLETE_local: true peers { permanent_uuid: "272edcba2da94779aad9658ad8383966" member_type: VOTER } }
I20260608 10:08:36.086961 11956 sys_catalog.cc:458] T 00000000000000000000000000000000 P 272edcba2da94779aad9658ad8383966 [sys.catalog]: This master's current role is: LEADER
I20260608 10:08:36.088470 11964 catalog_manager.cc:1510] Loading table and tablet metadata into memory...
I20260608 10:08:36.097174 11964 catalog_manager.cc:1519] Initializing Kudu cluster ID...
I20260608 10:08:36.098291 11350 internal_mini_cluster.cc:184] Waiting to initialize catalog manager on master 0
I20260608 10:08:36.107988 11964 catalog_manager.cc:1382] Generated new cluster ID: a8cd633eb90c4bd3943bb5a92b3f190f
I20260608 10:08:36.108299 11964 catalog_manager.cc:1530] Initializing Kudu internal certificate authority...
I20260608 10:08:36.161283 11964 catalog_manager.cc:1405] Generated new certificate authority record
I20260608 10:08:36.162671 11964 catalog_manager.cc:1539] Loading token signing keys...
I20260608 10:08:36.177382 11964 catalog_manager.cc:6069] T 00000000000000000000000000000000 P 272edcba2da94779aad9658ad8383966: Generated new TSK 0
I20260608 10:08:36.178112 11964 catalog_manager.cc:1549] Initializing in-progress tserver states...
I20260608 10:08:36.229383 11350 file_cache.cc:492] Constructed file cache file cache with capacity 419430
W20260608 10:08:36.235816 11973 instance_detector.cc:116] could not retrieve AWS instance metadata: Network error: curl error: HTTP response code said error: The requested URL returned error: 404
W20260608 10:08:36.236804 11974 instance_detector.cc:116] could not retrieve Azure instance metadata: Network error: curl error: HTTP response code said error: The requested URL returned error: 404
W20260608 10:08:36.238780 11976 instance_detector.cc:116] could not retrieve OpenStack instance metadata: Network error: curl error: HTTP response code said error: The requested URL returned error: 404
I20260608 10:08:36.238987 11350 server_base.cc:1061] running on GCE node
I20260608 10:08:36.239975 11350 hybrid_clock.cc:584] initializing the hybrid clock with 'system_unsync' time source
W20260608 10:08:36.240209 11350 system_unsync_time.cc:38] NTP support is disabled. Clock error bounds will not be accurate. This configuration is not suitable for distributed clusters.
I20260608 10:08:36.240402 11350 hybrid_clock.cc:648] HybridClock initialized: now 1780913316240379 us; error 0 us; skew 500 ppm
I20260608 10:08:36.241005 11350 server_base.cc:861] Flag tcmalloc_max_total_thread_cache_bytes is not working since tcmalloc is not enabled.
I20260608 10:08:36.243924 11350 webserver.cc:533] Webserver started at http://127.11.21.129:43097/ using document root <none> and password file <none>
I20260608 10:08:36.244602 11350 fs_manager.cc:362] Metadata directory not provided
I20260608 10:08:36.244845 11350 fs_manager.cc:368] Using write-ahead log directory (fs_wal_dir) as metadata directory
I20260608 10:08:36.245157 11350 server_base.cc:909] This appears to be a new deployment of Kudu; creating new FS layout
I20260608 10:08:36.246403 11350 fs_manager.cc:1068] Generated new instance metadata in path /tmp/dist-test-tasksyQY5a/test-tmp/auto_rebalancer-test.0.AutoRebalancerTest.AutoRebalancingTurnOffAndOn.1780913310779642-11350-0/minicluster-data/ts-0-root/instance:
uuid: "6f5fa372a8f44ed080cc926dbe1fcef3"
format_stamp: "Formatted at 2026-06-08 10:08:36 on dist-test-slave-58dp"
I20260608 10:08:36.251286 11350 fs_manager.cc:696] Time spent creating directory manager: real 0.004s	user 0.004s	sys 0.000s
I20260608 10:08:36.255040 11981 log_block_manager.cc:4031] Time spent loading block containers with low live blocks: real 0.000s	user 0.000s	sys 0.000s
I20260608 10:08:36.256033 11350 fs_manager.cc:730] Time spent opening block manager: real 0.003s	user 0.004s	sys 0.000s
I20260608 10:08:36.256440 11350 fs_manager.cc:647] Opened local filesystem: /tmp/dist-test-tasksyQY5a/test-tmp/auto_rebalancer-test.0.AutoRebalancerTest.AutoRebalancingTurnOffAndOn.1780913310779642-11350-0/minicluster-data/ts-0-root
uuid: "6f5fa372a8f44ed080cc926dbe1fcef3"
format_stamp: "Formatted at 2026-06-08 10:08:36 on dist-test-slave-58dp"
I20260608 10:08:36.256853 11350 fs_report.cc:389] FS layout report
--------------------
wal directory: /tmp/dist-test-tasksyQY5a/test-tmp/auto_rebalancer-test.0.AutoRebalancerTest.AutoRebalancingTurnOffAndOn.1780913310779642-11350-0/minicluster-data/ts-0-root
metadata directory: /tmp/dist-test-tasksyQY5a/test-tmp/auto_rebalancer-test.0.AutoRebalancerTest.AutoRebalancingTurnOffAndOn.1780913310779642-11350-0/minicluster-data/ts-0-root
1 data directories: /tmp/dist-test-tasksyQY5a/test-tmp/auto_rebalancer-test.0.AutoRebalancerTest.AutoRebalancingTurnOffAndOn.1780913310779642-11350-0/minicluster-data/ts-0-root/data
Total live blocks: 0
Total live bytes: 0
Total live bytes (after alignment): 0
Total number of LBM containers: 0 (0 full)
Did not check for missing blocks
Did not check for orphaned blocks
Total full LBM containers with extra space: 0 (0 repaired)
Total full LBM container extra space in bytes: 0 (0 repaired)
Total incomplete LBM containers: 0 (0 repaired)
Total LBM partial records: 0 (0 repaired)
Total corrupted LBM metadata records in RocksDB: 0 (0 repaired)
I20260608 10:08:36.273563 11350 rpc_server.cc:225] running with OpenSSL 1.1.1  11 Sep 2018
I20260608 10:08:36.274849 11350 kserver.cc:163] Server-wide thread pool size limit: 3276
I20260608 10:08:36.276371 11350 txn_system_client.cc:432] TxnSystemClient initialization is disabled...
I20260608 10:08:36.278990 11350 ts_tablet_manager.cc:585] Loaded tablet metadata (0 total tablets, 0 live tablets)
I20260608 10:08:36.279241 11350 ts_tablet_manager.cc:531] Time spent load tablet metadata: real 0.000s	user 0.000s	sys 0.000s
I20260608 10:08:36.279495 11350 ts_tablet_manager.cc:616] Registered 0 tablets
I20260608 10:08:36.279680 11350 ts_tablet_manager.cc:595] Time spent register tablets: real 0.000s	user 0.000s	sys 0.000s
I20260608 10:08:36.319443 11350 rpc_server.cc:307] RPC server started. Bound to: 127.11.21.129:42185
I20260608 10:08:36.319553 12043 acceptor_pool.cc:272] collecting diagnostics on the listening RPC socket 127.11.21.129:42185 every 8 connection(s)
I20260608 10:08:36.325052 11350 file_cache.cc:492] Constructed file cache file cache with capacity 419430
W20260608 10:08:36.333277 12048 instance_detector.cc:116] could not retrieve AWS instance metadata: Network error: curl error: HTTP response code said error: The requested URL returned error: 404
W20260608 10:08:36.335675 12049 instance_detector.cc:116] could not retrieve Azure instance metadata: Network error: curl error: HTTP response code said error: The requested URL returned error: 404
W20260608 10:08:36.339227 12051 instance_detector.cc:116] could not retrieve OpenStack instance metadata: Network error: curl error: HTTP response code said error: The requested URL returned error: 404
I20260608 10:08:36.339824 11350 server_base.cc:1061] running on GCE node
I20260608 10:08:36.340243 12044 heartbeater.cc:344] Connected to a master server at 127.11.21.190:34557
I20260608 10:08:36.340632 12044 heartbeater.cc:461] Registering TS with master...
I20260608 10:08:36.340921 11350 hybrid_clock.cc:584] initializing the hybrid clock with 'system_unsync' time source
W20260608 10:08:36.341166 11350 system_unsync_time.cc:38] NTP support is disabled. Clock error bounds will not be accurate. This configuration is not suitable for distributed clusters.
I20260608 10:08:36.341346 11350 hybrid_clock.cc:648] HybridClock initialized: now 1780913316341325 us; error 0 us; skew 500 ppm
I20260608 10:08:36.341444 12044 heartbeater.cc:507] Master 127.11.21.190:34557 requested a full tablet report, sending...
I20260608 10:08:36.342096 11350 server_base.cc:861] Flag tcmalloc_max_total_thread_cache_bytes is not working since tcmalloc is not enabled.
I20260608 10:08:36.344087 11917 ts_manager.cc:194] Registered new tserver with Master: 6f5fa372a8f44ed080cc926dbe1fcef3 (127.11.21.129:42185)
I20260608 10:08:36.345180 11350 webserver.cc:533] Webserver started at http://127.11.21.130:44299/ using document root <none> and password file <none>
I20260608 10:08:36.345943 11350 fs_manager.cc:362] Metadata directory not provided
I20260608 10:08:36.346216 11350 fs_manager.cc:368] Using write-ahead log directory (fs_wal_dir) as metadata directory
I20260608 10:08:36.346529 11350 server_base.cc:909] This appears to be a new deployment of Kudu; creating new FS layout
I20260608 10:08:36.346700 11917 master_service.cc:502] Signed X509 certificate for tserver {username='slave'} at 127.0.0.1:60806
I20260608 10:08:36.348027 11350 fs_manager.cc:1068] Generated new instance metadata in path /tmp/dist-test-tasksyQY5a/test-tmp/auto_rebalancer-test.0.AutoRebalancerTest.AutoRebalancingTurnOffAndOn.1780913310779642-11350-0/minicluster-data/ts-1-root/instance:
uuid: "75b1f49e77dd4a81819e058ef282585d"
format_stamp: "Formatted at 2026-06-08 10:08:36 on dist-test-slave-58dp"
I20260608 10:08:36.352715 11350 fs_manager.cc:696] Time spent creating directory manager: real 0.004s	user 0.006s	sys 0.000s
I20260608 10:08:36.356180 12056 log_block_manager.cc:4031] Time spent loading block containers with low live blocks: real 0.000s	user 0.000s	sys 0.000s
I20260608 10:08:36.356985 11350 fs_manager.cc:730] Time spent opening block manager: real 0.002s	user 0.002s	sys 0.000s
I20260608 10:08:36.357304 11350 fs_manager.cc:647] Opened local filesystem: /tmp/dist-test-tasksyQY5a/test-tmp/auto_rebalancer-test.0.AutoRebalancerTest.AutoRebalancingTurnOffAndOn.1780913310779642-11350-0/minicluster-data/ts-1-root
uuid: "75b1f49e77dd4a81819e058ef282585d"
format_stamp: "Formatted at 2026-06-08 10:08:36 on dist-test-slave-58dp"
I20260608 10:08:36.357575 11350 fs_report.cc:389] FS layout report
--------------------
wal directory: /tmp/dist-test-tasksyQY5a/test-tmp/auto_rebalancer-test.0.AutoRebalancerTest.AutoRebalancingTurnOffAndOn.1780913310779642-11350-0/minicluster-data/ts-1-root
metadata directory: /tmp/dist-test-tasksyQY5a/test-tmp/auto_rebalancer-test.0.AutoRebalancerTest.AutoRebalancingTurnOffAndOn.1780913310779642-11350-0/minicluster-data/ts-1-root
1 data directories: /tmp/dist-test-tasksyQY5a/test-tmp/auto_rebalancer-test.0.AutoRebalancerTest.AutoRebalancingTurnOffAndOn.1780913310779642-11350-0/minicluster-data/ts-1-root/data
Total live blocks: 0
Total live bytes: 0
Total live bytes (after alignment): 0
Total number of LBM containers: 0 (0 full)
Did not check for missing blocks
Did not check for orphaned blocks
Total full LBM containers with extra space: 0 (0 repaired)
Total full LBM container extra space in bytes: 0 (0 repaired)
Total incomplete LBM containers: 0 (0 repaired)
Total LBM partial records: 0 (0 repaired)
Total corrupted LBM metadata records in RocksDB: 0 (0 repaired)
I20260608 10:08:36.370062 11350 rpc_server.cc:225] running with OpenSSL 1.1.1  11 Sep 2018
I20260608 10:08:36.371222 11350 kserver.cc:163] Server-wide thread pool size limit: 3276
I20260608 10:08:36.372756 11350 txn_system_client.cc:432] TxnSystemClient initialization is disabled...
I20260608 10:08:36.375324 11350 ts_tablet_manager.cc:585] Loaded tablet metadata (0 total tablets, 0 live tablets)
I20260608 10:08:36.375560 11350 ts_tablet_manager.cc:531] Time spent load tablet metadata: real 0.000s	user 0.000s	sys 0.000s
I20260608 10:08:36.375844 11350 ts_tablet_manager.cc:616] Registered 0 tablets
I20260608 10:08:36.376034 11350 ts_tablet_manager.cc:595] Time spent register tablets: real 0.000s	user 0.000s	sys 0.000s
I20260608 10:08:36.417511 11350 rpc_server.cc:307] RPC server started. Bound to: 127.11.21.130:42529
I20260608 10:08:36.417665 12118 acceptor_pool.cc:272] collecting diagnostics on the listening RPC socket 127.11.21.130:42529 every 8 connection(s)
I20260608 10:08:36.422678 11350 file_cache.cc:492] Constructed file cache file cache with capacity 419430
W20260608 10:08:36.429540 12122 instance_detector.cc:116] could not retrieve AWS instance metadata: Network error: curl error: HTTP response code said error: The requested URL returned error: 404
W20260608 10:08:36.432144 12123 instance_detector.cc:116] could not retrieve Azure instance metadata: Network error: curl error: HTTP response code said error: The requested URL returned error: 404
I20260608 10:08:36.435940 11350 server_base.cc:1061] running on GCE node
W20260608 10:08:36.436889 12125 instance_detector.cc:116] could not retrieve OpenStack instance metadata: Network error: curl error: HTTP response code said error: The requested URL returned error: 404
I20260608 10:08:36.437454 12119 heartbeater.cc:344] Connected to a master server at 127.11.21.190:34557
I20260608 10:08:36.437928 12119 heartbeater.cc:461] Registering TS with master...
I20260608 10:08:36.438189 11350 hybrid_clock.cc:584] initializing the hybrid clock with 'system_unsync' time source
W20260608 10:08:36.438478 11350 system_unsync_time.cc:38] NTP support is disabled. Clock error bounds will not be accurate. This configuration is not suitable for distributed clusters.
I20260608 10:08:36.438684 11350 hybrid_clock.cc:648] HybridClock initialized: now 1780913316438665 us; error 0 us; skew 500 ppm
I20260608 10:08:36.438912 12119 heartbeater.cc:507] Master 127.11.21.190:34557 requested a full tablet report, sending...
I20260608 10:08:36.439540 11350 server_base.cc:861] Flag tcmalloc_max_total_thread_cache_bytes is not working since tcmalloc is not enabled.
I20260608 10:08:36.441500 11917 ts_manager.cc:194] Registered new tserver with Master: 75b1f49e77dd4a81819e058ef282585d (127.11.21.130:42529)
I20260608 10:08:36.442674 11350 webserver.cc:533] Webserver started at http://127.11.21.131:33645/ using document root <none> and password file <none>
I20260608 10:08:36.443252 11917 master_service.cc:502] Signed X509 certificate for tserver {username='slave'} at 127.0.0.1:44798
I20260608 10:08:36.443460 11350 fs_manager.cc:362] Metadata directory not provided
I20260608 10:08:36.443811 11350 fs_manager.cc:368] Using write-ahead log directory (fs_wal_dir) as metadata directory
I20260608 10:08:36.444141 11350 server_base.cc:909] This appears to be a new deployment of Kudu; creating new FS layout
I20260608 10:08:36.445737 11350 fs_manager.cc:1068] Generated new instance metadata in path /tmp/dist-test-tasksyQY5a/test-tmp/auto_rebalancer-test.0.AutoRebalancerTest.AutoRebalancingTurnOffAndOn.1780913310779642-11350-0/minicluster-data/ts-2-root/instance:
uuid: "ffbbbe28010e4cbc9058ecf2092060e5"
format_stamp: "Formatted at 2026-06-08 10:08:36 on dist-test-slave-58dp"
I20260608 10:08:36.450605 11350 fs_manager.cc:696] Time spent creating directory manager: real 0.004s	user 0.003s	sys 0.001s
I20260608 10:08:36.454196 12130 log_block_manager.cc:4031] Time spent loading block containers with low live blocks: real 0.000s	user 0.000s	sys 0.000s
I20260608 10:08:36.455107 11350 fs_manager.cc:730] Time spent opening block manager: real 0.002s	user 0.002s	sys 0.001s
I20260608 10:08:36.455437 11350 fs_manager.cc:647] Opened local filesystem: /tmp/dist-test-tasksyQY5a/test-tmp/auto_rebalancer-test.0.AutoRebalancerTest.AutoRebalancingTurnOffAndOn.1780913310779642-11350-0/minicluster-data/ts-2-root
uuid: "ffbbbe28010e4cbc9058ecf2092060e5"
format_stamp: "Formatted at 2026-06-08 10:08:36 on dist-test-slave-58dp"
I20260608 10:08:36.455720 11350 fs_report.cc:389] FS layout report
--------------------
wal directory: /tmp/dist-test-tasksyQY5a/test-tmp/auto_rebalancer-test.0.AutoRebalancerTest.AutoRebalancingTurnOffAndOn.1780913310779642-11350-0/minicluster-data/ts-2-root
metadata directory: /tmp/dist-test-tasksyQY5a/test-tmp/auto_rebalancer-test.0.AutoRebalancerTest.AutoRebalancingTurnOffAndOn.1780913310779642-11350-0/minicluster-data/ts-2-root
1 data directories: /tmp/dist-test-tasksyQY5a/test-tmp/auto_rebalancer-test.0.AutoRebalancerTest.AutoRebalancingTurnOffAndOn.1780913310779642-11350-0/minicluster-data/ts-2-root/data
Total live blocks: 0
Total live bytes: 0
Total live bytes (after alignment): 0
Total number of LBM containers: 0 (0 full)
Did not check for missing blocks
Did not check for orphaned blocks
Total full LBM containers with extra space: 0 (0 repaired)
Total full LBM container extra space in bytes: 0 (0 repaired)
Total incomplete LBM containers: 0 (0 repaired)
Total LBM partial records: 0 (0 repaired)
Total corrupted LBM metadata records in RocksDB: 0 (0 repaired)
I20260608 10:08:36.471745 11350 rpc_server.cc:225] running with OpenSSL 1.1.1  11 Sep 2018
I20260608 10:08:36.472963 11350 kserver.cc:163] Server-wide thread pool size limit: 3276
I20260608 10:08:36.474532 11350 txn_system_client.cc:432] TxnSystemClient initialization is disabled...
I20260608 10:08:36.476862 11350 ts_tablet_manager.cc:585] Loaded tablet metadata (0 total tablets, 0 live tablets)
I20260608 10:08:36.477103 11350 ts_tablet_manager.cc:531] Time spent load tablet metadata: real 0.000s	user 0.000s	sys 0.000s
I20260608 10:08:36.477352 11350 ts_tablet_manager.cc:616] Registered 0 tablets
I20260608 10:08:36.477531 11350 ts_tablet_manager.cc:595] Time spent register tablets: real 0.000s	user 0.000s	sys 0.000s
I20260608 10:08:36.519261 11350 rpc_server.cc:307] RPC server started. Bound to: 127.11.21.131:35715
I20260608 10:08:36.519383 12192 acceptor_pool.cc:272] collecting diagnostics on the listening RPC socket 127.11.21.131:35715 every 8 connection(s)
I20260608 10:08:36.534492 12193 heartbeater.cc:344] Connected to a master server at 127.11.21.190:34557
I20260608 10:08:36.534955 12193 heartbeater.cc:461] Registering TS with master...
I20260608 10:08:36.535755 12193 heartbeater.cc:507] Master 127.11.21.190:34557 requested a full tablet report, sending...
I20260608 10:08:36.537925 11917 ts_manager.cc:194] Registered new tserver with Master: ffbbbe28010e4cbc9058ecf2092060e5 (127.11.21.131:35715)
I20260608 10:08:36.538307 11350 internal_mini_cluster.cc:371] 3 TS(s) registered with all masters after 0.015425934s
I20260608 10:08:36.539444 11917 master_service.cc:502] Signed X509 certificate for tserver {username='slave'} at 127.0.0.1:44802
I20260608 10:08:37.349532 12044 heartbeater.cc:499] Master 127.11.21.190:34557 was elected leader, sending a full tablet report...
I20260608 10:08:37.446357 12119 heartbeater.cc:499] Master 127.11.21.190:34557 was elected leader, sending a full tablet report...
I20260608 10:08:37.542429 12193 heartbeater.cc:499] Master 127.11.21.190:34557 was elected leader, sending a full tablet report...
I20260608 10:08:37.597625 11917 catalog_manager.cc:2282] Servicing CreateTable request from {username='slave'} at 127.0.0.1:44810:
name: "test-workload"
schema {
  columns {
    name: "key"
    type: INT32
    is_key: true
    is_nullable: false
    encoding: AUTO_ENCODING
    compression: DEFAULT_COMPRESSION
    cfile_block_size: 0
    immutable: false
  }
  columns {
    name: "int_val"
    type: INT32
    is_key: false
    is_nullable: false
    encoding: AUTO_ENCODING
    compression: DEFAULT_COMPRESSION
    cfile_block_size: 0
    immutable: false
  }
  columns {
    name: "string_val"
    type: STRING
    is_key: false
    is_nullable: true
    encoding: AUTO_ENCODING
    compression: DEFAULT_COMPRESSION
    cfile_block_size: 0
    immutable: false
  }
}
num_replicas: 3
split_rows_range_bounds {
  rows: "\004\001\000\377\377\377\017\004\001\000\376\377\377\037\004\001\000\375\377\377/\004\001\000\374\377\377?\004\001\000\373\377\377O\004\001\000\372\377\377_\004\001\000\371\377\377o""\004\001\000\377\377\377\017\004\001\000\376\377\377\037\004\001\000\375\377\377/\004\001\000\374\377\377?\004\001\000\373\377\377O\004\001\000\372\377\377_\004\001\000\371\377\377o"
  indirect_data: """"
}
partition_schema {
  range_schema {
    columns {
      name: "key"
    }
  }
}
W20260608 10:08:37.600430 11917 catalog_manager.cc:7076] The number of live tablet servers is not enough to re-replicate a tablet replica of the newly created table test-workload in case of a server failure: 4 tablet servers would be needed, 3 are available. Consider bringing up more tablet servers.
I20260608 10:08:37.686955 12158 tablet_service.cc:1511] Processing CreateTablet for tablet 0000fcf93d2d4c5eabdc6dcef0afb9a5 (DEFAULT_TABLE table=test-workload [id=fb4e12f66d464987a0544990dfb10c12]), partition=RANGE (key) PARTITION VALUES < 268435455
I20260608 10:08:37.688787 12158 data_dirs.cc:400] Could only allocate 1 dirs of requested 3 for tablet 0000fcf93d2d4c5eabdc6dcef0afb9a5. 1 dirs total, 0 dirs full, 0 dirs failed
I20260608 10:08:37.690362 12156 tablet_service.cc:1511] Processing CreateTablet for tablet a3addd6c25a54462ba867103b33b7244 (DEFAULT_TABLE table=test-workload [id=fb4e12f66d464987a0544990dfb10c12]), partition=RANGE (key) PARTITION 536870910 <= VALUES < 805306365
I20260608 10:08:37.691226 12008 tablet_service.cc:1511] Processing CreateTablet for tablet ba15907fe4644e0bbe917ecf009b5c7b (DEFAULT_TABLE table=test-workload [id=fb4e12f66d464987a0544990dfb10c12]), partition=RANGE (key) PARTITION 268435455 <= VALUES < 536870910
I20260608 10:08:37.691891 12156 data_dirs.cc:400] Could only allocate 1 dirs of requested 3 for tablet a3addd6c25a54462ba867103b33b7244. 1 dirs total, 0 dirs full, 0 dirs failed
I20260608 10:08:37.693467 12007 tablet_service.cc:1511] Processing CreateTablet for tablet a3addd6c25a54462ba867103b33b7244 (DEFAULT_TABLE table=test-workload [id=fb4e12f66d464987a0544990dfb10c12]), partition=RANGE (key) PARTITION 536870910 <= VALUES < 805306365
I20260608 10:08:37.694178 12153 tablet_service.cc:1511] Processing CreateTablet for tablet 7ad05e8be7134be39048a89034715d66 (DEFAULT_TABLE table=test-workload [id=fb4e12f66d464987a0544990dfb10c12]), partition=RANGE (key) PARTITION 1342177275 <= VALUES < 1610612730
I20260608 10:08:37.695282 12155 tablet_service.cc:1511] Processing CreateTablet for tablet 1841c7dc2c724115b2ef127694c8e3e8 (DEFAULT_TABLE table=test-workload [id=fb4e12f66d464987a0544990dfb10c12]), partition=RANGE (key) PARTITION 805306365 <= VALUES < 1073741820
I20260608 10:08:37.695991 12153 data_dirs.cc:400] Could only allocate 1 dirs of requested 3 for tablet 7ad05e8be7134be39048a89034715d66. 1 dirs total, 0 dirs full, 0 dirs failed
I20260608 10:08:37.696774 12155 data_dirs.cc:400] Could only allocate 1 dirs of requested 3 for tablet 1841c7dc2c724115b2ef127694c8e3e8. 1 dirs total, 0 dirs full, 0 dirs failed
I20260608 10:08:37.698351 12005 tablet_service.cc:1511] Processing CreateTablet for tablet 65d05beed3234ee1a7c67897303783e3 (DEFAULT_TABLE table=test-workload [id=fb4e12f66d464987a0544990dfb10c12]), partition=RANGE (key) PARTITION 1073741820 <= VALUES < 1342177275
I20260608 10:08:37.699352 12154 tablet_service.cc:1511] Processing CreateTablet for tablet 65d05beed3234ee1a7c67897303783e3 (DEFAULT_TABLE table=test-workload [id=fb4e12f66d464987a0544990dfb10c12]), partition=RANGE (key) PARTITION 1073741820 <= VALUES < 1342177275
I20260608 10:08:37.700888 12154 data_dirs.cc:400] Could only allocate 1 dirs of requested 3 for tablet 65d05beed3234ee1a7c67897303783e3. 1 dirs total, 0 dirs full, 0 dirs failed
I20260608 10:08:37.700734 12152 tablet_service.cc:1511] Processing CreateTablet for tablet f61a47b9c2f24bceb104f14f15ab4029 (DEFAULT_TABLE table=test-workload [id=fb4e12f66d464987a0544990dfb10c12]), partition=RANGE (key) PARTITION 1610612730 <= VALUES < 1879048185
I20260608 10:08:37.701412 12004 tablet_service.cc:1511] Processing CreateTablet for tablet 7ad05e8be7134be39048a89034715d66 (DEFAULT_TABLE table=test-workload [id=fb4e12f66d464987a0544990dfb10c12]), partition=RANGE (key) PARTITION 1342177275 <= VALUES < 1610612730
I20260608 10:08:37.702438 12152 data_dirs.cc:400] Could only allocate 1 dirs of requested 3 for tablet f61a47b9c2f24bceb104f14f15ab4029. 1 dirs total, 0 dirs full, 0 dirs failed
I20260608 10:08:37.696815 12006 tablet_service.cc:1511] Processing CreateTablet for tablet 1841c7dc2c724115b2ef127694c8e3e8 (DEFAULT_TABLE table=test-workload [id=fb4e12f66d464987a0544990dfb10c12]), partition=RANGE (key) PARTITION 805306365 <= VALUES < 1073741820
I20260608 10:08:37.703315 12009 tablet_service.cc:1511] Processing CreateTablet for tablet 0000fcf93d2d4c5eabdc6dcef0afb9a5 (DEFAULT_TABLE table=test-workload [id=fb4e12f66d464987a0544990dfb10c12]), partition=RANGE (key) PARTITION VALUES < 268435455
I20260608 10:08:37.688879 12157 tablet_service.cc:1511] Processing CreateTablet for tablet ba15907fe4644e0bbe917ecf009b5c7b (DEFAULT_TABLE table=test-workload [id=fb4e12f66d464987a0544990dfb10c12]), partition=RANGE (key) PARTITION 268435455 <= VALUES < 536870910
I20260608 10:08:37.706640 12003 tablet_service.cc:1511] Processing CreateTablet for tablet f61a47b9c2f24bceb104f14f15ab4029 (DEFAULT_TABLE table=test-workload [id=fb4e12f66d464987a0544990dfb10c12]), partition=RANGE (key) PARTITION 1610612730 <= VALUES < 1879048185
I20260608 10:08:37.707003 12151 tablet_service.cc:1511] Processing CreateTablet for tablet f77ce2b941ad453696ddecb8d14674af (DEFAULT_TABLE table=test-workload [id=fb4e12f66d464987a0544990dfb10c12]), partition=RANGE (key) PARTITION 1879048185 <= VALUES
I20260608 10:08:37.707055 12157 data_dirs.cc:400] Could only allocate 1 dirs of requested 3 for tablet ba15907fe4644e0bbe917ecf009b5c7b. 1 dirs total, 0 dirs full, 0 dirs failed
I20260608 10:08:37.709645 12002 tablet_service.cc:1511] Processing CreateTablet for tablet f77ce2b941ad453696ddecb8d14674af (DEFAULT_TABLE table=test-workload [id=fb4e12f66d464987a0544990dfb10c12]), partition=RANGE (key) PARTITION 1879048185 <= VALUES
I20260608 10:08:37.711231 12151 data_dirs.cc:400] Could only allocate 1 dirs of requested 3 for tablet f77ce2b941ad453696ddecb8d14674af. 1 dirs total, 0 dirs full, 0 dirs failed
I20260608 10:08:37.695273 12007 data_dirs.cc:400] Could only allocate 1 dirs of requested 3 for tablet a3addd6c25a54462ba867103b33b7244. 1 dirs total, 0 dirs full, 0 dirs failed
I20260608 10:08:37.714608 12004 data_dirs.cc:400] Could only allocate 1 dirs of requested 3 for tablet 7ad05e8be7134be39048a89034715d66. 1 dirs total, 0 dirs full, 0 dirs failed
I20260608 10:08:37.718421 12009 data_dirs.cc:400] Could only allocate 1 dirs of requested 3 for tablet 0000fcf93d2d4c5eabdc6dcef0afb9a5. 1 dirs total, 0 dirs full, 0 dirs failed
I20260608 10:08:37.722625 12008 data_dirs.cc:400] Could only allocate 1 dirs of requested 3 for tablet ba15907fe4644e0bbe917ecf009b5c7b. 1 dirs total, 0 dirs full, 0 dirs failed
I20260608 10:08:37.724541 12002 data_dirs.cc:400] Could only allocate 1 dirs of requested 3 for tablet f77ce2b941ad453696ddecb8d14674af. 1 dirs total, 0 dirs full, 0 dirs failed
I20260608 10:08:37.728060 12003 data_dirs.cc:400] Could only allocate 1 dirs of requested 3 for tablet f61a47b9c2f24bceb104f14f15ab4029. 1 dirs total, 0 dirs full, 0 dirs failed
I20260608 10:08:37.729486 12213 tablet_bootstrap.cc:492] T f61a47b9c2f24bceb104f14f15ab4029 P ffbbbe28010e4cbc9058ecf2092060e5: Bootstrap starting.
I20260608 10:08:37.734483 12006 data_dirs.cc:400] Could only allocate 1 dirs of requested 3 for tablet 1841c7dc2c724115b2ef127694c8e3e8. 1 dirs total, 0 dirs full, 0 dirs failed
I20260608 10:08:37.735325 12005 data_dirs.cc:400] Could only allocate 1 dirs of requested 3 for tablet 65d05beed3234ee1a7c67897303783e3. 1 dirs total, 0 dirs full, 0 dirs failed
I20260608 10:08:37.738633 12213 tablet_bootstrap.cc:654] T f61a47b9c2f24bceb104f14f15ab4029 P ffbbbe28010e4cbc9058ecf2092060e5: Neither blocks nor log segments found. Creating new log.
I20260608 10:08:37.750906 12213 tablet_bootstrap.cc:492] T f61a47b9c2f24bceb104f14f15ab4029 P ffbbbe28010e4cbc9058ecf2092060e5: No bootstrap required, opened a new log
I20260608 10:08:37.751645 12213 ts_tablet_manager.cc:1403] T f61a47b9c2f24bceb104f14f15ab4029 P ffbbbe28010e4cbc9058ecf2092060e5: Time spent bootstrapping tablet: real 0.023s	user 0.015s	sys 0.004s
I20260608 10:08:37.754979 12213 raft_consensus.cc:359] T f61a47b9c2f24bceb104f14f15ab4029 P ffbbbe28010e4cbc9058ecf2092060e5 [term 0 FOLLOWER]: Replica starting. Triggering 0 pending ops. Active config: opid_index: -1 OBSOLETE_local: false peers { permanent_uuid: "6f5fa372a8f44ed080cc926dbe1fcef3" member_type: VOTER last_known_addr { host: "127.11.21.129" port: 42185 } } peers { permanent_uuid: "75b1f49e77dd4a81819e058ef282585d" member_type: VOTER last_known_addr { host: "127.11.21.130" port: 42529 } } peers { permanent_uuid: "ffbbbe28010e4cbc9058ecf2092060e5" member_type: VOTER last_known_addr { host: "127.11.21.131" port: 35715 } }
I20260608 10:08:37.755872 12213 raft_consensus.cc:385] T f61a47b9c2f24bceb104f14f15ab4029 P ffbbbe28010e4cbc9058ecf2092060e5 [term 0 FOLLOWER]: Consensus starting up: Expiring failure detector timer to make a prompt election more likely
I20260608 10:08:37.755539 12084 tablet_service.cc:1511] Processing CreateTablet for tablet 0000fcf93d2d4c5eabdc6dcef0afb9a5 (DEFAULT_TABLE table=test-workload [id=fb4e12f66d464987a0544990dfb10c12]), partition=RANGE (key) PARTITION VALUES < 268435455
I20260608 10:08:37.756319 12213 raft_consensus.cc:740] T f61a47b9c2f24bceb104f14f15ab4029 P ffbbbe28010e4cbc9058ecf2092060e5 [term 0 FOLLOWER]: Becoming Follower/Learner. State: Replica: ffbbbe28010e4cbc9058ecf2092060e5, State: Initialized, Role: FOLLOWER
I20260608 10:08:37.758746 12083 tablet_service.cc:1511] Processing CreateTablet for tablet ba15907fe4644e0bbe917ecf009b5c7b (DEFAULT_TABLE table=test-workload [id=fb4e12f66d464987a0544990dfb10c12]), partition=RANGE (key) PARTITION 268435455 <= VALUES < 536870910
I20260608 10:08:37.760563 12079 tablet_service.cc:1511] Processing CreateTablet for tablet 7ad05e8be7134be39048a89034715d66 (DEFAULT_TABLE table=test-workload [id=fb4e12f66d464987a0544990dfb10c12]), partition=RANGE (key) PARTITION 1342177275 <= VALUES < 1610612730
I20260608 10:08:37.760731 12081 tablet_service.cc:1511] Processing CreateTablet for tablet 1841c7dc2c724115b2ef127694c8e3e8 (DEFAULT_TABLE table=test-workload [id=fb4e12f66d464987a0544990dfb10c12]), partition=RANGE (key) PARTITION 805306365 <= VALUES < 1073741820
I20260608 10:08:37.761063 12213 consensus_queue.cc:260] T f61a47b9c2f24bceb104f14f15ab4029 P ffbbbe28010e4cbc9058ecf2092060e5 [NON_LEADER]: Queue going to NON_LEADER mode. State: All replicated index: 0, Majority replicated index: 0, Committed index: 0, Last appended: 0.0, Last appended by leader: 0, Current term: 0, Majority size: -1, State: 0, Mode: NON_LEADER, active raft config: opid_index: -1 OBSOLETE_local: false peers { permanent_uuid: "6f5fa372a8f44ed080cc926dbe1fcef3" member_type: VOTER last_known_addr { host: "127.11.21.129" port: 42185 } } peers { permanent_uuid: "75b1f49e77dd4a81819e058ef282585d" member_type: VOTER last_known_addr { host: "127.11.21.130" port: 42529 } } peers { permanent_uuid: "ffbbbe28010e4cbc9058ecf2092060e5" member_type: VOTER last_known_addr { host: "127.11.21.131" port: 35715 } }
I20260608 10:08:37.763124 12080 tablet_service.cc:1511] Processing CreateTablet for tablet 65d05beed3234ee1a7c67897303783e3 (DEFAULT_TABLE table=test-workload [id=fb4e12f66d464987a0544990dfb10c12]), partition=RANGE (key) PARTITION 1073741820 <= VALUES < 1342177275
I20260608 10:08:37.766202 12082 tablet_service.cc:1511] Processing CreateTablet for tablet a3addd6c25a54462ba867103b33b7244 (DEFAULT_TABLE table=test-workload [id=fb4e12f66d464987a0544990dfb10c12]), partition=RANGE (key) PARTITION 536870910 <= VALUES < 805306365
I20260608 10:08:37.769699 12078 tablet_service.cc:1511] Processing CreateTablet for tablet f61a47b9c2f24bceb104f14f15ab4029 (DEFAULT_TABLE table=test-workload [id=fb4e12f66d464987a0544990dfb10c12]), partition=RANGE (key) PARTITION 1610612730 <= VALUES < 1879048185
I20260608 10:08:37.773013 12084 data_dirs.cc:400] Could only allocate 1 dirs of requested 3 for tablet 0000fcf93d2d4c5eabdc6dcef0afb9a5. 1 dirs total, 0 dirs full, 0 dirs failed
I20260608 10:08:37.774379 12083 data_dirs.cc:400] Could only allocate 1 dirs of requested 3 for tablet ba15907fe4644e0bbe917ecf009b5c7b. 1 dirs total, 0 dirs full, 0 dirs failed
I20260608 10:08:37.775159 12080 data_dirs.cc:400] Could only allocate 1 dirs of requested 3 for tablet 65d05beed3234ee1a7c67897303783e3. 1 dirs total, 0 dirs full, 0 dirs failed
I20260608 10:08:37.776304 12079 data_dirs.cc:400] Could only allocate 1 dirs of requested 3 for tablet 7ad05e8be7134be39048a89034715d66. 1 dirs total, 0 dirs full, 0 dirs failed
I20260608 10:08:37.777149 12081 data_dirs.cc:400] Could only allocate 1 dirs of requested 3 for tablet 1841c7dc2c724115b2ef127694c8e3e8. 1 dirs total, 0 dirs full, 0 dirs failed
I20260608 10:08:37.778815 12082 data_dirs.cc:400] Could only allocate 1 dirs of requested 3 for tablet a3addd6c25a54462ba867103b33b7244. 1 dirs total, 0 dirs full, 0 dirs failed
I20260608 10:08:37.780431 12078 data_dirs.cc:400] Could only allocate 1 dirs of requested 3 for tablet f61a47b9c2f24bceb104f14f15ab4029. 1 dirs total, 0 dirs full, 0 dirs failed
I20260608 10:08:37.810961 12213 ts_tablet_manager.cc:1434] T f61a47b9c2f24bceb104f14f15ab4029 P ffbbbe28010e4cbc9058ecf2092060e5: Time spent starting tablet: real 0.059s	user 0.011s	sys 0.022s
I20260608 10:08:37.812343 12213 tablet_bootstrap.cc:492] T ba15907fe4644e0bbe917ecf009b5c7b P ffbbbe28010e4cbc9058ecf2092060e5: Bootstrap starting.
I20260608 10:08:37.816061 12077 tablet_service.cc:1511] Processing CreateTablet for tablet f77ce2b941ad453696ddecb8d14674af (DEFAULT_TABLE table=test-workload [id=fb4e12f66d464987a0544990dfb10c12]), partition=RANGE (key) PARTITION 1879048185 <= VALUES
I20260608 10:08:37.817744 12077 data_dirs.cc:400] Could only allocate 1 dirs of requested 3 for tablet f77ce2b941ad453696ddecb8d14674af. 1 dirs total, 0 dirs full, 0 dirs failed
I20260608 10:08:37.819417 12213 tablet_bootstrap.cc:654] T ba15907fe4644e0bbe917ecf009b5c7b P ffbbbe28010e4cbc9058ecf2092060e5: Neither blocks nor log segments found. Creating new log.
I20260608 10:08:37.874950 12217 tablet_bootstrap.cc:492] T ba15907fe4644e0bbe917ecf009b5c7b P 6f5fa372a8f44ed080cc926dbe1fcef3: Bootstrap starting.
I20260608 10:08:37.878037 12215 raft_consensus.cc:493] T f61a47b9c2f24bceb104f14f15ab4029 P ffbbbe28010e4cbc9058ecf2092060e5 [term 0 FOLLOWER]: Starting pre-election (no leader contacted us within the election timeout)
I20260608 10:08:37.878722 12215 raft_consensus.cc:515] T f61a47b9c2f24bceb104f14f15ab4029 P ffbbbe28010e4cbc9058ecf2092060e5 [term 0 FOLLOWER]: Starting pre-election with config: opid_index: -1 OBSOLETE_local: false peers { permanent_uuid: "6f5fa372a8f44ed080cc926dbe1fcef3" member_type: VOTER last_known_addr { host: "127.11.21.129" port: 42185 } } peers { permanent_uuid: "75b1f49e77dd4a81819e058ef282585d" member_type: VOTER last_known_addr { host: "127.11.21.130" port: 42529 } } peers { permanent_uuid: "ffbbbe28010e4cbc9058ecf2092060e5" member_type: VOTER last_known_addr { host: "127.11.21.131" port: 35715 } }
I20260608 10:08:37.884933 12215 leader_election.cc:290] T f61a47b9c2f24bceb104f14f15ab4029 P ffbbbe28010e4cbc9058ecf2092060e5 [CANDIDATE]: Term 1 pre-election: Requested pre-vote from peers 6f5fa372a8f44ed080cc926dbe1fcef3 (127.11.21.129:42185), 75b1f49e77dd4a81819e058ef282585d (127.11.21.130:42529)
I20260608 10:08:37.895001 12213 tablet_bootstrap.cc:492] T ba15907fe4644e0bbe917ecf009b5c7b P ffbbbe28010e4cbc9058ecf2092060e5: No bootstrap required, opened a new log
I20260608 10:08:37.895633 12213 ts_tablet_manager.cc:1403] T ba15907fe4644e0bbe917ecf009b5c7b P ffbbbe28010e4cbc9058ecf2092060e5: Time spent bootstrapping tablet: real 0.084s	user 0.011s	sys 0.037s
I20260608 10:08:37.899273 12213 raft_consensus.cc:359] T ba15907fe4644e0bbe917ecf009b5c7b P ffbbbe28010e4cbc9058ecf2092060e5 [term 0 FOLLOWER]: Replica starting. Triggering 0 pending ops. Active config: opid_index: -1 OBSOLETE_local: false peers { permanent_uuid: "6f5fa372a8f44ed080cc926dbe1fcef3" member_type: VOTER last_known_addr { host: "127.11.21.129" port: 42185 } } peers { permanent_uuid: "75b1f49e77dd4a81819e058ef282585d" member_type: VOTER last_known_addr { host: "127.11.21.130" port: 42529 } } peers { permanent_uuid: "ffbbbe28010e4cbc9058ecf2092060e5" member_type: VOTER last_known_addr { host: "127.11.21.131" port: 35715 } }
I20260608 10:08:37.900059 12213 raft_consensus.cc:385] T ba15907fe4644e0bbe917ecf009b5c7b P ffbbbe28010e4cbc9058ecf2092060e5 [term 0 FOLLOWER]: Consensus starting up: Expiring failure detector timer to make a prompt election more likely
I20260608 10:08:37.900389 12213 raft_consensus.cc:740] T ba15907fe4644e0bbe917ecf009b5c7b P ffbbbe28010e4cbc9058ecf2092060e5 [term 0 FOLLOWER]: Becoming Follower/Learner. State: Replica: ffbbbe28010e4cbc9058ecf2092060e5, State: Initialized, Role: FOLLOWER
I20260608 10:08:37.901561 12213 consensus_queue.cc:260] T ba15907fe4644e0bbe917ecf009b5c7b P ffbbbe28010e4cbc9058ecf2092060e5 [NON_LEADER]: Queue going to NON_LEADER mode. State: All replicated index: 0, Majority replicated index: 0, Committed index: 0, Last appended: 0.0, Last appended by leader: 0, Current term: 0, Majority size: -1, State: 0, Mode: NON_LEADER, active raft config: opid_index: -1 OBSOLETE_local: false peers { permanent_uuid: "6f5fa372a8f44ed080cc926dbe1fcef3" member_type: VOTER last_known_addr { host: "127.11.21.129" port: 42185 } } peers { permanent_uuid: "75b1f49e77dd4a81819e058ef282585d" member_type: VOTER last_known_addr { host: "127.11.21.130" port: 42529 } } peers { permanent_uuid: "ffbbbe28010e4cbc9058ecf2092060e5" member_type: VOTER last_known_addr { host: "127.11.21.131" port: 35715 } }
I20260608 10:08:37.910351 12213 ts_tablet_manager.cc:1434] T ba15907fe4644e0bbe917ecf009b5c7b P ffbbbe28010e4cbc9058ecf2092060e5: Time spent starting tablet: real 0.014s	user 0.009s	sys 0.001s
I20260608 10:08:37.937675 12213 tablet_bootstrap.cc:492] T 7ad05e8be7134be39048a89034715d66 P ffbbbe28010e4cbc9058ecf2092060e5: Bootstrap starting.
I20260608 10:08:37.944988 12217 tablet_bootstrap.cc:654] T ba15907fe4644e0bbe917ecf009b5c7b P 6f5fa372a8f44ed080cc926dbe1fcef3: Neither blocks nor log segments found. Creating new log.
I20260608 10:08:37.945353 12213 tablet_bootstrap.cc:654] T 7ad05e8be7134be39048a89034715d66 P ffbbbe28010e4cbc9058ecf2092060e5: Neither blocks nor log segments found. Creating new log.
I20260608 10:08:37.949896 12219 tablet_bootstrap.cc:492] T 0000fcf93d2d4c5eabdc6dcef0afb9a5 P 75b1f49e77dd4a81819e058ef282585d: Bootstrap starting.
I20260608 10:08:37.957388 12219 tablet_bootstrap.cc:654] T 0000fcf93d2d4c5eabdc6dcef0afb9a5 P 75b1f49e77dd4a81819e058ef282585d: Neither blocks nor log segments found. Creating new log.
I20260608 10:08:37.963037 12213 tablet_bootstrap.cc:492] T 7ad05e8be7134be39048a89034715d66 P ffbbbe28010e4cbc9058ecf2092060e5: No bootstrap required, opened a new log
I20260608 10:08:37.963618 12213 ts_tablet_manager.cc:1403] T 7ad05e8be7134be39048a89034715d66 P ffbbbe28010e4cbc9058ecf2092060e5: Time spent bootstrapping tablet: real 0.026s	user 0.013s	sys 0.002s
I20260608 10:08:37.963730 12019 tablet_service.cc:1917] Received RequestConsensusVote() RPC: tablet_id: "f61a47b9c2f24bceb104f14f15ab4029" candidate_uuid: "ffbbbe28010e4cbc9058ecf2092060e5" candidate_term: 1 candidate_status { last_received { term: 0 index: 0 } } ignore_live_leader: false dest_uuid: "6f5fa372a8f44ed080cc926dbe1fcef3" is_pre_election: true
W20260608 10:08:37.966174 12134 leader_election.cc:343] T f61a47b9c2f24bceb104f14f15ab4029 P ffbbbe28010e4cbc9058ecf2092060e5 [CANDIDATE]: Term 1 pre-election: Tablet error from VoteRequest() call to peer 6f5fa372a8f44ed080cc926dbe1fcef3 (127.11.21.129:42185): Illegal state: must be running to vote when last-logged opid is not known
I20260608 10:08:37.967288 12217 tablet_bootstrap.cc:492] T ba15907fe4644e0bbe917ecf009b5c7b P 6f5fa372a8f44ed080cc926dbe1fcef3: No bootstrap required, opened a new log
I20260608 10:08:37.967939 12217 ts_tablet_manager.cc:1403] T ba15907fe4644e0bbe917ecf009b5c7b P 6f5fa372a8f44ed080cc926dbe1fcef3: Time spent bootstrapping tablet: real 0.093s	user 0.015s	sys 0.011s
I20260608 10:08:37.969673 12219 tablet_bootstrap.cc:492] T 0000fcf93d2d4c5eabdc6dcef0afb9a5 P 75b1f49e77dd4a81819e058ef282585d: No bootstrap required, opened a new log
I20260608 10:08:37.970295 12219 ts_tablet_manager.cc:1403] T 0000fcf93d2d4c5eabdc6dcef0afb9a5 P 75b1f49e77dd4a81819e058ef282585d: Time spent bootstrapping tablet: real 0.021s	user 0.010s	sys 0.006s
