I20260608 10:10:05.858717 24421 raft_consensus.cc:2243] T 411d291b5958472ca05881a4fe8389f7 P 392b3992b19543eeb37034ed7882f9d9 [term 1 LEADER]: Raft consensus shutting down.
I20260608 10:10:05.859395 24421 raft_consensus.cc:2272] T 411d291b5958472ca05881a4fe8389f7 P 392b3992b19543eeb37034ed7882f9d9 [term 1 FOLLOWER]: Raft consensus is shut down!
I20260608 10:10:05.861370 24421 tablet_replica.cc:333] T 086c16a6507f48f28f0ceefc65f691d2 P 392b3992b19543eeb37034ed7882f9d9: stopping tablet replica
I20260608 10:10:05.861901 24421 raft_consensus.cc:2243] T 086c16a6507f48f28f0ceefc65f691d2 P 392b3992b19543eeb37034ed7882f9d9 [term 1 FOLLOWER]: Raft consensus shutting down.
I20260608 10:10:05.862318 24421 raft_consensus.cc:2272] T 086c16a6507f48f28f0ceefc65f691d2 P 392b3992b19543eeb37034ed7882f9d9 [term 1 FOLLOWER]: Raft consensus is shut down!
I20260608 10:10:05.876861 28036 raft_consensus.cc:493] T 10e2246c0ae0486e9e41a45bc21cba0a P a18edd13cb804e37842ccb2edade3ec1 [term 1 FOLLOWER]: Starting pre-election (detected failure of leader 4a64c72f4739426d9ba13fd8d0c5cc37)
I20260608 10:10:05.877535 28036 raft_consensus.cc:515] T 10e2246c0ae0486e9e41a45bc21cba0a P a18edd13cb804e37842ccb2edade3ec1 [term 1 FOLLOWER]: Starting pre-election with config: opid_index: 4 OBSOLETE_local: false peers { permanent_uuid: "4a64c72f4739426d9ba13fd8d0c5cc37" member_type: VOTER last_known_addr { host: "127.23.217.65" port: 33653 } } peers { permanent_uuid: "392b3992b19543eeb37034ed7882f9d9" member_type: VOTER last_known_addr { host: "127.23.217.66" port: 40251 } } peers { permanent_uuid: "a18edd13cb804e37842ccb2edade3ec1" member_type: VOTER last_known_addr { host: "127.23.217.67" port: 38103 } attrs { promote: false } }
I20260608 10:10:05.880066 28036 leader_election.cc:290] T 10e2246c0ae0486e9e41a45bc21cba0a P a18edd13cb804e37842ccb2edade3ec1 [CANDIDATE]: Term 2 pre-election: Requested pre-vote from peers 4a64c72f4739426d9ba13fd8d0c5cc37 (127.23.217.65:33653), 392b3992b19543eeb37034ed7882f9d9 (127.23.217.66:40251)
W20260608 10:10:05.883996 27555 leader_election.cc:336] T 10e2246c0ae0486e9e41a45bc21cba0a P a18edd13cb804e37842ccb2edade3ec1 [CANDIDATE]: Term 2 pre-election: RPC error from VoteRequest() call to peer 392b3992b19543eeb37034ed7882f9d9 (127.23.217.66:40251): Remote error: Service unavailable: service kudu.consensus.ConsensusService not registered on TabletServer
W20260608 10:10:05.884850 27553 leader_election.cc:336] T 10e2246c0ae0486e9e41a45bc21cba0a P a18edd13cb804e37842ccb2edade3ec1 [CANDIDATE]: Term 2 pre-election: RPC error from VoteRequest() call to peer 4a64c72f4739426d9ba13fd8d0c5cc37 (127.23.217.65:33653): Network error: Client connection negotiation failed: client connection to 127.23.217.65:33653: connect: Connection refused (error 111)
I20260608 10:10:05.885288 27553 leader_election.cc:304] T 10e2246c0ae0486e9e41a45bc21cba0a P a18edd13cb804e37842ccb2edade3ec1 [CANDIDATE]: Term 2 pre-election: Election decided. Result: candidate lost. Election summary: received 3 responses out of 3 voters: 1 yes votes; 2 no votes. yes voters: a18edd13cb804e37842ccb2edade3ec1; no voters: 392b3992b19543eeb37034ed7882f9d9, 4a64c72f4739426d9ba13fd8d0c5cc37
I20260608 10:10:05.886152 28036 raft_consensus.cc:2749] T 10e2246c0ae0486e9e41a45bc21cba0a P a18edd13cb804e37842ccb2edade3ec1 [term 1 FOLLOWER]: Leader pre-election lost for term 2. Reason: could not achieve majority
I20260608 10:10:05.891510 24421 tablet_server.cc:196] TabletServer@127.23.217.66:0 shutdown complete.
I20260608 10:10:05.923300 24421 tablet_server.cc:179] TabletServer@127.23.217.67:0 shutting down...
W20260608 10:10:05.944747 27708 consensus_peers.cc:597] T 33c0ade896b44ba784e70850e60e896a P 6f9b80efc17b409cb18f70dd83467b5a -> Peer a18edd13cb804e37842ccb2edade3ec1 (127.23.217.67:38103): Couldn't send request to peer a18edd13cb804e37842ccb2edade3ec1. Status: Remote error: Service unavailable: service kudu.consensus.ConsensusService not registered on TabletServer. This is attempt 1: this message will repeat every 5th retry.
I20260608 10:10:05.953035 24421 ts_tablet_manager.cc:1507] Shutting down tablet manager...
I20260608 10:10:05.953913 24421 tablet_replica.cc:333] T 7eef777dfdca4944bc224a0d4a51c542 P a18edd13cb804e37842ccb2edade3ec1: stopping tablet replica
I20260608 10:10:05.954871 24421 raft_consensus.cc:2243] T 7eef777dfdca4944bc224a0d4a51c542 P a18edd13cb804e37842ccb2edade3ec1 [term 1 FOLLOWER]: Raft consensus shutting down.
I20260608 10:10:05.955642 24421 raft_consensus.cc:2272] T 7eef777dfdca4944bc224a0d4a51c542 P a18edd13cb804e37842ccb2edade3ec1 [term 1 FOLLOWER]: Raft consensus is shut down!
I20260608 10:10:05.957624 24421 tablet_replica.cc:333] T 10e2246c0ae0486e9e41a45bc21cba0a P a18edd13cb804e37842ccb2edade3ec1: stopping tablet replica
I20260608 10:10:05.958144 24421 raft_consensus.cc:2243] T 10e2246c0ae0486e9e41a45bc21cba0a P a18edd13cb804e37842ccb2edade3ec1 [term 1 FOLLOWER]: Raft consensus shutting down.
I20260608 10:10:05.958607 24421 raft_consensus.cc:2272] T 10e2246c0ae0486e9e41a45bc21cba0a P a18edd13cb804e37842ccb2edade3ec1 [term 1 FOLLOWER]: Raft consensus is shut down!
I20260608 10:10:05.960602 24421 tablet_replica.cc:333] T 03a5eb22a33849eda8c53095d1a120df P a18edd13cb804e37842ccb2edade3ec1: stopping tablet replica
I20260608 10:10:05.961202 24421 raft_consensus.cc:2243] T 03a5eb22a33849eda8c53095d1a120df P a18edd13cb804e37842ccb2edade3ec1 [term 1 FOLLOWER]: Raft consensus shutting down.
I20260608 10:10:05.961632 24421 raft_consensus.cc:2272] T 03a5eb22a33849eda8c53095d1a120df P a18edd13cb804e37842ccb2edade3ec1 [term 1 FOLLOWER]: Raft consensus is shut down!
I20260608 10:10:05.963439 24421 tablet_replica.cc:333] T 203d79466287429982a3cb878ba981c7 P a18edd13cb804e37842ccb2edade3ec1: stopping tablet replica
I20260608 10:10:05.964038 24421 raft_consensus.cc:2243] T 203d79466287429982a3cb878ba981c7 P a18edd13cb804e37842ccb2edade3ec1 [term 1 LEADER]: Raft consensus shutting down.
I20260608 10:10:05.964826 24421 raft_consensus.cc:2272] T 203d79466287429982a3cb878ba981c7 P a18edd13cb804e37842ccb2edade3ec1 [term 1 FOLLOWER]: Raft consensus is shut down!
I20260608 10:10:05.966830 24421 tablet_replica.cc:333] T e14b71e3895949e6a430626d4007fdba P a18edd13cb804e37842ccb2edade3ec1: stopping tablet replica
I20260608 10:10:05.967406 24421 raft_consensus.cc:2243] T e14b71e3895949e6a430626d4007fdba P a18edd13cb804e37842ccb2edade3ec1 [term 1 FOLLOWER]: Raft consensus shutting down.
I20260608 10:10:05.967826 24421 raft_consensus.cc:2272] T e14b71e3895949e6a430626d4007fdba P a18edd13cb804e37842ccb2edade3ec1 [term 1 FOLLOWER]: Raft consensus is shut down!
I20260608 10:10:05.969787 24421 tablet_replica.cc:333] T a7f77cdf462e422d8ba7923e796a5365 P a18edd13cb804e37842ccb2edade3ec1: stopping tablet replica
I20260608 10:10:05.970355 24421 raft_consensus.cc:2243] T a7f77cdf462e422d8ba7923e796a5365 P a18edd13cb804e37842ccb2edade3ec1 [term 2 FOLLOWER]: Raft consensus shutting down.
I20260608 10:10:05.970775 24421 raft_consensus.cc:2272] T a7f77cdf462e422d8ba7923e796a5365 P a18edd13cb804e37842ccb2edade3ec1 [term 2 FOLLOWER]: Raft consensus is shut down!
I20260608 10:10:05.972653 24421 tablet_replica.cc:333] T 8c5bc937c7fc4e5eaec63c45bc3c24fb P a18edd13cb804e37842ccb2edade3ec1: stopping tablet replica
I20260608 10:10:05.973191 24421 raft_consensus.cc:2243] T 8c5bc937c7fc4e5eaec63c45bc3c24fb P a18edd13cb804e37842ccb2edade3ec1 [term 1 LEADER]: Raft consensus shutting down.
I20260608 10:10:05.973963 24421 raft_consensus.cc:2272] T 8c5bc937c7fc4e5eaec63c45bc3c24fb P a18edd13cb804e37842ccb2edade3ec1 [term 1 FOLLOWER]: Raft consensus is shut down!
I20260608 10:10:05.975910 24421 tablet_replica.cc:333] T c9187548495a4921a37d7f33b4acf4e0 P a18edd13cb804e37842ccb2edade3ec1: stopping tablet replica
I20260608 10:10:05.976434 24421 raft_consensus.cc:2243] T c9187548495a4921a37d7f33b4acf4e0 P a18edd13cb804e37842ccb2edade3ec1 [term 1 LEADER]: Raft consensus shutting down.
I20260608 10:10:05.977182 24421 raft_consensus.cc:2272] T c9187548495a4921a37d7f33b4acf4e0 P a18edd13cb804e37842ccb2edade3ec1 [term 1 FOLLOWER]: Raft consensus is shut down!
I20260608 10:10:05.979050 24421 tablet_replica.cc:333] T c0342c3f6ce14829a88043c773670212 P a18edd13cb804e37842ccb2edade3ec1: stopping tablet replica
I20260608 10:10:05.979561 24421 raft_consensus.cc:2243] T c0342c3f6ce14829a88043c773670212 P a18edd13cb804e37842ccb2edade3ec1 [term 1 FOLLOWER]: Raft consensus shutting down.
I20260608 10:10:05.980062 24421 raft_consensus.cc:2272] T c0342c3f6ce14829a88043c773670212 P a18edd13cb804e37842ccb2edade3ec1 [term 1 FOLLOWER]: Raft consensus is shut down!
I20260608 10:10:05.981938 24421 tablet_replica.cc:333] T 33c0ade896b44ba784e70850e60e896a P a18edd13cb804e37842ccb2edade3ec1: stopping tablet replica
I20260608 10:10:05.982574 24421 raft_consensus.cc:2243] T 33c0ade896b44ba784e70850e60e896a P a18edd13cb804e37842ccb2edade3ec1 [term 5 FOLLOWER]: Raft consensus shutting down.
I20260608 10:10:05.983311 24421 raft_consensus.cc:2272] T 33c0ade896b44ba784e70850e60e896a P a18edd13cb804e37842ccb2edade3ec1 [term 5 FOLLOWER]: Raft consensus is shut down!
I20260608 10:10:05.986282 24421 tablet_replica.cc:333] T 5f736ffef2334717a823de32d933366f P a18edd13cb804e37842ccb2edade3ec1: stopping tablet replica
I20260608 10:10:05.987164 24421 raft_consensus.cc:2243] T 5f736ffef2334717a823de32d933366f P a18edd13cb804e37842ccb2edade3ec1 [term 1 FOLLOWER]: Raft consensus shutting down.
W20260608 10:10:05.987598 27708 consensus_peers.cc:597] T 2d18513ebe044a2f9901e781de6004d4 P 6f9b80efc17b409cb18f70dd83467b5a -> Peer 392b3992b19543eeb37034ed7882f9d9 (127.23.217.66:40251): Couldn't send request to peer 392b3992b19543eeb37034ed7882f9d9. Status: Network error: Client connection negotiation failed: client connection to 127.23.217.66:40251: connect: Connection refused (error 111). This is attempt 1: this message will repeat every 5th retry.
I20260608 10:10:05.987736 24421 raft_consensus.cc:2272] T 5f736ffef2334717a823de32d933366f P a18edd13cb804e37842ccb2edade3ec1 [term 1 FOLLOWER]: Raft consensus is shut down!
I20260608 10:10:05.989748 24421 tablet_replica.cc:333] T 086c16a6507f48f28f0ceefc65f691d2 P a18edd13cb804e37842ccb2edade3ec1: stopping tablet replica
I20260608 10:10:05.990265 24421 raft_consensus.cc:2243] T 086c16a6507f48f28f0ceefc65f691d2 P a18edd13cb804e37842ccb2edade3ec1 [term 1 LEADER]: Raft consensus shutting down.
I20260608 10:10:05.991039 24421 raft_consensus.cc:2272] T 086c16a6507f48f28f0ceefc65f691d2 P a18edd13cb804e37842ccb2edade3ec1 [term 1 FOLLOWER]: Raft consensus is shut down!
W20260608 10:10:05.997566 27708 consensus_peers.cc:597] T 7eef777dfdca4944bc224a0d4a51c542 P 6f9b80efc17b409cb18f70dd83467b5a -> Peer a18edd13cb804e37842ccb2edade3ec1 (127.23.217.67:38103): Couldn't send request to peer a18edd13cb804e37842ccb2edade3ec1. Status: Remote error: Service unavailable: service kudu.consensus.ConsensusService not registered on TabletServer. This is attempt 1: this message will repeat every 5th retry.
I20260608 10:10:06.032871 24421 tablet_server.cc:196] TabletServer@127.23.217.67:0 shutdown complete.
I20260608 10:10:06.060794 24421 tablet_server.cc:179] TabletServer@127.23.217.68:0 shutting down...
I20260608 10:10:06.076874 28035 raft_consensus.cc:493] T 5f736ffef2334717a823de32d933366f P 6f9b80efc17b409cb18f70dd83467b5a [term 1 FOLLOWER]: Starting pre-election (detected failure of leader 4a64c72f4739426d9ba13fd8d0c5cc37)
I20260608 10:10:06.077540 28035 raft_consensus.cc:515] T 5f736ffef2334717a823de32d933366f P 6f9b80efc17b409cb18f70dd83467b5a [term 1 FOLLOWER]: Starting pre-election with config: opid_index: 4 OBSOLETE_local: false peers { permanent_uuid: "4a64c72f4739426d9ba13fd8d0c5cc37" member_type: VOTER last_known_addr { host: "127.23.217.65" port: 33653 } } peers { permanent_uuid: "a18edd13cb804e37842ccb2edade3ec1" member_type: VOTER last_known_addr { host: "127.23.217.67" port: 38103 } } peers { permanent_uuid: "6f9b80efc17b409cb18f70dd83467b5a" member_type: VOTER last_known_addr { host: "127.23.217.68" port: 35049 } attrs { promote: false } }
I20260608 10:10:06.080166 28035 leader_election.cc:290] T 5f736ffef2334717a823de32d933366f P 6f9b80efc17b409cb18f70dd83467b5a [CANDIDATE]: Term 2 pre-election: Requested pre-vote from peers 4a64c72f4739426d9ba13fd8d0c5cc37 (127.23.217.65:33653), a18edd13cb804e37842ccb2edade3ec1 (127.23.217.67:38103)
W20260608 10:10:06.088025 27706 leader_election.cc:336] T 5f736ffef2334717a823de32d933366f P 6f9b80efc17b409cb18f70dd83467b5a [CANDIDATE]: Term 2 pre-election: RPC error from VoteRequest() call to peer 4a64c72f4739426d9ba13fd8d0c5cc37 (127.23.217.65:33653): Network error: Client connection negotiation failed: client connection to 127.23.217.65:33653: connect: Connection refused (error 111)
W20260608 10:10:06.089568 27708 leader_election.cc:336] T 5f736ffef2334717a823de32d933366f P 6f9b80efc17b409cb18f70dd83467b5a [CANDIDATE]: Term 2 pre-election: RPC error from VoteRequest() call to peer a18edd13cb804e37842ccb2edade3ec1 (127.23.217.67:38103): Network error: Client connection negotiation failed: client connection to 127.23.217.67:38103: connect: Connection refused (error 111)
I20260608 10:10:06.089811 28035 raft_consensus.cc:493] T bbae973457f94470af35452e680d29e7 P 6f9b80efc17b409cb18f70dd83467b5a [term 1 FOLLOWER]: Starting pre-election (detected failure of leader 4a64c72f4739426d9ba13fd8d0c5cc37)
I20260608 10:10:06.090071 27708 leader_election.cc:304] T 5f736ffef2334717a823de32d933366f P 6f9b80efc17b409cb18f70dd83467b5a [CANDIDATE]: Term 2 pre-election: Election decided. Result: candidate lost. Election summary: received 3 responses out of 3 voters: 1 yes votes; 2 no votes. yes voters: 6f9b80efc17b409cb18f70dd83467b5a; no voters: 4a64c72f4739426d9ba13fd8d0c5cc37, a18edd13cb804e37842ccb2edade3ec1
I20260608 10:10:06.090438 28035 raft_consensus.cc:515] T bbae973457f94470af35452e680d29e7 P 6f9b80efc17b409cb18f70dd83467b5a [term 1 FOLLOWER]: Starting pre-election with config: opid_index: 4 OBSOLETE_local: false peers { permanent_uuid: "392b3992b19543eeb37034ed7882f9d9" member_type: VOTER last_known_addr { host: "127.23.217.66" port: 40251 } } peers { permanent_uuid: "4a64c72f4739426d9ba13fd8d0c5cc37" member_type: VOTER last_known_addr { host: "127.23.217.65" port: 33653 } } peers { permanent_uuid: "6f9b80efc17b409cb18f70dd83467b5a" member_type: VOTER last_known_addr { host: "127.23.217.68" port: 35049 } attrs { promote: false } }
I20260608 10:10:06.091018 28054 raft_consensus.cc:2749] T 5f736ffef2334717a823de32d933366f P 6f9b80efc17b409cb18f70dd83467b5a [term 1 FOLLOWER]: Leader pre-election lost for term 2. Reason: could not achieve majority
I20260608 10:10:06.093210 28035 leader_election.cc:290] T bbae973457f94470af35452e680d29e7 P 6f9b80efc17b409cb18f70dd83467b5a [CANDIDATE]: Term 2 pre-election: Requested pre-vote from peers 392b3992b19543eeb37034ed7882f9d9 (127.23.217.66:40251), 4a64c72f4739426d9ba13fd8d0c5cc37 (127.23.217.65:33653)
I20260608 10:10:06.094715 24421 ts_tablet_manager.cc:1507] Shutting down tablet manager...
I20260608 10:10:06.095675 24421 tablet_replica.cc:333] T bbae973457f94470af35452e680d29e7 P 6f9b80efc17b409cb18f70dd83467b5a: stopping tablet replica
I20260608 10:10:06.096599 24421 raft_consensus.cc:2243] T bbae973457f94470af35452e680d29e7 P 6f9b80efc17b409cb18f70dd83467b5a [term 1 FOLLOWER]: Raft consensus shutting down.
W20260608 10:10:06.097153 27708 leader_election.cc:336] T bbae973457f94470af35452e680d29e7 P 6f9b80efc17b409cb18f70dd83467b5a [CANDIDATE]: Term 2 pre-election: RPC error from VoteRequest() call to peer 392b3992b19543eeb37034ed7882f9d9 (127.23.217.66:40251): Network error: Client connection negotiation failed: client connection to 127.23.217.66:40251: connect: Connection refused (error 111)
I20260608 10:10:06.097482 24421 raft_consensus.cc:2272] T bbae973457f94470af35452e680d29e7 P 6f9b80efc17b409cb18f70dd83467b5a [term 1 FOLLOWER]: Raft consensus is shut down!
W20260608 10:10:06.098407 27706 leader_election.cc:336] T bbae973457f94470af35452e680d29e7 P 6f9b80efc17b409cb18f70dd83467b5a [CANDIDATE]: Term 2 pre-election: RPC error from VoteRequest() call to peer 4a64c72f4739426d9ba13fd8d0c5cc37 (127.23.217.65:33653): Network error: Client connection negotiation failed: client connection to 127.23.217.65:33653: connect: Connection refused (error 111)
I20260608 10:10:06.098806 27706 leader_election.cc:304] T bbae973457f94470af35452e680d29e7 P 6f9b80efc17b409cb18f70dd83467b5a [CANDIDATE]: Term 2 pre-election: Election decided. Result: candidate lost. Election summary: received 3 responses out of 3 voters: 1 yes votes; 2 no votes. yes voters: 6f9b80efc17b409cb18f70dd83467b5a; no voters: 392b3992b19543eeb37034ed7882f9d9, 4a64c72f4739426d9ba13fd8d0c5cc37
W20260608 10:10:06.099423 27706 raft_consensus.cc:2686] T bbae973457f94470af35452e680d29e7 P 6f9b80efc17b409cb18f70dd83467b5a: unable to run election callback: Service unavailable: Thread pool token was shut down
I20260608 10:10:06.099670 24421 tablet_replica.cc:333] T 33c0ade896b44ba784e70850e60e896a P 6f9b80efc17b409cb18f70dd83467b5a: stopping tablet replica
I20260608 10:10:06.100317 24421 raft_consensus.cc:2243] T 33c0ade896b44ba784e70850e60e896a P 6f9b80efc17b409cb18f70dd83467b5a [term 5 LEADER]: Raft consensus shutting down.
I20260608 10:10:06.101238 24421 raft_consensus.cc:2272] T 33c0ade896b44ba784e70850e60e896a P 6f9b80efc17b409cb18f70dd83467b5a [term 5 FOLLOWER]: Raft consensus is shut down!
I20260608 10:10:06.103503 24421 tablet_replica.cc:333] T 411d291b5958472ca05881a4fe8389f7 P 6f9b80efc17b409cb18f70dd83467b5a: stopping tablet replica
I20260608 10:10:06.104188 24421 raft_consensus.cc:2243] T 411d291b5958472ca05881a4fe8389f7 P 6f9b80efc17b409cb18f70dd83467b5a [term 1 FOLLOWER]: Raft consensus shutting down.
I20260608 10:10:06.104663 24421 raft_consensus.cc:2272] T 411d291b5958472ca05881a4fe8389f7 P 6f9b80efc17b409cb18f70dd83467b5a [term 1 FOLLOWER]: Raft consensus is shut down!
I20260608 10:10:06.106596 24421 tablet_replica.cc:333] T 8c5bc937c7fc4e5eaec63c45bc3c24fb P 6f9b80efc17b409cb18f70dd83467b5a: stopping tablet replica
I20260608 10:10:06.107301 24421 raft_consensus.cc:2243] T 8c5bc937c7fc4e5eaec63c45bc3c24fb P 6f9b80efc17b409cb18f70dd83467b5a [term 1 FOLLOWER]: Raft consensus shutting down.
I20260608 10:10:06.107923 24421 raft_consensus.cc:2272] T 8c5bc937c7fc4e5eaec63c45bc3c24fb P 6f9b80efc17b409cb18f70dd83467b5a [term 1 FOLLOWER]: Raft consensus is shut down!
I20260608 10:10:06.109582 24421 tablet_replica.cc:333] T 5f736ffef2334717a823de32d933366f P 6f9b80efc17b409cb18f70dd83467b5a: stopping tablet replica
I20260608 10:10:06.110244 24421 raft_consensus.cc:2243] T 5f736ffef2334717a823de32d933366f P 6f9b80efc17b409cb18f70dd83467b5a [term 1 FOLLOWER]: Raft consensus shutting down.
I20260608 10:10:06.110755 24421 raft_consensus.cc:2272] T 5f736ffef2334717a823de32d933366f P 6f9b80efc17b409cb18f70dd83467b5a [term 1 FOLLOWER]: Raft consensus is shut down!
I20260608 10:10:06.112557 24421 tablet_replica.cc:333] T c9187548495a4921a37d7f33b4acf4e0 P 6f9b80efc17b409cb18f70dd83467b5a: stopping tablet replica
I20260608 10:10:06.113095 24421 raft_consensus.cc:2243] T c9187548495a4921a37d7f33b4acf4e0 P 6f9b80efc17b409cb18f70dd83467b5a [term 1 FOLLOWER]: Raft consensus shutting down.
I20260608 10:10:06.113554 24421 raft_consensus.cc:2272] T c9187548495a4921a37d7f33b4acf4e0 P 6f9b80efc17b409cb18f70dd83467b5a [term 1 FOLLOWER]: Raft consensus is shut down!
I20260608 10:10:06.115180 24421 tablet_replica.cc:333] T 70b85ecbb6774986a31ccb2a6a1fe713 P 6f9b80efc17b409cb18f70dd83467b5a: stopping tablet replica
I20260608 10:10:06.115775 24421 raft_consensus.cc:2243] T 70b85ecbb6774986a31ccb2a6a1fe713 P 6f9b80efc17b409cb18f70dd83467b5a [term 1 FOLLOWER]: Raft consensus shutting down.
I20260608 10:10:06.116227 24421 raft_consensus.cc:2272] T 70b85ecbb6774986a31ccb2a6a1fe713 P 6f9b80efc17b409cb18f70dd83467b5a [term 1 FOLLOWER]: Raft consensus is shut down!
I20260608 10:10:06.118022 24421 tablet_replica.cc:333] T 03a5eb22a33849eda8c53095d1a120df P 6f9b80efc17b409cb18f70dd83467b5a: stopping tablet replica
I20260608 10:10:06.118532 24421 raft_consensus.cc:2243] T 03a5eb22a33849eda8c53095d1a120df P 6f9b80efc17b409cb18f70dd83467b5a [term 1 FOLLOWER]: Raft consensus shutting down.
I20260608 10:10:06.118927 24421 raft_consensus.cc:2272] T 03a5eb22a33849eda8c53095d1a120df P 6f9b80efc17b409cb18f70dd83467b5a [term 1 FOLLOWER]: Raft consensus is shut down!
I20260608 10:10:06.120622 24421 tablet_replica.cc:333] T 2d18513ebe044a2f9901e781de6004d4 P 6f9b80efc17b409cb18f70dd83467b5a: stopping tablet replica
I20260608 10:10:06.121132 24421 raft_consensus.cc:2243] T 2d18513ebe044a2f9901e781de6004d4 P 6f9b80efc17b409cb18f70dd83467b5a [term 2 LEADER]: Raft consensus shutting down.
I20260608 10:10:06.121852 24421 raft_consensus.cc:2272] T 2d18513ebe044a2f9901e781de6004d4 P 6f9b80efc17b409cb18f70dd83467b5a [term 2 FOLLOWER]: Raft consensus is shut down!
I20260608 10:10:06.123628 24421 tablet_replica.cc:333] T 7eef777dfdca4944bc224a0d4a51c542 P 6f9b80efc17b409cb18f70dd83467b5a: stopping tablet replica
I20260608 10:10:06.124166 24421 raft_consensus.cc:2243] T 7eef777dfdca4944bc224a0d4a51c542 P 6f9b80efc17b409cb18f70dd83467b5a [term 1 LEADER]: Raft consensus shutting down.
I20260608 10:10:06.124898 24421 raft_consensus.cc:2272] T 7eef777dfdca4944bc224a0d4a51c542 P 6f9b80efc17b409cb18f70dd83467b5a [term 1 FOLLOWER]: Raft consensus is shut down!
I20260608 10:10:06.126639 24421 tablet_replica.cc:333] T a7f77cdf462e422d8ba7923e796a5365 P 6f9b80efc17b409cb18f70dd83467b5a: stopping tablet replica
I20260608 10:10:06.127135 24421 raft_consensus.cc:2243] T a7f77cdf462e422d8ba7923e796a5365 P 6f9b80efc17b409cb18f70dd83467b5a [term 2 LEADER]: Raft consensus shutting down.
I20260608 10:10:06.127853 24421 raft_consensus.cc:2272] T a7f77cdf462e422d8ba7923e796a5365 P 6f9b80efc17b409cb18f70dd83467b5a [term 2 FOLLOWER]: Raft consensus is shut down!
I20260608 10:10:06.129571 24421 tablet_replica.cc:333] T e14b71e3895949e6a430626d4007fdba P 6f9b80efc17b409cb18f70dd83467b5a: stopping tablet replica
I20260608 10:10:06.130057 24421 raft_consensus.cc:2243] T e14b71e3895949e6a430626d4007fdba P 6f9b80efc17b409cb18f70dd83467b5a [term 1 FOLLOWER]: Raft consensus shutting down.
I20260608 10:10:06.130458 24421 raft_consensus.cc:2272] T e14b71e3895949e6a430626d4007fdba P 6f9b80efc17b409cb18f70dd83467b5a [term 1 FOLLOWER]: Raft consensus is shut down!
I20260608 10:10:06.166009 24421 tablet_server.cc:196] TabletServer@127.23.217.68:0 shutdown complete.
I20260608 10:10:06.189548 24421 master.cc:562] Master@127.23.217.126:45381 shutting down...
I20260608 10:10:06.212752 24421 raft_consensus.cc:2243] T 00000000000000000000000000000000 P d760879eab3842f0b33e1e59287bf01e [term 1 LEADER]: Raft consensus shutting down.
I20260608 10:10:06.213354 24421 raft_consensus.cc:2272] T 00000000000000000000000000000000 P d760879eab3842f0b33e1e59287bf01e [term 1 FOLLOWER]: Raft consensus is shut down!
I20260608 10:10:06.213732 24421 tablet_replica.cc:333] T 00000000000000000000000000000000 P d760879eab3842f0b33e1e59287bf01e: stopping tablet replica
I20260608 10:10:06.234591 24421 master.cc:584] Master@127.23.217.126:45381 shutdown complete.
[       OK ] AutoRebalancerTest.RangeAwareRebalancesNewRangeReplicas (14728 ms)
[ RUN      ] AutoRebalancerTest.NoReplicaMovesIfLocationLoadSkewedByOne
I20260608 10:10:06.289381 24421 internal_mini_cluster.cc:156] Creating distributed mini masters. Addrs: 127.23.217.126:36581
I20260608 10:10:06.290618 24421 file_cache.cc:492] Constructed file cache file cache with capacity 419430
W20260608 10:10:06.296823 28057 instance_detector.cc:116] could not retrieve AWS instance metadata: Network error: curl error: HTTP response code said error: The requested URL returned error: 404
W20260608 10:10:06.296860 28058 instance_detector.cc:116] could not retrieve Azure instance metadata: Network error: curl error: HTTP response code said error: The requested URL returned error: 404
W20260608 10:10:06.297663 28060 instance_detector.cc:116] could not retrieve OpenStack instance metadata: Network error: curl error: HTTP response code said error: The requested URL returned error: 404
I20260608 10:10:06.298460 24421 server_base.cc:1061] running on GCE node
I20260608 10:10:06.300714 24421 hybrid_clock.cc:584] initializing the hybrid clock with 'system_unsync' time source
W20260608 10:10:06.300928 24421 system_unsync_time.cc:38] NTP support is disabled. Clock error bounds will not be accurate. This configuration is not suitable for distributed clusters.
I20260608 10:10:06.301090 24421 hybrid_clock.cc:648] HybridClock initialized: now 1780913406301075 us; error 0 us; skew 500 ppm
I20260608 10:10:06.301723 24421 server_base.cc:861] Flag tcmalloc_max_total_thread_cache_bytes is not working since tcmalloc is not enabled.
I20260608 10:10:06.304548 24421 webserver.cc:533] Webserver started at http://127.23.217.126:39383/ using document root <none> and password file <none>
I20260608 10:10:06.305088 24421 fs_manager.cc:362] Metadata directory not provided
I20260608 10:10:06.305267 24421 fs_manager.cc:368] Using write-ahead log directory (fs_wal_dir) as metadata directory
I20260608 10:10:06.305598 24421 server_base.cc:909] This appears to be a new deployment of Kudu; creating new FS layout
I20260608 10:10:06.306756 24421 fs_manager.cc:1068] Generated new instance metadata in path /tmp/dist-test-taskjSmELU/test-tmp/auto_rebalancer-test.0.AutoRebalancerTest.NoReplicaMovesIfLocationLoadSkewedByOne.1780913308439895-24421-0/minicluster-data/master-0-root/instance:
uuid: "332f674b2abc4acb95205a69d94b73ee"
format_stamp: "Formatted at 2026-06-08 10:10:06 on dist-test-slave-j6f4"
I20260608 10:10:06.311574 24421 fs_manager.cc:696] Time spent creating directory manager: real 0.004s	user 0.007s	sys 0.000s
I20260608 10:10:06.315851 28065 log_block_manager.cc:4031] Time spent loading block containers with low live blocks: real 0.000s	user 0.000s	sys 0.000s
I20260608 10:10:06.316857 24421 fs_manager.cc:730] Time spent opening block manager: real 0.003s	user 0.003s	sys 0.000s
I20260608 10:10:06.317205 24421 fs_manager.cc:647] Opened local filesystem: /tmp/dist-test-taskjSmELU/test-tmp/auto_rebalancer-test.0.AutoRebalancerTest.NoReplicaMovesIfLocationLoadSkewedByOne.1780913308439895-24421-0/minicluster-data/master-0-root
uuid: "332f674b2abc4acb95205a69d94b73ee"
format_stamp: "Formatted at 2026-06-08 10:10:06 on dist-test-slave-j6f4"
I20260608 10:10:06.317525 24421 fs_report.cc:389] FS layout report
--------------------
wal directory: /tmp/dist-test-taskjSmELU/test-tmp/auto_rebalancer-test.0.AutoRebalancerTest.NoReplicaMovesIfLocationLoadSkewedByOne.1780913308439895-24421-0/minicluster-data/master-0-root
metadata directory: /tmp/dist-test-taskjSmELU/test-tmp/auto_rebalancer-test.0.AutoRebalancerTest.NoReplicaMovesIfLocationLoadSkewedByOne.1780913308439895-24421-0/minicluster-data/master-0-root
1 data directories: /tmp/dist-test-taskjSmELU/test-tmp/auto_rebalancer-test.0.AutoRebalancerTest.NoReplicaMovesIfLocationLoadSkewedByOne.1780913308439895-24421-0/minicluster-data/master-0-root/data
Total live blocks: 0
Total live bytes: 0
Total live bytes (after alignment): 0
Total number of LBM containers: 0 (0 full)
Did not check for missing blocks
Did not check for orphaned blocks
Total full LBM containers with extra space: 0 (0 repaired)
Total full LBM container extra space in bytes: 0 (0 repaired)
Total incomplete LBM containers: 0 (0 repaired)
Total LBM partial records: 0 (0 repaired)
Total corrupted LBM metadata records in RocksDB: 0 (0 repaired)
I20260608 10:10:06.332195 24421 rpc_server.cc:225] running with OpenSSL 1.1.1  11 Sep 2018
I20260608 10:10:06.333650 24421 kserver.cc:163] Server-wide thread pool size limit: 3276
I20260608 10:10:06.375156 24421 rpc_server.cc:307] RPC server started. Bound to: 127.23.217.126:36581
I20260608 10:10:06.375308 28116 acceptor_pool.cc:272] collecting diagnostics on the listening RPC socket 127.23.217.126:36581 every 8 connection(s)
I20260608 10:10:06.379637 28117 data_dirs.cc:400] Could only allocate 1 dirs of requested 3 for tablet 00000000000000000000000000000000. 1 dirs total, 0 dirs full, 0 dirs failed
I20260608 10:10:06.390630 28117 tablet_bootstrap.cc:492] T 00000000000000000000000000000000 P 332f674b2abc4acb95205a69d94b73ee: Bootstrap starting.
I20260608 10:10:06.395720 28117 tablet_bootstrap.cc:654] T 00000000000000000000000000000000 P 332f674b2abc4acb95205a69d94b73ee: Neither blocks nor log segments found. Creating new log.
I20260608 10:10:06.400502 28117 tablet_bootstrap.cc:492] T 00000000000000000000000000000000 P 332f674b2abc4acb95205a69d94b73ee: No bootstrap required, opened a new log
I20260608 10:10:06.402864 28117 raft_consensus.cc:359] T 00000000000000000000000000000000 P 332f674b2abc4acb95205a69d94b73ee [term 0 FOLLOWER]: Replica starting. Triggering 0 pending ops. Active config: opid_index: -1 OBSOLETE_local: true peers { permanent_uuid: "332f674b2abc4acb95205a69d94b73ee" member_type: VOTER }
I20260608 10:10:06.403270 28117 raft_consensus.cc:385] T 00000000000000000000000000000000 P 332f674b2abc4acb95205a69d94b73ee [term 0 FOLLOWER]: Consensus starting up: Expiring failure detector timer to make a prompt election more likely
I20260608 10:10:06.403548 28117 raft_consensus.cc:740] T 00000000000000000000000000000000 P 332f674b2abc4acb95205a69d94b73ee [term 0 FOLLOWER]: Becoming Follower/Learner. State: Replica: 332f674b2abc4acb95205a69d94b73ee, State: Initialized, Role: FOLLOWER
I20260608 10:10:06.404234 28117 consensus_queue.cc:260] T 00000000000000000000000000000000 P 332f674b2abc4acb95205a69d94b73ee [NON_LEADER]: Queue going to NON_LEADER mode. State: All replicated index: 0, Majority replicated index: 0, Committed index: 0, Last appended: 0.0, Last appended by leader: 0, Current term: 0, Majority size: -1, State: 0, Mode: NON_LEADER, active raft config: opid_index: -1 OBSOLETE_local: true peers { permanent_uuid: "332f674b2abc4acb95205a69d94b73ee" member_type: VOTER }
I20260608 10:10:06.404731 28117 raft_consensus.cc:399] T 00000000000000000000000000000000 P 332f674b2abc4acb95205a69d94b73ee [term 0 FOLLOWER]: Only one voter in the Raft config. Triggering election immediately
I20260608 10:10:06.404975 28117 raft_consensus.cc:493] T 00000000000000000000000000000000 P 332f674b2abc4acb95205a69d94b73ee [term 0 FOLLOWER]: Starting leader election (initial election of a single-replica configuration)
I20260608 10:10:06.405256 28117 raft_consensus.cc:3060] T 00000000000000000000000000000000 P 332f674b2abc4acb95205a69d94b73ee [term 0 FOLLOWER]: Advancing to term 1
I20260608 10:10:06.410105 28117 raft_consensus.cc:515] T 00000000000000000000000000000000 P 332f674b2abc4acb95205a69d94b73ee [term 1 FOLLOWER]: Starting leader election with config: opid_index: -1 OBSOLETE_local: true peers { permanent_uuid: "332f674b2abc4acb95205a69d94b73ee" member_type: VOTER }
I20260608 10:10:06.410784 28117 leader_election.cc:304] T 00000000000000000000000000000000 P 332f674b2abc4acb95205a69d94b73ee [CANDIDATE]: Term 1 election: Election decided. Result: candidate won. Election summary: received 1 responses out of 1 voters: 1 yes votes; 0 no votes. yes voters: 332f674b2abc4acb95205a69d94b73ee; no voters: 
I20260608 10:10:06.412075 28117 leader_election.cc:290] T 00000000000000000000000000000000 P 332f674b2abc4acb95205a69d94b73ee [CANDIDATE]: Term 1 election: Requested vote from peers 
I20260608 10:10:06.412549 28120 raft_consensus.cc:2804] T 00000000000000000000000000000000 P 332f674b2abc4acb95205a69d94b73ee [term 1 FOLLOWER]: Leader election won for term 1
I20260608 10:10:06.414182 28120 raft_consensus.cc:697] T 00000000000000000000000000000000 P 332f674b2abc4acb95205a69d94b73ee [term 1 LEADER]: Becoming Leader. State: Replica: 332f674b2abc4acb95205a69d94b73ee, State: Running, Role: LEADER
I20260608 10:10:06.415067 28120 consensus_queue.cc:237] T 00000000000000000000000000000000 P 332f674b2abc4acb95205a69d94b73ee [LEADER]: Queue going to LEADER mode. State: All replicated index: 0, Majority replicated index: 0, Committed index: 0, Last appended: 0.0, Last appended by leader: 0, Current term: 1, Majority size: 1, State: 0, Mode: LEADER, active raft config: opid_index: -1 OBSOLETE_local: true peers { permanent_uuid: "332f674b2abc4acb95205a69d94b73ee" member_type: VOTER }
I20260608 10:10:06.415273 28117 sys_catalog.cc:565] T 00000000000000000000000000000000 P 332f674b2abc4acb95205a69d94b73ee [sys.catalog]: configured and running, proceeding with master startup.
I20260608 10:10:06.419727 28121 sys_catalog.cc:455] T 00000000000000000000000000000000 P 332f674b2abc4acb95205a69d94b73ee [sys.catalog]: SysCatalogTable state changed. Reason: RaftConsensus started. Latest consensus state: current_term: 1 leader_uuid: "332f674b2abc4acb95205a69d94b73ee" committed_config { opid_index: -1 OBSOLETE_local: true peers { permanent_uuid: "332f674b2abc4acb95205a69d94b73ee" member_type: VOTER } }
I20260608 10:10:06.420415 28121 sys_catalog.cc:458] T 00000000000000000000000000000000 P 332f674b2abc4acb95205a69d94b73ee [sys.catalog]: This master's current role is: LEADER
I20260608 10:10:06.423406 28122 sys_catalog.cc:455] T 00000000000000000000000000000000 P 332f674b2abc4acb95205a69d94b73ee [sys.catalog]: SysCatalogTable state changed. Reason: New leader 332f674b2abc4acb95205a69d94b73ee. Latest consensus state: current_term: 1 leader_uuid: "332f674b2abc4acb95205a69d94b73ee" committed_config { opid_index: -1 OBSOLETE_local: true peers { permanent_uuid: "332f674b2abc4acb95205a69d94b73ee" member_type: VOTER } }
I20260608 10:10:06.423959 28122 sys_catalog.cc:458] T 00000000000000000000000000000000 P 332f674b2abc4acb95205a69d94b73ee [sys.catalog]: This master's current role is: LEADER
I20260608 10:10:06.424037 28128 catalog_manager.cc:1510] Loading table and tablet metadata into memory...
I20260608 10:10:06.432940 28128 catalog_manager.cc:1519] Initializing Kudu cluster ID...
I20260608 10:10:06.434031 24421 internal_mini_cluster.cc:184] Waiting to initialize catalog manager on master 0
I20260608 10:10:06.443007 28128 catalog_manager.cc:1382] Generated new cluster ID: 62be010d03e94fe2bb8bc854bbd8ab3a
I20260608 10:10:06.443277 28128 catalog_manager.cc:1530] Initializing Kudu internal certificate authority...
I20260608 10:10:06.461357 28128 catalog_manager.cc:1405] Generated new certificate authority record
I20260608 10:10:06.462747 28128 catalog_manager.cc:1539] Loading token signing keys...
I20260608 10:10:06.480363 28128 catalog_manager.cc:6069] T 00000000000000000000000000000000 P 332f674b2abc4acb95205a69d94b73ee: Generated new TSK 0
I20260608 10:10:06.481067 28128 catalog_manager.cc:1549] Initializing in-progress tserver states...
I20260608 10:10:06.501076 24421 file_cache.cc:492] Constructed file cache file cache with capacity 419430
W20260608 10:10:06.507536 28138 instance_detector.cc:116] could not retrieve AWS instance metadata: Network error: curl error: HTTP response code said error: The requested URL returned error: 404
W20260608 10:10:06.508792 28139 instance_detector.cc:116] could not retrieve Azure instance metadata: Network error: curl error: HTTP response code said error: The requested URL returned error: 404
W20260608 10:10:06.514438 28141 instance_detector.cc:116] could not retrieve OpenStack instance metadata: Network error: curl error: HTTP response code said error: The requested URL returned error: 404
I20260608 10:10:06.515093 24421 server_base.cc:1061] running on GCE node
I20260608 10:10:06.516211 24421 hybrid_clock.cc:584] initializing the hybrid clock with 'system_unsync' time source
W20260608 10:10:06.516506 24421 system_unsync_time.cc:38] NTP support is disabled. Clock error bounds will not be accurate. This configuration is not suitable for distributed clusters.
I20260608 10:10:06.516741 24421 hybrid_clock.cc:648] HybridClock initialized: now 1780913406516720 us; error 0 us; skew 500 ppm
I20260608 10:10:06.517410 24421 server_base.cc:861] Flag tcmalloc_max_total_thread_cache_bytes is not working since tcmalloc is not enabled.
I20260608 10:10:06.520233 24421 webserver.cc:533] Webserver started at http://127.23.217.65:33885/ using document root <none> and password file <none>
I20260608 10:10:06.520756 24421 fs_manager.cc:362] Metadata directory not provided
I20260608 10:10:06.520960 24421 fs_manager.cc:368] Using write-ahead log directory (fs_wal_dir) as metadata directory
I20260608 10:10:06.521245 24421 server_base.cc:909] This appears to be a new deployment of Kudu; creating new FS layout
I20260608 10:10:06.522408 24421 fs_manager.cc:1068] Generated new instance metadata in path /tmp/dist-test-taskjSmELU/test-tmp/auto_rebalancer-test.0.AutoRebalancerTest.NoReplicaMovesIfLocationLoadSkewedByOne.1780913308439895-24421-0/minicluster-data/ts-0-root/instance:
uuid: "29ac495ecb46468083aa7b65012ef14f"
format_stamp: "Formatted at 2026-06-08 10:10:06 on dist-test-slave-j6f4"
I20260608 10:10:06.527406 24421 fs_manager.cc:696] Time spent creating directory manager: real 0.004s	user 0.005s	sys 0.002s
I20260608 10:10:06.531283 28146 log_block_manager.cc:4031] Time spent loading block containers with low live blocks: real 0.000s	user 0.000s	sys 0.000s
I20260608 10:10:06.532339 24421 fs_manager.cc:730] Time spent opening block manager: real 0.003s	user 0.003s	sys 0.000s
I20260608 10:10:06.532660 24421 fs_manager.cc:647] Opened local filesystem: /tmp/dist-test-taskjSmELU/test-tmp/auto_rebalancer-test.0.AutoRebalancerTest.NoReplicaMovesIfLocationLoadSkewedByOne.1780913308439895-24421-0/minicluster-data/ts-0-root
uuid: "29ac495ecb46468083aa7b65012ef14f"
format_stamp: "Formatted at 2026-06-08 10:10:06 on dist-test-slave-j6f4"
I20260608 10:10:06.532972 24421 fs_report.cc:389] FS layout report
--------------------
wal directory: /tmp/dist-test-taskjSmELU/test-tmp/auto_rebalancer-test.0.AutoRebalancerTest.NoReplicaMovesIfLocationLoadSkewedByOne.1780913308439895-24421-0/minicluster-data/ts-0-root
metadata directory: /tmp/dist-test-taskjSmELU/test-tmp/auto_rebalancer-test.0.AutoRebalancerTest.NoReplicaMovesIfLocationLoadSkewedByOne.1780913308439895-24421-0/minicluster-data/ts-0-root
1 data directories: /tmp/dist-test-taskjSmELU/test-tmp/auto_rebalancer-test.0.AutoRebalancerTest.NoReplicaMovesIfLocationLoadSkewedByOne.1780913308439895-24421-0/minicluster-data/ts-0-root/data
Total live blocks: 0
Total live bytes: 0
Total live bytes (after alignment): 0
Total number of LBM containers: 0 (0 full)
Did not check for missing blocks
Did not check for orphaned blocks
Total full LBM containers with extra space: 0 (0 repaired)
Total full LBM container extra space in bytes: 0 (0 repaired)
Total incomplete LBM containers: 0 (0 repaired)
Total LBM partial records: 0 (0 repaired)
Total corrupted LBM metadata records in RocksDB: 0 (0 repaired)
I20260608 10:10:06.545943 24421 rpc_server.cc:225] running with OpenSSL 1.1.1  11 Sep 2018
I20260608 10:10:06.547290 24421 kserver.cc:163] Server-wide thread pool size limit: 3276
I20260608 10:10:06.548938 24421 txn_system_client.cc:432] TxnSystemClient initialization is disabled...
I20260608 10:10:06.551446 24421 ts_tablet_manager.cc:585] Loaded tablet metadata (0 total tablets, 0 live tablets)
I20260608 10:10:06.551715 24421 ts_tablet_manager.cc:531] Time spent load tablet metadata: real 0.000s	user 0.000s	sys 0.000s
I20260608 10:10:06.552018 24421 ts_tablet_manager.cc:616] Registered 0 tablets
I20260608 10:10:06.552196 24421 ts_tablet_manager.cc:595] Time spent register tablets: real 0.000s	user 0.000s	sys 0.000s
I20260608 10:10:06.595525 24421 rpc_server.cc:307] RPC server started. Bound to: 127.23.217.65:32799
I20260608 10:10:06.595652 28208 acceptor_pool.cc:272] collecting diagnostics on the listening RPC socket 127.23.217.65:32799 every 8 connection(s)
I20260608 10:10:06.601202 24421 file_cache.cc:492] Constructed file cache file cache with capacity 419430
W20260608 10:10:06.608603 28213 instance_detector.cc:116] could not retrieve AWS instance metadata: Network error: curl error: HTTP response code said error: The requested URL returned error: 404
W20260608 10:10:06.615286 28216 instance_detector.cc:116] could not retrieve OpenStack instance metadata: Network error: curl error: HTTP response code said error: The requested URL returned error: 404
W20260608 10:10:06.613072 28214 instance_detector.cc:116] could not retrieve Azure instance metadata: Network error: curl error: HTTP response code said error: The requested URL returned error: 404
I20260608 10:10:06.618453 24421 server_base.cc:1061] running on GCE node
I20260608 10:10:06.619968 24421 hybrid_clock.cc:584] initializing the hybrid clock with 'system_unsync' time source
I20260608 10:10:06.620121 28209 heartbeater.cc:344] Connected to a master server at 127.23.217.126:36581
W20260608 10:10:06.620268 24421 system_unsync_time.cc:38] NTP support is disabled. Clock error bounds will not be accurate. This configuration is not suitable for distributed clusters.
I20260608 10:10:06.620502 24421 hybrid_clock.cc:648] HybridClock initialized: now 1780913406620483 us; error 0 us; skew 500 ppm
I20260608 10:10:06.620536 28209 heartbeater.cc:461] Registering TS with master...
I20260608 10:10:06.621465 24421 server_base.cc:861] Flag tcmalloc_max_total_thread_cache_bytes is not working since tcmalloc is not enabled.
I20260608 10:10:06.621629 28209 heartbeater.cc:507] Master 127.23.217.126:36581 requested a full tablet report, sending...
I20260608 10:10:06.624481 24421 webserver.cc:533] Webserver started at http://127.23.217.66:33335/ using document root <none> and password file <none>
I20260608 10:10:06.624504 28082 ts_manager.cc:194] Registered new tserver with Master: 29ac495ecb46468083aa7b65012ef14f (127.23.217.65:32799)
I20260608 10:10:06.625181 24421 fs_manager.cc:362] Metadata directory not provided
I20260608 10:10:06.625461 24421 fs_manager.cc:368] Using write-ahead log directory (fs_wal_dir) as metadata directory
I20260608 10:10:06.625814 24421 server_base.cc:909] This appears to be a new deployment of Kudu; creating new FS layout
I20260608 10:10:06.626659 28082 master_service.cc:502] Signed X509 certificate for tserver {username='slave'} at 127.0.0.1:54850
I20260608 10:10:06.627206 24421 fs_manager.cc:1068] Generated new instance metadata in path /tmp/dist-test-taskjSmELU/test-tmp/auto_rebalancer-test.0.AutoRebalancerTest.NoReplicaMovesIfLocationLoadSkewedByOne.1780913308439895-24421-0/minicluster-data/ts-1-root/instance:
uuid: "0aaf1465d5374a59970d39cbd50902cd"
format_stamp: "Formatted at 2026-06-08 10:10:06 on dist-test-slave-j6f4"
I20260608 10:10:06.632536 24421 fs_manager.cc:696] Time spent creating directory manager: real 0.005s	user 0.007s	sys 0.000s
I20260608 10:10:06.636207 28221 log_block_manager.cc:4031] Time spent loading block containers with low live blocks: real 0.000s	user 0.000s	sys 0.000s
I20260608 10:10:06.637001 24421 fs_manager.cc:730] Time spent opening block manager: real 0.002s	user 0.002s	sys 0.001s
I20260608 10:10:06.637317 24421 fs_manager.cc:647] Opened local filesystem: /tmp/dist-test-taskjSmELU/test-tmp/auto_rebalancer-test.0.AutoRebalancerTest.NoReplicaMovesIfLocationLoadSkewedByOne.1780913308439895-24421-0/minicluster-data/ts-1-root
uuid: "0aaf1465d5374a59970d39cbd50902cd"
format_stamp: "Formatted at 2026-06-08 10:10:06 on dist-test-slave-j6f4"
I20260608 10:10:06.637593 24421 fs_report.cc:389] FS layout report
--------------------
wal directory: /tmp/dist-test-taskjSmELU/test-tmp/auto_rebalancer-test.0.AutoRebalancerTest.NoReplicaMovesIfLocationLoadSkewedByOne.1780913308439895-24421-0/minicluster-data/ts-1-root
metadata directory: /tmp/dist-test-taskjSmELU/test-tmp/auto_rebalancer-test.0.AutoRebalancerTest.NoReplicaMovesIfLocationLoadSkewedByOne.1780913308439895-24421-0/minicluster-data/ts-1-root
1 data directories: /tmp/dist-test-taskjSmELU/test-tmp/auto_rebalancer-test.0.AutoRebalancerTest.NoReplicaMovesIfLocationLoadSkewedByOne.1780913308439895-24421-0/minicluster-data/ts-1-root/data
Total live blocks: 0
Total live bytes: 0
Total live bytes (after alignment): 0
Total number of LBM containers: 0 (0 full)
Did not check for missing blocks
Did not check for orphaned blocks
Total full LBM containers with extra space: 0 (0 repaired)
Total full LBM container extra space in bytes: 0 (0 repaired)
Total incomplete LBM containers: 0 (0 repaired)
Total LBM partial records: 0 (0 repaired)
Total corrupted LBM metadata records in RocksDB: 0 (0 repaired)
I20260608 10:10:06.658159 24421 rpc_server.cc:225] running with OpenSSL 1.1.1  11 Sep 2018
I20260608 10:10:06.659461 24421 kserver.cc:163] Server-wide thread pool size limit: 3276
I20260608 10:10:06.661453 24421 txn_system_client.cc:432] TxnSystemClient initialization is disabled...
I20260608 10:10:06.664213 24421 ts_tablet_manager.cc:585] Loaded tablet metadata (0 total tablets, 0 live tablets)
I20260608 10:10:06.664458 24421 ts_tablet_manager.cc:531] Time spent load tablet metadata: real 0.000s	user 0.000s	sys 0.000s
I20260608 10:10:06.664721 24421 ts_tablet_manager.cc:616] Registered 0 tablets
I20260608 10:10:06.664891 24421 ts_tablet_manager.cc:595] Time spent register tablets: real 0.000s	user 0.000s	sys 0.000s
I20260608 10:10:06.707362 24421 rpc_server.cc:307] RPC server started. Bound to: 127.23.217.66:40011
I20260608 10:10:06.707496 28283 acceptor_pool.cc:272] collecting diagnostics on the listening RPC socket 127.23.217.66:40011 every 8 connection(s)
I20260608 10:10:06.712656 24421 file_cache.cc:492] Constructed file cache file cache with capacity 419430
W20260608 10:10:06.720590 28287 instance_detector.cc:116] could not retrieve AWS instance metadata: Network error: curl error: HTTP response code said error: The requested URL returned error: 404
W20260608 10:10:06.722394 28288 instance_detector.cc:116] could not retrieve Azure instance metadata: Network error: curl error: HTTP response code said error: The requested URL returned error: 404
W20260608 10:10:06.724840 28290 instance_detector.cc:116] could not retrieve OpenStack instance metadata: Network error: curl error: HTTP response code said error: The requested URL returned error: 404
I20260608 10:10:06.725857 24421 server_base.cc:1061] running on GCE node
I20260608 10:10:06.727474 28284 heartbeater.cc:344] Connected to a master server at 127.23.217.126:36581
I20260608 10:10:06.727982 28284 heartbeater.cc:461] Registering TS with master...
I20260608 10:10:06.727962 24421 hybrid_clock.cc:584] initializing the hybrid clock with 'system_unsync' time source
W20260608 10:10:06.728453 24421 system_unsync_time.cc:38] NTP support is disabled. Clock error bounds will not be accurate. This configuration is not suitable for distributed clusters.
I20260608 10:10:06.728682 24421 hybrid_clock.cc:648] HybridClock initialized: now 1780913406728655 us; error 0 us; skew 500 ppm
I20260608 10:10:06.729149 28284 heartbeater.cc:507] Master 127.23.217.126:36581 requested a full tablet report, sending...
I20260608 10:10:06.729573 24421 server_base.cc:861] Flag tcmalloc_max_total_thread_cache_bytes is not working since tcmalloc is not enabled.
I20260608 10:10:06.731904 28082 ts_manager.cc:194] Registered new tserver with Master: 0aaf1465d5374a59970d39cbd50902cd (127.23.217.66:40011)
I20260608 10:10:06.733170 24421 webserver.cc:533] Webserver started at http://127.23.217.67:39251/ using document root <none> and password file <none>
I20260608 10:10:06.733901 24421 fs_manager.cc:362] Metadata directory not provided
I20260608 10:10:06.733908 28082 master_service.cc:502] Signed X509 certificate for tserver {username='slave'} at 127.0.0.1:54864
I20260608 10:10:06.734385 24421 fs_manager.cc:368] Using write-ahead log directory (fs_wal_dir) as metadata directory
I20260608 10:10:06.734833 24421 server_base.cc:909] This appears to be a new deployment of Kudu; creating new FS layout
I20260608 10:10:06.736491 24421 fs_manager.cc:1068] Generated new instance metadata in path /tmp/dist-test-taskjSmELU/test-tmp/auto_rebalancer-test.0.AutoRebalancerTest.NoReplicaMovesIfLocationLoadSkewedByOne.1780913308439895-24421-0/minicluster-data/ts-2-root/instance:
uuid: "5f8c3c3c358c472e82e9467addd51b92"
format_stamp: "Formatted at 2026-06-08 10:10:06 on dist-test-slave-j6f4"
I20260608 10:10:06.741801 24421 fs_manager.cc:696] Time spent creating directory manager: real 0.005s	user 0.005s	sys 0.000s
I20260608 10:10:06.745484 28295 log_block_manager.cc:4031] Time spent loading block containers with low live blocks: real 0.000s	user 0.000s	sys 0.000s
I20260608 10:10:06.746344 24421 fs_manager.cc:730] Time spent opening block manager: real 0.003s	user 0.004s	sys 0.000s
I20260608 10:10:06.746628 24421 fs_manager.cc:647] Opened local filesystem: /tmp/dist-test-taskjSmELU/test-tmp/auto_rebalancer-test.0.AutoRebalancerTest.NoReplicaMovesIfLocationLoadSkewedByOne.1780913308439895-24421-0/minicluster-data/ts-2-root
uuid: "5f8c3c3c358c472e82e9467addd51b92"
format_stamp: "Formatted at 2026-06-08 10:10:06 on dist-test-slave-j6f4"
I20260608 10:10:06.746891 24421 fs_report.cc:389] FS layout report
--------------------
wal directory: /tmp/dist-test-taskjSmELU/test-tmp/auto_rebalancer-test.0.AutoRebalancerTest.NoReplicaMovesIfLocationLoadSkewedByOne.1780913308439895-24421-0/minicluster-data/ts-2-root
metadata directory: /tmp/dist-test-taskjSmELU/test-tmp/auto_rebalancer-test.0.AutoRebalancerTest.NoReplicaMovesIfLocationLoadSkewedByOne.1780913308439895-24421-0/minicluster-data/ts-2-root
1 data directories: /tmp/dist-test-taskjSmELU/test-tmp/auto_rebalancer-test.0.AutoRebalancerTest.NoReplicaMovesIfLocationLoadSkewedByOne.1780913308439895-24421-0/minicluster-data/ts-2-root/data
Total live blocks: 0
Total live bytes: 0
Total live bytes (after alignment): 0
Total number of LBM containers: 0 (0 full)
Did not check for missing blocks
Did not check for orphaned blocks
Total full LBM containers with extra space: 0 (0 repaired)
Total full LBM container extra space in bytes: 0 (0 repaired)
Total incomplete LBM containers: 0 (0 repaired)
Total LBM partial records: 0 (0 repaired)
