I20260608 10:09:53.326109 10684 raft_consensus.cc:3060] T 326b6145bc9c4cceb0fa0dfa36278de4 P e7df366663fc49c3b4e6f609941db037 [term 0 FOLLOWER]: Advancing to term 1
I20260608 10:09:53.326465 10986 raft_consensus.cc:3060] T 326b6145bc9c4cceb0fa0dfa36278de4 P 4f9aa56f68714de0bbd93407d521ca1a [term 0 FOLLOWER]: Advancing to term 1
I20260608 10:09:53.334472 10986 raft_consensus.cc:2468] T 326b6145bc9c4cceb0fa0dfa36278de4 P 4f9aa56f68714de0bbd93407d521ca1a [term 1 FOLLOWER]: Leader election vote request: Granting yes vote for candidate 0b2735cc385b40f38175a19bfa4ba372 in term 1.
I20260608 10:09:53.334591 10684 raft_consensus.cc:2468] T 326b6145bc9c4cceb0fa0dfa36278de4 P e7df366663fc49c3b4e6f609941db037 [term 1 FOLLOWER]: Leader election vote request: Granting yes vote for candidate 0b2735cc385b40f38175a19bfa4ba372 in term 1.
I20260608 10:09:53.336047 10726 leader_election.cc:304] T 326b6145bc9c4cceb0fa0dfa36278de4 P 0b2735cc385b40f38175a19bfa4ba372 [CANDIDATE]: Term 1 election: Election decided. Result: candidate won. Election summary: received 2 responses out of 3 voters: 2 yes votes; 0 no votes. yes voters: 0b2735cc385b40f38175a19bfa4ba372, e7df366663fc49c3b4e6f609941db037; no voters: 
I20260608 10:09:53.336901 10905 raft_consensus.cc:2804] T 326b6145bc9c4cceb0fa0dfa36278de4 P 0b2735cc385b40f38175a19bfa4ba372 [term 1 FOLLOWER]: Leader election won for term 1
I20260608 10:09:53.337416 10905 raft_consensus.cc:697] T 326b6145bc9c4cceb0fa0dfa36278de4 P 0b2735cc385b40f38175a19bfa4ba372 [term 1 LEADER]: Becoming Leader. State: Replica: 0b2735cc385b40f38175a19bfa4ba372, State: Running, Role: LEADER
I20260608 10:09:53.338248 10905 consensus_queue.cc:237] T 326b6145bc9c4cceb0fa0dfa36278de4 P 0b2735cc385b40f38175a19bfa4ba372 [LEADER]: Queue going to LEADER mode. State: All replicated index: 0, Majority replicated index: 0, Committed index: 0, Last appended: 0.0, Last appended by leader: 0, Current term: 1, Majority size: 2, State: 0, Mode: LEADER, active raft config: opid_index: -1 OBSOLETE_local: false peers { permanent_uuid: "4f9aa56f68714de0bbd93407d521ca1a" member_type: VOTER last_known_addr { host: "127.7.128.4" port: 41973 } } peers { permanent_uuid: "e7df366663fc49c3b4e6f609941db037" member_type: VOTER last_known_addr { host: "127.7.128.1" port: 44407 } } peers { permanent_uuid: "0b2735cc385b40f38175a19bfa4ba372" member_type: VOTER last_known_addr { host: "127.7.128.2" port: 37127 } }
I20260608 10:09:53.346848 10580 catalog_manager.cc:5696] T 326b6145bc9c4cceb0fa0dfa36278de4 P 0b2735cc385b40f38175a19bfa4ba372 reported cstate change: term changed from 0 to 1, leader changed from <none> to 0b2735cc385b40f38175a19bfa4ba372 (127.7.128.2). New cstate: current_term: 1 leader_uuid: "0b2735cc385b40f38175a19bfa4ba372" committed_config { opid_index: -1 OBSOLETE_local: false peers { permanent_uuid: "4f9aa56f68714de0bbd93407d521ca1a" member_type: VOTER last_known_addr { host: "127.7.128.4" port: 41973 } health_report { overall_health: UNKNOWN } } peers { permanent_uuid: "e7df366663fc49c3b4e6f609941db037" member_type: VOTER last_known_addr { host: "127.7.128.1" port: 44407 } health_report { overall_health: UNKNOWN } } peers { permanent_uuid: "0b2735cc385b40f38175a19bfa4ba372" member_type: VOTER last_known_addr { host: "127.7.128.2" port: 37127 } health_report { overall_health: HEALTHY } } }
I20260608 10:09:53.428998 10910 consensus_queue.cc:1048] T 56db82b8b97945d5b7c277880d52d4b4 P e7df366663fc49c3b4e6f609941db037 [LEADER]: Connected to new peer: Peer: permanent_uuid: "0b2735cc385b40f38175a19bfa4ba372" member_type: VOTER last_known_addr { host: "127.7.128.2" port: 37127 }, Status: LMP_MISMATCH, Last received: 0.0, Next index: 1, Last known committed idx: 0, Time since last communication: 0.000s
I20260608 10:09:53.442296 10884 consensus_queue.cc:1048] T 56db82b8b97945d5b7c277880d52d4b4 P e7df366663fc49c3b4e6f609941db037 [LEADER]: Connected to new peer: Peer: permanent_uuid: "4f9aa56f68714de0bbd93407d521ca1a" member_type: VOTER last_known_addr { host: "127.7.128.4" port: 41973 }, Status: LMP_MISMATCH, Last received: 0.0, Next index: 1, Last known committed idx: 0, Time since last communication: 0.000s
I20260608 10:09:53.458482 11076 raft_consensus.cc:493] T 36132e437e86412689f6e703389a2999 P 4f9aa56f68714de0bbd93407d521ca1a [term 0 FOLLOWER]: Starting pre-election (no leader contacted us within the election timeout)
I20260608 10:09:53.459035 11076 raft_consensus.cc:515] T 36132e437e86412689f6e703389a2999 P 4f9aa56f68714de0bbd93407d521ca1a [term 0 FOLLOWER]: Starting pre-election with config: opid_index: -1 OBSOLETE_local: false peers { permanent_uuid: "4f9aa56f68714de0bbd93407d521ca1a" member_type: VOTER last_known_addr { host: "127.7.128.4" port: 41973 } } peers { permanent_uuid: "d998e07320f54d3a82be57a2308a5682" member_type: VOTER last_known_addr { host: "127.7.128.3" port: 36425 } } peers { permanent_uuid: "e7df366663fc49c3b4e6f609941db037" member_type: VOTER last_known_addr { host: "127.7.128.1" port: 44407 } }
I20260608 10:09:53.461284 11076 leader_election.cc:290] T 36132e437e86412689f6e703389a2999 P 4f9aa56f68714de0bbd93407d521ca1a [CANDIDATE]: Term 1 pre-election: Requested pre-vote from peers d998e07320f54d3a82be57a2308a5682 (127.7.128.3:36425), e7df366663fc49c3b4e6f609941db037 (127.7.128.1:44407)
I20260608 10:09:53.462116 10831 tablet_service.cc:1917] Received RequestConsensusVote() RPC: tablet_id: "36132e437e86412689f6e703389a2999" candidate_uuid: "4f9aa56f68714de0bbd93407d521ca1a" candidate_term: 1 candidate_status { last_received { term: 0 index: 0 } } ignore_live_leader: false dest_uuid: "d998e07320f54d3a82be57a2308a5682" is_pre_election: true
I20260608 10:09:53.462894 10684 tablet_service.cc:1917] Received RequestConsensusVote() RPC: tablet_id: "36132e437e86412689f6e703389a2999" candidate_uuid: "4f9aa56f68714de0bbd93407d521ca1a" candidate_term: 1 candidate_status { last_received { term: 0 index: 0 } } ignore_live_leader: false dest_uuid: "e7df366663fc49c3b4e6f609941db037" is_pre_election: true
I20260608 10:09:53.464540 10684 raft_consensus.cc:2393] T 36132e437e86412689f6e703389a2999 P e7df366663fc49c3b4e6f609941db037 [term 1 FOLLOWER]: Leader pre-election vote request: Denying vote to candidate 4f9aa56f68714de0bbd93407d521ca1a in current term 1: Already voted for candidate d998e07320f54d3a82be57a2308a5682 in this term.
I20260608 10:09:53.465586 10948 leader_election.cc:304] T 36132e437e86412689f6e703389a2999 P 4f9aa56f68714de0bbd93407d521ca1a [CANDIDATE]: Term 1 pre-election: Election decided. Result: candidate lost. Election summary: received 3 responses out of 3 voters: 1 yes votes; 2 no votes. yes voters: 4f9aa56f68714de0bbd93407d521ca1a; no voters: d998e07320f54d3a82be57a2308a5682, e7df366663fc49c3b4e6f609941db037
I20260608 10:09:53.466311 11076 raft_consensus.cc:3060] T 36132e437e86412689f6e703389a2999 P 4f9aa56f68714de0bbd93407d521ca1a [term 0 FOLLOWER]: Advancing to term 1
I20260608 10:09:53.471057 11076 raft_consensus.cc:2749] T 36132e437e86412689f6e703389a2999 P 4f9aa56f68714de0bbd93407d521ca1a [term 1 FOLLOWER]: Leader pre-election lost for term 1. Reason: could not achieve majority
I20260608 10:09:53.486842 10917 consensus_queue.cc:1048] T 36132e437e86412689f6e703389a2999 P d998e07320f54d3a82be57a2308a5682 [LEADER]: Connected to new peer: Peer: permanent_uuid: "e7df366663fc49c3b4e6f609941db037" member_type: VOTER last_known_addr { host: "127.7.128.1" port: 44407 }, Status: LMP_MISMATCH, Last received: 0.0, Next index: 1, Last known committed idx: 0, Time since last communication: 0.000s
I20260608 10:09:53.492043 10988 raft_consensus.cc:3060] T 145422eb35c64dd5b92ffc38b97ca5d9 P 4f9aa56f68714de0bbd93407d521ca1a [term 0 FOLLOWER]: Advancing to term 1
I20260608 10:09:53.499406 10886 consensus_queue.cc:1048] T 36132e437e86412689f6e703389a2999 P d998e07320f54d3a82be57a2308a5682 [LEADER]: Connected to new peer: Peer: permanent_uuid: "4f9aa56f68714de0bbd93407d521ca1a" member_type: VOTER last_known_addr { host: "127.7.128.4" port: 41973 }, Status: LMP_MISMATCH, Last received: 0.0, Next index: 1, Last known committed idx: 0, Time since last communication: 0.001s
I20260608 10:09:53.506319 10905 consensus_queue.cc:1048] T 145422eb35c64dd5b92ffc38b97ca5d9 P 0b2735cc385b40f38175a19bfa4ba372 [LEADER]: Connected to new peer: Peer: permanent_uuid: "4f9aa56f68714de0bbd93407d521ca1a" member_type: VOTER last_known_addr { host: "127.7.128.4" port: 41973 }, Status: LMP_MISMATCH, Last received: 0.0, Next index: 1, Last known committed idx: 0, Time since last communication: 0.000s
I20260608 10:09:53.528739 11091 consensus_queue.cc:1048] T 145422eb35c64dd5b92ffc38b97ca5d9 P 0b2735cc385b40f38175a19bfa4ba372 [LEADER]: Connected to new peer: Peer: permanent_uuid: "d998e07320f54d3a82be57a2308a5682" member_type: VOTER last_known_addr { host: "127.7.128.3" port: 36425 }, Status: LMP_MISMATCH, Last received: 0.0, Next index: 1, Last known committed idx: 0, Time since last communication: 0.000s
I20260608 10:09:53.544703 11076 consensus_queue.cc:1048] T 9e9d80fd6aeb4f4185950d77dd871af8 P 4f9aa56f68714de0bbd93407d521ca1a [LEADER]: Connected to new peer: Peer: permanent_uuid: "e7df366663fc49c3b4e6f609941db037" member_type: VOTER last_known_addr { host: "127.7.128.1" port: 44407 }, Status: LMP_MISMATCH, Last received: 0.0, Next index: 1, Last known committed idx: 0, Time since last communication: 0.000s
I20260608 10:09:53.557523 11103 consensus_queue.cc:1048] T 9e9d80fd6aeb4f4185950d77dd871af8 P 4f9aa56f68714de0bbd93407d521ca1a [LEADER]: Connected to new peer: Peer: permanent_uuid: "d998e07320f54d3a82be57a2308a5682" member_type: VOTER last_known_addr { host: "127.7.128.3" port: 36425 }, Status: LMP_MISMATCH, Last received: 0.0, Next index: 1, Last known committed idx: 0, Time since last communication: 0.001s
I20260608 10:09:53.562682 10886 consensus_queue.cc:1048] T e23dae06262e4ebeb2563e482571cbc5 P d998e07320f54d3a82be57a2308a5682 [LEADER]: Connected to new peer: Peer: permanent_uuid: "4f9aa56f68714de0bbd93407d521ca1a" member_type: VOTER last_known_addr { host: "127.7.128.4" port: 41973 }, Status: LMP_MISMATCH, Last received: 0.0, Next index: 1, Last known committed idx: 0, Time since last communication: 0.000s
I20260608 10:09:53.585469 11081 consensus_queue.cc:1048] T e23dae06262e4ebeb2563e482571cbc5 P d998e07320f54d3a82be57a2308a5682 [LEADER]: Connected to new peer: Peer: permanent_uuid: "e7df366663fc49c3b4e6f609941db037" member_type: VOTER last_known_addr { host: "127.7.128.1" port: 44407 }, Status: LMP_MISMATCH, Last received: 0.0, Next index: 1, Last known committed idx: 0, Time since last communication: 0.000s
I20260608 10:09:53.638701 10986 raft_consensus.cc:3060] T 4c49506d162b42a78b8c847a43f6f83f P 4f9aa56f68714de0bbd93407d521ca1a [term 0 FOLLOWER]: Advancing to term 1
I20260608 10:09:53.860376 10924 consensus_queue.cc:1048] T 326b6145bc9c4cceb0fa0dfa36278de4 P 0b2735cc385b40f38175a19bfa4ba372 [LEADER]: Connected to new peer: Peer: permanent_uuid: "e7df366663fc49c3b4e6f609941db037" member_type: VOTER last_known_addr { host: "127.7.128.1" port: 44407 }, Status: LMP_MISMATCH, Last received: 0.0, Next index: 1, Last known committed idx: 0, Time since last communication: 0.000s
I20260608 10:09:53.873303 10924 consensus_queue.cc:1048] T 326b6145bc9c4cceb0fa0dfa36278de4 P 0b2735cc385b40f38175a19bfa4ba372 [LEADER]: Connected to new peer: Peer: permanent_uuid: "4f9aa56f68714de0bbd93407d521ca1a" member_type: VOTER last_known_addr { host: "127.7.128.4" port: 41973 }, Status: LMP_MISMATCH, Last received: 0.0, Next index: 1, Last known committed idx: 0, Time since last communication: 0.000s
I20260608 10:09:54.351578 10757 consensus_queue.cc:237] T 7f0efc0c9f7847bcb8064c14022c6e92 P 0b2735cc385b40f38175a19bfa4ba372 [LEADER]: Queue going to LEADER mode. State: All replicated index: 0, Majority replicated index: 1, Committed index: 1, Last appended: 1.1, Last appended by leader: 0, Current term: 1, Majority size: 2, State: 0, Mode: LEADER, active raft config: opid_index: 2 OBSOLETE_local: false peers { permanent_uuid: "e7df366663fc49c3b4e6f609941db037" member_type: VOTER last_known_addr { host: "127.7.128.1" port: 44407 } attrs { replace: true } } peers { permanent_uuid: "0b2735cc385b40f38175a19bfa4ba372" member_type: VOTER last_known_addr { host: "127.7.128.2" port: 37127 } } peers { permanent_uuid: "d998e07320f54d3a82be57a2308a5682" member_type: VOTER last_known_addr { host: "127.7.128.3" port: 36425 } } peers { permanent_uuid: "4f9aa56f68714de0bbd93407d521ca1a" member_type: NON_VOTER last_known_addr { host: "127.7.128.4" port: 41973 } attrs { promote: true } }
I20260608 10:09:54.359025 10831 raft_consensus.cc:1275] T 7f0efc0c9f7847bcb8064c14022c6e92 P d998e07320f54d3a82be57a2308a5682 [term 1 FOLLOWER]: Refusing update from remote peer 0b2735cc385b40f38175a19bfa4ba372: Log matching property violated. Preceding OpId in replica: term: 1 index: 1. Preceding OpId from leader: term: 1 index: 2. (index mismatch)
W20260608 10:09:54.359486 10724 consensus_peers.cc:597] T 7f0efc0c9f7847bcb8064c14022c6e92 P 0b2735cc385b40f38175a19bfa4ba372 -> Peer 4f9aa56f68714de0bbd93407d521ca1a (127.7.128.4:41973): Couldn't send request to peer 4f9aa56f68714de0bbd93407d521ca1a. Error code: TABLET_NOT_FOUND (6). Status: Not found: Tablet not found: 7f0efc0c9f7847bcb8064c14022c6e92. This is attempt 1: this message will repeat every 5th retry.
I20260608 10:09:54.360987 10924 consensus_queue.cc:1048] T 7f0efc0c9f7847bcb8064c14022c6e92 P 0b2735cc385b40f38175a19bfa4ba372 [LEADER]: Connected to new peer: Peer: permanent_uuid: "d998e07320f54d3a82be57a2308a5682" member_type: VOTER last_known_addr { host: "127.7.128.3" port: 36425 }, Status: LMP_MISMATCH, Last received: 0.0, Next index: 2, Last known committed idx: 1, Time since last communication: 0.000s
I20260608 10:09:54.361570 10685 raft_consensus.cc:1275] T 7f0efc0c9f7847bcb8064c14022c6e92 P e7df366663fc49c3b4e6f609941db037 [term 1 FOLLOWER]: Refusing update from remote peer 0b2735cc385b40f38175a19bfa4ba372: Log matching property violated. Preceding OpId in replica: term: 1 index: 1. Preceding OpId from leader: term: 1 index: 2. (index mismatch)
I20260608 10:09:54.363274 11091 consensus_queue.cc:1048] T 7f0efc0c9f7847bcb8064c14022c6e92 P 0b2735cc385b40f38175a19bfa4ba372 [LEADER]: Connected to new peer: Peer: permanent_uuid: "e7df366663fc49c3b4e6f609941db037" member_type: VOTER last_known_addr { host: "127.7.128.1" port: 44407 } attrs { replace: true }, Status: LMP_MISMATCH, Last received: 0.0, Next index: 2, Last known committed idx: 1, Time since last communication: 0.000s
I20260608 10:09:54.370262 11091 raft_consensus.cc:2955] T 7f0efc0c9f7847bcb8064c14022c6e92 P 0b2735cc385b40f38175a19bfa4ba372 [term 1 LEADER]: Committing config change with OpId 1.2: config changed from index -1 to 2, NON_VOTER 4f9aa56f68714de0bbd93407d521ca1a (127.7.128.4) added. New config: { opid_index: 2 OBSOLETE_local: false peers { permanent_uuid: "e7df366663fc49c3b4e6f609941db037" member_type: VOTER last_known_addr { host: "127.7.128.1" port: 44407 } attrs { replace: true } } peers { permanent_uuid: "0b2735cc385b40f38175a19bfa4ba372" member_type: VOTER last_known_addr { host: "127.7.128.2" port: 37127 } } peers { permanent_uuid: "d998e07320f54d3a82be57a2308a5682" member_type: VOTER last_known_addr { host: "127.7.128.3" port: 36425 } } peers { permanent_uuid: "4f9aa56f68714de0bbd93407d521ca1a" member_type: NON_VOTER last_known_addr { host: "127.7.128.4" port: 41973 } attrs { promote: true } } }
I20260608 10:09:54.372476 10830 raft_consensus.cc:2955] T 7f0efc0c9f7847bcb8064c14022c6e92 P d998e07320f54d3a82be57a2308a5682 [term 1 FOLLOWER]: Committing config change with OpId 1.2: config changed from index -1 to 2, NON_VOTER 4f9aa56f68714de0bbd93407d521ca1a (127.7.128.4) added. New config: { opid_index: 2 OBSOLETE_local: false peers { permanent_uuid: "e7df366663fc49c3b4e6f609941db037" member_type: VOTER last_known_addr { host: "127.7.128.1" port: 44407 } attrs { replace: true } } peers { permanent_uuid: "0b2735cc385b40f38175a19bfa4ba372" member_type: VOTER last_known_addr { host: "127.7.128.2" port: 37127 } } peers { permanent_uuid: "d998e07320f54d3a82be57a2308a5682" member_type: VOTER last_known_addr { host: "127.7.128.3" port: 36425 } } peers { permanent_uuid: "4f9aa56f68714de0bbd93407d521ca1a" member_type: NON_VOTER last_known_addr { host: "127.7.128.4" port: 41973 } attrs { promote: true } } }
I20260608 10:09:54.377223 10684 raft_consensus.cc:2955] T 7f0efc0c9f7847bcb8064c14022c6e92 P e7df366663fc49c3b4e6f609941db037 [term 1 FOLLOWER]: Committing config change with OpId 1.2: config changed from index -1 to 2, NON_VOTER 4f9aa56f68714de0bbd93407d521ca1a (127.7.128.4) added. New config: { opid_index: 2 OBSOLETE_local: false peers { permanent_uuid: "e7df366663fc49c3b4e6f609941db037" member_type: VOTER last_known_addr { host: "127.7.128.1" port: 44407 } attrs { replace: true } } peers { permanent_uuid: "0b2735cc385b40f38175a19bfa4ba372" member_type: VOTER last_known_addr { host: "127.7.128.2" port: 37127 } } peers { permanent_uuid: "d998e07320f54d3a82be57a2308a5682" member_type: VOTER last_known_addr { host: "127.7.128.3" port: 36425 } } peers { permanent_uuid: "4f9aa56f68714de0bbd93407d521ca1a" member_type: NON_VOTER last_known_addr { host: "127.7.128.4" port: 41973 } attrs { promote: true } } }
I20260608 10:09:54.390653 10583 catalog_manager.cc:5696] T 7f0efc0c9f7847bcb8064c14022c6e92 P d998e07320f54d3a82be57a2308a5682 reported cstate change: config changed from index -1 to 2, NON_VOTER 4f9aa56f68714de0bbd93407d521ca1a (127.7.128.4) added. New cstate: current_term: 1 leader_uuid: "0b2735cc385b40f38175a19bfa4ba372" committed_config { opid_index: 2 OBSOLETE_local: false peers { permanent_uuid: "e7df366663fc49c3b4e6f609941db037" member_type: VOTER last_known_addr { host: "127.7.128.1" port: 44407 } attrs { replace: true } } peers { permanent_uuid: "0b2735cc385b40f38175a19bfa4ba372" member_type: VOTER last_known_addr { host: "127.7.128.2" port: 37127 } } peers { permanent_uuid: "d998e07320f54d3a82be57a2308a5682" member_type: VOTER last_known_addr { host: "127.7.128.3" port: 36425 } } peers { permanent_uuid: "4f9aa56f68714de0bbd93407d521ca1a" member_type: NON_VOTER last_known_addr { host: "127.7.128.4" port: 41973 } attrs { promote: true } } }
I20260608 10:09:54.398726 10684 consensus_queue.cc:237] T bc1e52da39bf421b949193a723202a1a P e7df366663fc49c3b4e6f609941db037 [LEADER]: Queue going to LEADER mode. State: All replicated index: 0, Majority replicated index: 1, Committed index: 1, Last appended: 1.1, Last appended by leader: 0, Current term: 1, Majority size: 2, State: 0, Mode: LEADER, active raft config: opid_index: 2 OBSOLETE_local: false peers { permanent_uuid: "e7df366663fc49c3b4e6f609941db037" member_type: VOTER last_known_addr { host: "127.7.128.1" port: 44407 } } peers { permanent_uuid: "0b2735cc385b40f38175a19bfa4ba372" member_type: VOTER last_known_addr { host: "127.7.128.2" port: 37127 } } peers { permanent_uuid: "d998e07320f54d3a82be57a2308a5682" member_type: VOTER last_known_addr { host: "127.7.128.3" port: 36425 } attrs { replace: true } } peers { permanent_uuid: "4f9aa56f68714de0bbd93407d521ca1a" member_type: NON_VOTER last_known_addr { host: "127.7.128.4" port: 41973 } attrs { promote: true } }
I20260608 10:09:54.405913 10830 raft_consensus.cc:1275] T bc1e52da39bf421b949193a723202a1a P d998e07320f54d3a82be57a2308a5682 [term 1 FOLLOWER]: Refusing update from remote peer e7df366663fc49c3b4e6f609941db037: Log matching property violated. Preceding OpId in replica: term: 1 index: 1. Preceding OpId from leader: term: 1 index: 2. (index mismatch)
W20260608 10:09:54.406447 10649 consensus_peers.cc:597] T bc1e52da39bf421b949193a723202a1a P e7df366663fc49c3b4e6f609941db037 -> Peer 4f9aa56f68714de0bbd93407d521ca1a (127.7.128.4:41973): Couldn't send request to peer 4f9aa56f68714de0bbd93407d521ca1a. Error code: TABLET_NOT_FOUND (6). Status: Not found: Tablet not found: bc1e52da39bf421b949193a723202a1a. This is attempt 1: this message will repeat every 5th retry.
I20260608 10:09:54.406895 10757 raft_consensus.cc:1275] T bc1e52da39bf421b949193a723202a1a P 0b2735cc385b40f38175a19bfa4ba372 [term 1 FOLLOWER]: Refusing update from remote peer e7df366663fc49c3b4e6f609941db037: Log matching property violated. Preceding OpId in replica: term: 1 index: 1. Preceding OpId from leader: term: 1 index: 2. (index mismatch)
I20260608 10:09:54.407601 10910 consensus_queue.cc:1048] T bc1e52da39bf421b949193a723202a1a P e7df366663fc49c3b4e6f609941db037 [LEADER]: Connected to new peer: Peer: permanent_uuid: "d998e07320f54d3a82be57a2308a5682" member_type: VOTER last_known_addr { host: "127.7.128.3" port: 36425 } attrs { replace: true }, Status: LMP_MISMATCH, Last received: 0.0, Next index: 2, Last known committed idx: 1, Time since last communication: 0.000s
I20260608 10:09:54.409469 10910 consensus_queue.cc:1048] T bc1e52da39bf421b949193a723202a1a P e7df366663fc49c3b4e6f609941db037 [LEADER]: Connected to new peer: Peer: permanent_uuid: "0b2735cc385b40f38175a19bfa4ba372" member_type: VOTER last_known_addr { host: "127.7.128.2" port: 37127 }, Status: LMP_MISMATCH, Last received: 0.0, Next index: 2, Last known committed idx: 1, Time since last communication: 0.000s
I20260608 10:09:54.416975 10910 raft_consensus.cc:2955] T bc1e52da39bf421b949193a723202a1a P e7df366663fc49c3b4e6f609941db037 [term 1 LEADER]: Committing config change with OpId 1.2: config changed from index -1 to 2, NON_VOTER 4f9aa56f68714de0bbd93407d521ca1a (127.7.128.4) added. New config: { opid_index: 2 OBSOLETE_local: false peers { permanent_uuid: "e7df366663fc49c3b4e6f609941db037" member_type: VOTER last_known_addr { host: "127.7.128.1" port: 44407 } } peers { permanent_uuid: "0b2735cc385b40f38175a19bfa4ba372" member_type: VOTER last_known_addr { host: "127.7.128.2" port: 37127 } } peers { permanent_uuid: "d998e07320f54d3a82be57a2308a5682" member_type: VOTER last_known_addr { host: "127.7.128.3" port: 36425 } attrs { replace: true } } peers { permanent_uuid: "4f9aa56f68714de0bbd93407d521ca1a" member_type: NON_VOTER last_known_addr { host: "127.7.128.4" port: 41973 } attrs { promote: true } } }
I20260608 10:09:54.421667 10830 raft_consensus.cc:2955] T bc1e52da39bf421b949193a723202a1a P d998e07320f54d3a82be57a2308a5682 [term 1 FOLLOWER]: Committing config change with OpId 1.2: config changed from index -1 to 2, NON_VOTER 4f9aa56f68714de0bbd93407d521ca1a (127.7.128.4) added. New config: { opid_index: 2 OBSOLETE_local: false peers { permanent_uuid: "e7df366663fc49c3b4e6f609941db037" member_type: VOTER last_known_addr { host: "127.7.128.1" port: 44407 } } peers { permanent_uuid: "0b2735cc385b40f38175a19bfa4ba372" member_type: VOTER last_known_addr { host: "127.7.128.2" port: 37127 } } peers { permanent_uuid: "d998e07320f54d3a82be57a2308a5682" member_type: VOTER last_known_addr { host: "127.7.128.3" port: 36425 } attrs { replace: true } } peers { permanent_uuid: "4f9aa56f68714de0bbd93407d521ca1a" member_type: NON_VOTER last_known_addr { host: "127.7.128.4" port: 41973 } attrs { promote: true } } }
I20260608 10:09:54.426036 10757 raft_consensus.cc:2955] T bc1e52da39bf421b949193a723202a1a P 0b2735cc385b40f38175a19bfa4ba372 [term 1 FOLLOWER]: Committing config change with OpId 1.2: config changed from index -1 to 2, NON_VOTER 4f9aa56f68714de0bbd93407d521ca1a (127.7.128.4) added. New config: { opid_index: 2 OBSOLETE_local: false peers { permanent_uuid: "e7df366663fc49c3b4e6f609941db037" member_type: VOTER last_known_addr { host: "127.7.128.1" port: 44407 } } peers { permanent_uuid: "0b2735cc385b40f38175a19bfa4ba372" member_type: VOTER last_known_addr { host: "127.7.128.2" port: 37127 } } peers { permanent_uuid: "d998e07320f54d3a82be57a2308a5682" member_type: VOTER last_known_addr { host: "127.7.128.3" port: 36425 } attrs { replace: true } } peers { permanent_uuid: "4f9aa56f68714de0bbd93407d521ca1a" member_type: NON_VOTER last_known_addr { host: "127.7.128.4" port: 41973 } attrs { promote: true } } }
I20260608 10:09:54.438023 10684 consensus_queue.cc:237] T 140423b8198c4538b752d1bb2b9a4ba6 P e7df366663fc49c3b4e6f609941db037 [LEADER]: Queue going to LEADER mode. State: All replicated index: 0, Majority replicated index: 1, Committed index: 1, Last appended: 1.1, Last appended by leader: 0, Current term: 1, Majority size: 2, State: 0, Mode: LEADER, active raft config: opid_index: 2 OBSOLETE_local: false peers { permanent_uuid: "e7df366663fc49c3b4e6f609941db037" member_type: VOTER last_known_addr { host: "127.7.128.1" port: 44407 } } peers { permanent_uuid: "0b2735cc385b40f38175a19bfa4ba372" member_type: VOTER last_known_addr { host: "127.7.128.2" port: 37127 } attrs { replace: true } } peers { permanent_uuid: "d998e07320f54d3a82be57a2308a5682" member_type: VOTER last_known_addr { host: "127.7.128.3" port: 36425 } } peers { permanent_uuid: "4f9aa56f68714de0bbd93407d521ca1a" member_type: NON_VOTER last_known_addr { host: "127.7.128.4" port: 41973 } attrs { promote: true } }
I20260608 10:09:54.439636 10581 catalog_manager.cc:5696] T bc1e52da39bf421b949193a723202a1a P d998e07320f54d3a82be57a2308a5682 reported cstate change: config changed from index -1 to 2, NON_VOTER 4f9aa56f68714de0bbd93407d521ca1a (127.7.128.4) added. New cstate: current_term: 1 leader_uuid: "e7df366663fc49c3b4e6f609941db037" committed_config { opid_index: 2 OBSOLETE_local: false peers { permanent_uuid: "e7df366663fc49c3b4e6f609941db037" member_type: VOTER last_known_addr { host: "127.7.128.1" port: 44407 } } peers { permanent_uuid: "0b2735cc385b40f38175a19bfa4ba372" member_type: VOTER last_known_addr { host: "127.7.128.2" port: 37127 } } peers { permanent_uuid: "d998e07320f54d3a82be57a2308a5682" member_type: VOTER last_known_addr { host: "127.7.128.3" port: 36425 } attrs { replace: true } } peers { permanent_uuid: "4f9aa56f68714de0bbd93407d521ca1a" member_type: NON_VOTER last_known_addr { host: "127.7.128.4" port: 41973 } attrs { promote: true } } }
I20260608 10:09:54.447101 10830 raft_consensus.cc:1275] T 140423b8198c4538b752d1bb2b9a4ba6 P d998e07320f54d3a82be57a2308a5682 [term 1 FOLLOWER]: Refusing update from remote peer e7df366663fc49c3b4e6f609941db037: Log matching property violated. Preceding OpId in replica: term: 1 index: 1. Preceding OpId from leader: term: 1 index: 2. (index mismatch)
I20260608 10:09:54.447651 10757 raft_consensus.cc:1275] T 140423b8198c4538b752d1bb2b9a4ba6 P 0b2735cc385b40f38175a19bfa4ba372 [term 1 FOLLOWER]: Refusing update from remote peer e7df366663fc49c3b4e6f609941db037: Log matching property violated. Preceding OpId in replica: term: 1 index: 1. Preceding OpId from leader: term: 1 index: 2. (index mismatch)
I20260608 10:09:54.448648 11110 consensus_queue.cc:1048] T 140423b8198c4538b752d1bb2b9a4ba6 P e7df366663fc49c3b4e6f609941db037 [LEADER]: Connected to new peer: Peer: permanent_uuid: "d998e07320f54d3a82be57a2308a5682" member_type: VOTER last_known_addr { host: "127.7.128.3" port: 36425 }, Status: LMP_MISMATCH, Last received: 0.0, Next index: 2, Last known committed idx: 1, Time since last communication: 0.001s
W20260608 10:09:54.449982 10649 consensus_peers.cc:597] T 140423b8198c4538b752d1bb2b9a4ba6 P e7df366663fc49c3b4e6f609941db037 -> Peer 4f9aa56f68714de0bbd93407d521ca1a (127.7.128.4:41973): Couldn't send request to peer 4f9aa56f68714de0bbd93407d521ca1a. Error code: TABLET_NOT_FOUND (6). Status: Not found: Tablet not found: 140423b8198c4538b752d1bb2b9a4ba6. This is attempt 1: this message will repeat every 5th retry.
I20260608 10:09:54.457824 11110 consensus_queue.cc:1048] T 140423b8198c4538b752d1bb2b9a4ba6 P e7df366663fc49c3b4e6f609941db037 [LEADER]: Connected to new peer: Peer: permanent_uuid: "0b2735cc385b40f38175a19bfa4ba372" member_type: VOTER last_known_addr { host: "127.7.128.2" port: 37127 } attrs { replace: true }, Status: LMP_MISMATCH, Last received: 0.0, Next index: 2, Last known committed idx: 1, Time since last communication: 0.001s
I20260608 10:09:54.465909 10910 raft_consensus.cc:2955] T 140423b8198c4538b752d1bb2b9a4ba6 P e7df366663fc49c3b4e6f609941db037 [term 1 LEADER]: Committing config change with OpId 1.2: config changed from index -1 to 2, NON_VOTER 4f9aa56f68714de0bbd93407d521ca1a (127.7.128.4) added. New config: { opid_index: 2 OBSOLETE_local: false peers { permanent_uuid: "e7df366663fc49c3b4e6f609941db037" member_type: VOTER last_known_addr { host: "127.7.128.1" port: 44407 } } peers { permanent_uuid: "0b2735cc385b40f38175a19bfa4ba372" member_type: VOTER last_known_addr { host: "127.7.128.2" port: 37127 } attrs { replace: true } } peers { permanent_uuid: "d998e07320f54d3a82be57a2308a5682" member_type: VOTER last_known_addr { host: "127.7.128.3" port: 36425 } } peers { permanent_uuid: "4f9aa56f68714de0bbd93407d521ca1a" member_type: NON_VOTER last_known_addr { host: "127.7.128.4" port: 41973 } attrs { promote: true } } }
I20260608 10:09:54.470342 10760 raft_consensus.cc:2955] T 140423b8198c4538b752d1bb2b9a4ba6 P 0b2735cc385b40f38175a19bfa4ba372 [term 1 FOLLOWER]: Committing config change with OpId 1.2: config changed from index -1 to 2, NON_VOTER 4f9aa56f68714de0bbd93407d521ca1a (127.7.128.4) added. New config: { opid_index: 2 OBSOLETE_local: false peers { permanent_uuid: "e7df366663fc49c3b4e6f609941db037" member_type: VOTER last_known_addr { host: "127.7.128.1" port: 44407 } } peers { permanent_uuid: "0b2735cc385b40f38175a19bfa4ba372" member_type: VOTER last_known_addr { host: "127.7.128.2" port: 37127 } attrs { replace: true } } peers { permanent_uuid: "d998e07320f54d3a82be57a2308a5682" member_type: VOTER last_known_addr { host: "127.7.128.3" port: 36425 } } peers { permanent_uuid: "4f9aa56f68714de0bbd93407d521ca1a" member_type: NON_VOTER last_known_addr { host: "127.7.128.4" port: 41973 } attrs { promote: true } } }
I20260608 10:09:54.472685 10830 raft_consensus.cc:2955] T 140423b8198c4538b752d1bb2b9a4ba6 P d998e07320f54d3a82be57a2308a5682 [term 1 FOLLOWER]: Committing config change with OpId 1.2: config changed from index -1 to 2, NON_VOTER 4f9aa56f68714de0bbd93407d521ca1a (127.7.128.4) added. New config: { opid_index: 2 OBSOLETE_local: false peers { permanent_uuid: "e7df366663fc49c3b4e6f609941db037" member_type: VOTER last_known_addr { host: "127.7.128.1" port: 44407 } } peers { permanent_uuid: "0b2735cc385b40f38175a19bfa4ba372" member_type: VOTER last_known_addr { host: "127.7.128.2" port: 37127 } attrs { replace: true } } peers { permanent_uuid: "d998e07320f54d3a82be57a2308a5682" member_type: VOTER last_known_addr { host: "127.7.128.3" port: 36425 } } peers { permanent_uuid: "4f9aa56f68714de0bbd93407d521ca1a" member_type: NON_VOTER last_known_addr { host: "127.7.128.4" port: 41973 } attrs { promote: true } } }
I20260608 10:09:54.487071 10581 catalog_manager.cc:5696] T 140423b8198c4538b752d1bb2b9a4ba6 P d998e07320f54d3a82be57a2308a5682 reported cstate change: config changed from index -1 to 2, NON_VOTER 4f9aa56f68714de0bbd93407d521ca1a (127.7.128.4) added. New cstate: current_term: 1 leader_uuid: "e7df366663fc49c3b4e6f609941db037" committed_config { opid_index: 2 OBSOLETE_local: false peers { permanent_uuid: "e7df366663fc49c3b4e6f609941db037" member_type: VOTER last_known_addr { host: "127.7.128.1" port: 44407 } } peers { permanent_uuid: "0b2735cc385b40f38175a19bfa4ba372" member_type: VOTER last_known_addr { host: "127.7.128.2" port: 37127 } attrs { replace: true } } peers { permanent_uuid: "d998e07320f54d3a82be57a2308a5682" member_type: VOTER last_known_addr { host: "127.7.128.3" port: 36425 } } peers { permanent_uuid: "4f9aa56f68714de0bbd93407d521ca1a" member_type: NON_VOTER last_known_addr { host: "127.7.128.4" port: 41973 } attrs { promote: true } } }
I20260608 10:09:54.490217 10760 consensus_queue.cc:237] T 38dfe321d5b649b0b7bcbdc057e5a54d P 0b2735cc385b40f38175a19bfa4ba372 [LEADER]: Queue going to LEADER mode. State: All replicated index: 0, Majority replicated index: 1, Committed index: 1, Last appended: 1.1, Last appended by leader: 0, Current term: 1, Majority size: 2, State: 0, Mode: LEADER, active raft config: opid_index: 2 OBSOLETE_local: false peers { permanent_uuid: "e7df366663fc49c3b4e6f609941db037" member_type: VOTER last_known_addr { host: "127.7.128.1" port: 44407 } attrs { replace: true } } peers { permanent_uuid: "0b2735cc385b40f38175a19bfa4ba372" member_type: VOTER last_known_addr { host: "127.7.128.2" port: 37127 } } peers { permanent_uuid: "d998e07320f54d3a82be57a2308a5682" member_type: VOTER last_known_addr { host: "127.7.128.3" port: 36425 } } peers { permanent_uuid: "4f9aa56f68714de0bbd93407d521ca1a" member_type: NON_VOTER last_known_addr { host: "127.7.128.4" port: 41973 } attrs { promote: true } }
I20260608 10:09:54.497575 10830 raft_consensus.cc:1275] T 38dfe321d5b649b0b7bcbdc057e5a54d P d998e07320f54d3a82be57a2308a5682 [term 1 FOLLOWER]: Refusing update from remote peer 0b2735cc385b40f38175a19bfa4ba372: Log matching property violated. Preceding OpId in replica: term: 1 index: 1. Preceding OpId from leader: term: 1 index: 2. (index mismatch)
W20260608 10:09:54.498082 10724 consensus_peers.cc:597] T 38dfe321d5b649b0b7bcbdc057e5a54d P 0b2735cc385b40f38175a19bfa4ba372 -> Peer 4f9aa56f68714de0bbd93407d521ca1a (127.7.128.4:41973): Couldn't send request to peer 4f9aa56f68714de0bbd93407d521ca1a. Error code: TABLET_NOT_FOUND (6). Status: Not found: Tablet not found: 38dfe321d5b649b0b7bcbdc057e5a54d. This is attempt 1: this message will repeat every 5th retry.
I20260608 10:09:54.499586 10685 raft_consensus.cc:1275] T 38dfe321d5b649b0b7bcbdc057e5a54d P e7df366663fc49c3b4e6f609941db037 [term 1 FOLLOWER]: Refusing update from remote peer 0b2735cc385b40f38175a19bfa4ba372: Log matching property violated. Preceding OpId in replica: term: 1 index: 1. Preceding OpId from leader: term: 1 index: 2. (index mismatch)
I20260608 10:09:54.500015 11091 consensus_queue.cc:1048] T 38dfe321d5b649b0b7bcbdc057e5a54d P 0b2735cc385b40f38175a19bfa4ba372 [LEADER]: Connected to new peer: Peer: permanent_uuid: "d998e07320f54d3a82be57a2308a5682" member_type: VOTER last_known_addr { host: "127.7.128.3" port: 36425 }, Status: LMP_MISMATCH, Last received: 0.0, Next index: 2, Last known committed idx: 1, Time since last communication: 0.000s
I20260608 10:09:54.501823 10905 consensus_queue.cc:1048] T 38dfe321d5b649b0b7bcbdc057e5a54d P 0b2735cc385b40f38175a19bfa4ba372 [LEADER]: Connected to new peer: Peer: permanent_uuid: "e7df366663fc49c3b4e6f609941db037" member_type: VOTER last_known_addr { host: "127.7.128.1" port: 44407 } attrs { replace: true }, Status: LMP_MISMATCH, Last received: 0.0, Next index: 2, Last known committed idx: 1, Time since last communication: 0.000s
I20260608 10:09:54.511338 10905 raft_consensus.cc:2955] T 38dfe321d5b649b0b7bcbdc057e5a54d P 0b2735cc385b40f38175a19bfa4ba372 [term 1 LEADER]: Committing config change with OpId 1.2: config changed from index -1 to 2, NON_VOTER 4f9aa56f68714de0bbd93407d521ca1a (127.7.128.4) added. New config: { opid_index: 2 OBSOLETE_local: false peers { permanent_uuid: "e7df366663fc49c3b4e6f609941db037" member_type: VOTER last_known_addr { host: "127.7.128.1" port: 44407 } attrs { replace: true } } peers { permanent_uuid: "0b2735cc385b40f38175a19bfa4ba372" member_type: VOTER last_known_addr { host: "127.7.128.2" port: 37127 } } peers { permanent_uuid: "d998e07320f54d3a82be57a2308a5682" member_type: VOTER last_known_addr { host: "127.7.128.3" port: 36425 } } peers { permanent_uuid: "4f9aa56f68714de0bbd93407d521ca1a" member_type: NON_VOTER last_known_addr { host: "127.7.128.4" port: 41973 } attrs { promote: true } } }
I20260608 10:09:54.512724 10685 raft_consensus.cc:2955] T 38dfe321d5b649b0b7bcbdc057e5a54d P e7df366663fc49c3b4e6f609941db037 [term 1 FOLLOWER]: Committing config change with OpId 1.2: config changed from index -1 to 2, NON_VOTER 4f9aa56f68714de0bbd93407d521ca1a (127.7.128.4) added. New config: { opid_index: 2 OBSOLETE_local: false peers { permanent_uuid: "e7df366663fc49c3b4e6f609941db037" member_type: VOTER last_known_addr { host: "127.7.128.1" port: 44407 } attrs { replace: true } } peers { permanent_uuid: "0b2735cc385b40f38175a19bfa4ba372" member_type: VOTER last_known_addr { host: "127.7.128.2" port: 37127 } } peers { permanent_uuid: "d998e07320f54d3a82be57a2308a5682" member_type: VOTER last_known_addr { host: "127.7.128.3" port: 36425 } } peers { permanent_uuid: "4f9aa56f68714de0bbd93407d521ca1a" member_type: NON_VOTER last_known_addr { host: "127.7.128.4" port: 41973 } attrs { promote: true } } }
I20260608 10:09:54.513159 10830 raft_consensus.cc:2955] T 38dfe321d5b649b0b7bcbdc057e5a54d P d998e07320f54d3a82be57a2308a5682 [term 1 FOLLOWER]: Committing config change with OpId 1.2: config changed from index -1 to 2, NON_VOTER 4f9aa56f68714de0bbd93407d521ca1a (127.7.128.4) added. New config: { opid_index: 2 OBSOLETE_local: false peers { permanent_uuid: "e7df366663fc49c3b4e6f609941db037" member_type: VOTER last_known_addr { host: "127.7.128.1" port: 44407 } attrs { replace: true } } peers { permanent_uuid: "0b2735cc385b40f38175a19bfa4ba372" member_type: VOTER last_known_addr { host: "127.7.128.2" port: 37127 } } peers { permanent_uuid: "d998e07320f54d3a82be57a2308a5682" member_type: VOTER last_known_addr { host: "127.7.128.3" port: 36425 } } peers { permanent_uuid: "4f9aa56f68714de0bbd93407d521ca1a" member_type: NON_VOTER last_known_addr { host: "127.7.128.4" port: 41973 } attrs { promote: true } } }
I20260608 10:09:54.525591 10583 catalog_manager.cc:5696] T 38dfe321d5b649b0b7bcbdc057e5a54d P e7df366663fc49c3b4e6f609941db037 reported cstate change: config changed from index -1 to 2, NON_VOTER 4f9aa56f68714de0bbd93407d521ca1a (127.7.128.4) added. New cstate: current_term: 1 leader_uuid: "0b2735cc385b40f38175a19bfa4ba372" committed_config { opid_index: 2 OBSOLETE_local: false peers { permanent_uuid: "e7df366663fc49c3b4e6f609941db037" member_type: VOTER last_known_addr { host: "127.7.128.1" port: 44407 } attrs { replace: true } } peers { permanent_uuid: "0b2735cc385b40f38175a19bfa4ba372" member_type: VOTER last_known_addr { host: "127.7.128.2" port: 37127 } } peers { permanent_uuid: "d998e07320f54d3a82be57a2308a5682" member_type: VOTER last_known_addr { host: "127.7.128.3" port: 36425 } } peers { permanent_uuid: "4f9aa56f68714de0bbd93407d521ca1a" member_type: NON_VOTER last_known_addr { host: "127.7.128.4" port: 41973 } attrs { promote: true } } }
I20260608 10:09:54.822538 11130 ts_tablet_manager.cc:933] T bc1e52da39bf421b949193a723202a1a P 4f9aa56f68714de0bbd93407d521ca1a: Initiating tablet copy from peer e7df366663fc49c3b4e6f609941db037 (127.7.128.1:44407)
I20260608 10:09:54.824570 11130 tablet_copy_client.cc:323] T bc1e52da39bf421b949193a723202a1a P 4f9aa56f68714de0bbd93407d521ca1a: tablet copy: Beginning tablet copy session from remote peer at address 127.7.128.1:44407
I20260608 10:09:54.826246 10695 tablet_copy_service.cc:140] P e7df366663fc49c3b4e6f609941db037: Received BeginTabletCopySession request for tablet bc1e52da39bf421b949193a723202a1a from peer 4f9aa56f68714de0bbd93407d521ca1a ({username='slave'} at 127.0.0.1:50100)
I20260608 10:09:54.826745 10695 tablet_copy_service.cc:161] P e7df366663fc49c3b4e6f609941db037: Beginning new tablet copy session on tablet bc1e52da39bf421b949193a723202a1a from peer 4f9aa56f68714de0bbd93407d521ca1a at {username='slave'} at 127.0.0.1:50100: session id = 4f9aa56f68714de0bbd93407d521ca1a-bc1e52da39bf421b949193a723202a1a
I20260608 10:09:54.832064 11132 ts_tablet_manager.cc:933] T 7f0efc0c9f7847bcb8064c14022c6e92 P 4f9aa56f68714de0bbd93407d521ca1a: Initiating tablet copy from peer 0b2735cc385b40f38175a19bfa4ba372 (127.7.128.2:37127)
I20260608 10:09:54.833657 10695 tablet_copy_source_session.cc:215] T bc1e52da39bf421b949193a723202a1a P e7df366663fc49c3b4e6f609941db037: Tablet Copy: opened 0 blocks and 1 log segments
I20260608 10:09:54.834151 11132 tablet_copy_client.cc:323] T 7f0efc0c9f7847bcb8064c14022c6e92 P 4f9aa56f68714de0bbd93407d521ca1a: tablet copy: Beginning tablet copy session from remote peer at address 127.7.128.2:37127
I20260608 10:09:54.836118 10770 tablet_copy_service.cc:140] P 0b2735cc385b40f38175a19bfa4ba372: Received BeginTabletCopySession request for tablet 7f0efc0c9f7847bcb8064c14022c6e92 from peer 4f9aa56f68714de0bbd93407d521ca1a ({username='slave'} at 127.0.0.1:60764)
I20260608 10:09:54.836721 10770 tablet_copy_service.cc:161] P 0b2735cc385b40f38175a19bfa4ba372: Beginning new tablet copy session on tablet 7f0efc0c9f7847bcb8064c14022c6e92 from peer 4f9aa56f68714de0bbd93407d521ca1a at {username='slave'} at 127.0.0.1:60764: session id = 4f9aa56f68714de0bbd93407d521ca1a-7f0efc0c9f7847bcb8064c14022c6e92
I20260608 10:09:54.837319 11130 data_dirs.cc:400] Could only allocate 1 dirs of requested 3 for tablet bc1e52da39bf421b949193a723202a1a. 1 dirs total, 0 dirs full, 0 dirs failed
I20260608 10:09:54.848382 10770 tablet_copy_source_session.cc:215] T 7f0efc0c9f7847bcb8064c14022c6e92 P 0b2735cc385b40f38175a19bfa4ba372: Tablet Copy: opened 0 blocks and 1 log segments
I20260608 10:09:54.851910 11132 data_dirs.cc:400] Could only allocate 1 dirs of requested 3 for tablet 7f0efc0c9f7847bcb8064c14022c6e92. 1 dirs total, 0 dirs full, 0 dirs failed
I20260608 10:09:54.853168 11130 tablet_copy_client.cc:806] T bc1e52da39bf421b949193a723202a1a P 4f9aa56f68714de0bbd93407d521ca1a: tablet copy: Starting download of 0 data blocks...
I20260608 10:09:54.853827 11130 tablet_copy_client.cc:670] T bc1e52da39bf421b949193a723202a1a P 4f9aa56f68714de0bbd93407d521ca1a: tablet copy: Starting download of 1 WAL segments...
I20260608 10:09:54.858960 11130 tablet_copy_client.cc:538] T bc1e52da39bf421b949193a723202a1a P 4f9aa56f68714de0bbd93407d521ca1a: tablet copy: Tablet Copy complete. Replacing tablet superblock.
I20260608 10:09:54.865439 11130 tablet_bootstrap.cc:492] T bc1e52da39bf421b949193a723202a1a P 4f9aa56f68714de0bbd93407d521ca1a: Bootstrap starting.
I20260608 10:09:54.868182 11132 tablet_copy_client.cc:806] T 7f0efc0c9f7847bcb8064c14022c6e92 P 4f9aa56f68714de0bbd93407d521ca1a: tablet copy: Starting download of 0 data blocks...
I20260608 10:09:54.868844 11132 tablet_copy_client.cc:670] T 7f0efc0c9f7847bcb8064c14022c6e92 P 4f9aa56f68714de0bbd93407d521ca1a: tablet copy: Starting download of 1 WAL segments...
I20260608 10:09:54.873471 11132 tablet_copy_client.cc:538] T 7f0efc0c9f7847bcb8064c14022c6e92 P 4f9aa56f68714de0bbd93407d521ca1a: tablet copy: Tablet Copy complete. Replacing tablet superblock.
I20260608 10:09:54.882808 11132 tablet_bootstrap.cc:492] T 7f0efc0c9f7847bcb8064c14022c6e92 P 4f9aa56f68714de0bbd93407d521ca1a: Bootstrap starting.
I20260608 10:09:54.886619 11130 tablet_bootstrap.cc:492] T bc1e52da39bf421b949193a723202a1a P 4f9aa56f68714de0bbd93407d521ca1a: Bootstrap replayed 1/1 log segments. Stats: ops{read=2 overwritten=0 applied=2 ignored=0} inserts{seen=0 ignored=0} mutations{seen=0 ignored=0} orphaned_commits=0. Pending: 0 replicates
I20260608 10:09:54.887737 11130 tablet_bootstrap.cc:492] T bc1e52da39bf421b949193a723202a1a P 4f9aa56f68714de0bbd93407d521ca1a: Bootstrap complete.
I20260608 10:09:54.888533 11130 ts_tablet_manager.cc:1403] T bc1e52da39bf421b949193a723202a1a P 4f9aa56f68714de0bbd93407d521ca1a: Time spent bootstrapping tablet: real 0.023s	user 0.006s	sys 0.014s
I20260608 10:09:54.892233 11130 raft_consensus.cc:359] T bc1e52da39bf421b949193a723202a1a P 4f9aa56f68714de0bbd93407d521ca1a [term 1 LEARNER]: Replica starting. Triggering 0 pending ops. Active config: opid_index: 2 OBSOLETE_local: false peers { permanent_uuid: "e7df366663fc49c3b4e6f609941db037" member_type: VOTER last_known_addr { host: "127.7.128.1" port: 44407 } } peers { permanent_uuid: "0b2735cc385b40f38175a19bfa4ba372" member_type: VOTER last_known_addr { host: "127.7.128.2" port: 37127 } } peers { permanent_uuid: "d998e07320f54d3a82be57a2308a5682" member_type: VOTER last_known_addr { host: "127.7.128.3" port: 36425 } attrs { replace: true } } peers { permanent_uuid: "4f9aa56f68714de0bbd93407d521ca1a" member_type: NON_VOTER last_known_addr { host: "127.7.128.4" port: 41973 } attrs { promote: true } }
I20260608 10:09:54.892964 11130 raft_consensus.cc:740] T bc1e52da39bf421b949193a723202a1a P 4f9aa56f68714de0bbd93407d521ca1a [term 1 LEARNER]: Becoming Follower/Learner. State: Replica: 4f9aa56f68714de0bbd93407d521ca1a, State: Initialized, Role: LEARNER
I20260608 10:09:54.894896 11130 consensus_queue.cc:260] T bc1e52da39bf421b949193a723202a1a P 4f9aa56f68714de0bbd93407d521ca1a [NON_LEADER]: Queue going to NON_LEADER mode. State: All replicated index: 0, Majority replicated index: 0, Committed index: 2, Last appended: 1.2, Last appended by leader: 2, Current term: 0, Majority size: -1, State: 0, Mode: NON_LEADER, active raft config: opid_index: 2 OBSOLETE_local: false peers { permanent_uuid: "e7df366663fc49c3b4e6f609941db037" member_type: VOTER last_known_addr { host: "127.7.128.1" port: 44407 } } peers { permanent_uuid: "0b2735cc385b40f38175a19bfa4ba372" member_type: VOTER last_known_addr { host: "127.7.128.2" port: 37127 } } peers { permanent_uuid: "d998e07320f54d3a82be57a2308a5682" member_type: VOTER last_known_addr { host: "127.7.128.3" port: 36425 } attrs { replace: true } } peers { permanent_uuid: "4f9aa56f68714de0bbd93407d521ca1a" member_type: NON_VOTER last_known_addr { host: "127.7.128.4" port: 41973 } attrs { promote: true } }
I20260608 10:09:54.894284 11135 ts_tablet_manager.cc:933] T 140423b8198c4538b752d1bb2b9a4ba6 P 4f9aa56f68714de0bbd93407d521ca1a: Initiating tablet copy from peer e7df366663fc49c3b4e6f609941db037 (127.7.128.1:44407)
I20260608 10:09:54.899029 11130 ts_tablet_manager.cc:1434] T bc1e52da39bf421b949193a723202a1a P 4f9aa56f68714de0bbd93407d521ca1a: Time spent starting tablet: real 0.010s	user 0.007s	sys 0.001s
I20260608 10:09:54.903898 11135 tablet_copy_client.cc:323] T 140423b8198c4538b752d1bb2b9a4ba6 P 4f9aa56f68714de0bbd93407d521ca1a: tablet copy: Beginning tablet copy session from remote peer at address 127.7.128.1:44407
I20260608 10:09:54.907688 10695 tablet_copy_service.cc:342] P e7df366663fc49c3b4e6f609941db037: Request end of tablet copy session 4f9aa56f68714de0bbd93407d521ca1a-bc1e52da39bf421b949193a723202a1a received from {username='slave'} at 127.0.0.1:50100
I20260608 10:09:54.908214 10695 tablet_copy_service.cc:434] P e7df366663fc49c3b4e6f609941db037: ending tablet copy session 4f9aa56f68714de0bbd93407d521ca1a-bc1e52da39bf421b949193a723202a1a on tablet bc1e52da39bf421b949193a723202a1a with peer 4f9aa56f68714de0bbd93407d521ca1a
I20260608 10:09:54.909252 10694 tablet_copy_service.cc:140] P e7df366663fc49c3b4e6f609941db037: Received BeginTabletCopySession request for tablet 140423b8198c4538b752d1bb2b9a4ba6 from peer 4f9aa56f68714de0bbd93407d521ca1a ({username='slave'} at 127.0.0.1:50100)
I20260608 10:09:54.909898 10694 tablet_copy_service.cc:161] P e7df366663fc49c3b4e6f609941db037: Beginning new tablet copy session on tablet 140423b8198c4538b752d1bb2b9a4ba6 from peer 4f9aa56f68714de0bbd93407d521ca1a at {username='slave'} at 127.0.0.1:50100: session id = 4f9aa56f68714de0bbd93407d521ca1a-140423b8198c4538b752d1bb2b9a4ba6
I20260608 10:09:54.918030 11130 ts_tablet_manager.cc:933] T 38dfe321d5b649b0b7bcbdc057e5a54d P 4f9aa56f68714de0bbd93407d521ca1a: Initiating tablet copy from peer 0b2735cc385b40f38175a19bfa4ba372 (127.7.128.2:37127)
I20260608 10:09:54.918759 11132 tablet_bootstrap.cc:492] T 7f0efc0c9f7847bcb8064c14022c6e92 P 4f9aa56f68714de0bbd93407d521ca1a: Bootstrap replayed 1/1 log segments. Stats: ops{read=2 overwritten=0 applied=2 ignored=0} inserts{seen=0 ignored=0} mutations{seen=0 ignored=0} orphaned_commits=0. Pending: 0 replicates
I20260608 10:09:54.919412 10694 tablet_copy_source_session.cc:215] T 140423b8198c4538b752d1bb2b9a4ba6 P e7df366663fc49c3b4e6f609941db037: Tablet Copy: opened 0 blocks and 1 log segments
I20260608 10:09:54.920140 11132 tablet_bootstrap.cc:492] T 7f0efc0c9f7847bcb8064c14022c6e92 P 4f9aa56f68714de0bbd93407d521ca1a: Bootstrap complete.
I20260608 10:09:54.924127 11132 ts_tablet_manager.cc:1403] T 7f0efc0c9f7847bcb8064c14022c6e92 P 4f9aa56f68714de0bbd93407d521ca1a: Time spent bootstrapping tablet: real 0.042s	user 0.019s	sys 0.011s
I20260608 10:09:54.925400 11135 data_dirs.cc:400] Could only allocate 1 dirs of requested 3 for tablet 140423b8198c4538b752d1bb2b9a4ba6. 1 dirs total, 0 dirs full, 0 dirs failed
I20260608 10:09:54.927204 11132 raft_consensus.cc:359] T 7f0efc0c9f7847bcb8064c14022c6e92 P 4f9aa56f68714de0bbd93407d521ca1a [term 1 LEARNER]: Replica starting. Triggering 0 pending ops. Active config: opid_index: 2 OBSOLETE_local: false peers { permanent_uuid: "e7df366663fc49c3b4e6f609941db037" member_type: VOTER last_known_addr { host: "127.7.128.1" port: 44407 } attrs { replace: true } } peers { permanent_uuid: "0b2735cc385b40f38175a19bfa4ba372" member_type: VOTER last_known_addr { host: "127.7.128.2" port: 37127 } } peers { permanent_uuid: "d998e07320f54d3a82be57a2308a5682" member_type: VOTER last_known_addr { host: "127.7.128.3" port: 36425 } } peers { permanent_uuid: "4f9aa56f68714de0bbd93407d521ca1a" member_type: NON_VOTER last_known_addr { host: "127.7.128.4" port: 41973 } attrs { promote: true } }
I20260608 10:09:54.928066 11132 raft_consensus.cc:740] T 7f0efc0c9f7847bcb8064c14022c6e92 P 4f9aa56f68714de0bbd93407d521ca1a [term 1 LEARNER]: Becoming Follower/Learner. State: Replica: 4f9aa56f68714de0bbd93407d521ca1a, State: Initialized, Role: LEARNER
