W20260608 10:09:43.605232 11534 system_unsync_time.cc:38] NTP support is disabled. Clock error bounds will not be accurate. This configuration is not suitable for distributed clusters.
I20260608 10:09:43.605453 11534 hybrid_clock.cc:648] HybridClock initialized: now 1780913383605433 us; error 0 us; skew 500 ppm
I20260608 10:09:43.606246 11534 server_base.cc:861] Flag tcmalloc_max_total_thread_cache_bytes is not working since tcmalloc is not enabled.
I20260608 10:09:43.606868 14369 ts_manager.cc:194] Registered new tserver with Master: 224ad7df454a4b489a618d998c3a158c (127.11.67.130:41257)
I20260608 10:09:43.608536 14369 master_service.cc:502] Signed X509 certificate for tserver {username='slave'} at 127.0.0.1:50182
I20260608 10:09:43.608718 11534 webserver.cc:533] Webserver started at http://127.11.67.131:36619/ using document root <none> and password file <none>
I20260608 10:09:43.609392 11534 fs_manager.cc:362] Metadata directory not provided
I20260608 10:09:43.609665 11534 fs_manager.cc:368] Using write-ahead log directory (fs_wal_dir) as metadata directory
I20260608 10:09:43.610001 11534 server_base.cc:909] This appears to be a new deployment of Kudu; creating new FS layout
I20260608 10:09:43.611119 11534 fs_manager.cc:1068] Generated new instance metadata in path /tmp/dist-test-taskzkZQEK/test-tmp/auto_rebalancer-test.0.AutoRebalancerTest.RangeAwareRebalancesNewRangeReplicas.1780913304352365-11534-0/minicluster-data/ts-2-root/instance:
uuid: "f9a6789193964b5f9e47f11b924aec04"
format_stamp: "Formatted at 2026-06-08 10:09:43 on dist-test-slave-gd16"
I20260608 10:09:43.615784 11534 fs_manager.cc:696] Time spent creating directory manager: real 0.004s	user 0.006s	sys 0.000s
I20260608 10:09:43.619350 14582 log_block_manager.cc:4031] Time spent loading block containers with low live blocks: real 0.000s	user 0.000s	sys 0.000s
I20260608 10:09:43.620067 11534 fs_manager.cc:730] Time spent opening block manager: real 0.002s	user 0.002s	sys 0.000s
I20260608 10:09:43.620375 11534 fs_manager.cc:647] Opened local filesystem: /tmp/dist-test-taskzkZQEK/test-tmp/auto_rebalancer-test.0.AutoRebalancerTest.RangeAwareRebalancesNewRangeReplicas.1780913304352365-11534-0/minicluster-data/ts-2-root
uuid: "f9a6789193964b5f9e47f11b924aec04"
format_stamp: "Formatted at 2026-06-08 10:09:43 on dist-test-slave-gd16"
I20260608 10:09:43.620654 11534 fs_report.cc:389] FS layout report
--------------------
wal directory: /tmp/dist-test-taskzkZQEK/test-tmp/auto_rebalancer-test.0.AutoRebalancerTest.RangeAwareRebalancesNewRangeReplicas.1780913304352365-11534-0/minicluster-data/ts-2-root
metadata directory: /tmp/dist-test-taskzkZQEK/test-tmp/auto_rebalancer-test.0.AutoRebalancerTest.RangeAwareRebalancesNewRangeReplicas.1780913304352365-11534-0/minicluster-data/ts-2-root
1 data directories: /tmp/dist-test-taskzkZQEK/test-tmp/auto_rebalancer-test.0.AutoRebalancerTest.RangeAwareRebalancesNewRangeReplicas.1780913304352365-11534-0/minicluster-data/ts-2-root/data
Total live blocks: 0
Total live bytes: 0
Total live bytes (after alignment): 0
Total number of LBM containers: 0 (0 full)
Did not check for missing blocks
Did not check for orphaned blocks
Total full LBM containers with extra space: 0 (0 repaired)
Total full LBM container extra space in bytes: 0 (0 repaired)
Total incomplete LBM containers: 0 (0 repaired)
Total LBM partial records: 0 (0 repaired)
Total corrupted LBM metadata records in RocksDB: 0 (0 repaired)
I20260608 10:09:43.657297 11534 rpc_server.cc:225] running with OpenSSL 1.1.1  11 Sep 2018
I20260608 10:09:43.658473 11534 kserver.cc:163] Server-wide thread pool size limit: 3276
I20260608 10:09:43.659931 11534 txn_system_client.cc:432] TxnSystemClient initialization is disabled...
I20260608 10:09:43.662334 11534 ts_tablet_manager.cc:585] Loaded tablet metadata (0 total tablets, 0 live tablets)
I20260608 10:09:43.662582 11534 ts_tablet_manager.cc:531] Time spent load tablet metadata: real 0.000s	user 0.000s	sys 0.000s
I20260608 10:09:43.662829 11534 ts_tablet_manager.cc:616] Registered 0 tablets
I20260608 10:09:43.663010 11534 ts_tablet_manager.cc:595] Time spent register tablets: real 0.000s	user 0.000s	sys 0.000s
I20260608 10:09:43.701695 11534 rpc_server.cc:307] RPC server started. Bound to: 127.11.67.131:44041
I20260608 10:09:43.701804 14644 acceptor_pool.cc:272] collecting diagnostics on the listening RPC socket 127.11.67.131:44041 every 8 connection(s)
I20260608 10:09:43.715847 14645 heartbeater.cc:344] Connected to a master server at 127.11.67.190:37413
I20260608 10:09:43.716282 14645 heartbeater.cc:461] Registering TS with master...
I20260608 10:09:43.717099 14645 heartbeater.cc:507] Master 127.11.67.190:37413 requested a full tablet report, sending...
I20260608 10:09:43.719131 14369 ts_manager.cc:194] Registered new tserver with Master: f9a6789193964b5f9e47f11b924aec04 (127.11.67.131:44041)
I20260608 10:09:43.720093 11534 internal_mini_cluster.cc:371] 3 TS(s) registered with all masters after 0.01495272s
I20260608 10:09:43.720847 14369 master_service.cc:502] Signed X509 certificate for tserver {username='slave'} at 127.0.0.1:50186
I20260608 10:09:44.517530 14496 heartbeater.cc:499] Master 127.11.67.190:37413 was elected leader, sending a full tablet report...
I20260608 10:09:44.611231 14571 heartbeater.cc:499] Master 127.11.67.190:37413 was elected leader, sending a full tablet report...
I20260608 10:09:44.723732 14645 heartbeater.cc:499] Master 127.11.67.190:37413 was elected leader, sending a full tablet report...
I20260608 10:09:44.773882 14369 catalog_manager.cc:2282] Servicing CreateTable request from {username='slave'} at 127.0.0.1:50192:
name: "range_aware_rebalance_new_range"
schema {
  columns {
    name: "key"
    type: INT32
    is_key: true
    is_nullable: false
    encoding: AUTO_ENCODING
    compression: DEFAULT_COMPRESSION
    cfile_block_size: 0
    immutable: false
  }
}
num_replicas: 3
split_rows_range_bounds {
  rows: "\006\001\000\000\000\000\007\001\n\000\000\000""\006\001\000\000\000\000\007\001\n\000\000\000"
  indirect_data: """"
}
partition_schema {
  hash_schema {
    columns {
      name: "key"
    }
    num_buckets: 8
    seed: 0
  }
  range_schema {
    columns {
      name: "key"
    }
  }
}
W20260608 10:09:44.776016 14369 catalog_manager.cc:7076] The number of live tablet servers is not enough to re-replicate a tablet replica of the newly created table range_aware_rebalance_new_range in case of a server failure: 4 tablet servers would be needed, 3 are available. Consider bringing up more tablet servers.
I20260608 10:09:44.882720 14534 tablet_service.cc:1511] Processing CreateTablet for tablet d9f76083f3e744769e1cac11b9c34353 (DEFAULT_TABLE table=range_aware_rebalance_new_range [id=ebd82d59e75546f5a9827b5218bbf723]), partition=HASH (key) PARTITION 2, RANGE (key) PARTITION 0 <= VALUES < 10
I20260608 10:09:44.883375 14535 tablet_service.cc:1511] Processing CreateTablet for tablet bd33587fec7d4b54a0c8785d6bd75d57 (DEFAULT_TABLE table=range_aware_rebalance_new_range [id=ebd82d59e75546f5a9827b5218bbf723]), partition=HASH (key) PARTITION 1, RANGE (key) PARTITION 0 <= VALUES < 10
I20260608 10:09:44.885870 14532 tablet_service.cc:1511] Processing CreateTablet for tablet e28cb06f42154ba1a6073e857d80b133 (DEFAULT_TABLE table=range_aware_rebalance_new_range [id=ebd82d59e75546f5a9827b5218bbf723]), partition=HASH (key) PARTITION 4, RANGE (key) PARTITION 0 <= VALUES < 10
I20260608 10:09:44.886044 14531 tablet_service.cc:1511] Processing CreateTablet for tablet 1efc759bdd6c459cac32fd8931ed431d (DEFAULT_TABLE table=range_aware_rebalance_new_range [id=ebd82d59e75546f5a9827b5218bbf723]), partition=HASH (key) PARTITION 5, RANGE (key) PARTITION 0 <= VALUES < 10
I20260608 10:09:44.886641 14530 tablet_service.cc:1511] Processing CreateTablet for tablet 142a4abcc91f49a3bb55892c35fa800c (DEFAULT_TABLE table=range_aware_rebalance_new_range [id=ebd82d59e75546f5a9827b5218bbf723]), partition=HASH (key) PARTITION 6, RANGE (key) PARTITION 0 <= VALUES < 10
I20260608 10:09:44.888428 14534 data_dirs.cc:400] Could only allocate 1 dirs of requested 3 for tablet d9f76083f3e744769e1cac11b9c34353. 1 dirs total, 0 dirs full, 0 dirs failed
I20260608 10:09:44.889142 14533 tablet_service.cc:1511] Processing CreateTablet for tablet dde8cdbe29734bbf8092dc2cb7dbd36a (DEFAULT_TABLE table=range_aware_rebalance_new_range [id=ebd82d59e75546f5a9827b5218bbf723]), partition=HASH (key) PARTITION 3, RANGE (key) PARTITION 0 <= VALUES < 10
I20260608 10:09:44.889858 14531 data_dirs.cc:400] Could only allocate 1 dirs of requested 3 for tablet 1efc759bdd6c459cac32fd8931ed431d. 1 dirs total, 0 dirs full, 0 dirs failed
I20260608 10:09:44.881632 14536 tablet_service.cc:1511] Processing CreateTablet for tablet bba2109891a947728541760cbf66298e (DEFAULT_TABLE table=range_aware_rebalance_new_range [id=ebd82d59e75546f5a9827b5218bbf723]), partition=HASH (key) PARTITION 0, RANGE (key) PARTITION 0 <= VALUES < 10
I20260608 10:09:44.892562 14530 data_dirs.cc:400] Could only allocate 1 dirs of requested 3 for tablet 142a4abcc91f49a3bb55892c35fa800c. 1 dirs total, 0 dirs full, 0 dirs failed
I20260608 10:09:44.897437 14532 data_dirs.cc:400] Could only allocate 1 dirs of requested 3 for tablet e28cb06f42154ba1a6073e857d80b133. 1 dirs total, 0 dirs full, 0 dirs failed
I20260608 10:09:44.899879 14461 tablet_service.cc:1511] Processing CreateTablet for tablet bba2109891a947728541760cbf66298e (DEFAULT_TABLE table=range_aware_rebalance_new_range [id=ebd82d59e75546f5a9827b5218bbf723]), partition=HASH (key) PARTITION 0, RANGE (key) PARTITION 0 <= VALUES < 10
I20260608 10:09:44.900496 14535 data_dirs.cc:400] Could only allocate 1 dirs of requested 3 for tablet bd33587fec7d4b54a0c8785d6bd75d57. 1 dirs total, 0 dirs full, 0 dirs failed
I20260608 10:09:44.904784 14454 tablet_service.cc:1511] Processing CreateTablet for tablet cf2cca756a674b63b80c86e321e1769f (DEFAULT_TABLE table=range_aware_rebalance_new_range [id=ebd82d59e75546f5a9827b5218bbf723]), partition=HASH (key) PARTITION 7, RANGE (key) PARTITION 0 <= VALUES < 10
I20260608 10:09:44.907444 14456 tablet_service.cc:1511] Processing CreateTablet for tablet 1efc759bdd6c459cac32fd8931ed431d (DEFAULT_TABLE table=range_aware_rebalance_new_range [id=ebd82d59e75546f5a9827b5218bbf723]), partition=HASH (key) PARTITION 5, RANGE (key) PARTITION 0 <= VALUES < 10
I20260608 10:09:44.909485 14536 data_dirs.cc:400] Could only allocate 1 dirs of requested 3 for tablet bba2109891a947728541760cbf66298e. 1 dirs total, 0 dirs full, 0 dirs failed
I20260608 10:09:44.910120 14459 tablet_service.cc:1511] Processing CreateTablet for tablet d9f76083f3e744769e1cac11b9c34353 (DEFAULT_TABLE table=range_aware_rebalance_new_range [id=ebd82d59e75546f5a9827b5218bbf723]), partition=HASH (key) PARTITION 2, RANGE (key) PARTITION 0 <= VALUES < 10
I20260608 10:09:44.913161 14533 data_dirs.cc:400] Could only allocate 1 dirs of requested 3 for tablet dde8cdbe29734bbf8092dc2cb7dbd36a. 1 dirs total, 0 dirs full, 0 dirs failed
I20260608 10:09:44.912744 14458 tablet_service.cc:1511] Processing CreateTablet for tablet dde8cdbe29734bbf8092dc2cb7dbd36a (DEFAULT_TABLE table=range_aware_rebalance_new_range [id=ebd82d59e75546f5a9827b5218bbf723]), partition=HASH (key) PARTITION 3, RANGE (key) PARTITION 0 <= VALUES < 10
I20260608 10:09:44.902747 14460 tablet_service.cc:1511] Processing CreateTablet for tablet bd33587fec7d4b54a0c8785d6bd75d57 (DEFAULT_TABLE table=range_aware_rebalance_new_range [id=ebd82d59e75546f5a9827b5218bbf723]), partition=HASH (key) PARTITION 1, RANGE (key) PARTITION 0 <= VALUES < 10
I20260608 10:09:44.903035 14455 tablet_service.cc:1511] Processing CreateTablet for tablet 142a4abcc91f49a3bb55892c35fa800c (DEFAULT_TABLE table=range_aware_rebalance_new_range [id=ebd82d59e75546f5a9827b5218bbf723]), partition=HASH (key) PARTITION 6, RANGE (key) PARTITION 0 <= VALUES < 10
I20260608 10:09:44.903501 14457 tablet_service.cc:1511] Processing CreateTablet for tablet e28cb06f42154ba1a6073e857d80b133 (DEFAULT_TABLE table=range_aware_rebalance_new_range [id=ebd82d59e75546f5a9827b5218bbf723]), partition=HASH (key) PARTITION 4, RANGE (key) PARTITION 0 <= VALUES < 10
I20260608 10:09:44.904982 14461 data_dirs.cc:400] Could only allocate 1 dirs of requested 3 for tablet bba2109891a947728541760cbf66298e. 1 dirs total, 0 dirs full, 0 dirs failed
I20260608 10:09:44.928747 14454 data_dirs.cc:400] Could only allocate 1 dirs of requested 3 for tablet cf2cca756a674b63b80c86e321e1769f. 1 dirs total, 0 dirs full, 0 dirs failed
I20260608 10:09:44.929584 14459 data_dirs.cc:400] Could only allocate 1 dirs of requested 3 for tablet d9f76083f3e744769e1cac11b9c34353. 1 dirs total, 0 dirs full, 0 dirs failed
I20260608 10:09:44.929593 14529 tablet_service.cc:1511] Processing CreateTablet for tablet cf2cca756a674b63b80c86e321e1769f (DEFAULT_TABLE table=range_aware_rebalance_new_range [id=ebd82d59e75546f5a9827b5218bbf723]), partition=HASH (key) PARTITION 7, RANGE (key) PARTITION 0 <= VALUES < 10
I20260608 10:09:44.931295 14457 data_dirs.cc:400] Could only allocate 1 dirs of requested 3 for tablet e28cb06f42154ba1a6073e857d80b133. 1 dirs total, 0 dirs full, 0 dirs failed
I20260608 10:09:44.931595 14529 data_dirs.cc:400] Could only allocate 1 dirs of requested 3 for tablet cf2cca756a674b63b80c86e321e1769f. 1 dirs total, 0 dirs full, 0 dirs failed
I20260608 10:09:44.932183 14458 data_dirs.cc:400] Could only allocate 1 dirs of requested 3 for tablet dde8cdbe29734bbf8092dc2cb7dbd36a. 1 dirs total, 0 dirs full, 0 dirs failed
I20260608 10:09:44.937402 14456 data_dirs.cc:400] Could only allocate 1 dirs of requested 3 for tablet 1efc759bdd6c459cac32fd8931ed431d. 1 dirs total, 0 dirs full, 0 dirs failed
I20260608 10:09:44.941447 14455 data_dirs.cc:400] Could only allocate 1 dirs of requested 3 for tablet 142a4abcc91f49a3bb55892c35fa800c. 1 dirs total, 0 dirs full, 0 dirs failed
I20260608 10:09:44.945430 14460 data_dirs.cc:400] Could only allocate 1 dirs of requested 3 for tablet bd33587fec7d4b54a0c8785d6bd75d57. 1 dirs total, 0 dirs full, 0 dirs failed
I20260608 10:09:44.969455 14610 tablet_service.cc:1511] Processing CreateTablet for tablet bba2109891a947728541760cbf66298e (DEFAULT_TABLE table=range_aware_rebalance_new_range [id=ebd82d59e75546f5a9827b5218bbf723]), partition=HASH (key) PARTITION 0, RANGE (key) PARTITION 0 <= VALUES < 10
I20260608 10:09:44.971297 14610 data_dirs.cc:400] Could only allocate 1 dirs of requested 3 for tablet bba2109891a947728541760cbf66298e. 1 dirs total, 0 dirs full, 0 dirs failed
I20260608 10:09:44.980072 14609 tablet_service.cc:1511] Processing CreateTablet for tablet bd33587fec7d4b54a0c8785d6bd75d57 (DEFAULT_TABLE table=range_aware_rebalance_new_range [id=ebd82d59e75546f5a9827b5218bbf723]), partition=HASH (key) PARTITION 1, RANGE (key) PARTITION 0 <= VALUES < 10
I20260608 10:09:44.982178 14609 data_dirs.cc:400] Could only allocate 1 dirs of requested 3 for tablet bd33587fec7d4b54a0c8785d6bd75d57. 1 dirs total, 0 dirs full, 0 dirs failed
I20260608 10:09:44.986505 14607 tablet_service.cc:1511] Processing CreateTablet for tablet dde8cdbe29734bbf8092dc2cb7dbd36a (DEFAULT_TABLE table=range_aware_rebalance_new_range [id=ebd82d59e75546f5a9827b5218bbf723]), partition=HASH (key) PARTITION 3, RANGE (key) PARTITION 0 <= VALUES < 10
I20260608 10:09:44.987569 14606 tablet_service.cc:1511] Processing CreateTablet for tablet e28cb06f42154ba1a6073e857d80b133 (DEFAULT_TABLE table=range_aware_rebalance_new_range [id=ebd82d59e75546f5a9827b5218bbf723]), partition=HASH (key) PARTITION 4, RANGE (key) PARTITION 0 <= VALUES < 10
I20260608 10:09:44.988263 14607 data_dirs.cc:400] Could only allocate 1 dirs of requested 3 for tablet dde8cdbe29734bbf8092dc2cb7dbd36a. 1 dirs total, 0 dirs full, 0 dirs failed
I20260608 10:09:44.988842 14667 tablet_bootstrap.cc:492] T e28cb06f42154ba1a6073e857d80b133 P 1fb18ea224f2454396e17ba89a8edf35: Bootstrap starting.
I20260608 10:09:44.989182 14606 data_dirs.cc:400] Could only allocate 1 dirs of requested 3 for tablet e28cb06f42154ba1a6073e857d80b133. 1 dirs total, 0 dirs full, 0 dirs failed
I20260608 10:09:44.990585 14605 tablet_service.cc:1511] Processing CreateTablet for tablet 1efc759bdd6c459cac32fd8931ed431d (DEFAULT_TABLE table=range_aware_rebalance_new_range [id=ebd82d59e75546f5a9827b5218bbf723]), partition=HASH (key) PARTITION 5, RANGE (key) PARTITION 0 <= VALUES < 10
I20260608 10:09:44.992501 14605 data_dirs.cc:400] Could only allocate 1 dirs of requested 3 for tablet 1efc759bdd6c459cac32fd8931ed431d. 1 dirs total, 0 dirs full, 0 dirs failed
I20260608 10:09:44.980131 14608 tablet_service.cc:1511] Processing CreateTablet for tablet d9f76083f3e744769e1cac11b9c34353 (DEFAULT_TABLE table=range_aware_rebalance_new_range [id=ebd82d59e75546f5a9827b5218bbf723]), partition=HASH (key) PARTITION 2, RANGE (key) PARTITION 0 <= VALUES < 10
I20260608 10:09:44.994827 14608 data_dirs.cc:400] Could only allocate 1 dirs of requested 3 for tablet d9f76083f3e744769e1cac11b9c34353. 1 dirs total, 0 dirs full, 0 dirs failed
I20260608 10:09:44.995222 14604 tablet_service.cc:1511] Processing CreateTablet for tablet 142a4abcc91f49a3bb55892c35fa800c (DEFAULT_TABLE table=range_aware_rebalance_new_range [id=ebd82d59e75546f5a9827b5218bbf723]), partition=HASH (key) PARTITION 6, RANGE (key) PARTITION 0 <= VALUES < 10
I20260608 10:09:44.996685 14604 data_dirs.cc:400] Could only allocate 1 dirs of requested 3 for tablet 142a4abcc91f49a3bb55892c35fa800c. 1 dirs total, 0 dirs full, 0 dirs failed
I20260608 10:09:45.003218 14603 tablet_service.cc:1511] Processing CreateTablet for tablet cf2cca756a674b63b80c86e321e1769f (DEFAULT_TABLE table=range_aware_rebalance_new_range [id=ebd82d59e75546f5a9827b5218bbf723]), partition=HASH (key) PARTITION 7, RANGE (key) PARTITION 0 <= VALUES < 10
I20260608 10:09:45.005388 14603 data_dirs.cc:400] Could only allocate 1 dirs of requested 3 for tablet cf2cca756a674b63b80c86e321e1769f. 1 dirs total, 0 dirs full, 0 dirs failed
I20260608 10:09:45.028120 14667 tablet_bootstrap.cc:654] T e28cb06f42154ba1a6073e857d80b133 P 1fb18ea224f2454396e17ba89a8edf35: Neither blocks nor log segments found. Creating new log.
I20260608 10:09:45.040508 14666 tablet_bootstrap.cc:492] T 1efc759bdd6c459cac32fd8931ed431d P 224ad7df454a4b489a618d998c3a158c: Bootstrap starting.
I20260608 10:09:45.064141 14668 tablet_bootstrap.cc:492] T d9f76083f3e744769e1cac11b9c34353 P f9a6789193964b5f9e47f11b924aec04: Bootstrap starting.
I20260608 10:09:45.070160 14666 tablet_bootstrap.cc:654] T 1efc759bdd6c459cac32fd8931ed431d P 224ad7df454a4b489a618d998c3a158c: Neither blocks nor log segments found. Creating new log.
I20260608 10:09:45.075030 14668 tablet_bootstrap.cc:654] T d9f76083f3e744769e1cac11b9c34353 P f9a6789193964b5f9e47f11b924aec04: Neither blocks nor log segments found. Creating new log.
I20260608 10:09:45.075580 14667 tablet_bootstrap.cc:492] T e28cb06f42154ba1a6073e857d80b133 P 1fb18ea224f2454396e17ba89a8edf35: No bootstrap required, opened a new log
I20260608 10:09:45.076045 14667 ts_tablet_manager.cc:1403] T e28cb06f42154ba1a6073e857d80b133 P 1fb18ea224f2454396e17ba89a8edf35: Time spent bootstrapping tablet: real 0.088s	user 0.013s	sys 0.011s
I20260608 10:09:45.078965 14667 raft_consensus.cc:359] T e28cb06f42154ba1a6073e857d80b133 P 1fb18ea224f2454396e17ba89a8edf35 [term 0 FOLLOWER]: Replica starting. Triggering 0 pending ops. Active config: opid_index: -1 OBSOLETE_local: false peers { permanent_uuid: "1fb18ea224f2454396e17ba89a8edf35" member_type: VOTER last_known_addr { host: "127.11.67.129" port: 43479 } } peers { permanent_uuid: "224ad7df454a4b489a618d998c3a158c" member_type: VOTER last_known_addr { host: "127.11.67.130" port: 41257 } } peers { permanent_uuid: "f9a6789193964b5f9e47f11b924aec04" member_type: VOTER last_known_addr { host: "127.11.67.131" port: 44041 } }
I20260608 10:09:45.080174 14667 raft_consensus.cc:385] T e28cb06f42154ba1a6073e857d80b133 P 1fb18ea224f2454396e17ba89a8edf35 [term 0 FOLLOWER]: Consensus starting up: Expiring failure detector timer to make a prompt election more likely
I20260608 10:09:45.080546 14667 raft_consensus.cc:740] T e28cb06f42154ba1a6073e857d80b133 P 1fb18ea224f2454396e17ba89a8edf35 [term 0 FOLLOWER]: Becoming Follower/Learner. State: Replica: 1fb18ea224f2454396e17ba89a8edf35, State: Initialized, Role: FOLLOWER
I20260608 10:09:45.082187 14668 tablet_bootstrap.cc:492] T d9f76083f3e744769e1cac11b9c34353 P f9a6789193964b5f9e47f11b924aec04: No bootstrap required, opened a new log
I20260608 10:09:45.081656 14667 consensus_queue.cc:260] T e28cb06f42154ba1a6073e857d80b133 P 1fb18ea224f2454396e17ba89a8edf35 [NON_LEADER]: Queue going to NON_LEADER mode. State: All replicated index: 0, Majority replicated index: 0, Committed index: 0, Last appended: 0.0, Last appended by leader: 0, Current term: 0, Majority size: -1, State: 0, Mode: NON_LEADER, active raft config: opid_index: -1 OBSOLETE_local: false peers { permanent_uuid: "1fb18ea224f2454396e17ba89a8edf35" member_type: VOTER last_known_addr { host: "127.11.67.129" port: 43479 } } peers { permanent_uuid: "224ad7df454a4b489a618d998c3a158c" member_type: VOTER last_known_addr { host: "127.11.67.130" port: 41257 } } peers { permanent_uuid: "f9a6789193964b5f9e47f11b924aec04" member_type: VOTER last_known_addr { host: "127.11.67.131" port: 44041 } }
I20260608 10:09:45.082425 14666 tablet_bootstrap.cc:492] T 1efc759bdd6c459cac32fd8931ed431d P 224ad7df454a4b489a618d998c3a158c: No bootstrap required, opened a new log
I20260608 10:09:45.082672 14668 ts_tablet_manager.cc:1403] T d9f76083f3e744769e1cac11b9c34353 P f9a6789193964b5f9e47f11b924aec04: Time spent bootstrapping tablet: real 0.019s	user 0.009s	sys 0.005s
I20260608 10:09:45.082914 14666 ts_tablet_manager.cc:1403] T 1efc759bdd6c459cac32fd8931ed431d P 224ad7df454a4b489a618d998c3a158c: Time spent bootstrapping tablet: real 0.043s	user 0.013s	sys 0.009s
I20260608 10:09:45.085374 14668 raft_consensus.cc:359] T d9f76083f3e744769e1cac11b9c34353 P f9a6789193964b5f9e47f11b924aec04 [term 0 FOLLOWER]: Replica starting. Triggering 0 pending ops. Active config: opid_index: -1 OBSOLETE_local: false peers { permanent_uuid: "1fb18ea224f2454396e17ba89a8edf35" member_type: VOTER last_known_addr { host: "127.11.67.129" port: 43479 } } peers { permanent_uuid: "224ad7df454a4b489a618d998c3a158c" member_type: VOTER last_known_addr { host: "127.11.67.130" port: 41257 } } peers { permanent_uuid: "f9a6789193964b5f9e47f11b924aec04" member_type: VOTER last_known_addr { host: "127.11.67.131" port: 44041 } }
I20260608 10:09:45.086087 14668 raft_consensus.cc:385] T d9f76083f3e744769e1cac11b9c34353 P f9a6789193964b5f9e47f11b924aec04 [term 0 FOLLOWER]: Consensus starting up: Expiring failure detector timer to make a prompt election more likely
I20260608 10:09:45.086369 14668 raft_consensus.cc:740] T d9f76083f3e744769e1cac11b9c34353 P f9a6789193964b5f9e47f11b924aec04 [term 0 FOLLOWER]: Becoming Follower/Learner. State: Replica: f9a6789193964b5f9e47f11b924aec04, State: Initialized, Role: FOLLOWER
I20260608 10:09:45.087218 14668 consensus_queue.cc:260] T d9f76083f3e744769e1cac11b9c34353 P f9a6789193964b5f9e47f11b924aec04 [NON_LEADER]: Queue going to NON_LEADER mode. State: All replicated index: 0, Majority replicated index: 0, Committed index: 0, Last appended: 0.0, Last appended by leader: 0, Current term: 0, Majority size: -1, State: 0, Mode: NON_LEADER, active raft config: opid_index: -1 OBSOLETE_local: false peers { permanent_uuid: "1fb18ea224f2454396e17ba89a8edf35" member_type: VOTER last_known_addr { host: "127.11.67.129" port: 43479 } } peers { permanent_uuid: "224ad7df454a4b489a618d998c3a158c" member_type: VOTER last_known_addr { host: "127.11.67.130" port: 41257 } } peers { permanent_uuid: "f9a6789193964b5f9e47f11b924aec04" member_type: VOTER last_known_addr { host: "127.11.67.131" port: 44041 } }
I20260608 10:09:45.087212 14666 raft_consensus.cc:359] T 1efc759bdd6c459cac32fd8931ed431d P 224ad7df454a4b489a618d998c3a158c [term 0 FOLLOWER]: Replica starting. Triggering 0 pending ops. Active config: opid_index: -1 OBSOLETE_local: false peers { permanent_uuid: "1fb18ea224f2454396e17ba89a8edf35" member_type: VOTER last_known_addr { host: "127.11.67.129" port: 43479 } } peers { permanent_uuid: "224ad7df454a4b489a618d998c3a158c" member_type: VOTER last_known_addr { host: "127.11.67.130" port: 41257 } } peers { permanent_uuid: "f9a6789193964b5f9e47f11b924aec04" member_type: VOTER last_known_addr { host: "127.11.67.131" port: 44041 } }
I20260608 10:09:45.088416 14666 raft_consensus.cc:385] T 1efc759bdd6c459cac32fd8931ed431d P 224ad7df454a4b489a618d998c3a158c [term 0 FOLLOWER]: Consensus starting up: Expiring failure detector timer to make a prompt election more likely
I20260608 10:09:45.088837 14666 raft_consensus.cc:740] T 1efc759bdd6c459cac32fd8931ed431d P 224ad7df454a4b489a618d998c3a158c [term 0 FOLLOWER]: Becoming Follower/Learner. State: Replica: 224ad7df454a4b489a618d998c3a158c, State: Initialized, Role: FOLLOWER
I20260608 10:09:45.090729 14668 ts_tablet_manager.cc:1434] T d9f76083f3e744769e1cac11b9c34353 P f9a6789193964b5f9e47f11b924aec04: Time spent starting tablet: real 0.008s	user 0.008s	sys 0.000s
I20260608 10:09:45.090288 14666 consensus_queue.cc:260] T 1efc759bdd6c459cac32fd8931ed431d P 224ad7df454a4b489a618d998c3a158c [NON_LEADER]: Queue going to NON_LEADER mode. State: All replicated index: 0, Majority replicated index: 0, Committed index: 0, Last appended: 0.0, Last appended by leader: 0, Current term: 0, Majority size: -1, State: 0, Mode: NON_LEADER, active raft config: opid_index: -1 OBSOLETE_local: false peers { permanent_uuid: "1fb18ea224f2454396e17ba89a8edf35" member_type: VOTER last_known_addr { host: "127.11.67.129" port: 43479 } } peers { permanent_uuid: "224ad7df454a4b489a618d998c3a158c" member_type: VOTER last_known_addr { host: "127.11.67.130" port: 41257 } } peers { permanent_uuid: "f9a6789193964b5f9e47f11b924aec04" member_type: VOTER last_known_addr { host: "127.11.67.131" port: 44041 } }
I20260608 10:09:45.091848 14668 tablet_bootstrap.cc:492] T e28cb06f42154ba1a6073e857d80b133 P f9a6789193964b5f9e47f11b924aec04: Bootstrap starting.
I20260608 10:09:45.094439 14667 ts_tablet_manager.cc:1434] T e28cb06f42154ba1a6073e857d80b133 P 1fb18ea224f2454396e17ba89a8edf35: Time spent starting tablet: real 0.018s	user 0.013s	sys 0.006s
I20260608 10:09:45.095921 14667 tablet_bootstrap.cc:492] T dde8cdbe29734bbf8092dc2cb7dbd36a P 1fb18ea224f2454396e17ba89a8edf35: Bootstrap starting.
I20260608 10:09:45.099130 14666 ts_tablet_manager.cc:1434] T 1efc759bdd6c459cac32fd8931ed431d P 224ad7df454a4b489a618d998c3a158c: Time spent starting tablet: real 0.016s	user 0.007s	sys 0.005s
I20260608 10:09:45.099817 14668 tablet_bootstrap.cc:654] T e28cb06f42154ba1a6073e857d80b133 P f9a6789193964b5f9e47f11b924aec04: Neither blocks nor log segments found. Creating new log.
I20260608 10:09:45.103055 14666 tablet_bootstrap.cc:492] T bba2109891a947728541760cbf66298e P 224ad7df454a4b489a618d998c3a158c: Bootstrap starting.
I20260608 10:09:45.103372 14667 tablet_bootstrap.cc:654] T dde8cdbe29734bbf8092dc2cb7dbd36a P 1fb18ea224f2454396e17ba89a8edf35: Neither blocks nor log segments found. Creating new log.
I20260608 10:09:45.112224 14666 tablet_bootstrap.cc:654] T bba2109891a947728541760cbf66298e P 224ad7df454a4b489a618d998c3a158c: Neither blocks nor log segments found. Creating new log.
I20260608 10:09:45.120754 14666 tablet_bootstrap.cc:492] T bba2109891a947728541760cbf66298e P 224ad7df454a4b489a618d998c3a158c: No bootstrap required, opened a new log
I20260608 10:09:45.120765 14667 tablet_bootstrap.cc:492] T dde8cdbe29734bbf8092dc2cb7dbd36a P 1fb18ea224f2454396e17ba89a8edf35: No bootstrap required, opened a new log
I20260608 10:09:45.121418 14667 ts_tablet_manager.cc:1403] T dde8cdbe29734bbf8092dc2cb7dbd36a P 1fb18ea224f2454396e17ba89a8edf35: Time spent bootstrapping tablet: real 0.026s	user 0.011s	sys 0.012s
I20260608 10:09:45.121491 14666 ts_tablet_manager.cc:1403] T bba2109891a947728541760cbf66298e P 224ad7df454a4b489a618d998c3a158c: Time spent bootstrapping tablet: real 0.019s	user 0.016s	sys 0.000s
I20260608 10:09:45.125106 14667 raft_consensus.cc:359] T dde8cdbe29734bbf8092dc2cb7dbd36a P 1fb18ea224f2454396e17ba89a8edf35 [term 0 FOLLOWER]: Replica starting. Triggering 0 pending ops. Active config: opid_index: -1 OBSOLETE_local: false peers { permanent_uuid: "224ad7df454a4b489a618d998c3a158c" member_type: VOTER last_known_addr { host: "127.11.67.130" port: 41257 } } peers { permanent_uuid: "1fb18ea224f2454396e17ba89a8edf35" member_type: VOTER last_known_addr { host: "127.11.67.129" port: 43479 } } peers { permanent_uuid: "f9a6789193964b5f9e47f11b924aec04" member_type: VOTER last_known_addr { host: "127.11.67.131" port: 44041 } }
I20260608 10:09:45.125980 14667 raft_consensus.cc:385] T dde8cdbe29734bbf8092dc2cb7dbd36a P 1fb18ea224f2454396e17ba89a8edf35 [term 0 FOLLOWER]: Consensus starting up: Expiring failure detector timer to make a prompt election more likely
I20260608 10:09:45.125150 14666 raft_consensus.cc:359] T bba2109891a947728541760cbf66298e P 224ad7df454a4b489a618d998c3a158c [term 0 FOLLOWER]: Replica starting. Triggering 0 pending ops. Active config: opid_index: -1 OBSOLETE_local: false peers { permanent_uuid: "224ad7df454a4b489a618d998c3a158c" member_type: VOTER last_known_addr { host: "127.11.67.130" port: 41257 } } peers { permanent_uuid: "f9a6789193964b5f9e47f11b924aec04" member_type: VOTER last_known_addr { host: "127.11.67.131" port: 44041 } } peers { permanent_uuid: "1fb18ea224f2454396e17ba89a8edf35" member_type: VOTER last_known_addr { host: "127.11.67.129" port: 43479 } }
I20260608 10:09:45.126636 14666 raft_consensus.cc:385] T bba2109891a947728541760cbf66298e P 224ad7df454a4b489a618d998c3a158c [term 0 FOLLOWER]: Consensus starting up: Expiring failure detector timer to make a prompt election more likely
I20260608 10:09:45.126981 14666 raft_consensus.cc:740] T bba2109891a947728541760cbf66298e P 224ad7df454a4b489a618d998c3a158c [term 0 FOLLOWER]: Becoming Follower/Learner. State: Replica: 224ad7df454a4b489a618d998c3a158c, State: Initialized, Role: FOLLOWER
I20260608 10:09:45.127810 14666 consensus_queue.cc:260] T bba2109891a947728541760cbf66298e P 224ad7df454a4b489a618d998c3a158c [NON_LEADER]: Queue going to NON_LEADER mode. State: All replicated index: 0, Majority replicated index: 0, Committed index: 0, Last appended: 0.0, Last appended by leader: 0, Current term: 0, Majority size: -1, State: 0, Mode: NON_LEADER, active raft config: opid_index: -1 OBSOLETE_local: false peers { permanent_uuid: "224ad7df454a4b489a618d998c3a158c" member_type: VOTER last_known_addr { host: "127.11.67.130" port: 41257 } } peers { permanent_uuid: "f9a6789193964b5f9e47f11b924aec04" member_type: VOTER last_known_addr { host: "127.11.67.131" port: 44041 } } peers { permanent_uuid: "1fb18ea224f2454396e17ba89a8edf35" member_type: VOTER last_known_addr { host: "127.11.67.129" port: 43479 } }
I20260608 10:09:45.126295 14667 raft_consensus.cc:740] T dde8cdbe29734bbf8092dc2cb7dbd36a P 1fb18ea224f2454396e17ba89a8edf35 [term 0 FOLLOWER]: Becoming Follower/Learner. State: Replica: 1fb18ea224f2454396e17ba89a8edf35, State: Initialized, Role: FOLLOWER
I20260608 10:09:45.130249 14666 ts_tablet_manager.cc:1434] T bba2109891a947728541760cbf66298e P 224ad7df454a4b489a618d998c3a158c: Time spent starting tablet: real 0.008s	user 0.006s	sys 0.000s
I20260608 10:09:45.131515 14666 tablet_bootstrap.cc:492] T dde8cdbe29734bbf8092dc2cb7dbd36a P 224ad7df454a4b489a618d998c3a158c: Bootstrap starting.
I20260608 10:09:45.131260 14667 consensus_queue.cc:260] T dde8cdbe29734bbf8092dc2cb7dbd36a P 1fb18ea224f2454396e17ba89a8edf35 [NON_LEADER]: Queue going to NON_LEADER mode. State: All replicated index: 0, Majority replicated index: 0, Committed index: 0, Last appended: 0.0, Last appended by leader: 0, Current term: 0, Majority size: -1, State: 0, Mode: NON_LEADER, active raft config: opid_index: -1 OBSOLETE_local: false peers { permanent_uuid: "224ad7df454a4b489a618d998c3a158c" member_type: VOTER last_known_addr { host: "127.11.67.130" port: 41257 } } peers { permanent_uuid: "1fb18ea224f2454396e17ba89a8edf35" member_type: VOTER last_known_addr { host: "127.11.67.129" port: 43479 } } peers { permanent_uuid: "f9a6789193964b5f9e47f11b924aec04" member_type: VOTER last_known_addr { host: "127.11.67.131" port: 44041 } }
I20260608 10:09:45.131947 14668 tablet_bootstrap.cc:492] T e28cb06f42154ba1a6073e857d80b133 P f9a6789193964b5f9e47f11b924aec04: No bootstrap required, opened a new log
I20260608 10:09:45.134042 14667 ts_tablet_manager.cc:1434] T dde8cdbe29734bbf8092dc2cb7dbd36a P 1fb18ea224f2454396e17ba89a8edf35: Time spent starting tablet: real 0.012s	user 0.007s	sys 0.001s
I20260608 10:09:45.134645 14668 ts_tablet_manager.cc:1403] T e28cb06f42154ba1a6073e857d80b133 P f9a6789193964b5f9e47f11b924aec04: Time spent bootstrapping tablet: real 0.043s	user 0.008s	sys 0.032s
I20260608 10:09:45.135123 14667 tablet_bootstrap.cc:492] T 1efc759bdd6c459cac32fd8931ed431d P 1fb18ea224f2454396e17ba89a8edf35: Bootstrap starting.
I20260608 10:09:45.137885 14668 raft_consensus.cc:359] T e28cb06f42154ba1a6073e857d80b133 P f9a6789193964b5f9e47f11b924aec04 [term 0 FOLLOWER]: Replica starting. Triggering 0 pending ops. Active config: opid_index: -1 OBSOLETE_local: false peers { permanent_uuid: "1fb18ea224f2454396e17ba89a8edf35" member_type: VOTER last_known_addr { host: "127.11.67.129" port: 43479 } } peers { permanent_uuid: "224ad7df454a4b489a618d998c3a158c" member_type: VOTER last_known_addr { host: "127.11.67.130" port: 41257 } } peers { permanent_uuid: "f9a6789193964b5f9e47f11b924aec04" member_type: VOTER last_known_addr { host: "127.11.67.131" port: 44041 } }
I20260608 10:09:45.138651 14668 raft_consensus.cc:385] T e28cb06f42154ba1a6073e857d80b133 P f9a6789193964b5f9e47f11b924aec04 [term 0 FOLLOWER]: Consensus starting up: Expiring failure detector timer to make a prompt election more likely
I20260608 10:09:45.138942 14668 raft_consensus.cc:740] T e28cb06f42154ba1a6073e857d80b133 P f9a6789193964b5f9e47f11b924aec04 [term 0 FOLLOWER]: Becoming Follower/Learner. State: Replica: f9a6789193964b5f9e47f11b924aec04, State: Initialized, Role: FOLLOWER
I20260608 10:09:45.139086 14666 tablet_bootstrap.cc:654] T dde8cdbe29734bbf8092dc2cb7dbd36a P 224ad7df454a4b489a618d998c3a158c: Neither blocks nor log segments found. Creating new log.
I20260608 10:09:45.139945 14668 consensus_queue.cc:260] T e28cb06f42154ba1a6073e857d80b133 P f9a6789193964b5f9e47f11b924aec04 [NON_LEADER]: Queue going to NON_LEADER mode. State: All replicated index: 0, Majority replicated index: 0, Committed index: 0, Last appended: 0.0, Last appended by leader: 0, Current term: 0, Majority size: -1, State: 0, Mode: NON_LEADER, active raft config: opid_index: -1 OBSOLETE_local: false peers { permanent_uuid: "1fb18ea224f2454396e17ba89a8edf35" member_type: VOTER last_known_addr { host: "127.11.67.129" port: 43479 } } peers { permanent_uuid: "224ad7df454a4b489a618d998c3a158c" member_type: VOTER last_known_addr { host: "127.11.67.130" port: 41257 } } peers { permanent_uuid: "f9a6789193964b5f9e47f11b924aec04" member_type: VOTER last_known_addr { host: "127.11.67.131" port: 44041 } }
I20260608 10:09:45.142524 14667 tablet_bootstrap.cc:654] T 1efc759bdd6c459cac32fd8931ed431d P 1fb18ea224f2454396e17ba89a8edf35: Neither blocks nor log segments found. Creating new log.
I20260608 10:09:45.143236 14668 ts_tablet_manager.cc:1434] T e28cb06f42154ba1a6073e857d80b133 P f9a6789193964b5f9e47f11b924aec04: Time spent starting tablet: real 0.008s	user 0.005s	sys 0.001s
I20260608 10:09:45.144317 14668 tablet_bootstrap.cc:492] T 142a4abcc91f49a3bb55892c35fa800c P f9a6789193964b5f9e47f11b924aec04: Bootstrap starting.
I20260608 10:09:45.151219 14668 tablet_bootstrap.cc:654] T 142a4abcc91f49a3bb55892c35fa800c P f9a6789193964b5f9e47f11b924aec04: Neither blocks nor log segments found. Creating new log.
I20260608 10:09:45.156227 14667 tablet_bootstrap.cc:492] T 1efc759bdd6c459cac32fd8931ed431d P 1fb18ea224f2454396e17ba89a8edf35: No bootstrap required, opened a new log
I20260608 10:09:45.156910 14667 ts_tablet_manager.cc:1403] T 1efc759bdd6c459cac32fd8931ed431d P 1fb18ea224f2454396e17ba89a8edf35: Time spent bootstrapping tablet: real 0.022s	user 0.017s	sys 0.000s
I20260608 10:09:45.159420 14674 raft_consensus.cc:493] T 1efc759bdd6c459cac32fd8931ed431d P 224ad7df454a4b489a618d998c3a158c [term 0 FOLLOWER]: Starting pre-election (no leader contacted us within the election timeout)
I20260608 10:09:45.160180 14674 raft_consensus.cc:515] T 1efc759bdd6c459cac32fd8931ed431d P 224ad7df454a4b489a618d998c3a158c [term 0 FOLLOWER]: Starting pre-election with config: opid_index: -1 OBSOLETE_local: false peers { permanent_uuid: "1fb18ea224f2454396e17ba89a8edf35" member_type: VOTER last_known_addr { host: "127.11.67.129" port: 43479 } } peers { permanent_uuid: "224ad7df454a4b489a618d998c3a158c" member_type: VOTER last_known_addr { host: "127.11.67.130" port: 41257 } } peers { permanent_uuid: "f9a6789193964b5f9e47f11b924aec04" member_type: VOTER last_known_addr { host: "127.11.67.131" port: 44041 } }
I20260608 10:09:45.160835 14667 raft_consensus.cc:359] T 1efc759bdd6c459cac32fd8931ed431d P 1fb18ea224f2454396e17ba89a8edf35 [term 0 FOLLOWER]: Replica starting. Triggering 0 pending ops. Active config: opid_index: -1 OBSOLETE_local: false peers { permanent_uuid: "1fb18ea224f2454396e17ba89a8edf35" member_type: VOTER last_known_addr { host: "127.11.67.129" port: 43479 } } peers { permanent_uuid: "224ad7df454a4b489a618d998c3a158c" member_type: VOTER last_known_addr { host: "127.11.67.130" port: 41257 } } peers { permanent_uuid: "f9a6789193964b5f9e47f11b924aec04" member_type: VOTER last_known_addr { host: "127.11.67.131" port: 44041 } }
I20260608 10:09:45.161916 14667 raft_consensus.cc:385] T 1efc759bdd6c459cac32fd8931ed431d P 1fb18ea224f2454396e17ba89a8edf35 [term 0 FOLLOWER]: Consensus starting up: Expiring failure detector timer to make a prompt election more likely
I20260608 10:09:45.162369 14667 raft_consensus.cc:740] T 1efc759bdd6c459cac32fd8931ed431d P 1fb18ea224f2454396e17ba89a8edf35 [term 0 FOLLOWER]: Becoming Follower/Learner. State: Replica: 1fb18ea224f2454396e17ba89a8edf35, State: Initialized, Role: FOLLOWER
I20260608 10:09:45.163653 14667 consensus_queue.cc:260] T 1efc759bdd6c459cac32fd8931ed431d P 1fb18ea224f2454396e17ba89a8edf35 [NON_LEADER]: Queue going to NON_LEADER mode. State: All replicated index: 0, Majority replicated index: 0, Committed index: 0, Last appended: 0.0, Last appended by leader: 0, Current term: 0, Majority size: -1, State: 0, Mode: NON_LEADER, active raft config: opid_index: -1 OBSOLETE_local: false peers { permanent_uuid: "1fb18ea224f2454396e17ba89a8edf35" member_type: VOTER last_known_addr { host: "127.11.67.129" port: 43479 } } peers { permanent_uuid: "224ad7df454a4b489a618d998c3a158c" member_type: VOTER last_known_addr { host: "127.11.67.130" port: 41257 } } peers { permanent_uuid: "f9a6789193964b5f9e47f11b924aec04" member_type: VOTER last_known_addr { host: "127.11.67.131" port: 44041 } }
I20260608 10:09:45.168682 14668 tablet_bootstrap.cc:492] T 142a4abcc91f49a3bb55892c35fa800c P f9a6789193964b5f9e47f11b924aec04: No bootstrap required, opened a new log
I20260608 10:09:45.169389 14668 ts_tablet_manager.cc:1403] T 142a4abcc91f49a3bb55892c35fa800c P f9a6789193964b5f9e47f11b924aec04: Time spent bootstrapping tablet: real 0.025s	user 0.022s	sys 0.002s
I20260608 10:09:45.173689 14668 raft_consensus.cc:359] T 142a4abcc91f49a3bb55892c35fa800c P f9a6789193964b5f9e47f11b924aec04 [term 0 FOLLOWER]: Replica starting. Triggering 0 pending ops. Active config: opid_index: -1 OBSOLETE_local: false peers { permanent_uuid: "1fb18ea224f2454396e17ba89a8edf35" member_type: VOTER last_known_addr { host: "127.11.67.129" port: 43479 } } peers { permanent_uuid: "224ad7df454a4b489a618d998c3a158c" member_type: VOTER last_known_addr { host: "127.11.67.130" port: 41257 } } peers { permanent_uuid: "f9a6789193964b5f9e47f11b924aec04" member_type: VOTER last_known_addr { host: "127.11.67.131" port: 44041 } }
I20260608 10:09:45.174733 14668 raft_consensus.cc:385] T 142a4abcc91f49a3bb55892c35fa800c P f9a6789193964b5f9e47f11b924aec04 [term 0 FOLLOWER]: Consensus starting up: Expiring failure detector timer to make a prompt election more likely
I20260608 10:09:45.175102 14668 raft_consensus.cc:740] T 142a4abcc91f49a3bb55892c35fa800c P f9a6789193964b5f9e47f11b924aec04 [term 0 FOLLOWER]: Becoming Follower/Learner. State: Replica: f9a6789193964b5f9e47f11b924aec04, State: Initialized, Role: FOLLOWER
I20260608 10:09:45.176994 14674 leader_election.cc:290] T 1efc759bdd6c459cac32fd8931ed431d P 224ad7df454a4b489a618d998c3a158c [CANDIDATE]: Term 1 pre-election: Requested pre-vote from peers 1fb18ea224f2454396e17ba89a8edf35 (127.11.67.129:43479), f9a6789193964b5f9e47f11b924aec04 (127.11.67.131:44041)
I20260608 10:09:45.179378 14667 ts_tablet_manager.cc:1434] T 1efc759bdd6c459cac32fd8931ed431d P 1fb18ea224f2454396e17ba89a8edf35: Time spent starting tablet: real 0.022s	user 0.007s	sys 0.001s
I20260608 10:09:45.180815 14667 tablet_bootstrap.cc:492] T 142a4abcc91f49a3bb55892c35fa800c P 1fb18ea224f2454396e17ba89a8edf35: Bootstrap starting.
I20260608 10:09:45.176162 14668 consensus_queue.cc:260] T 142a4abcc91f49a3bb55892c35fa800c P f9a6789193964b5f9e47f11b924aec04 [NON_LEADER]: Queue going to NON_LEADER mode. State: All replicated index: 0, Majority replicated index: 0, Committed index: 0, Last appended: 0.0, Last appended by leader: 0, Current term: 0, Majority size: -1, State: 0, Mode: NON_LEADER, active raft config: opid_index: -1 OBSOLETE_local: false peers { permanent_uuid: "1fb18ea224f2454396e17ba89a8edf35" member_type: VOTER last_known_addr { host: "127.11.67.129" port: 43479 } } peers { permanent_uuid: "224ad7df454a4b489a618d998c3a158c" member_type: VOTER last_known_addr { host: "127.11.67.130" port: 41257 } } peers { permanent_uuid: "f9a6789193964b5f9e47f11b924aec04" member_type: VOTER last_known_addr { host: "127.11.67.131" port: 44041 } }
I20260608 10:09:45.184327 14668 ts_tablet_manager.cc:1434] T 142a4abcc91f49a3bb55892c35fa800c P f9a6789193964b5f9e47f11b924aec04: Time spent starting tablet: real 0.015s	user 0.008s	sys 0.000s
I20260608 10:09:45.185479 14668 tablet_bootstrap.cc:492] T bba2109891a947728541760cbf66298e P f9a6789193964b5f9e47f11b924aec04: Bootstrap starting.
I20260608 10:09:45.188239 14667 tablet_bootstrap.cc:654] T 142a4abcc91f49a3bb55892c35fa800c P 1fb18ea224f2454396e17ba89a8edf35: Neither blocks nor log segments found. Creating new log.
I20260608 10:09:45.190812 14471 tablet_service.cc:1917] Received RequestConsensusVote() RPC: tablet_id: "1efc759bdd6c459cac32fd8931ed431d" candidate_uuid: "224ad7df454a4b489a618d998c3a158c" candidate_term: 1 candidate_status { last_received { term: 0 index: 0 } } ignore_live_leader: false dest_uuid: "1fb18ea224f2454396e17ba89a8edf35" is_pre_election: true
I20260608 10:09:45.191443 14666 tablet_bootstrap.cc:492] T dde8cdbe29734bbf8092dc2cb7dbd36a P 224ad7df454a4b489a618d998c3a158c: No bootstrap required, opened a new log
I20260608 10:09:45.191664 14471 raft_consensus.cc:2468] T 1efc759bdd6c459cac32fd8931ed431d P 1fb18ea224f2454396e17ba89a8edf35 [term 0 FOLLOWER]: Leader pre-election vote request: Granting yes vote for candidate 224ad7df454a4b489a618d998c3a158c in term 0.
I20260608 10:09:45.191948 14666 ts_tablet_manager.cc:1403] T dde8cdbe29734bbf8092dc2cb7dbd36a P 224ad7df454a4b489a618d998c3a158c: Time spent bootstrapping tablet: real 0.061s	user 0.022s	sys 0.029s
I20260608 10:09:45.192638 14668 tablet_bootstrap.cc:654] T bba2109891a947728541760cbf66298e P f9a6789193964b5f9e47f11b924aec04: Neither blocks nor log segments found. Creating new log.
I20260608 10:09:45.193323 14512 leader_election.cc:304] T 1efc759bdd6c459cac32fd8931ed431d P 224ad7df454a4b489a618d998c3a158c [CANDIDATE]: Term 1 pre-election: Election decided. Result: candidate won. Election summary: received 2 responses out of 3 voters: 2 yes votes; 0 no votes. yes voters: 1fb18ea224f2454396e17ba89a8edf35, 224ad7df454a4b489a618d998c3a158c; no voters: 
I20260608 10:09:45.195326 14674 raft_consensus.cc:2804] T 1efc759bdd6c459cac32fd8931ed431d P 224ad7df454a4b489a618d998c3a158c [term 0 FOLLOWER]: Leader pre-election won for term 1
I20260608 10:09:45.195799 14674 raft_consensus.cc:493] T 1efc759bdd6c459cac32fd8931ed431d P 224ad7df454a4b489a618d998c3a158c [term 0 FOLLOWER]: Starting leader election (no leader contacted us within the election timeout)
I20260608 10:09:45.196233 14674 raft_consensus.cc:3060] T 1efc759bdd6c459cac32fd8931ed431d P 224ad7df454a4b489a618d998c3a158c [term 0 FOLLOWER]: Advancing to term 1
I20260608 10:09:45.195335 14666 raft_consensus.cc:359] T dde8cdbe29734bbf8092dc2cb7dbd36a P 224ad7df454a4b489a618d998c3a158c [term 0 FOLLOWER]: Replica starting. Triggering 0 pending ops. Active config: opid_index: -1 OBSOLETE_local: false peers { permanent_uuid: "224ad7df454a4b489a618d998c3a158c" member_type: VOTER last_known_addr { host: "127.11.67.130" port: 41257 } } peers { permanent_uuid: "1fb18ea224f2454396e17ba89a8edf35" member_type: VOTER last_known_addr { host: "127.11.67.129" port: 43479 } } peers { permanent_uuid: "f9a6789193964b5f9e47f11b924aec04" member_type: VOTER last_known_addr { host: "127.11.67.131" port: 44041 } }
I20260608 10:09:45.201792 14666 raft_consensus.cc:385] T dde8cdbe29734bbf8092dc2cb7dbd36a P 224ad7df454a4b489a618d998c3a158c [term 0 FOLLOWER]: Consensus starting up: Expiring failure detector timer to make a prompt election more likely
I20260608 10:09:45.202071 14666 raft_consensus.cc:740] T dde8cdbe29734bbf8092dc2cb7dbd36a P 224ad7df454a4b489a618d998c3a158c [term 0 FOLLOWER]: Becoming Follower/Learner. State: Replica: 224ad7df454a4b489a618d998c3a158c, State: Initialized, Role: FOLLOWER
I20260608 10:09:45.203006 14666 consensus_queue.cc:260] T dde8cdbe29734bbf8092dc2cb7dbd36a P 224ad7df454a4b489a618d998c3a158c [NON_LEADER]: Queue going to NON_LEADER mode. State: All replicated index: 0, Majority replicated index: 0, Committed index: 0, Last appended: 0.0, Last appended by leader: 0, Current term: 0, Majority size: -1, State: 0, Mode: NON_LEADER, active raft config: opid_index: -1 OBSOLETE_local: false peers { permanent_uuid: "224ad7df454a4b489a618d998c3a158c" member_type: VOTER last_known_addr { host: "127.11.67.130" port: 41257 } } peers { permanent_uuid: "1fb18ea224f2454396e17ba89a8edf35" member_type: VOTER last_known_addr { host: "127.11.67.129" port: 43479 } } peers { permanent_uuid: "f9a6789193964b5f9e47f11b924aec04" member_type: VOTER last_known_addr { host: "127.11.67.131" port: 44041 } }
I20260608 10:09:45.206024 14668 tablet_bootstrap.cc:492] T bba2109891a947728541760cbf66298e P f9a6789193964b5f9e47f11b924aec04: No bootstrap required, opened a new log
I20260608 10:09:45.206689 14668 ts_tablet_manager.cc:1403] T bba2109891a947728541760cbf66298e P f9a6789193964b5f9e47f11b924aec04: Time spent bootstrapping tablet: real 0.021s	user 0.007s	sys 0.012s
I20260608 10:09:45.210296 14668 raft_consensus.cc:359] T bba2109891a947728541760cbf66298e P f9a6789193964b5f9e47f11b924aec04 [term 0 FOLLOWER]: Replica starting. Triggering 0 pending ops. Active config: opid_index: -1 OBSOLETE_local: false peers { permanent_uuid: "224ad7df454a4b489a618d998c3a158c" member_type: VOTER last_known_addr { host: "127.11.67.130" port: 41257 } } peers { permanent_uuid: "f9a6789193964b5f9e47f11b924aec04" member_type: VOTER last_known_addr { host: "127.11.67.131" port: 44041 } } peers { permanent_uuid: "1fb18ea224f2454396e17ba89a8edf35" member_type: VOTER last_known_addr { host: "127.11.67.129" port: 43479 } }
I20260608 10:09:45.211236 14668 raft_consensus.cc:385] T bba2109891a947728541760cbf66298e P f9a6789193964b5f9e47f11b924aec04 [term 0 FOLLOWER]: Consensus starting up: Expiring failure detector timer to make a prompt election more likely
I20260608 10:09:45.211633 14668 raft_consensus.cc:740] T bba2109891a947728541760cbf66298e P f9a6789193964b5f9e47f11b924aec04 [term 0 FOLLOWER]: Becoming Follower/Learner. State: Replica: f9a6789193964b5f9e47f11b924aec04, State: Initialized, Role: FOLLOWER
I20260608 10:09:45.212730 14666 ts_tablet_manager.cc:1434] T dde8cdbe29734bbf8092dc2cb7dbd36a P 224ad7df454a4b489a618d998c3a158c: Time spent starting tablet: real 0.020s	user 0.007s	sys 0.001s
I20260608 10:09:45.212939 14668 consensus_queue.cc:260] T bba2109891a947728541760cbf66298e P f9a6789193964b5f9e47f11b924aec04 [NON_LEADER]: Queue going to NON_LEADER mode. State: All replicated index: 0, Majority replicated index: 0, Committed index: 0, Last appended: 0.0, Last appended by leader: 0, Current term: 0, Majority size: -1, State: 0, Mode: NON_LEADER, active raft config: opid_index: -1 OBSOLETE_local: false peers { permanent_uuid: "224ad7df454a4b489a618d998c3a158c" member_type: VOTER last_known_addr { host: "127.11.67.130" port: 41257 } } peers { permanent_uuid: "f9a6789193964b5f9e47f11b924aec04" member_type: VOTER last_known_addr { host: "127.11.67.131" port: 44041 } } peers { permanent_uuid: "1fb18ea224f2454396e17ba89a8edf35" member_type: VOTER last_known_addr { host: "127.11.67.129" port: 43479 } }
I20260608 10:09:45.217211 14620 tablet_service.cc:1917] Received RequestConsensusVote() RPC: tablet_id: "1efc759bdd6c459cac32fd8931ed431d" candidate_uuid: "224ad7df454a4b489a618d998c3a158c" candidate_term: 1 candidate_status { last_received { term: 0 index: 0 } } ignore_live_leader: false dest_uuid: "f9a6789193964b5f9e47f11b924aec04" is_pre_election: true
W20260608 10:09:45.219043 14510 leader_election.cc:343] T 1efc759bdd6c459cac32fd8931ed431d P 224ad7df454a4b489a618d998c3a158c [CANDIDATE]: Term 1 pre-election: Tablet error from VoteRequest() call to peer f9a6789193964b5f9e47f11b924aec04 (127.11.67.131:44041): Illegal state: must be running to vote when last-logged opid is not known
