I20260608 10:08:24.453693  9998 sys_catalog.cc:455] T 00000000000000000000000000000000 P 6b8257f86aa2415ea0d35887ce3666cb [sys.catalog]: SysCatalogTable state changed. Reason: Replicated consensus-only round. Latest consensus state: current_term: 1 leader_uuid: "dc97134c5b6340f0befa98d5adebbbf3" committed_config { opid_index: -1 OBSOLETE_local: false peers { permanent_uuid: "dc97134c5b6340f0befa98d5adebbbf3" member_type: VOTER last_known_addr { host: "127.9.144.62" port: 39221 } } peers { permanent_uuid: "6b8257f86aa2415ea0d35887ce3666cb" member_type: VOTER last_known_addr { host: "127.9.144.61" port: 35727 } } peers { permanent_uuid: "02ea578429474a92a7e758b95179128c" member_type: VOTER last_known_addr { host: "127.9.144.60" port: 35999 } } }
I20260608 10:08:24.454550  9998 sys_catalog.cc:458] T 00000000000000000000000000000000 P 6b8257f86aa2415ea0d35887ce3666cb [sys.catalog]: This master's current role is: FOLLOWER
I20260608 10:08:24.462769 10000 sys_catalog.cc:455] T 00000000000000000000000000000000 P 02ea578429474a92a7e758b95179128c [sys.catalog]: SysCatalogTable state changed. Reason: Replicated consensus-only round. Latest consensus state: current_term: 1 leader_uuid: "dc97134c5b6340f0befa98d5adebbbf3" committed_config { opid_index: -1 OBSOLETE_local: false peers { permanent_uuid: "dc97134c5b6340f0befa98d5adebbbf3" member_type: VOTER last_known_addr { host: "127.9.144.62" port: 39221 } } peers { permanent_uuid: "6b8257f86aa2415ea0d35887ce3666cb" member_type: VOTER last_known_addr { host: "127.9.144.61" port: 35727 } } peers { permanent_uuid: "02ea578429474a92a7e758b95179128c" member_type: VOTER last_known_addr { host: "127.9.144.60" port: 35999 } } }
I20260608 10:08:24.463603 10000 sys_catalog.cc:458] T 00000000000000000000000000000000 P 02ea578429474a92a7e758b95179128c [sys.catalog]: This master's current role is: FOLLOWER
I20260608 10:08:24.487910 10036 catalog_manager.cc:1405] Generated new certificate authority record
I20260608 10:08:24.489533  9792 rpc_server.cc:225] running with OpenSSL 1.1.1  11 Sep 2018
I20260608 10:08:24.490121 10036 catalog_manager.cc:1539] Loading token signing keys...
I20260608 10:08:24.491403  9792 kserver.cc:163] Server-wide thread pool size limit: 3276
I20260608 10:08:24.500149  9792 txn_system_client.cc:432] TxnSystemClient initialization is disabled...
I20260608 10:08:24.517117  9792 ts_tablet_manager.cc:585] Loaded tablet metadata (0 total tablets, 0 live tablets)
I20260608 10:08:24.518793  9792 ts_tablet_manager.cc:531] Time spent load tablet metadata: real 0.002s	user 0.001s	sys 0.000s
I20260608 10:08:24.519333  9792 ts_tablet_manager.cc:616] Registered 0 tablets
I20260608 10:08:24.519577  9792 ts_tablet_manager.cc:595] Time spent register tablets: real 0.000s	user 0.000s	sys 0.000s
I20260608 10:08:24.520633 10036 catalog_manager.cc:6069] T 00000000000000000000000000000000 P dc97134c5b6340f0befa98d5adebbbf3: Generated new TSK 0
I20260608 10:08:24.524562 10036 catalog_manager.cc:1549] Initializing in-progress tserver states...
I20260608 10:08:24.630501  9792 rpc_server.cc:307] RPC server started. Bound to: 127.9.144.1:34407
I20260608 10:08:24.630803 10117 acceptor_pool.cc:272] collecting diagnostics on the listening RPC socket 127.9.144.1:34407 every 8 connection(s)
I20260608 10:08:24.658842  9792 file_cache.cc:492] Constructed file cache file cache with capacity 419430
W20260608 10:08:24.676157 10125 instance_detector.cc:116] could not retrieve AWS instance metadata: Network error: curl error: HTTP response code said error: The requested URL returned error: 404
I20260608 10:08:24.689375 10120 heartbeater.cc:344] Connected to a master server at 127.9.144.62:39221
I20260608 10:08:24.690026 10120 heartbeater.cc:461] Registering TS with master...
I20260608 10:08:24.691448 10120 heartbeater.cc:507] Master 127.9.144.62:39221 requested a full tablet report, sending...
I20260608 10:08:24.696228  9824 ts_manager.cc:194] Registered new tserver with Master: 0c0f2c85bbd84fa992ec8b8c1c3d5796 (127.9.144.1:34407)
I20260608 10:08:24.700112  9824 master_service.cc:502] Signed X509 certificate for tserver {username='slave'} at 127.0.0.1:57510
W20260608 10:08:24.700655 10126 instance_detector.cc:116] could not retrieve Azure instance metadata: Network error: curl error: HTTP response code said error: The requested URL returned error: 404
W20260608 10:08:24.705117 10128 instance_detector.cc:116] could not retrieve OpenStack instance metadata: Network error: curl error: HTTP response code said error: The requested URL returned error: 404
I20260608 10:08:24.706712  9792 server_base.cc:1061] running on GCE node
I20260608 10:08:24.707018 10119 heartbeater.cc:344] Connected to a master server at 127.9.144.60:35999
I20260608 10:08:24.707517 10119 heartbeater.cc:461] Registering TS with master...
I20260608 10:08:24.707849  9792 hybrid_clock.cc:584] initializing the hybrid clock with 'system_unsync' time source
W20260608 10:08:24.708158  9792 system_unsync_time.cc:38] NTP support is disabled. Clock error bounds will not be accurate. This configuration is not suitable for distributed clusters.
I20260608 10:08:24.708146 10118 heartbeater.cc:344] Connected to a master server at 127.9.144.61:35727
I20260608 10:08:24.708515  9792 hybrid_clock.cc:648] HybridClock initialized: now 1780913304708491 us; error 0 us; skew 500 ppm
I20260608 10:08:24.708693 10118 heartbeater.cc:461] Registering TS with master...
I20260608 10:08:24.709462 10118 heartbeater.cc:507] Master 127.9.144.61:35727 requested a full tablet report, sending...
I20260608 10:08:24.709833  9792 server_base.cc:861] Flag tcmalloc_max_total_thread_cache_bytes is not working since tcmalloc is not enabled.
I20260608 10:08:24.710932 10119 heartbeater.cc:507] Master 127.9.144.60:35999 requested a full tablet report, sending...
I20260608 10:08:24.712800  9889 ts_manager.cc:194] Registered new tserver with Master: 0c0f2c85bbd84fa992ec8b8c1c3d5796 (127.9.144.1:34407)
I20260608 10:08:24.714483  9954 ts_manager.cc:194] Registered new tserver with Master: 0c0f2c85bbd84fa992ec8b8c1c3d5796 (127.9.144.1:34407)
I20260608 10:08:24.722237  9792 webserver.cc:533] Webserver started at http://127.9.144.2:43583/ using document root <none> and password file <none>
I20260608 10:08:24.722891  9792 fs_manager.cc:362] Metadata directory not provided
I20260608 10:08:24.723101  9792 fs_manager.cc:368] Using write-ahead log directory (fs_wal_dir) as metadata directory
I20260608 10:08:24.723376  9792 server_base.cc:909] This appears to be a new deployment of Kudu; creating new FS layout
I20260608 10:08:24.724545  9792 fs_manager.cc:1068] Generated new instance metadata in path /tmp/dist-test-task19rEhZ/test-tmp/auto_rebalancer-test.0.AutoRebalancerTest.OnlyLeaderDoesAutoRebalancing.1780913302385887-9792-0/minicluster-data/ts-1-root/instance:
uuid: "3fdac4360bcd492d8613675bbdcf08bf"
format_stamp: "Formatted at 2026-06-08 10:08:24 on dist-test-slave-db5w"
I20260608 10:08:24.729585  9792 fs_manager.cc:696] Time spent creating directory manager: real 0.004s	user 0.005s	sys 0.000s
I20260608 10:08:24.733984 10133 log_block_manager.cc:4031] Time spent loading block containers with low live blocks: real 0.000s	user 0.000s	sys 0.000s
I20260608 10:08:24.734943  9792 fs_manager.cc:730] Time spent opening block manager: real 0.003s	user 0.002s	sys 0.001s
I20260608 10:08:24.735332  9792 fs_manager.cc:647] Opened local filesystem: /tmp/dist-test-task19rEhZ/test-tmp/auto_rebalancer-test.0.AutoRebalancerTest.OnlyLeaderDoesAutoRebalancing.1780913302385887-9792-0/minicluster-data/ts-1-root
uuid: "3fdac4360bcd492d8613675bbdcf08bf"
format_stamp: "Formatted at 2026-06-08 10:08:24 on dist-test-slave-db5w"
I20260608 10:08:24.735738  9792 fs_report.cc:389] FS layout report
--------------------
wal directory: /tmp/dist-test-task19rEhZ/test-tmp/auto_rebalancer-test.0.AutoRebalancerTest.OnlyLeaderDoesAutoRebalancing.1780913302385887-9792-0/minicluster-data/ts-1-root
metadata directory: /tmp/dist-test-task19rEhZ/test-tmp/auto_rebalancer-test.0.AutoRebalancerTest.OnlyLeaderDoesAutoRebalancing.1780913302385887-9792-0/minicluster-data/ts-1-root
1 data directories: /tmp/dist-test-task19rEhZ/test-tmp/auto_rebalancer-test.0.AutoRebalancerTest.OnlyLeaderDoesAutoRebalancing.1780913302385887-9792-0/minicluster-data/ts-1-root/data
Total live blocks: 0
Total live bytes: 0
Total live bytes (after alignment): 0
Total number of LBM containers: 0 (0 full)
Did not check for missing blocks
Did not check for orphaned blocks
Total full LBM containers with extra space: 0 (0 repaired)
Total full LBM container extra space in bytes: 0 (0 repaired)
Total incomplete LBM containers: 0 (0 repaired)
Total LBM partial records: 0 (0 repaired)
Total corrupted LBM metadata records in RocksDB: 0 (0 repaired)
I20260608 10:08:24.757316  9792 rpc_server.cc:225] running with OpenSSL 1.1.1  11 Sep 2018
I20260608 10:08:24.759100  9792 kserver.cc:163] Server-wide thread pool size limit: 3276
I20260608 10:08:24.761039  9792 txn_system_client.cc:432] TxnSystemClient initialization is disabled...
I20260608 10:08:24.764544  9792 ts_tablet_manager.cc:585] Loaded tablet metadata (0 total tablets, 0 live tablets)
I20260608 10:08:24.764838  9792 ts_tablet_manager.cc:531] Time spent load tablet metadata: real 0.000s	user 0.000s	sys 0.000s
I20260608 10:08:24.765151  9792 ts_tablet_manager.cc:616] Registered 0 tablets
I20260608 10:08:24.765365  9792 ts_tablet_manager.cc:595] Time spent register tablets: real 0.000s	user 0.000s	sys 0.000s
I20260608 10:08:24.851984  9792 rpc_server.cc:307] RPC server started. Bound to: 127.9.144.2:37517
I20260608 10:08:24.852108 10195 acceptor_pool.cc:272] collecting diagnostics on the listening RPC socket 127.9.144.2:37517 every 8 connection(s)
I20260608 10:08:24.883252 10196 heartbeater.cc:344] Connected to a master server at 127.9.144.61:35727
I20260608 10:08:24.883963 10196 heartbeater.cc:461] Registering TS with master...
I20260608 10:08:24.885461  9792 file_cache.cc:492] Constructed file cache file cache with capacity 419430
I20260608 10:08:24.886076 10196 heartbeater.cc:507] Master 127.9.144.61:35727 requested a full tablet report, sending...
I20260608 10:08:24.889425  9889 ts_manager.cc:194] Registered new tserver with Master: 3fdac4360bcd492d8613675bbdcf08bf (127.9.144.2:37517)
I20260608 10:08:24.895407 10199 heartbeater.cc:344] Connected to a master server at 127.9.144.62:39221
I20260608 10:08:24.895859 10199 heartbeater.cc:461] Registering TS with master...
I20260608 10:08:24.896901 10199 heartbeater.cc:507] Master 127.9.144.62:39221 requested a full tablet report, sending...
I20260608 10:08:24.897065 10197 heartbeater.cc:344] Connected to a master server at 127.9.144.60:35999
I20260608 10:08:24.897585 10197 heartbeater.cc:461] Registering TS with master...
I20260608 10:08:24.898654 10197 heartbeater.cc:507] Master 127.9.144.60:35999 requested a full tablet report, sending...
I20260608 10:08:24.899811  9824 ts_manager.cc:194] Registered new tserver with Master: 3fdac4360bcd492d8613675bbdcf08bf (127.9.144.2:37517)
I20260608 10:08:24.901880  9824 master_service.cc:502] Signed X509 certificate for tserver {username='slave'} at 127.0.0.1:57516
I20260608 10:08:24.902053  9954 ts_manager.cc:194] Registered new tserver with Master: 3fdac4360bcd492d8613675bbdcf08bf (127.9.144.2:37517)
W20260608 10:08:24.912344 10203 instance_detector.cc:116] could not retrieve AWS instance metadata: Network error: curl error: HTTP response code said error: The requested URL returned error: 404
W20260608 10:08:24.918421 10204 instance_detector.cc:116] could not retrieve Azure instance metadata: Network error: curl error: HTTP response code said error: The requested URL returned error: 404
W20260608 10:08:24.921602 10206 instance_detector.cc:116] could not retrieve OpenStack instance metadata: Network error: curl error: HTTP response code said error: The requested URL returned error: 404
I20260608 10:08:24.922879  9792 server_base.cc:1061] running on GCE node
I20260608 10:08:24.923869  9792 hybrid_clock.cc:584] initializing the hybrid clock with 'system_unsync' time source
W20260608 10:08:24.924130  9792 system_unsync_time.cc:38] NTP support is disabled. Clock error bounds will not be accurate. This configuration is not suitable for distributed clusters.
I20260608 10:08:24.924312  9792 hybrid_clock.cc:648] HybridClock initialized: now 1780913304924293 us; error 0 us; skew 500 ppm
I20260608 10:08:24.924930  9792 server_base.cc:861] Flag tcmalloc_max_total_thread_cache_bytes is not working since tcmalloc is not enabled.
I20260608 10:08:24.927784  9792 webserver.cc:533] Webserver started at http://127.9.144.3:38881/ using document root <none> and password file <none>
I20260608 10:08:24.928350  9792 fs_manager.cc:362] Metadata directory not provided
I20260608 10:08:24.928565  9792 fs_manager.cc:368] Using write-ahead log directory (fs_wal_dir) as metadata directory
I20260608 10:08:24.928833  9792 server_base.cc:909] This appears to be a new deployment of Kudu; creating new FS layout
I20260608 10:08:24.929973  9792 fs_manager.cc:1068] Generated new instance metadata in path /tmp/dist-test-task19rEhZ/test-tmp/auto_rebalancer-test.0.AutoRebalancerTest.OnlyLeaderDoesAutoRebalancing.1780913302385887-9792-0/minicluster-data/ts-2-root/instance:
uuid: "ec696a7ed6f64742bb29ee8824f10ebd"
format_stamp: "Formatted at 2026-06-08 10:08:24 on dist-test-slave-db5w"
I20260608 10:08:24.934772  9792 fs_manager.cc:696] Time spent creating directory manager: real 0.004s	user 0.006s	sys 0.000s
I20260608 10:08:24.938642 10211 log_block_manager.cc:4031] Time spent loading block containers with low live blocks: real 0.000s	user 0.000s	sys 0.000s
I20260608 10:08:24.939523  9792 fs_manager.cc:730] Time spent opening block manager: real 0.003s	user 0.000s	sys 0.002s
I20260608 10:08:24.939832  9792 fs_manager.cc:647] Opened local filesystem: /tmp/dist-test-task19rEhZ/test-tmp/auto_rebalancer-test.0.AutoRebalancerTest.OnlyLeaderDoesAutoRebalancing.1780913302385887-9792-0/minicluster-data/ts-2-root
uuid: "ec696a7ed6f64742bb29ee8824f10ebd"
format_stamp: "Formatted at 2026-06-08 10:08:24 on dist-test-slave-db5w"
I20260608 10:08:24.940174  9792 fs_report.cc:389] FS layout report
--------------------
wal directory: /tmp/dist-test-task19rEhZ/test-tmp/auto_rebalancer-test.0.AutoRebalancerTest.OnlyLeaderDoesAutoRebalancing.1780913302385887-9792-0/minicluster-data/ts-2-root
metadata directory: /tmp/dist-test-task19rEhZ/test-tmp/auto_rebalancer-test.0.AutoRebalancerTest.OnlyLeaderDoesAutoRebalancing.1780913302385887-9792-0/minicluster-data/ts-2-root
1 data directories: /tmp/dist-test-task19rEhZ/test-tmp/auto_rebalancer-test.0.AutoRebalancerTest.OnlyLeaderDoesAutoRebalancing.1780913302385887-9792-0/minicluster-data/ts-2-root/data
Total live blocks: 0
Total live bytes: 0
Total live bytes (after alignment): 0
Total number of LBM containers: 0 (0 full)
Did not check for missing blocks
Did not check for orphaned blocks
Total full LBM containers with extra space: 0 (0 repaired)
Total full LBM container extra space in bytes: 0 (0 repaired)
Total incomplete LBM containers: 0 (0 repaired)
Total LBM partial records: 0 (0 repaired)
Total corrupted LBM metadata records in RocksDB: 0 (0 repaired)
I20260608 10:08:24.967595  9792 rpc_server.cc:225] running with OpenSSL 1.1.1  11 Sep 2018
I20260608 10:08:24.969064  9792 kserver.cc:163] Server-wide thread pool size limit: 3276
I20260608 10:08:24.970685  9792 txn_system_client.cc:432] TxnSystemClient initialization is disabled...
I20260608 10:08:24.973310  9792 ts_tablet_manager.cc:585] Loaded tablet metadata (0 total tablets, 0 live tablets)
I20260608 10:08:24.973520  9792 ts_tablet_manager.cc:531] Time spent load tablet metadata: real 0.000s	user 0.000s	sys 0.000s
I20260608 10:08:24.973758  9792 ts_tablet_manager.cc:616] Registered 0 tablets
I20260608 10:08:24.973917  9792 ts_tablet_manager.cc:595] Time spent register tablets: real 0.000s	user 0.000s	sys 0.000s
I20260608 10:08:25.066285  9792 rpc_server.cc:307] RPC server started. Bound to: 127.9.144.3:37493
I20260608 10:08:25.066424 10273 acceptor_pool.cc:272] collecting diagnostics on the listening RPC socket 127.9.144.3:37493 every 8 connection(s)
I20260608 10:08:25.089784 10274 heartbeater.cc:344] Connected to a master server at 127.9.144.61:35727
I20260608 10:08:25.090291 10274 heartbeater.cc:461] Registering TS with master...
I20260608 10:08:25.091305 10274 heartbeater.cc:507] Master 127.9.144.61:35727 requested a full tablet report, sending...
I20260608 10:08:25.094537  9889 ts_manager.cc:194] Registered new tserver with Master: ec696a7ed6f64742bb29ee8824f10ebd (127.9.144.3:37493)
I20260608 10:08:25.103025 10275 heartbeater.cc:344] Connected to a master server at 127.9.144.60:35999
I20260608 10:08:25.103540 10275 heartbeater.cc:461] Registering TS with master...
I20260608 10:08:25.104867 10275 heartbeater.cc:507] Master 127.9.144.60:35999 requested a full tablet report, sending...
I20260608 10:08:25.105047 10276 heartbeater.cc:344] Connected to a master server at 127.9.144.62:39221
I20260608 10:08:25.105508 10276 heartbeater.cc:461] Registering TS with master...
I20260608 10:08:25.106585 10276 heartbeater.cc:507] Master 127.9.144.62:39221 requested a full tablet report, sending...
I20260608 10:08:25.107611  9954 ts_manager.cc:194] Registered new tserver with Master: ec696a7ed6f64742bb29ee8824f10ebd (127.9.144.3:37493)
I20260608 10:08:25.109200  9824 ts_manager.cc:194] Registered new tserver with Master: ec696a7ed6f64742bb29ee8824f10ebd (127.9.144.3:37493)
I20260608 10:08:25.109284  9792 internal_mini_cluster.cc:371] 3 TS(s) registered with all masters after 0.024717707s
I20260608 10:08:25.111202  9824 master_service.cc:502] Signed X509 certificate for tserver {username='slave'} at 127.0.0.1:57522
I20260608 10:08:25.348551 10026 catalog_manager.cc:1294] Loaded cluster ID: 624ff02a1668444eb20697320c0fee27
I20260608 10:08:25.348891 10026 catalog_manager.cc:1587] T 00000000000000000000000000000000 P 6b8257f86aa2415ea0d35887ce3666cb: loading cluster ID for follower catalog manager: success
I20260608 10:08:25.353955 10026 catalog_manager.cc:1609] T 00000000000000000000000000000000 P 6b8257f86aa2415ea0d35887ce3666cb: acquiring CA information for follower catalog manager: success
I20260608 10:08:25.358202 10026 catalog_manager.cc:1637] T 00000000000000000000000000000000 P 6b8257f86aa2415ea0d35887ce3666cb: importing token verification keys for follower catalog manager: success; most recent TSK sequence number 0
I20260608 10:08:25.363982 10035 catalog_manager.cc:1294] Loaded cluster ID: 624ff02a1668444eb20697320c0fee27
I20260608 10:08:25.364356 10035 catalog_manager.cc:1587] T 00000000000000000000000000000000 P 02ea578429474a92a7e758b95179128c: loading cluster ID for follower catalog manager: success
I20260608 10:08:25.371395 10035 catalog_manager.cc:1609] T 00000000000000000000000000000000 P 02ea578429474a92a7e758b95179128c: acquiring CA information for follower catalog manager: success
I20260608 10:08:25.375851 10035 catalog_manager.cc:1637] T 00000000000000000000000000000000 P 02ea578429474a92a7e758b95179128c: importing token verification keys for follower catalog manager: success; most recent TSK sequence number 0
I20260608 10:08:25.705188 10120 heartbeater.cc:499] Master 127.9.144.62:39221 was elected leader, sending a full tablet report...
I20260608 10:08:25.908659 10199 heartbeater.cc:499] Master 127.9.144.62:39221 was elected leader, sending a full tablet report...
I20260608 10:08:26.114416 10276 heartbeater.cc:499] Master 127.9.144.62:39221 was elected leader, sending a full tablet report...
I20260608 10:08:26.344532 10030 auto_leader_rebalancer.cc:451] All tables' leader rebalancing finished this round
I20260608 10:08:26.471297  9824 catalog_manager.cc:2282] Servicing CreateTable request from {username='slave'} at 127.0.0.1:57532:
name: "test-workload"
schema {
  columns {
    name: "key"
    type: INT32
    is_key: true
    is_nullable: false
    encoding: AUTO_ENCODING
    compression: DEFAULT_COMPRESSION
    cfile_block_size: 0
    immutable: false
  }
  columns {
    name: "int_val"
    type: INT32
    is_key: false
    is_nullable: false
    encoding: AUTO_ENCODING
    compression: DEFAULT_COMPRESSION
    cfile_block_size: 0
    immutable: false
  }
  columns {
    name: "string_val"
    type: STRING
    is_key: false
    is_nullable: true
    encoding: AUTO_ENCODING
    compression: DEFAULT_COMPRESSION
    cfile_block_size: 0
    immutable: false
  }
}
num_replicas: 1
split_rows_range_bounds {
  rows: "\004\001\000\377\377\377\037\004\001\000\376\377\377?\004\001\000\375\377\377_""\004\001\000\377\377\377\037\004\001\000\376\377\377?\004\001\000\375\377\377_"
  indirect_data: """"
}
partition_schema {
  range_schema {
    columns {
      name: "key"
    }
  }
}
I20260608 10:08:26.554946 10161 tablet_service.cc:1511] Processing CreateTablet for tablet 0321ff2c2e704afbacdd6cc24459b2ec (DEFAULT_TABLE table=test-workload [id=b8d46aaab0dc4ccf9241940e02cc4898]), partition=RANGE (key) PARTITION VALUES < 536870911
I20260608 10:08:26.555632 10239 tablet_service.cc:1511] Processing CreateTablet for tablet 72a20e4666ad4a999ff7bb9ba786277f (DEFAULT_TABLE table=test-workload [id=b8d46aaab0dc4ccf9241940e02cc4898]), partition=RANGE (key) PARTITION 536870911 <= VALUES < 1073741822
I20260608 10:08:26.556664 10161 data_dirs.cc:400] Could only allocate 1 dirs of requested 3 for tablet 0321ff2c2e704afbacdd6cc24459b2ec. 1 dirs total, 0 dirs full, 0 dirs failed
I20260608 10:08:26.557631 10239 data_dirs.cc:400] Could only allocate 1 dirs of requested 3 for tablet 72a20e4666ad4a999ff7bb9ba786277f. 1 dirs total, 0 dirs full, 0 dirs failed
I20260608 10:08:26.563275 10083 tablet_service.cc:1511] Processing CreateTablet for tablet c56c0e4070894733bea6060e6481a89c (DEFAULT_TABLE table=test-workload [id=b8d46aaab0dc4ccf9241940e02cc4898]), partition=RANGE (key) PARTITION 1073741822 <= VALUES < 1610612733
I20260608 10:08:26.564894 10083 data_dirs.cc:400] Could only allocate 1 dirs of requested 3 for tablet c56c0e4070894733bea6060e6481a89c. 1 dirs total, 0 dirs full, 0 dirs failed
I20260608 10:08:26.563488 10082 tablet_service.cc:1511] Processing CreateTablet for tablet 51cc56fa665c44e9aee445557642df09 (DEFAULT_TABLE table=test-workload [id=b8d46aaab0dc4ccf9241940e02cc4898]), partition=RANGE (key) PARTITION 1610612733 <= VALUES
I20260608 10:08:26.567792 10082 data_dirs.cc:400] Could only allocate 1 dirs of requested 3 for tablet 51cc56fa665c44e9aee445557642df09. 1 dirs total, 0 dirs full, 0 dirs failed
I20260608 10:08:26.585253 10310 tablet_bootstrap.cc:492] T 0321ff2c2e704afbacdd6cc24459b2ec P 3fdac4360bcd492d8613675bbdcf08bf: Bootstrap starting.
I20260608 10:08:26.589551 10309 tablet_bootstrap.cc:492] T 72a20e4666ad4a999ff7bb9ba786277f P ec696a7ed6f64742bb29ee8824f10ebd: Bootstrap starting.
I20260608 10:08:26.593335 10311 tablet_bootstrap.cc:492] T c56c0e4070894733bea6060e6481a89c P 0c0f2c85bbd84fa992ec8b8c1c3d5796: Bootstrap starting.
I20260608 10:08:26.595397 10310 tablet_bootstrap.cc:654] T 0321ff2c2e704afbacdd6cc24459b2ec P 3fdac4360bcd492d8613675bbdcf08bf: Neither blocks nor log segments found. Creating new log.
I20260608 10:08:26.598528 10309 tablet_bootstrap.cc:654] T 72a20e4666ad4a999ff7bb9ba786277f P ec696a7ed6f64742bb29ee8824f10ebd: Neither blocks nor log segments found. Creating new log.
I20260608 10:08:26.601241 10311 tablet_bootstrap.cc:654] T c56c0e4070894733bea6060e6481a89c P 0c0f2c85bbd84fa992ec8b8c1c3d5796: Neither blocks nor log segments found. Creating new log.
I20260608 10:08:26.601470 10310 tablet_bootstrap.cc:492] T 0321ff2c2e704afbacdd6cc24459b2ec P 3fdac4360bcd492d8613675bbdcf08bf: No bootstrap required, opened a new log
I20260608 10:08:26.602054 10310 ts_tablet_manager.cc:1403] T 0321ff2c2e704afbacdd6cc24459b2ec P 3fdac4360bcd492d8613675bbdcf08bf: Time spent bootstrapping tablet: real 0.017s	user 0.013s	sys 0.000s
I20260608 10:08:26.605489 10310 raft_consensus.cc:359] T 0321ff2c2e704afbacdd6cc24459b2ec P 3fdac4360bcd492d8613675bbdcf08bf [term 0 FOLLOWER]: Replica starting. Triggering 0 pending ops. Active config: opid_index: -1 OBSOLETE_local: true peers { permanent_uuid: "3fdac4360bcd492d8613675bbdcf08bf" member_type: VOTER last_known_addr { host: "127.9.144.2" port: 37517 } }
I20260608 10:08:26.606159 10310 raft_consensus.cc:385] T 0321ff2c2e704afbacdd6cc24459b2ec P 3fdac4360bcd492d8613675bbdcf08bf [term 0 FOLLOWER]: Consensus starting up: Expiring failure detector timer to make a prompt election more likely
I20260608 10:08:26.606503 10310 raft_consensus.cc:740] T 0321ff2c2e704afbacdd6cc24459b2ec P 3fdac4360bcd492d8613675bbdcf08bf [term 0 FOLLOWER]: Becoming Follower/Learner. State: Replica: 3fdac4360bcd492d8613675bbdcf08bf, State: Initialized, Role: FOLLOWER
I20260608 10:08:26.607336 10310 consensus_queue.cc:260] T 0321ff2c2e704afbacdd6cc24459b2ec P 3fdac4360bcd492d8613675bbdcf08bf [NON_LEADER]: Queue going to NON_LEADER mode. State: All replicated index: 0, Majority replicated index: 0, Committed index: 0, Last appended: 0.0, Last appended by leader: 0, Current term: 0, Majority size: -1, State: 0, Mode: NON_LEADER, active raft config: opid_index: -1 OBSOLETE_local: true peers { permanent_uuid: "3fdac4360bcd492d8613675bbdcf08bf" member_type: VOTER last_known_addr { host: "127.9.144.2" port: 37517 } }
I20260608 10:08:26.608001 10310 raft_consensus.cc:399] T 0321ff2c2e704afbacdd6cc24459b2ec P 3fdac4360bcd492d8613675bbdcf08bf [term 0 FOLLOWER]: Only one voter in the Raft config. Triggering election immediately
I20260608 10:08:26.608274 10310 raft_consensus.cc:493] T 0321ff2c2e704afbacdd6cc24459b2ec P 3fdac4360bcd492d8613675bbdcf08bf [term 0 FOLLOWER]: Starting leader election (initial election of a single-replica configuration)
I20260608 10:08:26.608544 10309 tablet_bootstrap.cc:492] T 72a20e4666ad4a999ff7bb9ba786277f P ec696a7ed6f64742bb29ee8824f10ebd: No bootstrap required, opened a new log
I20260608 10:08:26.608561 10310 raft_consensus.cc:3060] T 0321ff2c2e704afbacdd6cc24459b2ec P 3fdac4360bcd492d8613675bbdcf08bf [term 0 FOLLOWER]: Advancing to term 1
I20260608 10:08:26.609225 10309 ts_tablet_manager.cc:1403] T 72a20e4666ad4a999ff7bb9ba786277f P ec696a7ed6f64742bb29ee8824f10ebd: Time spent bootstrapping tablet: real 0.020s	user 0.015s	sys 0.000s
I20260608 10:08:26.609318 10311 tablet_bootstrap.cc:492] T c56c0e4070894733bea6060e6481a89c P 0c0f2c85bbd84fa992ec8b8c1c3d5796: No bootstrap required, opened a new log
I20260608 10:08:26.609833 10311 ts_tablet_manager.cc:1403] T c56c0e4070894733bea6060e6481a89c P 0c0f2c85bbd84fa992ec8b8c1c3d5796: Time spent bootstrapping tablet: real 0.017s	user 0.006s	sys 0.007s
I20260608 10:08:26.612425 10309 raft_consensus.cc:359] T 72a20e4666ad4a999ff7bb9ba786277f P ec696a7ed6f64742bb29ee8824f10ebd [term 0 FOLLOWER]: Replica starting. Triggering 0 pending ops. Active config: opid_index: -1 OBSOLETE_local: true peers { permanent_uuid: "ec696a7ed6f64742bb29ee8824f10ebd" member_type: VOTER last_known_addr { host: "127.9.144.3" port: 37493 } }
I20260608 10:08:26.612797 10311 raft_consensus.cc:359] T c56c0e4070894733bea6060e6481a89c P 0c0f2c85bbd84fa992ec8b8c1c3d5796 [term 0 FOLLOWER]: Replica starting. Triggering 0 pending ops. Active config: opid_index: -1 OBSOLETE_local: true peers { permanent_uuid: "0c0f2c85bbd84fa992ec8b8c1c3d5796" member_type: VOTER last_known_addr { host: "127.9.144.1" port: 34407 } }
I20260608 10:08:26.613054 10309 raft_consensus.cc:385] T 72a20e4666ad4a999ff7bb9ba786277f P ec696a7ed6f64742bb29ee8824f10ebd [term 0 FOLLOWER]: Consensus starting up: Expiring failure detector timer to make a prompt election more likely
I20260608 10:08:26.613365 10311 raft_consensus.cc:385] T c56c0e4070894733bea6060e6481a89c P 0c0f2c85bbd84fa992ec8b8c1c3d5796 [term 0 FOLLOWER]: Consensus starting up: Expiring failure detector timer to make a prompt election more likely
I20260608 10:08:26.613405 10309 raft_consensus.cc:740] T 72a20e4666ad4a999ff7bb9ba786277f P ec696a7ed6f64742bb29ee8824f10ebd [term 0 FOLLOWER]: Becoming Follower/Learner. State: Replica: ec696a7ed6f64742bb29ee8824f10ebd, State: Initialized, Role: FOLLOWER
I20260608 10:08:26.613802 10311 raft_consensus.cc:740] T c56c0e4070894733bea6060e6481a89c P 0c0f2c85bbd84fa992ec8b8c1c3d5796 [term 0 FOLLOWER]: Becoming Follower/Learner. State: Replica: 0c0f2c85bbd84fa992ec8b8c1c3d5796, State: Initialized, Role: FOLLOWER
I20260608 10:08:26.613965 10310 raft_consensus.cc:515] T 0321ff2c2e704afbacdd6cc24459b2ec P 3fdac4360bcd492d8613675bbdcf08bf [term 1 FOLLOWER]: Starting leader election with config: opid_index: -1 OBSOLETE_local: true peers { permanent_uuid: "3fdac4360bcd492d8613675bbdcf08bf" member_type: VOTER last_known_addr { host: "127.9.144.2" port: 37517 } }
I20260608 10:08:26.614331 10309 consensus_queue.cc:260] T 72a20e4666ad4a999ff7bb9ba786277f P ec696a7ed6f64742bb29ee8824f10ebd [NON_LEADER]: Queue going to NON_LEADER mode. State: All replicated index: 0, Majority replicated index: 0, Committed index: 0, Last appended: 0.0, Last appended by leader: 0, Current term: 0, Majority size: -1, State: 0, Mode: NON_LEADER, active raft config: opid_index: -1 OBSOLETE_local: true peers { permanent_uuid: "ec696a7ed6f64742bb29ee8824f10ebd" member_type: VOTER last_known_addr { host: "127.9.144.3" port: 37493 } }
I20260608 10:08:26.614686 10310 leader_election.cc:304] T 0321ff2c2e704afbacdd6cc24459b2ec P 3fdac4360bcd492d8613675bbdcf08bf [CANDIDATE]: Term 1 election: Election decided. Result: candidate won. Election summary: received 1 responses out of 1 voters: 1 yes votes; 0 no votes. yes voters: 3fdac4360bcd492d8613675bbdcf08bf; no voters: 
I20260608 10:08:26.614589 10311 consensus_queue.cc:260] T c56c0e4070894733bea6060e6481a89c P 0c0f2c85bbd84fa992ec8b8c1c3d5796 [NON_LEADER]: Queue going to NON_LEADER mode. State: All replicated index: 0, Majority replicated index: 0, Committed index: 0, Last appended: 0.0, Last appended by leader: 0, Current term: 0, Majority size: -1, State: 0, Mode: NON_LEADER, active raft config: opid_index: -1 OBSOLETE_local: true peers { permanent_uuid: "0c0f2c85bbd84fa992ec8b8c1c3d5796" member_type: VOTER last_known_addr { host: "127.9.144.1" port: 34407 } }
I20260608 10:08:26.615074 10309 raft_consensus.cc:399] T 72a20e4666ad4a999ff7bb9ba786277f P ec696a7ed6f64742bb29ee8824f10ebd [term 0 FOLLOWER]: Only one voter in the Raft config. Triggering election immediately
I20260608 10:08:26.615305 10311 raft_consensus.cc:399] T c56c0e4070894733bea6060e6481a89c P 0c0f2c85bbd84fa992ec8b8c1c3d5796 [term 0 FOLLOWER]: Only one voter in the Raft config. Triggering election immediately
I20260608 10:08:26.615463 10309 raft_consensus.cc:493] T 72a20e4666ad4a999ff7bb9ba786277f P ec696a7ed6f64742bb29ee8824f10ebd [term 0 FOLLOWER]: Starting leader election (initial election of a single-replica configuration)
I20260608 10:08:26.615700 10311 raft_consensus.cc:493] T c56c0e4070894733bea6060e6481a89c P 0c0f2c85bbd84fa992ec8b8c1c3d5796 [term 0 FOLLOWER]: Starting leader election (initial election of a single-replica configuration)
I20260608 10:08:26.615886 10309 raft_consensus.cc:3060] T 72a20e4666ad4a999ff7bb9ba786277f P ec696a7ed6f64742bb29ee8824f10ebd [term 0 FOLLOWER]: Advancing to term 1
I20260608 10:08:26.616274 10311 raft_consensus.cc:3060] T c56c0e4070894733bea6060e6481a89c P 0c0f2c85bbd84fa992ec8b8c1c3d5796 [term 0 FOLLOWER]: Advancing to term 1
I20260608 10:08:26.617067 10310 leader_election.cc:290] T 0321ff2c2e704afbacdd6cc24459b2ec P 3fdac4360bcd492d8613675bbdcf08bf [CANDIDATE]: Term 1 election: Requested vote from peers 
I20260608 10:08:26.617693 10315 raft_consensus.cc:2804] T 0321ff2c2e704afbacdd6cc24459b2ec P 3fdac4360bcd492d8613675bbdcf08bf [term 1 FOLLOWER]: Leader election won for term 1
I20260608 10:08:26.624553 10311 raft_consensus.cc:515] T c56c0e4070894733bea6060e6481a89c P 0c0f2c85bbd84fa992ec8b8c1c3d5796 [term 1 FOLLOWER]: Starting leader election with config: opid_index: -1 OBSOLETE_local: true peers { permanent_uuid: "0c0f2c85bbd84fa992ec8b8c1c3d5796" member_type: VOTER last_known_addr { host: "127.9.144.1" port: 34407 } }
I20260608 10:08:26.622905 10309 raft_consensus.cc:515] T 72a20e4666ad4a999ff7bb9ba786277f P ec696a7ed6f64742bb29ee8824f10ebd [term 1 FOLLOWER]: Starting leader election with config: opid_index: -1 OBSOLETE_local: true peers { permanent_uuid: "ec696a7ed6f64742bb29ee8824f10ebd" member_type: VOTER last_known_addr { host: "127.9.144.3" port: 37493 } }
I20260608 10:08:26.625393 10311 leader_election.cc:304] T c56c0e4070894733bea6060e6481a89c P 0c0f2c85bbd84fa992ec8b8c1c3d5796 [CANDIDATE]: Term 1 election: Election decided. Result: candidate won. Election summary: received 1 responses out of 1 voters: 1 yes votes; 0 no votes. yes voters: 0c0f2c85bbd84fa992ec8b8c1c3d5796; no voters: 
I20260608 10:08:26.625720 10309 leader_election.cc:304] T 72a20e4666ad4a999ff7bb9ba786277f P ec696a7ed6f64742bb29ee8824f10ebd [CANDIDATE]: Term 1 election: Election decided. Result: candidate won. Election summary: received 1 responses out of 1 voters: 1 yes votes; 0 no votes. yes voters: ec696a7ed6f64742bb29ee8824f10ebd; no voters: 
I20260608 10:08:26.626639 10315 raft_consensus.cc:697] T 0321ff2c2e704afbacdd6cc24459b2ec P 3fdac4360bcd492d8613675bbdcf08bf [term 1 LEADER]: Becoming Leader. State: Replica: 3fdac4360bcd492d8613675bbdcf08bf, State: Running, Role: LEADER
I20260608 10:08:26.627748 10310 ts_tablet_manager.cc:1434] T 0321ff2c2e704afbacdd6cc24459b2ec P 3fdac4360bcd492d8613675bbdcf08bf: Time spent starting tablet: real 0.025s	user 0.009s	sys 0.018s
I20260608 10:08:26.627549 10315 consensus_queue.cc:237] T 0321ff2c2e704afbacdd6cc24459b2ec P 3fdac4360bcd492d8613675bbdcf08bf [LEADER]: Queue going to LEADER mode. State: All replicated index: 0, Majority replicated index: 0, Committed index: 0, Last appended: 0.0, Last appended by leader: 0, Current term: 1, Majority size: 1, State: 0, Mode: LEADER, active raft config: opid_index: -1 OBSOLETE_local: true peers { permanent_uuid: "3fdac4360bcd492d8613675bbdcf08bf" member_type: VOTER last_known_addr { host: "127.9.144.2" port: 37517 } }
I20260608 10:08:26.632200 10309 leader_election.cc:290] T 72a20e4666ad4a999ff7bb9ba786277f P ec696a7ed6f64742bb29ee8824f10ebd [CANDIDATE]: Term 1 election: Requested vote from peers 
I20260608 10:08:26.632826 10319 raft_consensus.cc:2804] T 72a20e4666ad4a999ff7bb9ba786277f P ec696a7ed6f64742bb29ee8824f10ebd [term 1 FOLLOWER]: Leader election won for term 1
I20260608 10:08:26.635272 10319 raft_consensus.cc:697] T 72a20e4666ad4a999ff7bb9ba786277f P ec696a7ed6f64742bb29ee8824f10ebd [term 1 LEADER]: Becoming Leader. State: Replica: ec696a7ed6f64742bb29ee8824f10ebd, State: Running, Role: LEADER
I20260608 10:08:26.636118 10319 consensus_queue.cc:237] T 72a20e4666ad4a999ff7bb9ba786277f P ec696a7ed6f64742bb29ee8824f10ebd [LEADER]: Queue going to LEADER mode. State: All replicated index: 0, Majority replicated index: 0, Committed index: 0, Last appended: 0.0, Last appended by leader: 0, Current term: 1, Majority size: 1, State: 0, Mode: LEADER, active raft config: opid_index: -1 OBSOLETE_local: true peers { permanent_uuid: "ec696a7ed6f64742bb29ee8824f10ebd" member_type: VOTER last_known_addr { host: "127.9.144.3" port: 37493 } }
I20260608 10:08:26.641274 10309 ts_tablet_manager.cc:1434] T 72a20e4666ad4a999ff7bb9ba786277f P ec696a7ed6f64742bb29ee8824f10ebd: Time spent starting tablet: real 0.032s	user 0.016s	sys 0.009s
I20260608 10:08:26.643249 10318 raft_consensus.cc:2804] T c56c0e4070894733bea6060e6481a89c P 0c0f2c85bbd84fa992ec8b8c1c3d5796 [term 1 FOLLOWER]: Leader election won for term 1
I20260608 10:08:26.644622 10311 leader_election.cc:290] T c56c0e4070894733bea6060e6481a89c P 0c0f2c85bbd84fa992ec8b8c1c3d5796 [CANDIDATE]: Term 1 election: Requested vote from peers 
I20260608 10:08:26.647394 10318 raft_consensus.cc:697] T c56c0e4070894733bea6060e6481a89c P 0c0f2c85bbd84fa992ec8b8c1c3d5796 [term 1 LEADER]: Becoming Leader. State: Replica: 0c0f2c85bbd84fa992ec8b8c1c3d5796, State: Running, Role: LEADER
I20260608 10:08:26.648260 10318 consensus_queue.cc:237] T c56c0e4070894733bea6060e6481a89c P 0c0f2c85bbd84fa992ec8b8c1c3d5796 [LEADER]: Queue going to LEADER mode. State: All replicated index: 0, Majority replicated index: 0, Committed index: 0, Last appended: 0.0, Last appended by leader: 0, Current term: 1, Majority size: 1, State: 0, Mode: LEADER, active raft config: opid_index: -1 OBSOLETE_local: true peers { permanent_uuid: "0c0f2c85bbd84fa992ec8b8c1c3d5796" member_type: VOTER last_known_addr { host: "127.9.144.1" port: 34407 } }
I20260608 10:08:26.658931  9824 catalog_manager.cc:5696] T c56c0e4070894733bea6060e6481a89c P 0c0f2c85bbd84fa992ec8b8c1c3d5796 reported cstate change: term changed from 0 to 1, leader changed from <none> to 0c0f2c85bbd84fa992ec8b8c1c3d5796 (127.9.144.1). New cstate: current_term: 1 leader_uuid: "0c0f2c85bbd84fa992ec8b8c1c3d5796" committed_config { opid_index: -1 OBSOLETE_local: true peers { permanent_uuid: "0c0f2c85bbd84fa992ec8b8c1c3d5796" member_type: VOTER last_known_addr { host: "127.9.144.1" port: 34407 } health_report { overall_health: HEALTHY } } }
I20260608 10:08:26.665634  9823 catalog_manager.cc:5696] T 0321ff2c2e704afbacdd6cc24459b2ec P 3fdac4360bcd492d8613675bbdcf08bf reported cstate change: term changed from 0 to 1, leader changed from <none> to 3fdac4360bcd492d8613675bbdcf08bf (127.9.144.2). New cstate: current_term: 1 leader_uuid: "3fdac4360bcd492d8613675bbdcf08bf" committed_config { opid_index: -1 OBSOLETE_local: true peers { permanent_uuid: "3fdac4360bcd492d8613675bbdcf08bf" member_type: VOTER last_known_addr { host: "127.9.144.2" port: 37517 } health_report { overall_health: HEALTHY } } }
I20260608 10:08:26.682548  9822 catalog_manager.cc:5696] T 72a20e4666ad4a999ff7bb9ba786277f P ec696a7ed6f64742bb29ee8824f10ebd reported cstate change: term changed from 0 to 1, leader changed from <none> to ec696a7ed6f64742bb29ee8824f10ebd (127.9.144.3). New cstate: current_term: 1 leader_uuid: "ec696a7ed6f64742bb29ee8824f10ebd" committed_config { opid_index: -1 OBSOLETE_local: true peers { permanent_uuid: "ec696a7ed6f64742bb29ee8824f10ebd" member_type: VOTER last_known_addr { host: "127.9.144.3" port: 37493 } health_report { overall_health: HEALTHY } } }
I20260608 10:08:26.688362 10311 ts_tablet_manager.cc:1434] T c56c0e4070894733bea6060e6481a89c P 0c0f2c85bbd84fa992ec8b8c1c3d5796: Time spent starting tablet: real 0.078s	user 0.021s	sys 0.047s
I20260608 10:08:26.689741 10311 tablet_bootstrap.cc:492] T 51cc56fa665c44e9aee445557642df09 P 0c0f2c85bbd84fa992ec8b8c1c3d5796: Bootstrap starting.
I20260608 10:08:26.696583 10311 tablet_bootstrap.cc:654] T 51cc56fa665c44e9aee445557642df09 P 0c0f2c85bbd84fa992ec8b8c1c3d5796: Neither blocks nor log segments found. Creating new log.
I20260608 10:08:26.727252 10311 tablet_bootstrap.cc:492] T 51cc56fa665c44e9aee445557642df09 P 0c0f2c85bbd84fa992ec8b8c1c3d5796: No bootstrap required, opened a new log
I20260608 10:08:26.727787 10311 ts_tablet_manager.cc:1403] T 51cc56fa665c44e9aee445557642df09 P 0c0f2c85bbd84fa992ec8b8c1c3d5796: Time spent bootstrapping tablet: real 0.038s	user 0.006s	sys 0.020s
I20260608 10:08:26.732506 10311 raft_consensus.cc:359] T 51cc56fa665c44e9aee445557642df09 P 0c0f2c85bbd84fa992ec8b8c1c3d5796 [term 0 FOLLOWER]: Replica starting. Triggering 0 pending ops. Active config: opid_index: -1 OBSOLETE_local: true peers { permanent_uuid: "0c0f2c85bbd84fa992ec8b8c1c3d5796" member_type: VOTER last_known_addr { host: "127.9.144.1" port: 34407 } }
I20260608 10:08:26.733124 10311 raft_consensus.cc:385] T 51cc56fa665c44e9aee445557642df09 P 0c0f2c85bbd84fa992ec8b8c1c3d5796 [term 0 FOLLOWER]: Consensus starting up: Expiring failure detector timer to make a prompt election more likely
I20260608 10:08:26.733510 10311 raft_consensus.cc:740] T 51cc56fa665c44e9aee445557642df09 P 0c0f2c85bbd84fa992ec8b8c1c3d5796 [term 0 FOLLOWER]: Becoming Follower/Learner. State: Replica: 0c0f2c85bbd84fa992ec8b8c1c3d5796, State: Initialized, Role: FOLLOWER
I20260608 10:08:26.734270 10311 consensus_queue.cc:260] T 51cc56fa665c44e9aee445557642df09 P 0c0f2c85bbd84fa992ec8b8c1c3d5796 [NON_LEADER]: Queue going to NON_LEADER mode. State: All replicated index: 0, Majority replicated index: 0, Committed index: 0, Last appended: 0.0, Last appended by leader: 0, Current term: 0, Majority size: -1, State: 0, Mode: NON_LEADER, active raft config: opid_index: -1 OBSOLETE_local: true peers { permanent_uuid: "0c0f2c85bbd84fa992ec8b8c1c3d5796" member_type: VOTER last_known_addr { host: "127.9.144.1" port: 34407 } }
I20260608 10:08:26.734948 10311 raft_consensus.cc:399] T 51cc56fa665c44e9aee445557642df09 P 0c0f2c85bbd84fa992ec8b8c1c3d5796 [term 0 FOLLOWER]: Only one voter in the Raft config. Triggering election immediately
I20260608 10:08:26.735282 10311 raft_consensus.cc:493] T 51cc56fa665c44e9aee445557642df09 P 0c0f2c85bbd84fa992ec8b8c1c3d5796 [term 0 FOLLOWER]: Starting leader election (initial election of a single-replica configuration)
I20260608 10:08:26.735656 10311 raft_consensus.cc:3060] T 51cc56fa665c44e9aee445557642df09 P 0c0f2c85bbd84fa992ec8b8c1c3d5796 [term 0 FOLLOWER]: Advancing to term 1
I20260608 10:08:26.742524 10311 raft_consensus.cc:515] T 51cc56fa665c44e9aee445557642df09 P 0c0f2c85bbd84fa992ec8b8c1c3d5796 [term 1 FOLLOWER]: Starting leader election with config: opid_index: -1 OBSOLETE_local: true peers { permanent_uuid: "0c0f2c85bbd84fa992ec8b8c1c3d5796" member_type: VOTER last_known_addr { host: "127.9.144.1" port: 34407 } }
I20260608 10:08:26.743378 10311 leader_election.cc:304] T 51cc56fa665c44e9aee445557642df09 P 0c0f2c85bbd84fa992ec8b8c1c3d5796 [CANDIDATE]: Term 1 election: Election decided. Result: candidate won. Election summary: received 1 responses out of 1 voters: 1 yes votes; 0 no votes. yes voters: 0c0f2c85bbd84fa992ec8b8c1c3d5796; no voters: 
I20260608 10:08:26.744000 10311 leader_election.cc:290] T 51cc56fa665c44e9aee445557642df09 P 0c0f2c85bbd84fa992ec8b8c1c3d5796 [CANDIDATE]: Term 1 election: Requested vote from peers 
I20260608 10:08:26.744863 10325 raft_consensus.cc:2804] T 51cc56fa665c44e9aee445557642df09 P 0c0f2c85bbd84fa992ec8b8c1c3d5796 [term 1 FOLLOWER]: Leader election won for term 1
I20260608 10:08:26.745396 10325 raft_consensus.cc:697] T 51cc56fa665c44e9aee445557642df09 P 0c0f2c85bbd84fa992ec8b8c1c3d5796 [term 1 LEADER]: Becoming Leader. State: Replica: 0c0f2c85bbd84fa992ec8b8c1c3d5796, State: Running, Role: LEADER
I20260608 10:08:26.746186 10325 consensus_queue.cc:237] T 51cc56fa665c44e9aee445557642df09 P 0c0f2c85bbd84fa992ec8b8c1c3d5796 [LEADER]: Queue going to LEADER mode. State: All replicated index: 0, Majority replicated index: 0, Committed index: 0, Last appended: 0.0, Last appended by leader: 0, Current term: 1, Majority size: 1, State: 0, Mode: LEADER, active raft config: opid_index: -1 OBSOLETE_local: true peers { permanent_uuid: "0c0f2c85bbd84fa992ec8b8c1c3d5796" member_type: VOTER last_known_addr { host: "127.9.144.1" port: 34407 } }
I20260608 10:08:26.752007 10311 ts_tablet_manager.cc:1434] T 51cc56fa665c44e9aee445557642df09 P 0c0f2c85bbd84fa992ec8b8c1c3d5796: Time spent starting tablet: real 0.024s	user 0.013s	sys 0.003s
I20260608 10:08:26.768220  9824 catalog_manager.cc:5696] T 51cc56fa665c44e9aee445557642df09 P 0c0f2c85bbd84fa992ec8b8c1c3d5796 reported cstate change: term changed from 0 to 1, leader changed from <none> to 0c0f2c85bbd84fa992ec8b8c1c3d5796 (127.9.144.1). New cstate: current_term: 1 leader_uuid: "0c0f2c85bbd84fa992ec8b8c1c3d5796" committed_config { opid_index: -1 OBSOLETE_local: true peers { permanent_uuid: "0c0f2c85bbd84fa992ec8b8c1c3d5796" member_type: VOTER last_known_addr { host: "127.9.144.1" port: 34407 } health_report { overall_health: HEALTHY } } }
I20260608 10:08:26.830670  9792 tablet_server.cc:179] TabletServer@127.9.144.1:0 shutting down...
I20260608 10:08:26.850075  9792 ts_tablet_manager.cc:1507] Shutting down tablet manager...
I20260608 10:08:26.850977  9792 tablet_replica.cc:333] T 51cc56fa665c44e9aee445557642df09 P 0c0f2c85bbd84fa992ec8b8c1c3d5796: stopping tablet replica
I20260608 10:08:26.851652  9792 raft_consensus.cc:2243] T 51cc56fa665c44e9aee445557642df09 P 0c0f2c85bbd84fa992ec8b8c1c3d5796 [term 1 LEADER]: Raft consensus shutting down.
I20260608 10:08:26.852183  9792 raft_consensus.cc:2272] T 51cc56fa665c44e9aee445557642df09 P 0c0f2c85bbd84fa992ec8b8c1c3d5796 [term 1 FOLLOWER]: Raft consensus is shut down!
I20260608 10:08:26.855465  9792 tablet_replica.cc:333] T c56c0e4070894733bea6060e6481a89c P 0c0f2c85bbd84fa992ec8b8c1c3d5796: stopping tablet replica
I20260608 10:08:26.856015  9792 raft_consensus.cc:2243] T c56c0e4070894733bea6060e6481a89c P 0c0f2c85bbd84fa992ec8b8c1c3d5796 [term 1 LEADER]: Raft consensus shutting down.
I20260608 10:08:26.856448  9792 raft_consensus.cc:2272] T c56c0e4070894733bea6060e6481a89c P 0c0f2c85bbd84fa992ec8b8c1c3d5796 [term 1 FOLLOWER]: Raft consensus is shut down!
I20260608 10:08:27.000514  9792 tablet_server.cc:196] TabletServer@127.9.144.1:0 shutdown complete.
I20260608 10:08:27.010545  9792 tablet_server.cc:179] TabletServer@127.9.144.2:0 shutting down...
I20260608 10:08:27.025418  9792 ts_tablet_manager.cc:1507] Shutting down tablet manager...
I20260608 10:08:27.026286  9792 tablet_replica.cc:333] T 0321ff2c2e704afbacdd6cc24459b2ec P 3fdac4360bcd492d8613675bbdcf08bf: stopping tablet replica
I20260608 10:08:27.026854  9792 raft_consensus.cc:2243] T 0321ff2c2e704afbacdd6cc24459b2ec P 3fdac4360bcd492d8613675bbdcf08bf [term 1 LEADER]: Raft consensus shutting down.
I20260608 10:08:27.027307  9792 raft_consensus.cc:2272] T 0321ff2c2e704afbacdd6cc24459b2ec P 3fdac4360bcd492d8613675bbdcf08bf [term 1 FOLLOWER]: Raft consensus is shut down!
I20260608 10:08:27.036204  9792 tablet_server.cc:196] TabletServer@127.9.144.2:0 shutdown complete.
I20260608 10:08:27.044307  9792 tablet_server.cc:179] TabletServer@127.9.144.3:0 shutting down...
I20260608 10:08:27.061105  9792 ts_tablet_manager.cc:1507] Shutting down tablet manager...
I20260608 10:08:27.061925  9792 tablet_replica.cc:333] T 72a20e4666ad4a999ff7bb9ba786277f P ec696a7ed6f64742bb29ee8824f10ebd: stopping tablet replica
I20260608 10:08:27.062625  9792 raft_consensus.cc:2243] T 72a20e4666ad4a999ff7bb9ba786277f P ec696a7ed6f64742bb29ee8824f10ebd [term 1 LEADER]: Raft consensus shutting down.
I20260608 10:08:27.063112  9792 raft_consensus.cc:2272] T 72a20e4666ad4a999ff7bb9ba786277f P ec696a7ed6f64742bb29ee8824f10ebd [term 1 FOLLOWER]: Raft consensus is shut down!
I20260608 10:08:27.082434  9792 tablet_server.cc:196] TabletServer@127.9.144.3:0 shutdown complete.
I20260608 10:08:27.091007  9792 master.cc:562] Master@127.9.144.62:39221 shutting down...
I20260608 10:08:27.187074  9792 raft_consensus.cc:2243] T 00000000000000000000000000000000 P dc97134c5b6340f0befa98d5adebbbf3 [term 1 LEADER]: Raft consensus shutting down.
I20260608 10:08:27.188009  9792 raft_consensus.cc:2272] T 00000000000000000000000000000000 P dc97134c5b6340f0befa98d5adebbbf3 [term 1 FOLLOWER]: Raft consensus is shut down!
I20260608 10:08:27.188428  9792 tablet_replica.cc:333] T 00000000000000000000000000000000 P dc97134c5b6340f0befa98d5adebbbf3: stopping tablet replica
I20260608 10:08:27.208073  9792 master.cc:584] Master@127.9.144.62:39221 shutdown complete.
I20260608 10:08:27.220286  9792 master.cc:562] Master@127.9.144.61:35727 shutting down...
I20260608 10:08:27.234732  9792 raft_consensus.cc:2243] T 00000000000000000000000000000000 P 6b8257f86aa2415ea0d35887ce3666cb [term 1 FOLLOWER]: Raft consensus shutting down.
I20260608 10:08:27.235247  9792 raft_consensus.cc:2272] T 00000000000000000000000000000000 P 6b8257f86aa2415ea0d35887ce3666cb [term 1 FOLLOWER]: Raft consensus is shut down!
I20260608 10:08:27.235520  9792 tablet_replica.cc:333] T 00000000000000000000000000000000 P 6b8257f86aa2415ea0d35887ce3666cb: stopping tablet replica
I20260608 10:08:27.280462  9792 master.cc:584] Master@127.9.144.61:35727 shutdown complete.
I20260608 10:08:27.291314  9792 master.cc:562] Master@127.9.144.60:35999 shutting down...
I20260608 10:08:27.304071  9792 raft_consensus.cc:2243] T 00000000000000000000000000000000 P 02ea578429474a92a7e758b95179128c [term 1 FOLLOWER]: Raft consensus shutting down.
I20260608 10:08:27.304575  9792 raft_consensus.cc:2272] T 00000000000000000000000000000000 P 02ea578429474a92a7e758b95179128c [term 1 FOLLOWER]: Raft consensus is shut down!
I20260608 10:08:27.304842  9792 tablet_replica.cc:333] T 00000000000000000000000000000000 P 02ea578429474a92a7e758b95179128c: stopping tablet replica
I20260608 10:08:27.322723  9792 master.cc:584] Master@127.9.144.60:35999 shutdown complete.
[       OK ] AutoRebalancerTest.OnlyLeaderDoesAutoRebalancing (4790 ms)
[ RUN      ] AutoRebalancerTest.AutoRebalancingTurnOffAndOn
I20260608 10:08:27.347548  9792 internal_mini_cluster.cc:156] Creating distributed mini masters. Addrs: 127.9.144.62:40019
I20260608 10:08:27.348701  9792 file_cache.cc:492] Constructed file cache file cache with capacity 419430
W20260608 10:08:27.353904 10334 instance_detector.cc:116] could not retrieve AWS instance metadata: Network error: curl error: HTTP response code said error: The requested URL returned error: 404
W20260608 10:08:27.354527 10335 instance_detector.cc:116] could not retrieve Azure instance metadata: Network error: curl error: HTTP response code said error: The requested URL returned error: 404
W20260608 10:08:27.355880 10337 instance_detector.cc:116] could not retrieve OpenStack instance metadata: Network error: curl error: HTTP response code said error: The requested URL returned error: 404
I20260608 10:08:27.358811  9792 server_base.cc:1061] running on GCE node
I20260608 10:08:27.362004  9792 hybrid_clock.cc:584] initializing the hybrid clock with 'system_unsync' time source
W20260608 10:08:27.362236  9792 system_unsync_time.cc:38] NTP support is disabled. Clock error bounds will not be accurate. This configuration is not suitable for distributed clusters.
