I20260608 10:09:48.940804 13089 raft_consensus.cc:515] T bf7a23f43c164e6b9e1517698c8a37c3 P b7b9a797dd914087a9ef96a38e71c394 [term 2 FOLLOWER]: Starting forced leader election with config: opid_index: -1 OBSOLETE_local: false peers { permanent_uuid: "3be335506b664e5381485a8a1f3b9f7c" member_type: VOTER last_known_addr { host: "127.9.144.2" port: 38005 } } peers { permanent_uuid: "b7b9a797dd914087a9ef96a38e71c394" member_type: VOTER last_known_addr { host: "127.9.144.4" port: 44421 } } peers { permanent_uuid: "4797271dce07420a87d5d548ea80ed71" member_type: VOTER last_known_addr { host: "127.9.144.3" port: 38921 } }
I20260608 10:09:48.943833 12786 tablet_service.cc:1917] Received RequestConsensusVote() RPC: tablet_id: "6c50e4b247bb428b91cb626335905570" candidate_uuid: "3be335506b664e5381485a8a1f3b9f7c" candidate_term: 3 candidate_status { last_received { term: 2 index: 3 } } ignore_live_leader: true dest_uuid: "7d098ef9b9354e289823ce7756fb9337"
I20260608 10:09:48.944018 13089 leader_election.cc:290] T bf7a23f43c164e6b9e1517698c8a37c3 P b7b9a797dd914087a9ef96a38e71c394 [CANDIDATE]: Term 2 election: Requested vote from peers 3be335506b664e5381485a8a1f3b9f7c (127.9.144.2:38005), 4797271dce07420a87d5d548ea80ed71 (127.9.144.3:38921)
I20260608 10:09:48.944216 12861 tablet_service.cc:1917] Received RequestConsensusVote() RPC: tablet_id: "bf7a23f43c164e6b9e1517698c8a37c3" candidate_uuid: "b7b9a797dd914087a9ef96a38e71c394" candidate_term: 2 candidate_status { last_received { term: 1 index: 1 } } ignore_live_leader: true dest_uuid: "3be335506b664e5381485a8a1f3b9f7c"
I20260608 10:09:48.944478 12786 raft_consensus.cc:3055] T 6c50e4b247bb428b91cb626335905570 P 7d098ef9b9354e289823ce7756fb9337 [term 2 LEADER]: Stepping down as leader of term 2
I20260608 10:09:48.944888 12786 raft_consensus.cc:740] T 6c50e4b247bb428b91cb626335905570 P 7d098ef9b9354e289823ce7756fb9337 [term 2 LEADER]: Becoming Follower/Learner. State: Replica: 7d098ef9b9354e289823ce7756fb9337, State: Running, Role: LEADER
I20260608 10:09:48.945744 12786 consensus_queue.cc:260] T 6c50e4b247bb428b91cb626335905570 P 7d098ef9b9354e289823ce7756fb9337 [NON_LEADER]: Queue going to NON_LEADER mode. State: All replicated index: 0, Majority replicated index: 3, Committed index: 3, Last appended: 2.3, Last appended by leader: 3, Current term: 2, Majority size: -1, State: 0, Mode: NON_LEADER, active raft config: opid_index: 3 OBSOLETE_local: false peers { permanent_uuid: "7d098ef9b9354e289823ce7756fb9337" member_type: VOTER last_known_addr { host: "127.9.144.1" port: 39905 } } peers { permanent_uuid: "3be335506b664e5381485a8a1f3b9f7c" member_type: VOTER last_known_addr { host: "127.9.144.2" port: 38005 } attrs { replace: true } } peers { permanent_uuid: "4797271dce07420a87d5d548ea80ed71" member_type: VOTER last_known_addr { host: "127.9.144.3" port: 38921 } } peers { permanent_uuid: "b7b9a797dd914087a9ef96a38e71c394" member_type: NON_VOTER last_known_addr { host: "127.9.144.4" port: 44421 } attrs { promote: true } }
I20260608 10:09:48.946516 12932 tablet_service.cc:1917] Received RequestConsensusVote() RPC: tablet_id: "bf7a23f43c164e6b9e1517698c8a37c3" candidate_uuid: "b7b9a797dd914087a9ef96a38e71c394" candidate_term: 2 candidate_status { last_received { term: 1 index: 1 } } ignore_live_leader: true dest_uuid: "4797271dce07420a87d5d548ea80ed71"
I20260608 10:09:48.947045 12932 raft_consensus.cc:3055] T bf7a23f43c164e6b9e1517698c8a37c3 P 4797271dce07420a87d5d548ea80ed71 [term 1 LEADER]: Stepping down as leader of term 1
I20260608 10:09:48.947312 12786 raft_consensus.cc:3060] T 6c50e4b247bb428b91cb626335905570 P 7d098ef9b9354e289823ce7756fb9337 [term 2 FOLLOWER]: Advancing to term 3
I20260608 10:09:48.950052 12933 raft_consensus.cc:2468] T 6c50e4b247bb428b91cb626335905570 P 4797271dce07420a87d5d548ea80ed71 [term 3 FOLLOWER]: Leader election vote request: Granting yes vote for candidate 3be335506b664e5381485a8a1f3b9f7c in term 3.
I20260608 10:09:48.945744 12861 raft_consensus.cc:3060] T bf7a23f43c164e6b9e1517698c8a37c3 P 3be335506b664e5381485a8a1f3b9f7c [term 1 FOLLOWER]: Advancing to term 2
I20260608 10:09:48.951375 12824 leader_election.cc:304] T 6c50e4b247bb428b91cb626335905570 P 3be335506b664e5381485a8a1f3b9f7c [CANDIDATE]: Term 3 election: Election decided. Result: candidate won. Election summary: received 2 responses out of 3 voters: 2 yes votes; 0 no votes. yes voters: 3be335506b664e5381485a8a1f3b9f7c, 4797271dce07420a87d5d548ea80ed71; no voters: 
I20260608 10:09:48.947361 12932 raft_consensus.cc:740] T bf7a23f43c164e6b9e1517698c8a37c3 P 4797271dce07420a87d5d548ea80ed71 [term 1 LEADER]: Becoming Follower/Learner. State: Replica: 4797271dce07420a87d5d548ea80ed71, State: Running, Role: LEADER
I20260608 10:09:48.952833 12932 consensus_queue.cc:260] T bf7a23f43c164e6b9e1517698c8a37c3 P 4797271dce07420a87d5d548ea80ed71 [NON_LEADER]: Queue going to NON_LEADER mode. State: All replicated index: 0, Majority replicated index: 1, Committed index: 1, Last appended: 1.1, Last appended by leader: 1, Current term: 1, Majority size: -1, State: 0, Mode: NON_LEADER, active raft config: opid_index: -1 OBSOLETE_local: false peers { permanent_uuid: "3be335506b664e5381485a8a1f3b9f7c" member_type: VOTER last_known_addr { host: "127.9.144.2" port: 38005 } } peers { permanent_uuid: "b7b9a797dd914087a9ef96a38e71c394" member_type: VOTER last_known_addr { host: "127.9.144.4" port: 44421 } } peers { permanent_uuid: "4797271dce07420a87d5d548ea80ed71" member_type: VOTER last_known_addr { host: "127.9.144.3" port: 38921 } }
I20260608 10:09:48.953637 12786 raft_consensus.cc:2468] T 6c50e4b247bb428b91cb626335905570 P 7d098ef9b9354e289823ce7756fb9337 [term 3 FOLLOWER]: Leader election vote request: Granting yes vote for candidate 3be335506b664e5381485a8a1f3b9f7c in term 3.
I20260608 10:09:48.954090 12932 raft_consensus.cc:3060] T bf7a23f43c164e6b9e1517698c8a37c3 P 4797271dce07420a87d5d548ea80ed71 [term 1 FOLLOWER]: Advancing to term 2
I20260608 10:09:48.955762 13313 raft_consensus.cc:2804] T 6c50e4b247bb428b91cb626335905570 P 3be335506b664e5381485a8a1f3b9f7c [term 3 FOLLOWER]: Leader election won for term 3
I20260608 10:09:48.957032 13313 raft_consensus.cc:697] T 6c50e4b247bb428b91cb626335905570 P 3be335506b664e5381485a8a1f3b9f7c [term 3 LEADER]: Becoming Leader. State: Replica: 3be335506b664e5381485a8a1f3b9f7c, State: Running, Role: LEADER
I20260608 10:09:48.957938 13313 consensus_queue.cc:237] T 6c50e4b247bb428b91cb626335905570 P 3be335506b664e5381485a8a1f3b9f7c [LEADER]: Queue going to LEADER mode. State: All replicated index: 0, Majority replicated index: 3, Committed index: 3, Last appended: 2.3, Last appended by leader: 3, Current term: 3, Majority size: 2, State: 0, Mode: LEADER, active raft config: opid_index: 3 OBSOLETE_local: false peers { permanent_uuid: "7d098ef9b9354e289823ce7756fb9337" member_type: VOTER last_known_addr { host: "127.9.144.1" port: 39905 } } peers { permanent_uuid: "3be335506b664e5381485a8a1f3b9f7c" member_type: VOTER last_known_addr { host: "127.9.144.2" port: 38005 } attrs { replace: true } } peers { permanent_uuid: "4797271dce07420a87d5d548ea80ed71" member_type: VOTER last_known_addr { host: "127.9.144.3" port: 38921 } } peers { permanent_uuid: "b7b9a797dd914087a9ef96a38e71c394" member_type: NON_VOTER last_known_addr { host: "127.9.144.4" port: 44421 } attrs { promote: true } }
I20260608 10:09:48.958434 12861 raft_consensus.cc:2468] T bf7a23f43c164e6b9e1517698c8a37c3 P 3be335506b664e5381485a8a1f3b9f7c [term 2 FOLLOWER]: Leader election vote request: Granting yes vote for candidate b7b9a797dd914087a9ef96a38e71c394 in term 2.
I20260608 10:09:48.960057 13049 leader_election.cc:304] T bf7a23f43c164e6b9e1517698c8a37c3 P b7b9a797dd914087a9ef96a38e71c394 [CANDIDATE]: Term 2 election: Election decided. Result: candidate won. Election summary: received 2 responses out of 3 voters: 2 yes votes; 0 no votes. yes voters: 3be335506b664e5381485a8a1f3b9f7c, b7b9a797dd914087a9ef96a38e71c394; no voters: 
I20260608 10:09:48.961354 13315 raft_consensus.cc:2804] T bf7a23f43c164e6b9e1517698c8a37c3 P b7b9a797dd914087a9ef96a38e71c394 [term 2 FOLLOWER]: Leader election won for term 2
I20260608 10:09:48.961920 13315 raft_consensus.cc:697] T bf7a23f43c164e6b9e1517698c8a37c3 P b7b9a797dd914087a9ef96a38e71c394 [term 2 LEADER]: Becoming Leader. State: Replica: b7b9a797dd914087a9ef96a38e71c394, State: Running, Role: LEADER
I20260608 10:09:48.962752 13315 consensus_queue.cc:237] T bf7a23f43c164e6b9e1517698c8a37c3 P b7b9a797dd914087a9ef96a38e71c394 [LEADER]: Queue going to LEADER mode. State: All replicated index: 0, Majority replicated index: 1, Committed index: 1, Last appended: 1.1, Last appended by leader: 1, Current term: 2, Majority size: 2, State: 0, Mode: LEADER, active raft config: opid_index: -1 OBSOLETE_local: false peers { permanent_uuid: "3be335506b664e5381485a8a1f3b9f7c" member_type: VOTER last_known_addr { host: "127.9.144.2" port: 38005 } } peers { permanent_uuid: "b7b9a797dd914087a9ef96a38e71c394" member_type: VOTER last_known_addr { host: "127.9.144.4" port: 44421 } } peers { permanent_uuid: "4797271dce07420a87d5d548ea80ed71" member_type: VOTER last_known_addr { host: "127.9.144.3" port: 38921 } }
I20260608 10:09:48.962769 12932 raft_consensus.cc:2468] T bf7a23f43c164e6b9e1517698c8a37c3 P 4797271dce07420a87d5d548ea80ed71 [term 2 FOLLOWER]: Leader election vote request: Granting yes vote for candidate b7b9a797dd914087a9ef96a38e71c394 in term 2.
I20260608 10:09:48.974815 12683 catalog_manager.cc:5696] T 6c50e4b247bb428b91cb626335905570 P 3be335506b664e5381485a8a1f3b9f7c reported cstate change: term changed from 2 to 3, leader changed from 7d098ef9b9354e289823ce7756fb9337 (127.9.144.1) to 3be335506b664e5381485a8a1f3b9f7c (127.9.144.2). New cstate: current_term: 3 leader_uuid: "3be335506b664e5381485a8a1f3b9f7c" committed_config { opid_index: 3 OBSOLETE_local: false peers { permanent_uuid: "7d098ef9b9354e289823ce7756fb9337" member_type: VOTER last_known_addr { host: "127.9.144.1" port: 39905 } health_report { overall_health: UNKNOWN } } peers { permanent_uuid: "3be335506b664e5381485a8a1f3b9f7c" member_type: VOTER last_known_addr { host: "127.9.144.2" port: 38005 } attrs { replace: true } health_report { overall_health: HEALTHY } } peers { permanent_uuid: "4797271dce07420a87d5d548ea80ed71" member_type: VOTER last_known_addr { host: "127.9.144.3" port: 38921 } health_report { overall_health: UNKNOWN } } peers { permanent_uuid: "b7b9a797dd914087a9ef96a38e71c394" member_type: NON_VOTER last_known_addr { host: "127.9.144.4" port: 44421 } attrs { promote: true } health_report { overall_health: UNKNOWN } } }
I20260608 10:09:48.975139 12684 catalog_manager.cc:5696] T bf7a23f43c164e6b9e1517698c8a37c3 P b7b9a797dd914087a9ef96a38e71c394 reported cstate change: term changed from 1 to 2, leader changed from 4797271dce07420a87d5d548ea80ed71 (127.9.144.3) to b7b9a797dd914087a9ef96a38e71c394 (127.9.144.4). New cstate: current_term: 2 leader_uuid: "b7b9a797dd914087a9ef96a38e71c394" committed_config { opid_index: -1 OBSOLETE_local: false peers { permanent_uuid: "3be335506b664e5381485a8a1f3b9f7c" member_type: VOTER last_known_addr { host: "127.9.144.2" port: 38005 } health_report { overall_health: UNKNOWN } } peers { permanent_uuid: "b7b9a797dd914087a9ef96a38e71c394" member_type: VOTER last_known_addr { host: "127.9.144.4" port: 44421 } health_report { overall_health: HEALTHY } } peers { permanent_uuid: "4797271dce07420a87d5d548ea80ed71" member_type: VOTER last_known_addr { host: "127.9.144.3" port: 38921 } health_report { overall_health: UNKNOWN } } }
I20260608 10:09:48.989368 12861 tablet_service.cc:2072] Received LeaderStepDown RPC: tablet_id: "6c50e4b247bb428b91cb626335905570"
dest_uuid: "3be335506b664e5381485a8a1f3b9f7c"
mode: GRACEFUL
 from {username='slave'} at 127.0.0.1:42476
I20260608 10:09:48.989848 12861 raft_consensus.cc:606] T 6c50e4b247bb428b91cb626335905570 P 3be335506b664e5381485a8a1f3b9f7c [term 3 LEADER]: Received request to transfer leadership
I20260608 10:09:48.993628 12861 tablet_service.cc:2072] Received LeaderStepDown RPC: tablet_id: "6c50e4b247bb428b91cb626335905570"
dest_uuid: "3be335506b664e5381485a8a1f3b9f7c"
mode: GRACEFUL
 from {username='slave'} at 127.0.0.1:42476
I20260608 10:09:48.994084 12861 raft_consensus.cc:606] T 6c50e4b247bb428b91cb626335905570 P 3be335506b664e5381485a8a1f3b9f7c [term 3 LEADER]: Received request to transfer leadership
W20260608 10:09:48.995086 12670 proxy.cc:239] Call had error, refreshing address and retrying: Remote error: Service unavailable: leadership transfer for 6c50e4b247bb428b91cb626335905570 already in progress [suppressed 6 similar messages]
I20260608 10:09:48.997488 12861 tablet_service.cc:2072] Received LeaderStepDown RPC: tablet_id: "6c50e4b247bb428b91cb626335905570"
dest_uuid: "3be335506b664e5381485a8a1f3b9f7c"
mode: GRACEFUL
 from {username='slave'} at 127.0.0.1:42476
I20260608 10:09:48.997932 12861 raft_consensus.cc:606] T 6c50e4b247bb428b91cb626335905570 P 3be335506b664e5381485a8a1f3b9f7c [term 3 LEADER]: Received request to transfer leadership
W20260608 10:09:49.002136 12732 auto_rebalancer.cc:855] Removing replace marker failed: Service unavailable: leader transfer in progress
W20260608 10:09:49.002467 12732 auto_rebalancer.cc:863] Could not move replica: Remote error: Service unavailable: leadership transfer for 6c50e4b247bb428b91cb626335905570 already in progress
W20260608 10:09:49.002646 12732 auto_rebalancer.cc:301] scheduled replica move failed to complete: Remote error: Service unavailable: leadership transfer for 6c50e4b247bb428b91cb626335905570 already in progress
I20260608 10:09:49.040977 12932 raft_consensus.cc:1217] T 969e6b15be7348ddba4cd60e52d06c9b P 4797271dce07420a87d5d548ea80ed71 [term 1 LEARNER]: Deduplicated request from leader. Original: 1.1->[1.2-1.2]   Dedup: 1.2->[]
I20260608 10:09:49.331444 13323 raft_consensus.cc:1064] T f53924fa107949b8b8faeab86b1dfa32 P 4797271dce07420a87d5d548ea80ed71: attempting to promote NON_VOTER 3be335506b664e5381485a8a1f3b9f7c to VOTER
I20260608 10:09:49.334206 13323 consensus_queue.cc:237] T f53924fa107949b8b8faeab86b1dfa32 P 4797271dce07420a87d5d548ea80ed71 [LEADER]: Queue going to LEADER mode. State: All replicated index: 0, Majority replicated index: 2, Committed index: 2, Last appended: 1.2, Last appended by leader: 0, Current term: 1, Majority size: 3, State: 0, Mode: LEADER, active raft config: opid_index: 3 OBSOLETE_local: false peers { permanent_uuid: "b7b9a797dd914087a9ef96a38e71c394" member_type: VOTER last_known_addr { host: "127.9.144.4" port: 44421 } attrs { replace: true } } peers { permanent_uuid: "4797271dce07420a87d5d548ea80ed71" member_type: VOTER last_known_addr { host: "127.9.144.3" port: 38921 } } peers { permanent_uuid: "7d098ef9b9354e289823ce7756fb9337" member_type: VOTER last_known_addr { host: "127.9.144.1" port: 39905 } } peers { permanent_uuid: "3be335506b664e5381485a8a1f3b9f7c" member_type: VOTER last_known_addr { host: "127.9.144.2" port: 38005 } attrs { promote: false } }
I20260608 10:09:49.342285 12861 raft_consensus.cc:1275] T f53924fa107949b8b8faeab86b1dfa32 P 3be335506b664e5381485a8a1f3b9f7c [term 1 LEARNER]: Refusing update from remote peer 4797271dce07420a87d5d548ea80ed71: Log matching property violated. Preceding OpId in replica: term: 1 index: 2. Preceding OpId from leader: term: 1 index: 3. (index mismatch)
I20260608 10:09:49.342557 12786 raft_consensus.cc:1275] T f53924fa107949b8b8faeab86b1dfa32 P 7d098ef9b9354e289823ce7756fb9337 [term 1 FOLLOWER]: Refusing update from remote peer 4797271dce07420a87d5d548ea80ed71: Log matching property violated. Preceding OpId in replica: term: 1 index: 2. Preceding OpId from leader: term: 1 index: 3. (index mismatch)
I20260608 10:09:49.344002 13322 consensus_queue.cc:1048] T f53924fa107949b8b8faeab86b1dfa32 P 4797271dce07420a87d5d548ea80ed71 [LEADER]: Connected to new peer: Peer: permanent_uuid: "3be335506b664e5381485a8a1f3b9f7c" member_type: VOTER last_known_addr { host: "127.9.144.2" port: 38005 } attrs { promote: false }, Status: LMP_MISMATCH, Last received: 0.0, Next index: 3, Last known committed idx: 2, Time since last communication: 0.000s
I20260608 10:09:49.344939 13323 consensus_queue.cc:1048] T f53924fa107949b8b8faeab86b1dfa32 P 4797271dce07420a87d5d548ea80ed71 [LEADER]: Connected to new peer: Peer: permanent_uuid: "7d098ef9b9354e289823ce7756fb9337" member_type: VOTER last_known_addr { host: "127.9.144.1" port: 39905 }, Status: LMP_MISMATCH, Last received: 0.0, Next index: 3, Last known committed idx: 2, Time since last communication: 0.000s
I20260608 10:09:49.345247 13089 raft_consensus.cc:1275] T f53924fa107949b8b8faeab86b1dfa32 P b7b9a797dd914087a9ef96a38e71c394 [term 1 FOLLOWER]: Refusing update from remote peer 4797271dce07420a87d5d548ea80ed71: Log matching property violated. Preceding OpId in replica: term: 1 index: 2. Preceding OpId from leader: term: 1 index: 3. (index mismatch)
I20260608 10:09:49.346822 13278 consensus_queue.cc:1048] T f53924fa107949b8b8faeab86b1dfa32 P 4797271dce07420a87d5d548ea80ed71 [LEADER]: Connected to new peer: Peer: permanent_uuid: "b7b9a797dd914087a9ef96a38e71c394" member_type: VOTER last_known_addr { host: "127.9.144.4" port: 44421 } attrs { replace: true }, Status: LMP_MISMATCH, Last received: 0.0, Next index: 3, Last known committed idx: 2, Time since last communication: 0.000s
I20260608 10:09:49.360692 13322 raft_consensus.cc:2955] T f53924fa107949b8b8faeab86b1dfa32 P 4797271dce07420a87d5d548ea80ed71 [term 1 LEADER]: Committing config change with OpId 1.3: config changed from index 2 to 3, 3be335506b664e5381485a8a1f3b9f7c (127.9.144.2) changed from NON_VOTER to VOTER. New config: { opid_index: 3 OBSOLETE_local: false peers { permanent_uuid: "b7b9a797dd914087a9ef96a38e71c394" member_type: VOTER last_known_addr { host: "127.9.144.4" port: 44421 } attrs { replace: true } } peers { permanent_uuid: "4797271dce07420a87d5d548ea80ed71" member_type: VOTER last_known_addr { host: "127.9.144.3" port: 38921 } } peers { permanent_uuid: "7d098ef9b9354e289823ce7756fb9337" member_type: VOTER last_known_addr { host: "127.9.144.1" port: 39905 } } peers { permanent_uuid: "3be335506b664e5381485a8a1f3b9f7c" member_type: VOTER last_known_addr { host: "127.9.144.2" port: 38005 } attrs { promote: false } } }
I20260608 10:09:49.363981 12786 raft_consensus.cc:2955] T f53924fa107949b8b8faeab86b1dfa32 P 7d098ef9b9354e289823ce7756fb9337 [term 1 FOLLOWER]: Committing config change with OpId 1.3: config changed from index 2 to 3, 3be335506b664e5381485a8a1f3b9f7c (127.9.144.2) changed from NON_VOTER to VOTER. New config: { opid_index: 3 OBSOLETE_local: false peers { permanent_uuid: "b7b9a797dd914087a9ef96a38e71c394" member_type: VOTER last_known_addr { host: "127.9.144.4" port: 44421 } attrs { replace: true } } peers { permanent_uuid: "4797271dce07420a87d5d548ea80ed71" member_type: VOTER last_known_addr { host: "127.9.144.3" port: 38921 } } peers { permanent_uuid: "7d098ef9b9354e289823ce7756fb9337" member_type: VOTER last_known_addr { host: "127.9.144.1" port: 39905 } } peers { permanent_uuid: "3be335506b664e5381485a8a1f3b9f7c" member_type: VOTER last_known_addr { host: "127.9.144.2" port: 38005 } attrs { promote: false } } }
I20260608 10:09:49.369616 13089 raft_consensus.cc:2955] T f53924fa107949b8b8faeab86b1dfa32 P b7b9a797dd914087a9ef96a38e71c394 [term 1 FOLLOWER]: Committing config change with OpId 1.3: config changed from index 2 to 3, 3be335506b664e5381485a8a1f3b9f7c (127.9.144.2) changed from NON_VOTER to VOTER. New config: { opid_index: 3 OBSOLETE_local: false peers { permanent_uuid: "b7b9a797dd914087a9ef96a38e71c394" member_type: VOTER last_known_addr { host: "127.9.144.4" port: 44421 } attrs { replace: true } } peers { permanent_uuid: "4797271dce07420a87d5d548ea80ed71" member_type: VOTER last_known_addr { host: "127.9.144.3" port: 38921 } } peers { permanent_uuid: "7d098ef9b9354e289823ce7756fb9337" member_type: VOTER last_known_addr { host: "127.9.144.1" port: 39905 } } peers { permanent_uuid: "3be335506b664e5381485a8a1f3b9f7c" member_type: VOTER last_known_addr { host: "127.9.144.2" port: 38005 } attrs { promote: false } } }
I20260608 10:09:49.378693 12683 catalog_manager.cc:5696] T f53924fa107949b8b8faeab86b1dfa32 P 7d098ef9b9354e289823ce7756fb9337 reported cstate change: config changed from index 2 to 3, 3be335506b664e5381485a8a1f3b9f7c (127.9.144.2) changed from NON_VOTER to VOTER. New cstate: current_term: 1 leader_uuid: "4797271dce07420a87d5d548ea80ed71" committed_config { opid_index: 3 OBSOLETE_local: false peers { permanent_uuid: "b7b9a797dd914087a9ef96a38e71c394" member_type: VOTER last_known_addr { host: "127.9.144.4" port: 44421 } attrs { replace: true } } peers { permanent_uuid: "4797271dce07420a87d5d548ea80ed71" member_type: VOTER last_known_addr { host: "127.9.144.3" port: 38921 } } peers { permanent_uuid: "7d098ef9b9354e289823ce7756fb9337" member_type: VOTER last_known_addr { host: "127.9.144.1" port: 39905 } } peers { permanent_uuid: "3be335506b664e5381485a8a1f3b9f7c" member_type: VOTER last_known_addr { host: "127.9.144.2" port: 38005 } attrs { promote: false } } }
I20260608 10:09:49.379813 13282 raft_consensus.cc:1064] T e6476a82761040a78a0c4e4124a8f5c3 P 7d098ef9b9354e289823ce7756fb9337: attempting to promote NON_VOTER b7b9a797dd914087a9ef96a38e71c394 to VOTER
I20260608 10:09:49.382423 13282 consensus_queue.cc:237] T e6476a82761040a78a0c4e4124a8f5c3 P 7d098ef9b9354e289823ce7756fb9337 [LEADER]: Queue going to LEADER mode. State: All replicated index: 0, Majority replicated index: 2, Committed index: 2, Last appended: 1.2, Last appended by leader: 0, Current term: 1, Majority size: 3, State: 0, Mode: LEADER, active raft config: opid_index: 3 OBSOLETE_local: false peers { permanent_uuid: "7d098ef9b9354e289823ce7756fb9337" member_type: VOTER last_known_addr { host: "127.9.144.1" port: 39905 } } peers { permanent_uuid: "3be335506b664e5381485a8a1f3b9f7c" member_type: VOTER last_known_addr { host: "127.9.144.2" port: 38005 } } peers { permanent_uuid: "4797271dce07420a87d5d548ea80ed71" member_type: VOTER last_known_addr { host: "127.9.144.3" port: 38921 } attrs { replace: true } } peers { permanent_uuid: "b7b9a797dd914087a9ef96a38e71c394" member_type: VOTER last_known_addr { host: "127.9.144.4" port: 44421 } attrs { promote: false } }
I20260608 10:09:49.391183 12861 raft_consensus.cc:2955] T f53924fa107949b8b8faeab86b1dfa32 P 3be335506b664e5381485a8a1f3b9f7c [term 1 FOLLOWER]: Committing config change with OpId 1.3: config changed from index 2 to 3, 3be335506b664e5381485a8a1f3b9f7c (127.9.144.2) changed from NON_VOTER to VOTER. New config: { opid_index: 3 OBSOLETE_local: false peers { permanent_uuid: "b7b9a797dd914087a9ef96a38e71c394" member_type: VOTER last_known_addr { host: "127.9.144.4" port: 44421 } attrs { replace: true } } peers { permanent_uuid: "4797271dce07420a87d5d548ea80ed71" member_type: VOTER last_known_addr { host: "127.9.144.3" port: 38921 } } peers { permanent_uuid: "7d098ef9b9354e289823ce7756fb9337" member_type: VOTER last_known_addr { host: "127.9.144.1" port: 39905 } } peers { permanent_uuid: "3be335506b664e5381485a8a1f3b9f7c" member_type: VOTER last_known_addr { host: "127.9.144.2" port: 38005 } attrs { promote: false } } }
I20260608 10:09:49.398949 13089 raft_consensus.cc:1275] T e6476a82761040a78a0c4e4124a8f5c3 P b7b9a797dd914087a9ef96a38e71c394 [term 1 LEARNER]: Refusing update from remote peer 7d098ef9b9354e289823ce7756fb9337: Log matching property violated. Preceding OpId in replica: term: 1 index: 2. Preceding OpId from leader: term: 1 index: 3. (index mismatch)
I20260608 10:09:49.401253 13319 consensus_queue.cc:1048] T e6476a82761040a78a0c4e4124a8f5c3 P 7d098ef9b9354e289823ce7756fb9337 [LEADER]: Connected to new peer: Peer: permanent_uuid: "b7b9a797dd914087a9ef96a38e71c394" member_type: VOTER last_known_addr { host: "127.9.144.4" port: 44421 } attrs { promote: false }, Status: LMP_MISMATCH, Last received: 0.0, Next index: 3, Last known committed idx: 2, Time since last communication: 0.000s
I20260608 10:09:49.401521 12932 consensus_queue.cc:237] T f53924fa107949b8b8faeab86b1dfa32 P 4797271dce07420a87d5d548ea80ed71 [LEADER]: Queue going to LEADER mode. State: All replicated index: 0, Majority replicated index: 3, Committed index: 3, Last appended: 1.3, Last appended by leader: 0, Current term: 1, Majority size: 2, State: 0, Mode: LEADER, active raft config: opid_index: 4 OBSOLETE_local: false peers { permanent_uuid: "4797271dce07420a87d5d548ea80ed71" member_type: VOTER last_known_addr { host: "127.9.144.3" port: 38921 } } peers { permanent_uuid: "7d098ef9b9354e289823ce7756fb9337" member_type: VOTER last_known_addr { host: "127.9.144.1" port: 39905 } } peers { permanent_uuid: "3be335506b664e5381485a8a1f3b9f7c" member_type: VOTER last_known_addr { host: "127.9.144.2" port: 38005 } attrs { promote: false } }
I20260608 10:09:49.402664 12933 raft_consensus.cc:1275] T e6476a82761040a78a0c4e4124a8f5c3 P 4797271dce07420a87d5d548ea80ed71 [term 1 FOLLOWER]: Refusing update from remote peer 7d098ef9b9354e289823ce7756fb9337: Log matching property violated. Preceding OpId in replica: term: 1 index: 2. Preceding OpId from leader: term: 1 index: 3. (index mismatch)
I20260608 10:09:49.404314 13282 consensus_queue.cc:1048] T e6476a82761040a78a0c4e4124a8f5c3 P 7d098ef9b9354e289823ce7756fb9337 [LEADER]: Connected to new peer: Peer: permanent_uuid: "4797271dce07420a87d5d548ea80ed71" member_type: VOTER last_known_addr { host: "127.9.144.3" port: 38921 } attrs { replace: true }, Status: LMP_MISMATCH, Last received: 0.0, Next index: 3, Last known committed idx: 2, Time since last communication: 0.001s
I20260608 10:09:49.405791 12860 raft_consensus.cc:1275] T e6476a82761040a78a0c4e4124a8f5c3 P 3be335506b664e5381485a8a1f3b9f7c [term 1 FOLLOWER]: Refusing update from remote peer 7d098ef9b9354e289823ce7756fb9337: Log matching property violated. Preceding OpId in replica: term: 1 index: 2. Preceding OpId from leader: term: 1 index: 3. (index mismatch)
I20260608 10:09:49.407393 13282 consensus_queue.cc:1048] T e6476a82761040a78a0c4e4124a8f5c3 P 7d098ef9b9354e289823ce7756fb9337 [LEADER]: Connected to new peer: Peer: permanent_uuid: "3be335506b664e5381485a8a1f3b9f7c" member_type: VOTER last_known_addr { host: "127.9.144.2" port: 38005 }, Status: LMP_MISMATCH, Last received: 0.0, Next index: 3, Last known committed idx: 2, Time since last communication: 0.000s
I20260608 10:09:49.411912 12786 raft_consensus.cc:1275] T f53924fa107949b8b8faeab86b1dfa32 P 7d098ef9b9354e289823ce7756fb9337 [term 1 FOLLOWER]: Refusing update from remote peer 4797271dce07420a87d5d548ea80ed71: Log matching property violated. Preceding OpId in replica: term: 1 index: 3. Preceding OpId from leader: term: 1 index: 4. (index mismatch)
I20260608 10:09:49.413884 13323 consensus_queue.cc:1048] T f53924fa107949b8b8faeab86b1dfa32 P 4797271dce07420a87d5d548ea80ed71 [LEADER]: Connected to new peer: Peer: permanent_uuid: "7d098ef9b9354e289823ce7756fb9337" member_type: VOTER last_known_addr { host: "127.9.144.1" port: 39905 }, Status: LMP_MISMATCH, Last received: 0.0, Next index: 4, Last known committed idx: 3, Time since last communication: 0.001s
I20260608 10:09:49.413977 12859 raft_consensus.cc:1275] T f53924fa107949b8b8faeab86b1dfa32 P 3be335506b664e5381485a8a1f3b9f7c [term 1 FOLLOWER]: Refusing update from remote peer 4797271dce07420a87d5d548ea80ed71: Log matching property violated. Preceding OpId in replica: term: 1 index: 3. Preceding OpId from leader: term: 1 index: 4. (index mismatch)
I20260608 10:09:49.421056 13089 raft_consensus.cc:3060] T 6c50e4b247bb428b91cb626335905570 P b7b9a797dd914087a9ef96a38e71c394 [term 2 LEARNER]: Advancing to term 3
I20260608 10:09:49.433535 13089 raft_consensus.cc:1275] T 6c50e4b247bb428b91cb626335905570 P b7b9a797dd914087a9ef96a38e71c394 [term 3 LEARNER]: Refusing update from remote peer 3be335506b664e5381485a8a1f3b9f7c: Log matching property violated. Preceding OpId in replica: term: 2 index: 3. Preceding OpId from leader: term: 3 index: 4. (index mismatch)
I20260608 10:09:49.436501 13292 consensus_queue.cc:1048] T 6c50e4b247bb428b91cb626335905570 P 3be335506b664e5381485a8a1f3b9f7c [LEADER]: Connected to new peer: Peer: permanent_uuid: "b7b9a797dd914087a9ef96a38e71c394" member_type: NON_VOTER last_known_addr { host: "127.9.144.4" port: 44421 } attrs { promote: true }, Status: LMP_MISMATCH, Last received: 0.0, Next index: 4, Last known committed idx: 3, Time since last communication: 0.000s
I20260608 10:09:49.421089 13323 consensus_queue.cc:1048] T f53924fa107949b8b8faeab86b1dfa32 P 4797271dce07420a87d5d548ea80ed71 [LEADER]: Connected to new peer: Peer: permanent_uuid: "3be335506b664e5381485a8a1f3b9f7c" member_type: VOTER last_known_addr { host: "127.9.144.2" port: 38005 } attrs { promote: false }, Status: LMP_MISMATCH, Last received: 0.0, Next index: 4, Last known committed idx: 3, Time since last communication: 0.014s
I20260608 10:09:49.446383 13278 raft_consensus.cc:2955] T f53924fa107949b8b8faeab86b1dfa32 P 4797271dce07420a87d5d548ea80ed71 [term 1 LEADER]: Committing config change with OpId 1.4: config changed from index 3 to 4, VOTER b7b9a797dd914087a9ef96a38e71c394 (127.9.144.4) evicted. New config: { opid_index: 4 OBSOLETE_local: false peers { permanent_uuid: "4797271dce07420a87d5d548ea80ed71" member_type: VOTER last_known_addr { host: "127.9.144.3" port: 38921 } } peers { permanent_uuid: "7d098ef9b9354e289823ce7756fb9337" member_type: VOTER last_known_addr { host: "127.9.144.1" port: 39905 } } peers { permanent_uuid: "3be335506b664e5381485a8a1f3b9f7c" member_type: VOTER last_known_addr { host: "127.9.144.2" port: 38005 } attrs { promote: false } } }
I20260608 10:09:49.450212 13336 raft_consensus.cc:2955] T e6476a82761040a78a0c4e4124a8f5c3 P 7d098ef9b9354e289823ce7756fb9337 [term 1 LEADER]: Committing config change with OpId 1.3: config changed from index 2 to 3, b7b9a797dd914087a9ef96a38e71c394 (127.9.144.4) changed from NON_VOTER to VOTER. New config: { opid_index: 3 OBSOLETE_local: false peers { permanent_uuid: "7d098ef9b9354e289823ce7756fb9337" member_type: VOTER last_known_addr { host: "127.9.144.1" port: 39905 } } peers { permanent_uuid: "3be335506b664e5381485a8a1f3b9f7c" member_type: VOTER last_known_addr { host: "127.9.144.2" port: 38005 } } peers { permanent_uuid: "4797271dce07420a87d5d548ea80ed71" member_type: VOTER last_known_addr { host: "127.9.144.3" port: 38921 } attrs { replace: true } } peers { permanent_uuid: "b7b9a797dd914087a9ef96a38e71c394" member_type: VOTER last_known_addr { host: "127.9.144.4" port: 44421 } attrs { promote: false } } }
I20260608 10:09:49.452111 12933 raft_consensus.cc:2955] T e6476a82761040a78a0c4e4124a8f5c3 P 4797271dce07420a87d5d548ea80ed71 [term 1 FOLLOWER]: Committing config change with OpId 1.3: config changed from index 2 to 3, b7b9a797dd914087a9ef96a38e71c394 (127.9.144.4) changed from NON_VOTER to VOTER. New config: { opid_index: 3 OBSOLETE_local: false peers { permanent_uuid: "7d098ef9b9354e289823ce7756fb9337" member_type: VOTER last_known_addr { host: "127.9.144.1" port: 39905 } } peers { permanent_uuid: "3be335506b664e5381485a8a1f3b9f7c" member_type: VOTER last_known_addr { host: "127.9.144.2" port: 38005 } } peers { permanent_uuid: "4797271dce07420a87d5d548ea80ed71" member_type: VOTER last_known_addr { host: "127.9.144.3" port: 38921 } attrs { replace: true } } peers { permanent_uuid: "b7b9a797dd914087a9ef96a38e71c394" member_type: VOTER last_known_addr { host: "127.9.144.4" port: 44421 } attrs { promote: false } } }
I20260608 10:09:49.454094 12785 raft_consensus.cc:1275] T 6c50e4b247bb428b91cb626335905570 P 7d098ef9b9354e289823ce7756fb9337 [term 3 FOLLOWER]: Refusing update from remote peer 3be335506b664e5381485a8a1f3b9f7c: Log matching property violated. Preceding OpId in replica: term: 2 index: 3. Preceding OpId from leader: term: 3 index: 4. (index mismatch)
I20260608 10:09:49.454368 12860 raft_consensus.cc:2955] T f53924fa107949b8b8faeab86b1dfa32 P 3be335506b664e5381485a8a1f3b9f7c [term 1 FOLLOWER]: Committing config change with OpId 1.4: config changed from index 3 to 4, VOTER b7b9a797dd914087a9ef96a38e71c394 (127.9.144.4) evicted. New config: { opid_index: 4 OBSOLETE_local: false peers { permanent_uuid: "4797271dce07420a87d5d548ea80ed71" member_type: VOTER last_known_addr { host: "127.9.144.3" port: 38921 } } peers { permanent_uuid: "7d098ef9b9354e289823ce7756fb9337" member_type: VOTER last_known_addr { host: "127.9.144.1" port: 39905 } } peers { permanent_uuid: "3be335506b664e5381485a8a1f3b9f7c" member_type: VOTER last_known_addr { host: "127.9.144.2" port: 38005 } attrs { promote: false } } }
I20260608 10:09:49.450100 12786 raft_consensus.cc:2955] T f53924fa107949b8b8faeab86b1dfa32 P 7d098ef9b9354e289823ce7756fb9337 [term 1 FOLLOWER]: Committing config change with OpId 1.4: config changed from index 3 to 4, VOTER b7b9a797dd914087a9ef96a38e71c394 (127.9.144.4) evicted. New config: { opid_index: 4 OBSOLETE_local: false peers { permanent_uuid: "4797271dce07420a87d5d548ea80ed71" member_type: VOTER last_known_addr { host: "127.9.144.3" port: 38921 } } peers { permanent_uuid: "7d098ef9b9354e289823ce7756fb9337" member_type: VOTER last_known_addr { host: "127.9.144.1" port: 39905 } } peers { permanent_uuid: "3be335506b664e5381485a8a1f3b9f7c" member_type: VOTER last_known_addr { host: "127.9.144.2" port: 38005 } attrs { promote: false } } }
I20260608 10:09:49.467253 13313 consensus_queue.cc:1048] T 6c50e4b247bb428b91cb626335905570 P 3be335506b664e5381485a8a1f3b9f7c [LEADER]: Connected to new peer: Peer: permanent_uuid: "7d098ef9b9354e289823ce7756fb9337" member_type: VOTER last_known_addr { host: "127.9.144.1" port: 39905 }, Status: LMP_MISMATCH, Last received: 0.0, Next index: 4, Last known committed idx: 3, Time since last communication: 0.010s
I20260608 10:09:49.483884 12684 catalog_manager.cc:5696] T f53924fa107949b8b8faeab86b1dfa32 P 7d098ef9b9354e289823ce7756fb9337 reported cstate change: config changed from index 3 to 4, VOTER b7b9a797dd914087a9ef96a38e71c394 (127.9.144.4) evicted. New cstate: current_term: 1 leader_uuid: "4797271dce07420a87d5d548ea80ed71" committed_config { opid_index: 4 OBSOLETE_local: false peers { permanent_uuid: "4797271dce07420a87d5d548ea80ed71" member_type: VOTER last_known_addr { host: "127.9.144.3" port: 38921 } } peers { permanent_uuid: "7d098ef9b9354e289823ce7756fb9337" member_type: VOTER last_known_addr { host: "127.9.144.1" port: 39905 } } peers { permanent_uuid: "3be335506b664e5381485a8a1f3b9f7c" member_type: VOTER last_known_addr { host: "127.9.144.2" port: 38005 } attrs { promote: false } } }
I20260608 10:09:49.480957 12683 catalog_manager.cc:5696] T e6476a82761040a78a0c4e4124a8f5c3 P 4797271dce07420a87d5d548ea80ed71 reported cstate change: config changed from index 2 to 3, b7b9a797dd914087a9ef96a38e71c394 (127.9.144.4) changed from NON_VOTER to VOTER. New cstate: current_term: 1 leader_uuid: "7d098ef9b9354e289823ce7756fb9337" committed_config { opid_index: 3 OBSOLETE_local: false peers { permanent_uuid: "7d098ef9b9354e289823ce7756fb9337" member_type: VOTER last_known_addr { host: "127.9.144.1" port: 39905 } } peers { permanent_uuid: "3be335506b664e5381485a8a1f3b9f7c" member_type: VOTER last_known_addr { host: "127.9.144.2" port: 38005 } } peers { permanent_uuid: "4797271dce07420a87d5d548ea80ed71" member_type: VOTER last_known_addr { host: "127.9.144.3" port: 38921 } attrs { replace: true } } peers { permanent_uuid: "b7b9a797dd914087a9ef96a38e71c394" member_type: VOTER last_known_addr { host: "127.9.144.4" port: 44421 } attrs { promote: false } } }
I20260608 10:09:49.515105 13090 raft_consensus.cc:2955] T e6476a82761040a78a0c4e4124a8f5c3 P b7b9a797dd914087a9ef96a38e71c394 [term 1 FOLLOWER]: Committing config change with OpId 1.3: config changed from index 2 to 3, b7b9a797dd914087a9ef96a38e71c394 (127.9.144.4) changed from NON_VOTER to VOTER. New config: { opid_index: 3 OBSOLETE_local: false peers { permanent_uuid: "7d098ef9b9354e289823ce7756fb9337" member_type: VOTER last_known_addr { host: "127.9.144.1" port: 39905 } } peers { permanent_uuid: "3be335506b664e5381485a8a1f3b9f7c" member_type: VOTER last_known_addr { host: "127.9.144.2" port: 38005 } } peers { permanent_uuid: "4797271dce07420a87d5d548ea80ed71" member_type: VOTER last_known_addr { host: "127.9.144.3" port: 38921 } attrs { replace: true } } peers { permanent_uuid: "b7b9a797dd914087a9ef96a38e71c394" member_type: VOTER last_known_addr { host: "127.9.144.4" port: 44421 } attrs { promote: false } } }
I20260608 10:09:49.526147 13313 raft_consensus.cc:1064] T 969e6b15be7348ddba4cd60e52d06c9b P 3be335506b664e5381485a8a1f3b9f7c: attempting to promote NON_VOTER 4797271dce07420a87d5d548ea80ed71 to VOTER
I20260608 10:09:49.528637 12859 raft_consensus.cc:2955] T e6476a82761040a78a0c4e4124a8f5c3 P 3be335506b664e5381485a8a1f3b9f7c [term 1 FOLLOWER]: Committing config change with OpId 1.3: config changed from index 2 to 3, b7b9a797dd914087a9ef96a38e71c394 (127.9.144.4) changed from NON_VOTER to VOTER. New config: { opid_index: 3 OBSOLETE_local: false peers { permanent_uuid: "7d098ef9b9354e289823ce7756fb9337" member_type: VOTER last_known_addr { host: "127.9.144.1" port: 39905 } } peers { permanent_uuid: "3be335506b664e5381485a8a1f3b9f7c" member_type: VOTER last_known_addr { host: "127.9.144.2" port: 38005 } } peers { permanent_uuid: "4797271dce07420a87d5d548ea80ed71" member_type: VOTER last_known_addr { host: "127.9.144.3" port: 38921 } attrs { replace: true } } peers { permanent_uuid: "b7b9a797dd914087a9ef96a38e71c394" member_type: VOTER last_known_addr { host: "127.9.144.4" port: 44421 } attrs { promote: false } } }
I20260608 10:09:49.530834 13340 raft_consensus.cc:1064] T 6c50e4b247bb428b91cb626335905570 P 3be335506b664e5381485a8a1f3b9f7c: attempting to promote NON_VOTER b7b9a797dd914087a9ef96a38e71c394 to VOTER
W20260608 10:09:49.531293 13340 raft_consensus.cc:1068] T 6c50e4b247bb428b91cb626335905570 P 3be335506b664e5381485a8a1f3b9f7c: Unable to promote non-voter b7b9a797dd914087a9ef96a38e71c394: Service unavailable: leader transfer in progress
I20260608 10:09:49.531608 12932 raft_consensus.cc:1275] T 6c50e4b247bb428b91cb626335905570 P 4797271dce07420a87d5d548ea80ed71 [term 3 FOLLOWER]: Refusing update from remote peer 3be335506b664e5381485a8a1f3b9f7c: Log matching property violated. Preceding OpId in replica: term: 2 index: 3. Preceding OpId from leader: term: 3 index: 4. (index mismatch)
I20260608 10:09:49.533617 13313 consensus_queue.cc:237] T 969e6b15be7348ddba4cd60e52d06c9b P 3be335506b664e5381485a8a1f3b9f7c [LEADER]: Queue going to LEADER mode. State: All replicated index: 0, Majority replicated index: 2, Committed index: 2, Last appended: 1.2, Last appended by leader: 0, Current term: 1, Majority size: 3, State: 0, Mode: LEADER, active raft config: opid_index: 3 OBSOLETE_local: false peers { permanent_uuid: "b7b9a797dd914087a9ef96a38e71c394" member_type: VOTER last_known_addr { host: "127.9.144.4" port: 44421 } attrs { replace: true } } peers { permanent_uuid: "7d098ef9b9354e289823ce7756fb9337" member_type: VOTER last_known_addr { host: "127.9.144.1" port: 39905 } } peers { permanent_uuid: "3be335506b664e5381485a8a1f3b9f7c" member_type: VOTER last_known_addr { host: "127.9.144.2" port: 38005 } } peers { permanent_uuid: "4797271dce07420a87d5d548ea80ed71" member_type: VOTER last_known_addr { host: "127.9.144.3" port: 38921 } attrs { promote: false } }
I20260608 10:09:49.535918 13342 consensus_queue.cc:1048] T 6c50e4b247bb428b91cb626335905570 P 3be335506b664e5381485a8a1f3b9f7c [LEADER]: Connected to new peer: Peer: permanent_uuid: "4797271dce07420a87d5d548ea80ed71" member_type: VOTER last_known_addr { host: "127.9.144.3" port: 38921 }, Status: LMP_MISMATCH, Last received: 0.0, Next index: 4, Last known committed idx: 3, Time since last communication: 0.000s
I20260608 10:09:49.542315 13288 raft_consensus.cc:993] T 6c50e4b247bb428b91cb626335905570 P 3be335506b664e5381485a8a1f3b9f7c: : Instructing follower 7d098ef9b9354e289823ce7756fb9337 to start an election
I20260608 10:09:49.542871 13340 raft_consensus.cc:1081] T 6c50e4b247bb428b91cb626335905570 P 3be335506b664e5381485a8a1f3b9f7c [term 3 LEADER]: Signalling peer 7d098ef9b9354e289823ce7756fb9337 to start an election
I20260608 10:09:49.544763 12786 tablet_service.cc:2044] Received Run Leader Election RPC: tablet_id: "6c50e4b247bb428b91cb626335905570"
dest_uuid: "7d098ef9b9354e289823ce7756fb9337"
 from {username='slave'} at 127.0.0.1:54362
I20260608 10:09:49.545338 12786 raft_consensus.cc:493] T 6c50e4b247bb428b91cb626335905570 P 7d098ef9b9354e289823ce7756fb9337 [term 3 FOLLOWER]: Starting forced leader election (received explicit request)
I20260608 10:09:49.545679 12786 raft_consensus.cc:3060] T 6c50e4b247bb428b91cb626335905570 P 7d098ef9b9354e289823ce7756fb9337 [term 3 FOLLOWER]: Advancing to term 4
I20260608 10:09:49.552541 12786 raft_consensus.cc:515] T 6c50e4b247bb428b91cb626335905570 P 7d098ef9b9354e289823ce7756fb9337 [term 4 FOLLOWER]: Starting forced leader election with config: opid_index: 3 OBSOLETE_local: false peers { permanent_uuid: "7d098ef9b9354e289823ce7756fb9337" member_type: VOTER last_known_addr { host: "127.9.144.1" port: 39905 } } peers { permanent_uuid: "3be335506b664e5381485a8a1f3b9f7c" member_type: VOTER last_known_addr { host: "127.9.144.2" port: 38005 } attrs { replace: true } } peers { permanent_uuid: "4797271dce07420a87d5d548ea80ed71" member_type: VOTER last_known_addr { host: "127.9.144.3" port: 38921 } } peers { permanent_uuid: "b7b9a797dd914087a9ef96a38e71c394" member_type: NON_VOTER last_known_addr { host: "127.9.144.4" port: 44421 } attrs { promote: true } }
I20260608 10:09:49.554219 12785 raft_consensus.cc:1240] T 6c50e4b247bb428b91cb626335905570 P 7d098ef9b9354e289823ce7756fb9337 [term 4 FOLLOWER]: Rejecting Update request from peer 3be335506b664e5381485a8a1f3b9f7c for earlier term 3. Current term is 4. Ops: []
I20260608 10:09:49.560638 13342 consensus_queue.cc:1059] T 6c50e4b247bb428b91cb626335905570 P 3be335506b664e5381485a8a1f3b9f7c [LEADER]: Peer responded invalid term: Peer: permanent_uuid: "7d098ef9b9354e289823ce7756fb9337" member_type: VOTER last_known_addr { host: "127.9.144.1" port: 39905 }, Status: INVALID_TERM, Last received: 3.4, Next index: 5, Last known committed idx: 3, Time since last communication: 0.000s
I20260608 10:09:49.563755 12859 raft_consensus.cc:1275] T bf7a23f43c164e6b9e1517698c8a37c3 P 3be335506b664e5381485a8a1f3b9f7c [term 2 FOLLOWER]: Refusing update from remote peer b7b9a797dd914087a9ef96a38e71c394: Log matching property violated. Preceding OpId in replica: term: 1 index: 1. Preceding OpId from leader: term: 2 index: 2. (index mismatch)
I20260608 10:09:49.566689 13315 consensus_queue.cc:1048] T bf7a23f43c164e6b9e1517698c8a37c3 P b7b9a797dd914087a9ef96a38e71c394 [LEADER]: Connected to new peer: Peer: permanent_uuid: "3be335506b664e5381485a8a1f3b9f7c" member_type: VOTER last_known_addr { host: "127.9.144.2" port: 38005 }, Status: LMP_MISMATCH, Last received: 0.0, Next index: 2, Last known committed idx: 1, Time since last communication: 0.000s
I20260608 10:09:49.575292 13067 tablet_service.cc:1558] Processing DeleteTablet for tablet f53924fa107949b8b8faeab86b1dfa32 with delete_type TABLET_DATA_TOMBSTONED (TS b7b9a797dd914087a9ef96a38e71c394 not found in new config with opid_index 4) from {username='slave'} at 127.0.0.1:41486
I20260608 10:09:49.580435 12860 tablet_service.cc:1917] Received RequestConsensusVote() RPC: tablet_id: "6c50e4b247bb428b91cb626335905570" candidate_uuid: "7d098ef9b9354e289823ce7756fb9337" candidate_term: 4 candidate_status { last_received { term: 3 index: 4 } } ignore_live_leader: true dest_uuid: "3be335506b664e5381485a8a1f3b9f7c"
I20260608 10:09:49.580770 12786 leader_election.cc:290] T 6c50e4b247bb428b91cb626335905570 P 7d098ef9b9354e289823ce7756fb9337 [CANDIDATE]: Term 4 election: Requested vote from peers 3be335506b664e5381485a8a1f3b9f7c (127.9.144.2:38005), 4797271dce07420a87d5d548ea80ed71 (127.9.144.3:38921)
I20260608 10:09:49.581377 12933 tablet_service.cc:1917] Received RequestConsensusVote() RPC: tablet_id: "6c50e4b247bb428b91cb626335905570" candidate_uuid: "7d098ef9b9354e289823ce7756fb9337" candidate_term: 4 candidate_status { last_received { term: 3 index: 4 } } ignore_live_leader: true dest_uuid: "4797271dce07420a87d5d548ea80ed71"
I20260608 10:09:49.589308 12933 raft_consensus.cc:1275] T bf7a23f43c164e6b9e1517698c8a37c3 P 4797271dce07420a87d5d548ea80ed71 [term 2 FOLLOWER]: Refusing update from remote peer b7b9a797dd914087a9ef96a38e71c394: Log matching property violated. Preceding OpId in replica: term: 1 index: 1. Preceding OpId from leader: term: 2 index: 2. (index mismatch)
I20260608 10:09:49.591069 13315 consensus_queue.cc:1048] T bf7a23f43c164e6b9e1517698c8a37c3 P b7b9a797dd914087a9ef96a38e71c394 [LEADER]: Connected to new peer: Peer: permanent_uuid: "4797271dce07420a87d5d548ea80ed71" member_type: VOTER last_known_addr { host: "127.9.144.3" port: 38921 }, Status: LMP_MISMATCH, Last received: 0.0, Next index: 2, Last known committed idx: 1, Time since last communication: 0.000s
I20260608 10:09:49.600916 12933 raft_consensus.cc:1275] T 969e6b15be7348ddba4cd60e52d06c9b P 4797271dce07420a87d5d548ea80ed71 [term 1 LEARNER]: Refusing update from remote peer 3be335506b664e5381485a8a1f3b9f7c: Log matching property violated. Preceding OpId in replica: term: 1 index: 2. Preceding OpId from leader: term: 1 index: 3. (index mismatch)
I20260608 10:09:49.600874 13088 raft_consensus.cc:1275] T 969e6b15be7348ddba4cd60e52d06c9b P b7b9a797dd914087a9ef96a38e71c394 [term 1 FOLLOWER]: Refusing update from remote peer 3be335506b664e5381485a8a1f3b9f7c: Log matching property violated. Preceding OpId in replica: term: 1 index: 2. Preceding OpId from leader: term: 1 index: 3. (index mismatch)
I20260608 10:09:49.602773 12786 raft_consensus.cc:1275] T 969e6b15be7348ddba4cd60e52d06c9b P 7d098ef9b9354e289823ce7756fb9337 [term 1 FOLLOWER]: Refusing update from remote peer 3be335506b664e5381485a8a1f3b9f7c: Log matching property violated. Preceding OpId in replica: term: 1 index: 2. Preceding OpId from leader: term: 1 index: 3. (index mismatch)
I20260608 10:09:49.603039 13340 consensus_queue.cc:1048] T 969e6b15be7348ddba4cd60e52d06c9b P 3be335506b664e5381485a8a1f3b9f7c [LEADER]: Connected to new peer: Peer: permanent_uuid: "b7b9a797dd914087a9ef96a38e71c394" member_type: VOTER last_known_addr { host: "127.9.144.4" port: 44421 } attrs { replace: true }, Status: LMP_MISMATCH, Last received: 0.0, Next index: 3, Last known committed idx: 2, Time since last communication: 0.001s
I20260608 10:09:49.604408 13313 consensus_queue.cc:1048] T 969e6b15be7348ddba4cd60e52d06c9b P 3be335506b664e5381485a8a1f3b9f7c [LEADER]: Connected to new peer: Peer: permanent_uuid: "7d098ef9b9354e289823ce7756fb9337" member_type: VOTER last_known_addr { host: "127.9.144.1" port: 39905 }, Status: LMP_MISMATCH, Last received: 0.0, Next index: 3, Last known committed idx: 2, Time since last communication: 0.000s
I20260608 10:09:49.605189 12785 consensus_queue.cc:237] T e6476a82761040a78a0c4e4124a8f5c3 P 7d098ef9b9354e289823ce7756fb9337 [LEADER]: Queue going to LEADER mode. State: All replicated index: 0, Majority replicated index: 3, Committed index: 3, Last appended: 1.3, Last appended by leader: 0, Current term: 1, Majority size: 2, State: 0, Mode: LEADER, active raft config: opid_index: 4 OBSOLETE_local: false peers { permanent_uuid: "7d098ef9b9354e289823ce7756fb9337" member_type: VOTER last_known_addr { host: "127.9.144.1" port: 39905 } } peers { permanent_uuid: "3be335506b664e5381485a8a1f3b9f7c" member_type: VOTER last_known_addr { host: "127.9.144.2" port: 38005 } } peers { permanent_uuid: "b7b9a797dd914087a9ef96a38e71c394" member_type: VOTER last_known_addr { host: "127.9.144.4" port: 44421 } attrs { promote: false } }
W20260608 10:09:49.610015 12898 outbound_call.cc:321] RPC callback for RPC call kudu.consensus.ConsensusService.UpdateConsensus -> {remote=127.9.144.1:39905, user_credentials={real_user=slave}} blocked reactor thread for 92546.5us
I20260608 10:09:49.611315 12668 catalog_manager.cc:5209] ChangeConfig:REMOVE_PEER RPC for tablet f53924fa107949b8b8faeab86b1dfa32 with cas_config_opid_index 3: ChangeConfig:REMOVE_PEER succeeded (attempt 1)
I20260608 10:09:49.614666 12861 raft_consensus.cc:1275] T e6476a82761040a78a0c4e4124a8f5c3 P 3be335506b664e5381485a8a1f3b9f7c [term 1 FOLLOWER]: Refusing update from remote peer 7d098ef9b9354e289823ce7756fb9337: Log matching property violated. Preceding OpId in replica: term: 1 index: 3. Preceding OpId from leader: term: 1 index: 4. (index mismatch)
I20260608 10:09:49.615159 13089 raft_consensus.cc:1275] T e6476a82761040a78a0c4e4124a8f5c3 P b7b9a797dd914087a9ef96a38e71c394 [term 1 FOLLOWER]: Refusing update from remote peer 7d098ef9b9354e289823ce7756fb9337: Log matching property violated. Preceding OpId in replica: term: 1 index: 3. Preceding OpId from leader: term: 1 index: 4. (index mismatch)
I20260608 10:09:49.616216 13336 consensus_queue.cc:1048] T e6476a82761040a78a0c4e4124a8f5c3 P 7d098ef9b9354e289823ce7756fb9337 [LEADER]: Connected to new peer: Peer: permanent_uuid: "3be335506b664e5381485a8a1f3b9f7c" member_type: VOTER last_known_addr { host: "127.9.144.2" port: 38005 }, Status: LMP_MISMATCH, Last received: 0.0, Next index: 4, Last known committed idx: 3, Time since last communication: 0.000s
I20260608 10:09:49.617157 13282 consensus_queue.cc:1048] T e6476a82761040a78a0c4e4124a8f5c3 P 7d098ef9b9354e289823ce7756fb9337 [LEADER]: Connected to new peer: Peer: permanent_uuid: "b7b9a797dd914087a9ef96a38e71c394" member_type: VOTER last_known_addr { host: "127.9.144.4" port: 44421 } attrs { promote: false }, Status: LMP_MISMATCH, Last received: 0.0, Next index: 4, Last known committed idx: 3, Time since last communication: 0.000s
I20260608 10:09:49.619781 12860 raft_consensus.cc:3055] T 6c50e4b247bb428b91cb626335905570 P 3be335506b664e5381485a8a1f3b9f7c [term 3 LEADER]: Stepping down as leader of term 3
