I20260608 10:08:29.539680 27774 tablet_bootstrap.cc:492] T c35ce14d56504606b1076bfa8f4e6359 P c7620b24f7cc4294baac67ccb4c5d48b: No bootstrap required, opened a new log
I20260608 10:08:29.540409 27774 ts_tablet_manager.cc:1403] T c35ce14d56504606b1076bfa8f4e6359 P c7620b24f7cc4294baac67ccb4c5d48b: Time spent bootstrapping tablet: real 0.020s	user 0.013s	sys 0.004s
I20260608 10:08:29.543675 27774 raft_consensus.cc:359] T c35ce14d56504606b1076bfa8f4e6359 P c7620b24f7cc4294baac67ccb4c5d48b [term 0 FOLLOWER]: Replica starting. Triggering 0 pending ops. Active config: opid_index: -1 OBSOLETE_local: false peers { permanent_uuid: "c7620b24f7cc4294baac67ccb4c5d48b" member_type: VOTER last_known_addr { host: "127.26.71.1" port: 46139 } } peers { permanent_uuid: "f38602379558454eaf5e74585f72eab7" member_type: VOTER last_known_addr { host: "127.26.71.2" port: 36901 } } peers { permanent_uuid: "df11e5e1c123480f9f31886943758a06" member_type: VOTER last_known_addr { host: "127.26.71.3" port: 45617 } }
I20260608 10:08:29.544611 27774 raft_consensus.cc:385] T c35ce14d56504606b1076bfa8f4e6359 P c7620b24f7cc4294baac67ccb4c5d48b [term 0 FOLLOWER]: Consensus starting up: Expiring failure detector timer to make a prompt election more likely
I20260608 10:08:29.544939 27774 raft_consensus.cc:740] T c35ce14d56504606b1076bfa8f4e6359 P c7620b24f7cc4294baac67ccb4c5d48b [term 0 FOLLOWER]: Becoming Follower/Learner. State: Replica: c7620b24f7cc4294baac67ccb4c5d48b, State: Initialized, Role: FOLLOWER
I20260608 10:08:29.545859 27774 consensus_queue.cc:260] T c35ce14d56504606b1076bfa8f4e6359 P c7620b24f7cc4294baac67ccb4c5d48b [NON_LEADER]: Queue going to NON_LEADER mode. State: All replicated index: 0, Majority replicated index: 0, Committed index: 0, Last appended: 0.0, Last appended by leader: 0, Current term: 0, Majority size: -1, State: 0, Mode: NON_LEADER, active raft config: opid_index: -1 OBSOLETE_local: false peers { permanent_uuid: "c7620b24f7cc4294baac67ccb4c5d48b" member_type: VOTER last_known_addr { host: "127.26.71.1" port: 46139 } } peers { permanent_uuid: "f38602379558454eaf5e74585f72eab7" member_type: VOTER last_known_addr { host: "127.26.71.2" port: 36901 } } peers { permanent_uuid: "df11e5e1c123480f9f31886943758a06" member_type: VOTER last_known_addr { host: "127.26.71.3" port: 45617 } }
I20260608 10:08:29.546567 27776 tablet_bootstrap.cc:492] T 936203b52d5f4857960e2033c9b95f20 P df11e5e1c123480f9f31886943758a06: No bootstrap required, opened a new log
I20260608 10:08:29.547238 27776 ts_tablet_manager.cc:1403] T 936203b52d5f4857960e2033c9b95f20 P df11e5e1c123480f9f31886943758a06: Time spent bootstrapping tablet: real 0.026s	user 0.007s	sys 0.013s
I20260608 10:08:29.548451 27774 ts_tablet_manager.cc:1434] T c35ce14d56504606b1076bfa8f4e6359 P c7620b24f7cc4294baac67ccb4c5d48b: Time spent starting tablet: real 0.008s	user 0.008s	sys 0.000s
I20260608 10:08:29.549480 27774 tablet_bootstrap.cc:492] T b3d9fd24f4934d0aa21bf974883c9939 P c7620b24f7cc4294baac67ccb4c5d48b: Bootstrap starting.
I20260608 10:08:29.550640 27776 raft_consensus.cc:359] T 936203b52d5f4857960e2033c9b95f20 P df11e5e1c123480f9f31886943758a06 [term 0 FOLLOWER]: Replica starting. Triggering 0 pending ops. Active config: opid_index: -1 OBSOLETE_local: false peers { permanent_uuid: "c7620b24f7cc4294baac67ccb4c5d48b" member_type: VOTER last_known_addr { host: "127.26.71.1" port: 46139 } } peers { permanent_uuid: "f38602379558454eaf5e74585f72eab7" member_type: VOTER last_known_addr { host: "127.26.71.2" port: 36901 } } peers { permanent_uuid: "df11e5e1c123480f9f31886943758a06" member_type: VOTER last_known_addr { host: "127.26.71.3" port: 45617 } }
I20260608 10:08:29.551685 27776 raft_consensus.cc:385] T 936203b52d5f4857960e2033c9b95f20 P df11e5e1c123480f9f31886943758a06 [term 0 FOLLOWER]: Consensus starting up: Expiring failure detector timer to make a prompt election more likely
I20260608 10:08:29.552170 27776 raft_consensus.cc:740] T 936203b52d5f4857960e2033c9b95f20 P df11e5e1c123480f9f31886943758a06 [term 0 FOLLOWER]: Becoming Follower/Learner. State: Replica: df11e5e1c123480f9f31886943758a06, State: Initialized, Role: FOLLOWER
I20260608 10:08:29.553740 27776 consensus_queue.cc:260] T 936203b52d5f4857960e2033c9b95f20 P df11e5e1c123480f9f31886943758a06 [NON_LEADER]: Queue going to NON_LEADER mode. State: All replicated index: 0, Majority replicated index: 0, Committed index: 0, Last appended: 0.0, Last appended by leader: 0, Current term: 0, Majority size: -1, State: 0, Mode: NON_LEADER, active raft config: opid_index: -1 OBSOLETE_local: false peers { permanent_uuid: "c7620b24f7cc4294baac67ccb4c5d48b" member_type: VOTER last_known_addr { host: "127.26.71.1" port: 46139 } } peers { permanent_uuid: "f38602379558454eaf5e74585f72eab7" member_type: VOTER last_known_addr { host: "127.26.71.2" port: 36901 } } peers { permanent_uuid: "df11e5e1c123480f9f31886943758a06" member_type: VOTER last_known_addr { host: "127.26.71.3" port: 45617 } }
I20260608 10:08:29.556468 27774 tablet_bootstrap.cc:654] T b3d9fd24f4934d0aa21bf974883c9939 P c7620b24f7cc4294baac67ccb4c5d48b: Neither blocks nor log segments found. Creating new log.
I20260608 10:08:29.559540 27776 ts_tablet_manager.cc:1434] T 936203b52d5f4857960e2033c9b95f20 P df11e5e1c123480f9f31886943758a06: Time spent starting tablet: real 0.012s	user 0.009s	sys 0.000s
I20260608 10:08:29.561100 27776 tablet_bootstrap.cc:492] T c35ce14d56504606b1076bfa8f4e6359 P df11e5e1c123480f9f31886943758a06: Bootstrap starting.
I20260608 10:08:29.570650 27776 tablet_bootstrap.cc:654] T c35ce14d56504606b1076bfa8f4e6359 P df11e5e1c123480f9f31886943758a06: Neither blocks nor log segments found. Creating new log.
I20260608 10:08:29.579242 27775 ts_tablet_manager.cc:1434] T c35ce14d56504606b1076bfa8f4e6359 P f38602379558454eaf5e74585f72eab7: Time spent starting tablet: real 0.057s	user 0.013s	sys 0.040s
I20260608 10:08:29.580684 27775 tablet_bootstrap.cc:492] T c3c95aea38244252987cd5dbf3e15204 P f38602379558454eaf5e74585f72eab7: Bootstrap starting.
I20260608 10:08:29.582110 27774 tablet_bootstrap.cc:492] T b3d9fd24f4934d0aa21bf974883c9939 P c7620b24f7cc4294baac67ccb4c5d48b: No bootstrap required, opened a new log
I20260608 10:08:29.582614 27774 ts_tablet_manager.cc:1403] T b3d9fd24f4934d0aa21bf974883c9939 P c7620b24f7cc4294baac67ccb4c5d48b: Time spent bootstrapping tablet: real 0.033s	user 0.028s	sys 0.003s
I20260608 10:08:29.583364 27776 tablet_bootstrap.cc:492] T c35ce14d56504606b1076bfa8f4e6359 P df11e5e1c123480f9f31886943758a06: No bootstrap required, opened a new log
I20260608 10:08:29.583900 27776 ts_tablet_manager.cc:1403] T c35ce14d56504606b1076bfa8f4e6359 P df11e5e1c123480f9f31886943758a06: Time spent bootstrapping tablet: real 0.023s	user 0.012s	sys 0.007s
I20260608 10:08:29.585929 27774 raft_consensus.cc:359] T b3d9fd24f4934d0aa21bf974883c9939 P c7620b24f7cc4294baac67ccb4c5d48b [term 0 FOLLOWER]: Replica starting. Triggering 0 pending ops. Active config: opid_index: -1 OBSOLETE_local: false peers { permanent_uuid: "c7620b24f7cc4294baac67ccb4c5d48b" member_type: VOTER last_known_addr { host: "127.26.71.1" port: 46139 } } peers { permanent_uuid: "f38602379558454eaf5e74585f72eab7" member_type: VOTER last_known_addr { host: "127.26.71.2" port: 36901 } } peers { permanent_uuid: "df11e5e1c123480f9f31886943758a06" member_type: VOTER last_known_addr { host: "127.26.71.3" port: 45617 } }
I20260608 10:08:29.586714 27774 raft_consensus.cc:385] T b3d9fd24f4934d0aa21bf974883c9939 P c7620b24f7cc4294baac67ccb4c5d48b [term 0 FOLLOWER]: Consensus starting up: Expiring failure detector timer to make a prompt election more likely
I20260608 10:08:29.587039 27774 raft_consensus.cc:740] T b3d9fd24f4934d0aa21bf974883c9939 P c7620b24f7cc4294baac67ccb4c5d48b [term 0 FOLLOWER]: Becoming Follower/Learner. State: Replica: c7620b24f7cc4294baac67ccb4c5d48b, State: Initialized, Role: FOLLOWER
I20260608 10:08:29.587483 27775 tablet_bootstrap.cc:654] T c3c95aea38244252987cd5dbf3e15204 P f38602379558454eaf5e74585f72eab7: Neither blocks nor log segments found. Creating new log.
I20260608 10:08:29.587051 27776 raft_consensus.cc:359] T c35ce14d56504606b1076bfa8f4e6359 P df11e5e1c123480f9f31886943758a06 [term 0 FOLLOWER]: Replica starting. Triggering 0 pending ops. Active config: opid_index: -1 OBSOLETE_local: false peers { permanent_uuid: "c7620b24f7cc4294baac67ccb4c5d48b" member_type: VOTER last_known_addr { host: "127.26.71.1" port: 46139 } } peers { permanent_uuid: "f38602379558454eaf5e74585f72eab7" member_type: VOTER last_known_addr { host: "127.26.71.2" port: 36901 } } peers { permanent_uuid: "df11e5e1c123480f9f31886943758a06" member_type: VOTER last_known_addr { host: "127.26.71.3" port: 45617 } }
I20260608 10:08:29.587970 27776 raft_consensus.cc:385] T c35ce14d56504606b1076bfa8f4e6359 P df11e5e1c123480f9f31886943758a06 [term 0 FOLLOWER]: Consensus starting up: Expiring failure detector timer to make a prompt election more likely
I20260608 10:08:29.588306 27776 raft_consensus.cc:740] T c35ce14d56504606b1076bfa8f4e6359 P df11e5e1c123480f9f31886943758a06 [term 0 FOLLOWER]: Becoming Follower/Learner. State: Replica: df11e5e1c123480f9f31886943758a06, State: Initialized, Role: FOLLOWER
I20260608 10:08:29.588255 27774 consensus_queue.cc:260] T b3d9fd24f4934d0aa21bf974883c9939 P c7620b24f7cc4294baac67ccb4c5d48b [NON_LEADER]: Queue going to NON_LEADER mode. State: All replicated index: 0, Majority replicated index: 0, Committed index: 0, Last appended: 0.0, Last appended by leader: 0, Current term: 0, Majority size: -1, State: 0, Mode: NON_LEADER, active raft config: opid_index: -1 OBSOLETE_local: false peers { permanent_uuid: "c7620b24f7cc4294baac67ccb4c5d48b" member_type: VOTER last_known_addr { host: "127.26.71.1" port: 46139 } } peers { permanent_uuid: "f38602379558454eaf5e74585f72eab7" member_type: VOTER last_known_addr { host: "127.26.71.2" port: 36901 } } peers { permanent_uuid: "df11e5e1c123480f9f31886943758a06" member_type: VOTER last_known_addr { host: "127.26.71.3" port: 45617 } }
I20260608 10:08:29.589438 27776 consensus_queue.cc:260] T c35ce14d56504606b1076bfa8f4e6359 P df11e5e1c123480f9f31886943758a06 [NON_LEADER]: Queue going to NON_LEADER mode. State: All replicated index: 0, Majority replicated index: 0, Committed index: 0, Last appended: 0.0, Last appended by leader: 0, Current term: 0, Majority size: -1, State: 0, Mode: NON_LEADER, active raft config: opid_index: -1 OBSOLETE_local: false peers { permanent_uuid: "c7620b24f7cc4294baac67ccb4c5d48b" member_type: VOTER last_known_addr { host: "127.26.71.1" port: 46139 } } peers { permanent_uuid: "f38602379558454eaf5e74585f72eab7" member_type: VOTER last_known_addr { host: "127.26.71.2" port: 36901 } } peers { permanent_uuid: "df11e5e1c123480f9f31886943758a06" member_type: VOTER last_known_addr { host: "127.26.71.3" port: 45617 } }
I20260608 10:08:29.593691 27774 ts_tablet_manager.cc:1434] T b3d9fd24f4934d0aa21bf974883c9939 P c7620b24f7cc4294baac67ccb4c5d48b: Time spent starting tablet: real 0.011s	user 0.007s	sys 0.000s
I20260608 10:08:29.594848 27774 tablet_bootstrap.cc:492] T 200ae86c74834852b1feb14d5d401f0c P c7620b24f7cc4294baac67ccb4c5d48b: Bootstrap starting.
I20260608 10:08:29.594918 27776 ts_tablet_manager.cc:1434] T c35ce14d56504606b1076bfa8f4e6359 P df11e5e1c123480f9f31886943758a06: Time spent starting tablet: real 0.011s	user 0.009s	sys 0.000s
I20260608 10:08:29.596382 27776 tablet_bootstrap.cc:492] T 94f13f60ed114920af165eced34f162f P df11e5e1c123480f9f31886943758a06: Bootstrap starting.
I20260608 10:08:29.601929 27774 tablet_bootstrap.cc:654] T 200ae86c74834852b1feb14d5d401f0c P c7620b24f7cc4294baac67ccb4c5d48b: Neither blocks nor log segments found. Creating new log.
I20260608 10:08:29.601744 27781 raft_consensus.cc:493] T c35ce14d56504606b1076bfa8f4e6359 P df11e5e1c123480f9f31886943758a06 [term 0 FOLLOWER]: Starting pre-election (no leader contacted us within the election timeout)
I20260608 10:08:29.602607 27781 raft_consensus.cc:515] T c35ce14d56504606b1076bfa8f4e6359 P df11e5e1c123480f9f31886943758a06 [term 0 FOLLOWER]: Starting pre-election with config: opid_index: -1 OBSOLETE_local: false peers { permanent_uuid: "c7620b24f7cc4294baac67ccb4c5d48b" member_type: VOTER last_known_addr { host: "127.26.71.1" port: 46139 } } peers { permanent_uuid: "f38602379558454eaf5e74585f72eab7" member_type: VOTER last_known_addr { host: "127.26.71.2" port: 36901 } } peers { permanent_uuid: "df11e5e1c123480f9f31886943758a06" member_type: VOTER last_known_addr { host: "127.26.71.3" port: 45617 } }
I20260608 10:08:29.621358 27781 leader_election.cc:290] T c35ce14d56504606b1076bfa8f4e6359 P df11e5e1c123480f9f31886943758a06 [CANDIDATE]: Term 1 pre-election: Requested pre-vote from peers c7620b24f7cc4294baac67ccb4c5d48b (127.26.71.1:46139), f38602379558454eaf5e74585f72eab7 (127.26.71.2:36901)
I20260608 10:08:29.631142 27776 tablet_bootstrap.cc:654] T 94f13f60ed114920af165eced34f162f P df11e5e1c123480f9f31886943758a06: Neither blocks nor log segments found. Creating new log.
I20260608 10:08:29.631181 27774 tablet_bootstrap.cc:492] T 200ae86c74834852b1feb14d5d401f0c P c7620b24f7cc4294baac67ccb4c5d48b: No bootstrap required, opened a new log
I20260608 10:08:29.634377 27774 ts_tablet_manager.cc:1403] T 200ae86c74834852b1feb14d5d401f0c P c7620b24f7cc4294baac67ccb4c5d48b: Time spent bootstrapping tablet: real 0.040s	user 0.032s	sys 0.004s
I20260608 10:08:29.635840 27775 tablet_bootstrap.cc:492] T c3c95aea38244252987cd5dbf3e15204 P f38602379558454eaf5e74585f72eab7: No bootstrap required, opened a new log
I20260608 10:08:29.636468 27775 ts_tablet_manager.cc:1403] T c3c95aea38244252987cd5dbf3e15204 P f38602379558454eaf5e74585f72eab7: Time spent bootstrapping tablet: real 0.056s	user 0.035s	sys 0.020s
I20260608 10:08:29.637694 27774 raft_consensus.cc:359] T 200ae86c74834852b1feb14d5d401f0c P c7620b24f7cc4294baac67ccb4c5d48b [term 0 FOLLOWER]: Replica starting. Triggering 0 pending ops. Active config: opid_index: -1 OBSOLETE_local: false peers { permanent_uuid: "c7620b24f7cc4294baac67ccb4c5d48b" member_type: VOTER last_known_addr { host: "127.26.71.1" port: 46139 } } peers { permanent_uuid: "f38602379558454eaf5e74585f72eab7" member_type: VOTER last_known_addr { host: "127.26.71.2" port: 36901 } } peers { permanent_uuid: "df11e5e1c123480f9f31886943758a06" member_type: VOTER last_known_addr { host: "127.26.71.3" port: 45617 } }
I20260608 10:08:29.638532 27774 raft_consensus.cc:385] T 200ae86c74834852b1feb14d5d401f0c P c7620b24f7cc4294baac67ccb4c5d48b [term 0 FOLLOWER]: Consensus starting up: Expiring failure detector timer to make a prompt election more likely
I20260608 10:08:29.638880 27774 raft_consensus.cc:740] T 200ae86c74834852b1feb14d5d401f0c P c7620b24f7cc4294baac67ccb4c5d48b [term 0 FOLLOWER]: Becoming Follower/Learner. State: Replica: c7620b24f7cc4294baac67ccb4c5d48b, State: Initialized, Role: FOLLOWER
I20260608 10:08:29.639710 27774 consensus_queue.cc:260] T 200ae86c74834852b1feb14d5d401f0c P c7620b24f7cc4294baac67ccb4c5d48b [NON_LEADER]: Queue going to NON_LEADER mode. State: All replicated index: 0, Majority replicated index: 0, Committed index: 0, Last appended: 0.0, Last appended by leader: 0, Current term: 0, Majority size: -1, State: 0, Mode: NON_LEADER, active raft config: opid_index: -1 OBSOLETE_local: false peers { permanent_uuid: "c7620b24f7cc4294baac67ccb4c5d48b" member_type: VOTER last_known_addr { host: "127.26.71.1" port: 46139 } } peers { permanent_uuid: "f38602379558454eaf5e74585f72eab7" member_type: VOTER last_known_addr { host: "127.26.71.2" port: 36901 } } peers { permanent_uuid: "df11e5e1c123480f9f31886943758a06" member_type: VOTER last_known_addr { host: "127.26.71.3" port: 45617 } }
I20260608 10:08:29.640025 27775 raft_consensus.cc:359] T c3c95aea38244252987cd5dbf3e15204 P f38602379558454eaf5e74585f72eab7 [term 0 FOLLOWER]: Replica starting. Triggering 0 pending ops. Active config: opid_index: -1 OBSOLETE_local: false peers { permanent_uuid: "c7620b24f7cc4294baac67ccb4c5d48b" member_type: VOTER last_known_addr { host: "127.26.71.1" port: 46139 } } peers { permanent_uuid: "f38602379558454eaf5e74585f72eab7" member_type: VOTER last_known_addr { host: "127.26.71.2" port: 36901 } } peers { permanent_uuid: "df11e5e1c123480f9f31886943758a06" member_type: VOTER last_known_addr { host: "127.26.71.3" port: 45617 } }
I20260608 10:08:29.640893 27775 raft_consensus.cc:385] T c3c95aea38244252987cd5dbf3e15204 P f38602379558454eaf5e74585f72eab7 [term 0 FOLLOWER]: Consensus starting up: Expiring failure detector timer to make a prompt election more likely
I20260608 10:08:29.641358 27775 raft_consensus.cc:740] T c3c95aea38244252987cd5dbf3e15204 P f38602379558454eaf5e74585f72eab7 [term 0 FOLLOWER]: Becoming Follower/Learner. State: Replica: f38602379558454eaf5e74585f72eab7, State: Initialized, Role: FOLLOWER
I20260608 10:08:29.642238 27775 consensus_queue.cc:260] T c3c95aea38244252987cd5dbf3e15204 P f38602379558454eaf5e74585f72eab7 [NON_LEADER]: Queue going to NON_LEADER mode. State: All replicated index: 0, Majority replicated index: 0, Committed index: 0, Last appended: 0.0, Last appended by leader: 0, Current term: 0, Majority size: -1, State: 0, Mode: NON_LEADER, active raft config: opid_index: -1 OBSOLETE_local: false peers { permanent_uuid: "c7620b24f7cc4294baac67ccb4c5d48b" member_type: VOTER last_known_addr { host: "127.26.71.1" port: 46139 } } peers { permanent_uuid: "f38602379558454eaf5e74585f72eab7" member_type: VOTER last_known_addr { host: "127.26.71.2" port: 36901 } } peers { permanent_uuid: "df11e5e1c123480f9f31886943758a06" member_type: VOTER last_known_addr { host: "127.26.71.3" port: 45617 } }
I20260608 10:08:29.643565 27774 ts_tablet_manager.cc:1434] T 200ae86c74834852b1feb14d5d401f0c P c7620b24f7cc4294baac67ccb4c5d48b: Time spent starting tablet: real 0.009s	user 0.007s	sys 0.000s
I20260608 10:08:29.644682 27775 ts_tablet_manager.cc:1434] T c3c95aea38244252987cd5dbf3e15204 P f38602379558454eaf5e74585f72eab7: Time spent starting tablet: real 0.008s	user 0.007s	sys 0.000s
I20260608 10:08:29.645802 27775 tablet_bootstrap.cc:492] T 936203b52d5f4857960e2033c9b95f20 P f38602379558454eaf5e74585f72eab7: Bootstrap starting.
I20260608 10:08:29.644714 27774 tablet_bootstrap.cc:492] T 936203b52d5f4857960e2033c9b95f20 P c7620b24f7cc4294baac67ccb4c5d48b: Bootstrap starting.
I20260608 10:08:29.649976 27580 tablet_service.cc:1917] Received RequestConsensusVote() RPC: tablet_id: "c35ce14d56504606b1076bfa8f4e6359" candidate_uuid: "df11e5e1c123480f9f31886943758a06" candidate_term: 1 candidate_status { last_received { term: 0 index: 0 } } ignore_live_leader: false dest_uuid: "c7620b24f7cc4294baac67ccb4c5d48b" is_pre_election: true
I20260608 10:08:29.650810 27580 raft_consensus.cc:2468] T c35ce14d56504606b1076bfa8f4e6359 P c7620b24f7cc4294baac67ccb4c5d48b [term 0 FOLLOWER]: Leader pre-election vote request: Granting yes vote for candidate df11e5e1c123480f9f31886943758a06 in term 0.
I20260608 10:08:29.652444 27692 leader_election.cc:304] T c35ce14d56504606b1076bfa8f4e6359 P df11e5e1c123480f9f31886943758a06 [CANDIDATE]: Term 1 pre-election: Election decided. Result: candidate won. Election summary: received 2 responses out of 3 voters: 2 yes votes; 0 no votes. yes voters: c7620b24f7cc4294baac67ccb4c5d48b, df11e5e1c123480f9f31886943758a06; no voters: 
I20260608 10:08:29.653355 27781 raft_consensus.cc:2804] T c35ce14d56504606b1076bfa8f4e6359 P df11e5e1c123480f9f31886943758a06 [term 0 FOLLOWER]: Leader pre-election won for term 1
I20260608 10:08:29.653491 27775 tablet_bootstrap.cc:654] T 936203b52d5f4857960e2033c9b95f20 P f38602379558454eaf5e74585f72eab7: Neither blocks nor log segments found. Creating new log.
I20260608 10:08:29.653793 27781 raft_consensus.cc:493] T c35ce14d56504606b1076bfa8f4e6359 P df11e5e1c123480f9f31886943758a06 [term 0 FOLLOWER]: Starting leader election (no leader contacted us within the election timeout)
I20260608 10:08:29.654258 27781 raft_consensus.cc:3060] T c35ce14d56504606b1076bfa8f4e6359 P df11e5e1c123480f9f31886943758a06 [term 0 FOLLOWER]: Advancing to term 1
I20260608 10:08:29.659482 27655 tablet_service.cc:1917] Received RequestConsensusVote() RPC: tablet_id: "c35ce14d56504606b1076bfa8f4e6359" candidate_uuid: "df11e5e1c123480f9f31886943758a06" candidate_term: 1 candidate_status { last_received { term: 0 index: 0 } } ignore_live_leader: false dest_uuid: "f38602379558454eaf5e74585f72eab7" is_pre_election: true
I20260608 10:08:29.660032 27774 tablet_bootstrap.cc:654] T 936203b52d5f4857960e2033c9b95f20 P c7620b24f7cc4294baac67ccb4c5d48b: Neither blocks nor log segments found. Creating new log.
I20260608 10:08:29.660334 27655 raft_consensus.cc:2468] T c35ce14d56504606b1076bfa8f4e6359 P f38602379558454eaf5e74585f72eab7 [term 0 FOLLOWER]: Leader pre-election vote request: Granting yes vote for candidate df11e5e1c123480f9f31886943758a06 in term 0.
I20260608 10:08:29.664664 27782 raft_consensus.cc:493] T c3c95aea38244252987cd5dbf3e15204 P f38602379558454eaf5e74585f72eab7 [term 0 FOLLOWER]: Starting pre-election (no leader contacted us within the election timeout)
I20260608 10:08:29.665380 27782 raft_consensus.cc:515] T c3c95aea38244252987cd5dbf3e15204 P f38602379558454eaf5e74585f72eab7 [term 0 FOLLOWER]: Starting pre-election with config: opid_index: -1 OBSOLETE_local: false peers { permanent_uuid: "c7620b24f7cc4294baac67ccb4c5d48b" member_type: VOTER last_known_addr { host: "127.26.71.1" port: 46139 } } peers { permanent_uuid: "f38602379558454eaf5e74585f72eab7" member_type: VOTER last_known_addr { host: "127.26.71.2" port: 36901 } } peers { permanent_uuid: "df11e5e1c123480f9f31886943758a06" member_type: VOTER last_known_addr { host: "127.26.71.3" port: 45617 } }
I20260608 10:08:29.673439 27776 tablet_bootstrap.cc:492] T 94f13f60ed114920af165eced34f162f P df11e5e1c123480f9f31886943758a06: No bootstrap required, opened a new log
I20260608 10:08:29.674275 27776 ts_tablet_manager.cc:1403] T 94f13f60ed114920af165eced34f162f P df11e5e1c123480f9f31886943758a06: Time spent bootstrapping tablet: real 0.078s	user 0.012s	sys 0.002s
I20260608 10:08:29.678752 27776 raft_consensus.cc:359] T 94f13f60ed114920af165eced34f162f P df11e5e1c123480f9f31886943758a06 [term 0 FOLLOWER]: Replica starting. Triggering 0 pending ops. Active config: opid_index: -1 OBSOLETE_local: false peers { permanent_uuid: "c7620b24f7cc4294baac67ccb4c5d48b" member_type: VOTER last_known_addr { host: "127.26.71.1" port: 46139 } } peers { permanent_uuid: "f38602379558454eaf5e74585f72eab7" member_type: VOTER last_known_addr { host: "127.26.71.2" port: 36901 } } peers { permanent_uuid: "df11e5e1c123480f9f31886943758a06" member_type: VOTER last_known_addr { host: "127.26.71.3" port: 45617 } }
I20260608 10:08:29.679900 27776 raft_consensus.cc:385] T 94f13f60ed114920af165eced34f162f P df11e5e1c123480f9f31886943758a06 [term 0 FOLLOWER]: Consensus starting up: Expiring failure detector timer to make a prompt election more likely
I20260608 10:08:29.680352 27776 raft_consensus.cc:740] T 94f13f60ed114920af165eced34f162f P df11e5e1c123480f9f31886943758a06 [term 0 FOLLOWER]: Becoming Follower/Learner. State: Replica: df11e5e1c123480f9f31886943758a06, State: Initialized, Role: FOLLOWER
I20260608 10:08:29.684514 27782 leader_election.cc:290] T c3c95aea38244252987cd5dbf3e15204 P f38602379558454eaf5e74585f72eab7 [CANDIDATE]: Term 1 pre-election: Requested pre-vote from peers c7620b24f7cc4294baac67ccb4c5d48b (127.26.71.1:46139), df11e5e1c123480f9f31886943758a06 (127.26.71.3:45617)
I20260608 10:08:29.669677 27781 raft_consensus.cc:515] T c35ce14d56504606b1076bfa8f4e6359 P df11e5e1c123480f9f31886943758a06 [term 1 FOLLOWER]: Starting leader election with config: opid_index: -1 OBSOLETE_local: false peers { permanent_uuid: "c7620b24f7cc4294baac67ccb4c5d48b" member_type: VOTER last_known_addr { host: "127.26.71.1" port: 46139 } } peers { permanent_uuid: "f38602379558454eaf5e74585f72eab7" member_type: VOTER last_known_addr { host: "127.26.71.2" port: 36901 } } peers { permanent_uuid: "df11e5e1c123480f9f31886943758a06" member_type: VOTER last_known_addr { host: "127.26.71.3" port: 45617 } }
I20260608 10:08:29.690554 27776 consensus_queue.cc:260] T 94f13f60ed114920af165eced34f162f P df11e5e1c123480f9f31886943758a06 [NON_LEADER]: Queue going to NON_LEADER mode. State: All replicated index: 0, Majority replicated index: 0, Committed index: 0, Last appended: 0.0, Last appended by leader: 0, Current term: 0, Majority size: -1, State: 0, Mode: NON_LEADER, active raft config: opid_index: -1 OBSOLETE_local: false peers { permanent_uuid: "c7620b24f7cc4294baac67ccb4c5d48b" member_type: VOTER last_known_addr { host: "127.26.71.1" port: 46139 } } peers { permanent_uuid: "f38602379558454eaf5e74585f72eab7" member_type: VOTER last_known_addr { host: "127.26.71.2" port: 36901 } } peers { permanent_uuid: "df11e5e1c123480f9f31886943758a06" member_type: VOTER last_known_addr { host: "127.26.71.3" port: 45617 } }
I20260608 10:08:29.694415 27580 tablet_service.cc:1917] Received RequestConsensusVote() RPC: tablet_id: "c35ce14d56504606b1076bfa8f4e6359" candidate_uuid: "df11e5e1c123480f9f31886943758a06" candidate_term: 1 candidate_status { last_received { term: 0 index: 0 } } ignore_live_leader: false dest_uuid: "c7620b24f7cc4294baac67ccb4c5d48b"
I20260608 10:08:29.695130 27796 raft_consensus.cc:493] T 936203b52d5f4857960e2033c9b95f20 P df11e5e1c123480f9f31886943758a06 [term 0 FOLLOWER]: Starting pre-election (no leader contacted us within the election timeout)
I20260608 10:08:29.695372 27580 raft_consensus.cc:3060] T c35ce14d56504606b1076bfa8f4e6359 P c7620b24f7cc4294baac67ccb4c5d48b [term 0 FOLLOWER]: Advancing to term 1
I20260608 10:08:29.695928 27796 raft_consensus.cc:515] T 936203b52d5f4857960e2033c9b95f20 P df11e5e1c123480f9f31886943758a06 [term 0 FOLLOWER]: Starting pre-election with config: opid_index: -1 OBSOLETE_local: false peers { permanent_uuid: "c7620b24f7cc4294baac67ccb4c5d48b" member_type: VOTER last_known_addr { host: "127.26.71.1" port: 46139 } } peers { permanent_uuid: "f38602379558454eaf5e74585f72eab7" member_type: VOTER last_known_addr { host: "127.26.71.2" port: 36901 } } peers { permanent_uuid: "df11e5e1c123480f9f31886943758a06" member_type: VOTER last_known_addr { host: "127.26.71.3" port: 45617 } }
I20260608 10:08:29.707978 27781 leader_election.cc:290] T c35ce14d56504606b1076bfa8f4e6359 P df11e5e1c123480f9f31886943758a06 [CANDIDATE]: Term 1 election: Requested vote from peers c7620b24f7cc4294baac67ccb4c5d48b (127.26.71.1:46139), f38602379558454eaf5e74585f72eab7 (127.26.71.2:36901)
I20260608 10:08:29.709044 27579 tablet_service.cc:1917] Received RequestConsensusVote() RPC: tablet_id: "936203b52d5f4857960e2033c9b95f20" candidate_uuid: "df11e5e1c123480f9f31886943758a06" candidate_term: 1 candidate_status { last_received { term: 0 index: 0 } } ignore_live_leader: false dest_uuid: "c7620b24f7cc4294baac67ccb4c5d48b" is_pre_election: true
I20260608 10:08:29.709638 27796 leader_election.cc:290] T 936203b52d5f4857960e2033c9b95f20 P df11e5e1c123480f9f31886943758a06 [CANDIDATE]: Term 1 pre-election: Requested pre-vote from peers c7620b24f7cc4294baac67ccb4c5d48b (127.26.71.1:46139), f38602379558454eaf5e74585f72eab7 (127.26.71.2:36901)
W20260608 10:08:29.711069 27692 leader_election.cc:343] T 936203b52d5f4857960e2033c9b95f20 P df11e5e1c123480f9f31886943758a06 [CANDIDATE]: Term 1 pre-election: Tablet error from VoteRequest() call to peer c7620b24f7cc4294baac67ccb4c5d48b (127.26.71.1:46139): Illegal state: must be running to vote when last-logged opid is not known
I20260608 10:08:29.720548 27775 tablet_bootstrap.cc:492] T 936203b52d5f4857960e2033c9b95f20 P f38602379558454eaf5e74585f72eab7: No bootstrap required, opened a new log
I20260608 10:08:29.721405 27775 ts_tablet_manager.cc:1403] T 936203b52d5f4857960e2033c9b95f20 P f38602379558454eaf5e74585f72eab7: Time spent bootstrapping tablet: real 0.076s	user 0.029s	sys 0.036s
I20260608 10:08:29.724620 27775 raft_consensus.cc:359] T 936203b52d5f4857960e2033c9b95f20 P f38602379558454eaf5e74585f72eab7 [term 0 FOLLOWER]: Replica starting. Triggering 0 pending ops. Active config: opid_index: -1 OBSOLETE_local: false peers { permanent_uuid: "c7620b24f7cc4294baac67ccb4c5d48b" member_type: VOTER last_known_addr { host: "127.26.71.1" port: 46139 } } peers { permanent_uuid: "f38602379558454eaf5e74585f72eab7" member_type: VOTER last_known_addr { host: "127.26.71.2" port: 36901 } } peers { permanent_uuid: "df11e5e1c123480f9f31886943758a06" member_type: VOTER last_known_addr { host: "127.26.71.3" port: 45617 } }
I20260608 10:08:29.725332 27775 raft_consensus.cc:385] T 936203b52d5f4857960e2033c9b95f20 P f38602379558454eaf5e74585f72eab7 [term 0 FOLLOWER]: Consensus starting up: Expiring failure detector timer to make a prompt election more likely
I20260608 10:08:29.725664 27775 raft_consensus.cc:740] T 936203b52d5f4857960e2033c9b95f20 P f38602379558454eaf5e74585f72eab7 [term 0 FOLLOWER]: Becoming Follower/Learner. State: Replica: f38602379558454eaf5e74585f72eab7, State: Initialized, Role: FOLLOWER
I20260608 10:08:29.726737 27774 tablet_bootstrap.cc:492] T 936203b52d5f4857960e2033c9b95f20 P c7620b24f7cc4294baac67ccb4c5d48b: No bootstrap required, opened a new log
I20260608 10:08:29.726606 27775 consensus_queue.cc:260] T 936203b52d5f4857960e2033c9b95f20 P f38602379558454eaf5e74585f72eab7 [NON_LEADER]: Queue going to NON_LEADER mode. State: All replicated index: 0, Majority replicated index: 0, Committed index: 0, Last appended: 0.0, Last appended by leader: 0, Current term: 0, Majority size: -1, State: 0, Mode: NON_LEADER, active raft config: opid_index: -1 OBSOLETE_local: false peers { permanent_uuid: "c7620b24f7cc4294baac67ccb4c5d48b" member_type: VOTER last_known_addr { host: "127.26.71.1" port: 46139 } } peers { permanent_uuid: "f38602379558454eaf5e74585f72eab7" member_type: VOTER last_known_addr { host: "127.26.71.2" port: 36901 } } peers { permanent_uuid: "df11e5e1c123480f9f31886943758a06" member_type: VOTER last_known_addr { host: "127.26.71.3" port: 45617 } }
I20260608 10:08:29.727283 27774 ts_tablet_manager.cc:1403] T 936203b52d5f4857960e2033c9b95f20 P c7620b24f7cc4294baac67ccb4c5d48b: Time spent bootstrapping tablet: real 0.083s	user 0.029s	sys 0.033s
I20260608 10:08:29.728586 27655 tablet_service.cc:1917] Received RequestConsensusVote() RPC: tablet_id: "c35ce14d56504606b1076bfa8f4e6359" candidate_uuid: "df11e5e1c123480f9f31886943758a06" candidate_term: 1 candidate_status { last_received { term: 0 index: 0 } } ignore_live_leader: false dest_uuid: "f38602379558454eaf5e74585f72eab7"
I20260608 10:08:29.729032 27775 ts_tablet_manager.cc:1434] T 936203b52d5f4857960e2033c9b95f20 P f38602379558454eaf5e74585f72eab7: Time spent starting tablet: real 0.007s	user 0.002s	sys 0.003s
I20260608 10:08:29.729422 27655 raft_consensus.cc:3060] T c35ce14d56504606b1076bfa8f4e6359 P f38602379558454eaf5e74585f72eab7 [term 0 FOLLOWER]: Advancing to term 1
I20260608 10:08:29.730264 27775 tablet_bootstrap.cc:492] T 1d7468cb475e4dea8f5c027169e360e5 P f38602379558454eaf5e74585f72eab7: Bootstrap starting.
I20260608 10:08:29.730822 27774 raft_consensus.cc:359] T 936203b52d5f4857960e2033c9b95f20 P c7620b24f7cc4294baac67ccb4c5d48b [term 0 FOLLOWER]: Replica starting. Triggering 0 pending ops. Active config: opid_index: -1 OBSOLETE_local: false peers { permanent_uuid: "c7620b24f7cc4294baac67ccb4c5d48b" member_type: VOTER last_known_addr { host: "127.26.71.1" port: 46139 } } peers { permanent_uuid: "f38602379558454eaf5e74585f72eab7" member_type: VOTER last_known_addr { host: "127.26.71.2" port: 36901 } } peers { permanent_uuid: "df11e5e1c123480f9f31886943758a06" member_type: VOTER last_known_addr { host: "127.26.71.3" port: 45617 } }
I20260608 10:08:29.731632 27774 raft_consensus.cc:385] T 936203b52d5f4857960e2033c9b95f20 P c7620b24f7cc4294baac67ccb4c5d48b [term 0 FOLLOWER]: Consensus starting up: Expiring failure detector timer to make a prompt election more likely
I20260608 10:08:29.731978 27774 raft_consensus.cc:740] T 936203b52d5f4857960e2033c9b95f20 P c7620b24f7cc4294baac67ccb4c5d48b [term 0 FOLLOWER]: Becoming Follower/Learner. State: Replica: c7620b24f7cc4294baac67ccb4c5d48b, State: Initialized, Role: FOLLOWER
I20260608 10:08:29.733682 27780 raft_consensus.cc:493] T 200ae86c74834852b1feb14d5d401f0c P c7620b24f7cc4294baac67ccb4c5d48b [term 0 FOLLOWER]: Starting pre-election (no leader contacted us within the election timeout)
I20260608 10:08:29.733861 27776 ts_tablet_manager.cc:1434] T 94f13f60ed114920af165eced34f162f P df11e5e1c123480f9f31886943758a06: Time spent starting tablet: real 0.059s	user 0.018s	sys 0.006s
I20260608 10:08:29.733165 27654 tablet_service.cc:1917] Received RequestConsensusVote() RPC: tablet_id: "936203b52d5f4857960e2033c9b95f20" candidate_uuid: "df11e5e1c123480f9f31886943758a06" candidate_term: 1 candidate_status { last_received { term: 0 index: 0 } } ignore_live_leader: false dest_uuid: "f38602379558454eaf5e74585f72eab7" is_pre_election: true
I20260608 10:08:29.734263 27780 raft_consensus.cc:515] T 200ae86c74834852b1feb14d5d401f0c P c7620b24f7cc4294baac67ccb4c5d48b [term 0 FOLLOWER]: Starting pre-election with config: opid_index: -1 OBSOLETE_local: false peers { permanent_uuid: "c7620b24f7cc4294baac67ccb4c5d48b" member_type: VOTER last_known_addr { host: "127.26.71.1" port: 46139 } } peers { permanent_uuid: "f38602379558454eaf5e74585f72eab7" member_type: VOTER last_known_addr { host: "127.26.71.2" port: 36901 } } peers { permanent_uuid: "df11e5e1c123480f9f31886943758a06" member_type: VOTER last_known_addr { host: "127.26.71.3" port: 45617 } }
I20260608 10:08:29.734181 27774 consensus_queue.cc:260] T 936203b52d5f4857960e2033c9b95f20 P c7620b24f7cc4294baac67ccb4c5d48b [NON_LEADER]: Queue going to NON_LEADER mode. State: All replicated index: 0, Majority replicated index: 0, Committed index: 0, Last appended: 0.0, Last appended by leader: 0, Current term: 0, Majority size: -1, State: 0, Mode: NON_LEADER, active raft config: opid_index: -1 OBSOLETE_local: false peers { permanent_uuid: "c7620b24f7cc4294baac67ccb4c5d48b" member_type: VOTER last_known_addr { host: "127.26.71.1" port: 46139 } } peers { permanent_uuid: "f38602379558454eaf5e74585f72eab7" member_type: VOTER last_known_addr { host: "127.26.71.2" port: 36901 } } peers { permanent_uuid: "df11e5e1c123480f9f31886943758a06" member_type: VOTER last_known_addr { host: "127.26.71.3" port: 45617 } }
I20260608 10:08:29.734793 27654 raft_consensus.cc:2468] T 936203b52d5f4857960e2033c9b95f20 P f38602379558454eaf5e74585f72eab7 [term 0 FOLLOWER]: Leader pre-election vote request: Granting yes vote for candidate df11e5e1c123480f9f31886943758a06 in term 0.
I20260608 10:08:29.738539 27780 leader_election.cc:290] T 200ae86c74834852b1feb14d5d401f0c P c7620b24f7cc4294baac67ccb4c5d48b [CANDIDATE]: Term 1 pre-election: Requested pre-vote from peers f38602379558454eaf5e74585f72eab7 (127.26.71.2:36901), df11e5e1c123480f9f31886943758a06 (127.26.71.3:45617)
I20260608 10:08:29.743091 27775 tablet_bootstrap.cc:654] T 1d7468cb475e4dea8f5c027169e360e5 P f38602379558454eaf5e74585f72eab7: Neither blocks nor log segments found. Creating new log.
W20260608 10:08:29.744820 27526 auto_rebalancer.cc:259] Could not retrieve cluster info: Service unavailable: Tablet not running
I20260608 10:08:29.746136 27693 leader_election.cc:304] T 936203b52d5f4857960e2033c9b95f20 P df11e5e1c123480f9f31886943758a06 [CANDIDATE]: Term 1 pre-election: Election decided. Result: candidate won. Election summary: received 3 responses out of 3 voters: 2 yes votes; 1 no votes. yes voters: df11e5e1c123480f9f31886943758a06, f38602379558454eaf5e74585f72eab7; no voters: c7620b24f7cc4294baac67ccb4c5d48b
I20260608 10:08:29.761824 27531 auto_leader_rebalancer.cc:140] leader rebalance for table test-workload
W20260608 10:08:29.763640 27531 auto_leader_rebalancer.cc:460] the master instance isn't leader: Service unavailable: Tablet not running
I20260608 10:08:29.767477 27797 raft_consensus.cc:2804] T 936203b52d5f4857960e2033c9b95f20 P df11e5e1c123480f9f31886943758a06 [term 0 FOLLOWER]: Leader pre-election won for term 1
I20260608 10:08:29.770790 27797 raft_consensus.cc:493] T 936203b52d5f4857960e2033c9b95f20 P df11e5e1c123480f9f31886943758a06 [term 0 FOLLOWER]: Starting leader election (no leader contacted us within the election timeout)
I20260608 10:08:29.771136 27774 ts_tablet_manager.cc:1434] T 936203b52d5f4857960e2033c9b95f20 P c7620b24f7cc4294baac67ccb4c5d48b: Time spent starting tablet: real 0.044s	user 0.021s	sys 0.007s
I20260608 10:08:29.771409 27797 raft_consensus.cc:3060] T 936203b52d5f4857960e2033c9b95f20 P df11e5e1c123480f9f31886943758a06 [term 0 FOLLOWER]: Advancing to term 1
I20260608 10:08:29.772368 27774 tablet_bootstrap.cc:492] T c3c95aea38244252987cd5dbf3e15204 P c7620b24f7cc4294baac67ccb4c5d48b: Bootstrap starting.
I20260608 10:08:29.774102 27776 tablet_bootstrap.cc:492] T b3d9fd24f4934d0aa21bf974883c9939 P df11e5e1c123480f9f31886943758a06: Bootstrap starting.
I20260608 10:08:29.804121 27729 tablet_service.cc:1917] Received RequestConsensusVote() RPC: tablet_id: "200ae86c74834852b1feb14d5d401f0c" candidate_uuid: "c7620b24f7cc4294baac67ccb4c5d48b" candidate_term: 1 candidate_status { last_received { term: 0 index: 0 } } ignore_live_leader: false dest_uuid: "df11e5e1c123480f9f31886943758a06" is_pre_election: true
I20260608 10:08:29.805039 27729 raft_consensus.cc:2468] T 200ae86c74834852b1feb14d5d401f0c P df11e5e1c123480f9f31886943758a06 [term 0 FOLLOWER]: Leader pre-election vote request: Granting yes vote for candidate c7620b24f7cc4294baac67ccb4c5d48b in term 0.
I20260608 10:08:29.807452 27545 leader_election.cc:304] T 200ae86c74834852b1feb14d5d401f0c P c7620b24f7cc4294baac67ccb4c5d48b [CANDIDATE]: Term 1 pre-election: Election decided. Result: candidate won. Election summary: received 2 responses out of 3 voters: 2 yes votes; 0 no votes. yes voters: c7620b24f7cc4294baac67ccb4c5d48b, df11e5e1c123480f9f31886943758a06; no voters: 
I20260608 10:08:29.807947 27655 raft_consensus.cc:2468] T c35ce14d56504606b1076bfa8f4e6359 P f38602379558454eaf5e74585f72eab7 [term 1 FOLLOWER]: Leader election vote request: Granting yes vote for candidate df11e5e1c123480f9f31886943758a06 in term 1.
I20260608 10:08:29.809038 27729 tablet_service.cc:1917] Received RequestConsensusVote() RPC: tablet_id: "c3c95aea38244252987cd5dbf3e15204" candidate_uuid: "f38602379558454eaf5e74585f72eab7" candidate_term: 1 candidate_status { last_received { term: 0 index: 0 } } ignore_live_leader: false dest_uuid: "df11e5e1c123480f9f31886943758a06" is_pre_election: true
I20260608 10:08:29.809110 27798 raft_consensus.cc:2804] T 200ae86c74834852b1feb14d5d401f0c P c7620b24f7cc4294baac67ccb4c5d48b [term 0 FOLLOWER]: Leader pre-election won for term 1
I20260608 10:08:29.809712 27693 leader_election.cc:304] T c35ce14d56504606b1076bfa8f4e6359 P df11e5e1c123480f9f31886943758a06 [CANDIDATE]: Term 1 election: Election decided. Result: candidate won. Election summary: received 2 responses out of 3 voters: 2 yes votes; 0 no votes. yes voters: df11e5e1c123480f9f31886943758a06, f38602379558454eaf5e74585f72eab7; no voters: 
I20260608 10:08:29.809864 27798 raft_consensus.cc:493] T 200ae86c74834852b1feb14d5d401f0c P c7620b24f7cc4294baac67ccb4c5d48b [term 0 FOLLOWER]: Starting leader election (no leader contacted us within the election timeout)
I20260608 10:08:29.810372 27798 raft_consensus.cc:3060] T 200ae86c74834852b1feb14d5d401f0c P c7620b24f7cc4294baac67ccb4c5d48b [term 0 FOLLOWER]: Advancing to term 1
I20260608 10:08:29.810761 27781 raft_consensus.cc:2804] T c35ce14d56504606b1076bfa8f4e6359 P df11e5e1c123480f9f31886943758a06 [term 1 FOLLOWER]: Leader election won for term 1
I20260608 10:08:29.812132 27781 raft_consensus.cc:697] T c35ce14d56504606b1076bfa8f4e6359 P df11e5e1c123480f9f31886943758a06 [term 1 LEADER]: Becoming Leader. State: Replica: df11e5e1c123480f9f31886943758a06, State: Running, Role: LEADER
I20260608 10:08:29.812194 27579 tablet_service.cc:1917] Received RequestConsensusVote() RPC: tablet_id: "c3c95aea38244252987cd5dbf3e15204" candidate_uuid: "f38602379558454eaf5e74585f72eab7" candidate_term: 1 candidate_status { last_received { term: 0 index: 0 } } ignore_live_leader: false dest_uuid: "c7620b24f7cc4294baac67ccb4c5d48b" is_pre_election: true
I20260608 10:08:29.810875 27797 raft_consensus.cc:515] T 936203b52d5f4857960e2033c9b95f20 P df11e5e1c123480f9f31886943758a06 [term 1 FOLLOWER]: Starting leader election with config: opid_index: -1 OBSOLETE_local: false peers { permanent_uuid: "c7620b24f7cc4294baac67ccb4c5d48b" member_type: VOTER last_known_addr { host: "127.26.71.1" port: 46139 } } peers { permanent_uuid: "f38602379558454eaf5e74585f72eab7" member_type: VOTER last_known_addr { host: "127.26.71.2" port: 36901 } } peers { permanent_uuid: "df11e5e1c123480f9f31886943758a06" member_type: VOTER last_known_addr { host: "127.26.71.3" port: 45617 } }
I20260608 10:08:29.818405 27774 tablet_bootstrap.cc:654] T c3c95aea38244252987cd5dbf3e15204 P c7620b24f7cc4294baac67ccb4c5d48b: Neither blocks nor log segments found. Creating new log.
W20260608 10:08:29.818552 27620 leader_election.cc:343] T c3c95aea38244252987cd5dbf3e15204 P f38602379558454eaf5e74585f72eab7 [CANDIDATE]: Term 1 pre-election: Tablet error from VoteRequest() call to peer df11e5e1c123480f9f31886943758a06 (127.26.71.3:45617): Illegal state: must be running to vote when last-logged opid is not known
W20260608 10:08:29.819662 27618 leader_election.cc:343] T c3c95aea38244252987cd5dbf3e15204 P f38602379558454eaf5e74585f72eab7 [CANDIDATE]: Term 1 pre-election: Tablet error from VoteRequest() call to peer c7620b24f7cc4294baac67ccb4c5d48b (127.26.71.1:46139): Illegal state: must be running to vote when last-logged opid is not known
I20260608 10:08:29.820178 27618 leader_election.cc:304] T c3c95aea38244252987cd5dbf3e15204 P f38602379558454eaf5e74585f72eab7 [CANDIDATE]: Term 1 pre-election: Election decided. Result: candidate lost. Election summary: received 3 responses out of 3 voters: 1 yes votes; 2 no votes. yes voters: f38602379558454eaf5e74585f72eab7; no voters: c7620b24f7cc4294baac67ccb4c5d48b, df11e5e1c123480f9f31886943758a06
I20260608 10:08:29.821342 27782 raft_consensus.cc:2749] T c3c95aea38244252987cd5dbf3e15204 P f38602379558454eaf5e74585f72eab7 [term 0 FOLLOWER]: Leader pre-election lost for term 1. Reason: could not achieve majority
I20260608 10:08:29.821453 27579 tablet_service.cc:1917] Received RequestConsensusVote() RPC: tablet_id: "936203b52d5f4857960e2033c9b95f20" candidate_uuid: "df11e5e1c123480f9f31886943758a06" candidate_term: 1 candidate_status { last_received { term: 0 index: 0 } } ignore_live_leader: false dest_uuid: "c7620b24f7cc4294baac67ccb4c5d48b"
I20260608 10:08:29.821875 27775 tablet_bootstrap.cc:492] T 1d7468cb475e4dea8f5c027169e360e5 P f38602379558454eaf5e74585f72eab7: No bootstrap required, opened a new log
I20260608 10:08:29.822225 27579 raft_consensus.cc:3060] T 936203b52d5f4857960e2033c9b95f20 P c7620b24f7cc4294baac67ccb4c5d48b [term 0 FOLLOWER]: Advancing to term 1
I20260608 10:08:29.822377 27775 ts_tablet_manager.cc:1403] T 1d7468cb475e4dea8f5c027169e360e5 P f38602379558454eaf5e74585f72eab7: Time spent bootstrapping tablet: real 0.092s	user 0.020s	sys 0.010s
I20260608 10:08:29.817137 27781 consensus_queue.cc:237] T c35ce14d56504606b1076bfa8f4e6359 P df11e5e1c123480f9f31886943758a06 [LEADER]: Queue going to LEADER mode. State: All replicated index: 0, Majority replicated index: 0, Committed index: 0, Last appended: 0.0, Last appended by leader: 0, Current term: 1, Majority size: 2, State: 0, Mode: LEADER, active raft config: opid_index: -1 OBSOLETE_local: false peers { permanent_uuid: "c7620b24f7cc4294baac67ccb4c5d48b" member_type: VOTER last_known_addr { host: "127.26.71.1" port: 46139 } } peers { permanent_uuid: "f38602379558454eaf5e74585f72eab7" member_type: VOTER last_known_addr { host: "127.26.71.2" port: 36901 } } peers { permanent_uuid: "df11e5e1c123480f9f31886943758a06" member_type: VOTER last_known_addr { host: "127.26.71.3" port: 45617 } }
I20260608 10:08:29.826045 27580 raft_consensus.cc:2468] T c35ce14d56504606b1076bfa8f4e6359 P c7620b24f7cc4294baac67ccb4c5d48b [term 1 FOLLOWER]: Leader election vote request: Granting yes vote for candidate df11e5e1c123480f9f31886943758a06 in term 1.
I20260608 10:08:29.827770 27797 leader_election.cc:290] T 936203b52d5f4857960e2033c9b95f20 P df11e5e1c123480f9f31886943758a06 [CANDIDATE]: Term 1 election: Requested vote from peers c7620b24f7cc4294baac67ccb4c5d48b (127.26.71.1:46139), f38602379558454eaf5e74585f72eab7 (127.26.71.2:36901)
I20260608 10:08:29.829362 27655 tablet_service.cc:1917] Received RequestConsensusVote() RPC: tablet_id: "936203b52d5f4857960e2033c9b95f20" candidate_uuid: "df11e5e1c123480f9f31886943758a06" candidate_term: 1 candidate_status { last_received { term: 0 index: 0 } } ignore_live_leader: false dest_uuid: "f38602379558454eaf5e74585f72eab7"
I20260608 10:08:29.830358 27655 raft_consensus.cc:3060] T 936203b52d5f4857960e2033c9b95f20 P f38602379558454eaf5e74585f72eab7 [term 0 FOLLOWER]: Advancing to term 1
I20260608 10:08:29.833587 27654 tablet_service.cc:1917] Received RequestConsensusVote() RPC: tablet_id: "200ae86c74834852b1feb14d5d401f0c" candidate_uuid: "c7620b24f7cc4294baac67ccb4c5d48b" candidate_term: 1 candidate_status { last_received { term: 0 index: 0 } } ignore_live_leader: false dest_uuid: "f38602379558454eaf5e74585f72eab7" is_pre_election: true
I20260608 10:08:29.834661 27798 raft_consensus.cc:515] T 200ae86c74834852b1feb14d5d401f0c P c7620b24f7cc4294baac67ccb4c5d48b [term 1 FOLLOWER]: Starting leader election with config: opid_index: -1 OBSOLETE_local: false peers { permanent_uuid: "c7620b24f7cc4294baac67ccb4c5d48b" member_type: VOTER last_known_addr { host: "127.26.71.1" port: 46139 } } peers { permanent_uuid: "f38602379558454eaf5e74585f72eab7" member_type: VOTER last_known_addr { host: "127.26.71.2" port: 36901 } } peers { permanent_uuid: "df11e5e1c123480f9f31886943758a06" member_type: VOTER last_known_addr { host: "127.26.71.3" port: 45617 } }
W20260608 10:08:29.836536 27544 leader_election.cc:343] T 200ae86c74834852b1feb14d5d401f0c P c7620b24f7cc4294baac67ccb4c5d48b [CANDIDATE]: Term 1 pre-election: Tablet error from VoteRequest() call to peer f38602379558454eaf5e74585f72eab7 (127.26.71.2:36901): Illegal state: must be running to vote when last-logged opid is not known
I20260608 10:08:29.832872 27579 raft_consensus.cc:2468] T 936203b52d5f4857960e2033c9b95f20 P c7620b24f7cc4294baac67ccb4c5d48b [term 1 FOLLOWER]: Leader election vote request: Granting yes vote for candidate df11e5e1c123480f9f31886943758a06 in term 1.
I20260608 10:08:29.839531 27655 raft_consensus.cc:2468] T 936203b52d5f4857960e2033c9b95f20 P f38602379558454eaf5e74585f72eab7 [term 1 FOLLOWER]: Leader election vote request: Granting yes vote for candidate df11e5e1c123480f9f31886943758a06 in term 1.
I20260608 10:08:29.839596 27692 leader_election.cc:304] T 936203b52d5f4857960e2033c9b95f20 P df11e5e1c123480f9f31886943758a06 [CANDIDATE]: Term 1 election: Election decided. Result: candidate won. Election summary: received 2 responses out of 3 voters: 2 yes votes; 0 no votes. yes voters: c7620b24f7cc4294baac67ccb4c5d48b, df11e5e1c123480f9f31886943758a06; no voters: 
I20260608 10:08:29.841643 27797 raft_consensus.cc:2804] T 936203b52d5f4857960e2033c9b95f20 P df11e5e1c123480f9f31886943758a06 [term 1 FOLLOWER]: Leader election won for term 1
I20260608 10:08:29.842289 27797 raft_consensus.cc:697] T 936203b52d5f4857960e2033c9b95f20 P df11e5e1c123480f9f31886943758a06 [term 1 LEADER]: Becoming Leader. State: Replica: df11e5e1c123480f9f31886943758a06, State: Running, Role: LEADER
I20260608 10:08:29.842723 27776 tablet_bootstrap.cc:654] T b3d9fd24f4934d0aa21bf974883c9939 P df11e5e1c123480f9f31886943758a06: Neither blocks nor log segments found. Creating new log.
I20260608 10:08:29.843289 27797 consensus_queue.cc:237] T 936203b52d5f4857960e2033c9b95f20 P df11e5e1c123480f9f31886943758a06 [LEADER]: Queue going to LEADER mode. State: All replicated index: 0, Majority replicated index: 0, Committed index: 0, Last appended: 0.0, Last appended by leader: 0, Current term: 1, Majority size: 2, State: 0, Mode: LEADER, active raft config: opid_index: -1 OBSOLETE_local: false peers { permanent_uuid: "c7620b24f7cc4294baac67ccb4c5d48b" member_type: VOTER last_known_addr { host: "127.26.71.1" port: 46139 } } peers { permanent_uuid: "f38602379558454eaf5e74585f72eab7" member_type: VOTER last_known_addr { host: "127.26.71.2" port: 36901 } } peers { permanent_uuid: "df11e5e1c123480f9f31886943758a06" member_type: VOTER last_known_addr { host: "127.26.71.3" port: 45617 } }
I20260608 10:08:29.844952 27729 tablet_service.cc:1917] Received RequestConsensusVote() RPC: tablet_id: "200ae86c74834852b1feb14d5d401f0c" candidate_uuid: "c7620b24f7cc4294baac67ccb4c5d48b" candidate_term: 1 candidate_status { last_received { term: 0 index: 0 } } ignore_live_leader: false dest_uuid: "df11e5e1c123480f9f31886943758a06"
I20260608 10:08:29.845616 27729 raft_consensus.cc:3060] T 200ae86c74834852b1feb14d5d401f0c P df11e5e1c123480f9f31886943758a06 [term 0 FOLLOWER]: Advancing to term 1
I20260608 10:08:29.845726 27796 raft_consensus.cc:493] T 94f13f60ed114920af165eced34f162f P df11e5e1c123480f9f31886943758a06 [term 0 FOLLOWER]: Starting pre-election (no leader contacted us within the election timeout)
I20260608 10:08:29.841552 27654 tablet_service.cc:1917] Received RequestConsensusVote() RPC: tablet_id: "200ae86c74834852b1feb14d5d401f0c" candidate_uuid: "c7620b24f7cc4294baac67ccb4c5d48b" candidate_term: 1 candidate_status { last_received { term: 0 index: 0 } } ignore_live_leader: false dest_uuid: "f38602379558454eaf5e74585f72eab7"
I20260608 10:08:29.846925 27798 leader_election.cc:290] T 200ae86c74834852b1feb14d5d401f0c P c7620b24f7cc4294baac67ccb4c5d48b [CANDIDATE]: Term 1 election: Requested vote from peers f38602379558454eaf5e74585f72eab7 (127.26.71.2:36901), df11e5e1c123480f9f31886943758a06 (127.26.71.3:45617)
