I20260608 10:09:39.409619 28914 consensus_queue.cc:1048] T 65aa37ea2106400c9cd226fa991a0db1 P f2ed8687f649412aa92afedbb74b25cd [LEADER]: Connected to new peer: Peer: permanent_uuid: "67999eab49a04fe3afe7bd635ab93c5b" member_type: VOTER last_known_addr { host: "127.25.19.3" port: 33457 }, Status: LMP_MISMATCH, Last received: 0.0, Next index: 1, Last known committed idx: 0, Time since last communication: 0.001s
I20260608 10:09:39.510638 28914 consensus_queue.cc:1048] T 3a81baccdf374a1991172c8854b01e16 P f2ed8687f649412aa92afedbb74b25cd [LEADER]: Connected to new peer: Peer: permanent_uuid: "67999eab49a04fe3afe7bd635ab93c5b" member_type: VOTER last_known_addr { host: "127.25.19.3" port: 33457 }, Status: LMP_MISMATCH, Last received: 0.0, Next index: 1, Last known committed idx: 0, Time since last communication: 0.000s
I20260608 10:09:39.528295 28914 consensus_queue.cc:1048] T 3a81baccdf374a1991172c8854b01e16 P f2ed8687f649412aa92afedbb74b25cd [LEADER]: Connected to new peer: Peer: permanent_uuid: "29a6e1a5acff4224baae0071d9104757" member_type: VOTER last_known_addr { host: "127.25.19.1" port: 37851 }, Status: LMP_MISMATCH, Last received: 0.0, Next index: 1, Last known committed idx: 0, Time since last communication: 0.000s
I20260608 10:09:39.596935 25676 file_cache.cc:492] Constructed file cache file cache with capacity 419430
W20260608 10:09:39.606427 28918 instance_detector.cc:116] could not retrieve AWS instance metadata: Network error: curl error: HTTP response code said error: The requested URL returned error: 404
W20260608 10:09:39.606999 28919 instance_detector.cc:116] could not retrieve Azure instance metadata: Network error: curl error: HTTP response code said error: The requested URL returned error: 404
W20260608 10:09:39.612705 28921 instance_detector.cc:116] could not retrieve OpenStack instance metadata: Network error: curl error: HTTP response code said error: The requested URL returned error: 404
I20260608 10:09:39.616456 25676 server_base.cc:1061] running on GCE node
I20260608 10:09:39.617856 25676 hybrid_clock.cc:584] initializing the hybrid clock with 'system_unsync' time source
W20260608 10:09:39.618140 25676 system_unsync_time.cc:38] NTP support is disabled. Clock error bounds will not be accurate. This configuration is not suitable for distributed clusters.
I20260608 10:09:39.618355 25676 hybrid_clock.cc:648] HybridClock initialized: now 1780913379618331 us; error 0 us; skew 500 ppm
I20260608 10:09:39.618955 25676 server_base.cc:861] Flag tcmalloc_max_total_thread_cache_bytes is not working since tcmalloc is not enabled.
I20260608 10:09:39.622126 25676 webserver.cc:533] Webserver started at http://127.25.19.4:36689/ using document root <none> and password file <none>
I20260608 10:09:39.622716 25676 fs_manager.cc:362] Metadata directory not provided
I20260608 10:09:39.623087 25676 fs_manager.cc:368] Using write-ahead log directory (fs_wal_dir) as metadata directory
I20260608 10:09:39.623400 25676 server_base.cc:909] This appears to be a new deployment of Kudu; creating new FS layout
I20260608 10:09:39.624676 25676 fs_manager.cc:1068] Generated new instance metadata in path /tmp/dist-test-task3DYdkT/test-tmp/auto_rebalancer-test.0.AutoRebalancerTest.RangeAwareRebalancesNewRangeReplicas.1780913301770324-25676-0/minicluster-data/ts-3-root/instance:
uuid: "4087ade1fd2d47248dba04d5970ea5b2"
format_stamp: "Formatted at 2026-06-08 10:09:39 on dist-test-slave-90g7"
I20260608 10:09:39.630062 25676 fs_manager.cc:696] Time spent creating directory manager: real 0.005s	user 0.005s	sys 0.000s
I20260608 10:09:39.633966 28926 log_block_manager.cc:4031] Time spent loading block containers with low live blocks: real 0.000s	user 0.000s	sys 0.000s
I20260608 10:09:39.635418 25676 fs_manager.cc:730] Time spent opening block manager: real 0.003s	user 0.002s	sys 0.001s
I20260608 10:09:39.635769 25676 fs_manager.cc:647] Opened local filesystem: /tmp/dist-test-task3DYdkT/test-tmp/auto_rebalancer-test.0.AutoRebalancerTest.RangeAwareRebalancesNewRangeReplicas.1780913301770324-25676-0/minicluster-data/ts-3-root
uuid: "4087ade1fd2d47248dba04d5970ea5b2"
format_stamp: "Formatted at 2026-06-08 10:09:39 on dist-test-slave-90g7"
I20260608 10:09:39.636252 25676 fs_report.cc:389] FS layout report
--------------------
wal directory: /tmp/dist-test-task3DYdkT/test-tmp/auto_rebalancer-test.0.AutoRebalancerTest.RangeAwareRebalancesNewRangeReplicas.1780913301770324-25676-0/minicluster-data/ts-3-root
metadata directory: /tmp/dist-test-task3DYdkT/test-tmp/auto_rebalancer-test.0.AutoRebalancerTest.RangeAwareRebalancesNewRangeReplicas.1780913301770324-25676-0/minicluster-data/ts-3-root
1 data directories: /tmp/dist-test-task3DYdkT/test-tmp/auto_rebalancer-test.0.AutoRebalancerTest.RangeAwareRebalancesNewRangeReplicas.1780913301770324-25676-0/minicluster-data/ts-3-root/data
Total live blocks: 0
Total live bytes: 0
Total live bytes (after alignment): 0
Total number of LBM containers: 0 (0 full)
Did not check for missing blocks
Did not check for orphaned blocks
Total full LBM containers with extra space: 0 (0 repaired)
Total full LBM container extra space in bytes: 0 (0 repaired)
Total incomplete LBM containers: 0 (0 repaired)
Total LBM partial records: 0 (0 repaired)
Total corrupted LBM metadata records in RocksDB: 0 (0 repaired)
I20260608 10:09:39.682044 25676 rpc_server.cc:225] running with OpenSSL 1.1.1  11 Sep 2018
I20260608 10:09:39.683403 25676 kserver.cc:163] Server-wide thread pool size limit: 3276
I20260608 10:09:39.684829 25676 txn_system_client.cc:432] TxnSystemClient initialization is disabled...
I20260608 10:09:39.687520 25676 ts_tablet_manager.cc:585] Loaded tablet metadata (0 total tablets, 0 live tablets)
I20260608 10:09:39.687707 25676 ts_tablet_manager.cc:531] Time spent load tablet metadata: real 0.000s	user 0.000s	sys 0.000s
I20260608 10:09:39.688009 25676 ts_tablet_manager.cc:616] Registered 0 tablets
I20260608 10:09:39.688159 25676 ts_tablet_manager.cc:595] Time spent register tablets: real 0.000s	user 0.000s	sys 0.000s
I20260608 10:09:39.736296 28914 consensus_queue.cc:1048] T f22a246f9f544b848b7bcf5a6e454767 P f2ed8687f649412aa92afedbb74b25cd [LEADER]: Connected to new peer: Peer: permanent_uuid: "29a6e1a5acff4224baae0071d9104757" member_type: VOTER last_known_addr { host: "127.25.19.1" port: 37851 }, Status: LMP_MISMATCH, Last received: 0.0, Next index: 1, Last known committed idx: 0, Time since last communication: 0.000s
I20260608 10:09:39.752081 28868 consensus_queue.cc:1048] T f22a246f9f544b848b7bcf5a6e454767 P f2ed8687f649412aa92afedbb74b25cd [LEADER]: Connected to new peer: Peer: permanent_uuid: "67999eab49a04fe3afe7bd635ab93c5b" member_type: VOTER last_known_addr { host: "127.25.19.3" port: 33457 }, Status: LMP_MISMATCH, Last received: 0.0, Next index: 1, Last known committed idx: 0, Time since last communication: 0.001s
I20260608 10:09:39.770133 25676 rpc_server.cc:307] RPC server started. Bound to: 127.25.19.4:41593
I20260608 10:09:39.770267 28990 acceptor_pool.cc:272] collecting diagnostics on the listening RPC socket 127.25.19.4:41593 every 8 connection(s)
I20260608 10:09:39.779578 28547 catalog_manager.cc:3569] Servicing AlterTable request from {username='slave'} at 127.0.0.1:54222:
table { table_name: "range_aware_rebalance_new_range" } alter_schema_steps { type: ADD_RANGE_PARTITION add_range_partition { range_bounds { rows: "\006\001\n\000\000\000\007\001\024\000\000\000""\006\001\n\000\000\000\007\001\024\000\000\000" indirect_data: """" } } } schema { columns { name: "key" type: INT32 is_key: true is_nullable: false encoding: AUTO_ENCODING compression: DEFAULT_COMPRESSION cfile_block_size: 0 immutable: false } } modify_external_catalogs: true
I20260608 10:09:39.801194 28991 heartbeater.cc:344] Connected to a master server at 127.25.19.62:35073
I20260608 10:09:39.801717 28991 heartbeater.cc:461] Registering TS with master...
I20260608 10:09:39.802840 28991 heartbeater.cc:507] Master 127.25.19.62:35073 requested a full tablet report, sending...
I20260608 10:09:39.806078 28546 ts_manager.cc:194] Registered new tserver with Master: 4087ade1fd2d47248dba04d5970ea5b2 (127.25.19.4:41593)
I20260608 10:09:39.808141 28546 master_service.cc:502] Signed X509 certificate for tserver {username='slave'} at 127.0.0.1:54226
W20260608 10:09:39.811304 28547 catalog_manager.cc:5956] Failed to send alter table request: Not found: failed to reset TS proxy: No leader found: Tablet 7a3b470cc09e475e9860d09c825ef1ea has no consensus state
W20260608 10:09:39.813648 28547 catalog_manager.cc:5956] Failed to send alter table request: Not found: failed to reset TS proxy: No leader found: Tablet 78781b3805bc4df7bae1ba2790de571f has no consensus state
W20260608 10:09:39.814949 28547 catalog_manager.cc:5956] Failed to send alter table request: Not found: failed to reset TS proxy: No leader found: Tablet ec9a1a1c8d94454a8060ab5213c20172 has no consensus state
W20260608 10:09:39.816496 28547 catalog_manager.cc:5956] Failed to send alter table request: Not found: failed to reset TS proxy: No leader found: Tablet 0817169e0e504f6b863efcee77b5da0d has no consensus state
W20260608 10:09:39.818147 28547 catalog_manager.cc:5956] Failed to send alter table request: Not found: failed to reset TS proxy: No leader found: Tablet 9b6a629433a2486783de4ccac7828152 has no consensus state
W20260608 10:09:39.819523 28547 catalog_manager.cc:5956] Failed to send alter table request: Not found: failed to reset TS proxy: No leader found: Tablet 5398649df8c44744a175b3dc37a6e150 has no consensus state
W20260608 10:09:39.821130 28547 catalog_manager.cc:5956] Failed to send alter table request: Not found: failed to reset TS proxy: No leader found: Tablet dab91298eb714987bf800e7b80cb3a1a has no consensus state
W20260608 10:09:39.822796 28547 catalog_manager.cc:5956] Failed to send alter table request: Not found: failed to reset TS proxy: No leader found: Tablet 50606991788944dc9f8167b2eb1b0b03 has no consensus state
W20260608 10:09:39.847429 28531 catalog_manager.cc:4809] Async tablet task AlterTable RPC for tablet 0817169e0e504f6b863efcee77b5da0d (table range_aware_rebalance_new_range [id=a0507e199a144af890e92529f63cbc4b], current schema version=0) failed: Not found: failed to reset TS proxy: No leader found: Tablet 0817169e0e504f6b863efcee77b5da0d consensus state has no leader
I20260608 10:09:39.851418 28633 tablet_service.cc:1511] Processing CreateTablet for tablet 7a3b470cc09e475e9860d09c825ef1ea (DEFAULT_TABLE table=range_aware_rebalance_new_range [id=a0507e199a144af890e92529f63cbc4b]), partition=HASH (key) PARTITION 0, RANGE (key) PARTITION 10 <= VALUES < 20
I20260608 10:09:39.853065 28633 data_dirs.cc:400] Could only allocate 1 dirs of requested 3 for tablet 7a3b470cc09e475e9860d09c825ef1ea. 1 dirs total, 0 dirs full, 0 dirs failed
I20260608 10:09:39.859412 28785 tablet_service.cc:1511] Processing CreateTablet for tablet 78781b3805bc4df7bae1ba2790de571f (DEFAULT_TABLE table=range_aware_rebalance_new_range [id=a0507e199a144af890e92529f63cbc4b]), partition=HASH (key) PARTITION 1, RANGE (key) PARTITION 10 <= VALUES < 20
I20260608 10:09:39.861217 28785 data_dirs.cc:400] Could only allocate 1 dirs of requested 3 for tablet 78781b3805bc4df7bae1ba2790de571f. 1 dirs total, 0 dirs full, 0 dirs failed
I20260608 10:09:39.876240 28637 tablet_service.cc:1511] Processing CreateTablet for tablet 78781b3805bc4df7bae1ba2790de571f (DEFAULT_TABLE table=range_aware_rebalance_new_range [id=a0507e199a144af890e92529f63cbc4b]), partition=HASH (key) PARTITION 1, RANGE (key) PARTITION 10 <= VALUES < 20
I20260608 10:09:39.877826 28637 data_dirs.cc:400] Could only allocate 1 dirs of requested 3 for tablet 78781b3805bc4df7bae1ba2790de571f. 1 dirs total, 0 dirs full, 0 dirs failed
I20260608 10:09:39.877471 28784 tablet_service.cc:1511] Processing CreateTablet for tablet ec9a1a1c8d94454a8060ab5213c20172 (DEFAULT_TABLE table=range_aware_rebalance_new_range [id=a0507e199a144af890e92529f63cbc4b]), partition=HASH (key) PARTITION 2, RANGE (key) PARTITION 10 <= VALUES < 20
I20260608 10:09:39.880302 28784 data_dirs.cc:400] Could only allocate 1 dirs of requested 3 for tablet ec9a1a1c8d94454a8060ab5213c20172. 1 dirs total, 0 dirs full, 0 dirs failed
I20260608 10:09:39.882092 28638 tablet_service.cc:1511] Processing CreateTablet for tablet 0817169e0e504f6b863efcee77b5da0d (DEFAULT_TABLE table=range_aware_rebalance_new_range [id=a0507e199a144af890e92529f63cbc4b]), partition=HASH (key) PARTITION 3, RANGE (key) PARTITION 10 <= VALUES < 20
I20260608 10:09:39.884033 28634 tablet_service.cc:1511] Processing CreateTablet for tablet 9b6a629433a2486783de4ccac7828152 (DEFAULT_TABLE table=range_aware_rebalance_new_range [id=a0507e199a144af890e92529f63cbc4b]), partition=HASH (key) PARTITION 4, RANGE (key) PARTITION 10 <= VALUES < 20
I20260608 10:09:39.885707 28709 tablet_service.cc:1511] Processing CreateTablet for tablet 7a3b470cc09e475e9860d09c825ef1ea (DEFAULT_TABLE table=range_aware_rebalance_new_range [id=a0507e199a144af890e92529f63cbc4b]), partition=HASH (key) PARTITION 0, RANGE (key) PARTITION 10 <= VALUES < 20
I20260608 10:09:39.891073 28708 tablet_service.cc:1511] Processing CreateTablet for tablet ec9a1a1c8d94454a8060ab5213c20172 (DEFAULT_TABLE table=range_aware_rebalance_new_range [id=a0507e199a144af890e92529f63cbc4b]), partition=HASH (key) PARTITION 2, RANGE (key) PARTITION 10 <= VALUES < 20
I20260608 10:09:39.891582 28783 tablet_service.cc:1511] Processing CreateTablet for tablet 9b6a629433a2486783de4ccac7828152 (DEFAULT_TABLE table=range_aware_rebalance_new_range [id=a0507e199a144af890e92529f63cbc4b]), partition=HASH (key) PARTITION 4, RANGE (key) PARTITION 10 <= VALUES < 20
I20260608 10:09:39.891891 28707 tablet_service.cc:1511] Processing CreateTablet for tablet 0817169e0e504f6b863efcee77b5da0d (DEFAULT_TABLE table=range_aware_rebalance_new_range [id=a0507e199a144af890e92529f63cbc4b]), partition=HASH (key) PARTITION 3, RANGE (key) PARTITION 10 <= VALUES < 20
I20260608 10:09:39.892602 28708 data_dirs.cc:400] Could only allocate 1 dirs of requested 3 for tablet ec9a1a1c8d94454a8060ab5213c20172. 1 dirs total, 0 dirs full, 0 dirs failed
I20260608 10:09:39.893615 28707 data_dirs.cc:400] Could only allocate 1 dirs of requested 3 for tablet 0817169e0e504f6b863efcee77b5da0d. 1 dirs total, 0 dirs full, 0 dirs failed
I20260608 10:09:39.897347 28710 tablet_service.cc:1511] Processing CreateTablet for tablet 5398649df8c44744a175b3dc37a6e150 (DEFAULT_TABLE table=range_aware_rebalance_new_range [id=a0507e199a144af890e92529f63cbc4b]), partition=HASH (key) PARTITION 5, RANGE (key) PARTITION 10 <= VALUES < 20
I20260608 10:09:39.898828 28710 data_dirs.cc:400] Could only allocate 1 dirs of requested 3 for tablet 5398649df8c44744a175b3dc37a6e150. 1 dirs total, 0 dirs full, 0 dirs failed
I20260608 10:09:39.901788 28787 tablet_service.cc:1511] Processing CreateTablet for tablet 5398649df8c44744a175b3dc37a6e150 (DEFAULT_TABLE table=range_aware_rebalance_new_range [id=a0507e199a144af890e92529f63cbc4b]), partition=HASH (key) PARTITION 5, RANGE (key) PARTITION 10 <= VALUES < 20
I20260608 10:09:39.905148 28635 tablet_service.cc:1511] Processing CreateTablet for tablet dab91298eb714987bf800e7b80cb3a1a (DEFAULT_TABLE table=range_aware_rebalance_new_range [id=a0507e199a144af890e92529f63cbc4b]), partition=HASH (key) PARTITION 6, RANGE (key) PARTITION 10 <= VALUES < 20
I20260608 10:09:39.907476 28713 tablet_service.cc:1511] Processing CreateTablet for tablet dab91298eb714987bf800e7b80cb3a1a (DEFAULT_TABLE table=range_aware_rebalance_new_range [id=a0507e199a144af890e92529f63cbc4b]), partition=HASH (key) PARTITION 6, RANGE (key) PARTITION 10 <= VALUES < 20
I20260608 10:09:39.911152 28713 data_dirs.cc:400] Could only allocate 1 dirs of requested 3 for tablet dab91298eb714987bf800e7b80cb3a1a. 1 dirs total, 0 dirs full, 0 dirs failed
I20260608 10:09:39.913096 28783 data_dirs.cc:400] Could only allocate 1 dirs of requested 3 for tablet 9b6a629433a2486783de4ccac7828152. 1 dirs total, 0 dirs full, 0 dirs failed
I20260608 10:09:39.914949 28709 data_dirs.cc:400] Could only allocate 1 dirs of requested 3 for tablet 7a3b470cc09e475e9860d09c825ef1ea. 1 dirs total, 0 dirs full, 0 dirs failed
I20260608 10:09:39.916850 28638 data_dirs.cc:400] Could only allocate 1 dirs of requested 3 for tablet 0817169e0e504f6b863efcee77b5da0d. 1 dirs total, 0 dirs full, 0 dirs failed
I20260608 10:09:39.916997 28787 data_dirs.cc:400] Could only allocate 1 dirs of requested 3 for tablet 5398649df8c44744a175b3dc37a6e150. 1 dirs total, 0 dirs full, 0 dirs failed
I20260608 10:09:39.919799 28635 data_dirs.cc:400] Could only allocate 1 dirs of requested 3 for tablet dab91298eb714987bf800e7b80cb3a1a. 1 dirs total, 0 dirs full, 0 dirs failed
I20260608 10:09:39.920936 28634 data_dirs.cc:400] Could only allocate 1 dirs of requested 3 for tablet 9b6a629433a2486783de4ccac7828152. 1 dirs total, 0 dirs full, 0 dirs failed
I20260608 10:09:39.933305 28632 tablet_service.cc:1511] Processing CreateTablet for tablet 50606991788944dc9f8167b2eb1b0b03 (DEFAULT_TABLE table=range_aware_rebalance_new_range [id=a0507e199a144af890e92529f63cbc4b]), partition=HASH (key) PARTITION 7, RANGE (key) PARTITION 10 <= VALUES < 20
I20260608 10:09:39.935427 28632 data_dirs.cc:400] Could only allocate 1 dirs of requested 3 for tablet 50606991788944dc9f8167b2eb1b0b03. 1 dirs total, 0 dirs full, 0 dirs failed
I20260608 10:09:39.937700 28781 tablet_service.cc:1511] Processing CreateTablet for tablet 50606991788944dc9f8167b2eb1b0b03 (DEFAULT_TABLE table=range_aware_rebalance_new_range [id=a0507e199a144af890e92529f63cbc4b]), partition=HASH (key) PARTITION 7, RANGE (key) PARTITION 10 <= VALUES < 20
I20260608 10:09:39.939287 28781 data_dirs.cc:400] Could only allocate 1 dirs of requested 3 for tablet 50606991788944dc9f8167b2eb1b0b03. 1 dirs total, 0 dirs full, 0 dirs failed
I20260608 10:09:39.941078 28954 tablet_service.cc:1511] Processing CreateTablet for tablet 7a3b470cc09e475e9860d09c825ef1ea (DEFAULT_TABLE table=range_aware_rebalance_new_range [id=a0507e199a144af890e92529f63cbc4b]), partition=HASH (key) PARTITION 0, RANGE (key) PARTITION 10 <= VALUES < 20
I20260608 10:09:39.942696 28954 data_dirs.cc:400] Could only allocate 1 dirs of requested 3 for tablet 7a3b470cc09e475e9860d09c825ef1ea. 1 dirs total, 0 dirs full, 0 dirs failed
I20260608 10:09:39.943727 28948 tablet_service.cc:1511] Processing CreateTablet for tablet dab91298eb714987bf800e7b80cb3a1a (DEFAULT_TABLE table=range_aware_rebalance_new_range [id=a0507e199a144af890e92529f63cbc4b]), partition=HASH (key) PARTITION 6, RANGE (key) PARTITION 10 <= VALUES < 20
I20260608 10:09:39.950330 28952 tablet_service.cc:1511] Processing CreateTablet for tablet ec9a1a1c8d94454a8060ab5213c20172 (DEFAULT_TABLE table=range_aware_rebalance_new_range [id=a0507e199a144af890e92529f63cbc4b]), partition=HASH (key) PARTITION 2, RANGE (key) PARTITION 10 <= VALUES < 20
I20260608 10:09:39.958405 28951 tablet_service.cc:1511] Processing CreateTablet for tablet 0817169e0e504f6b863efcee77b5da0d (DEFAULT_TABLE table=range_aware_rebalance_new_range [id=a0507e199a144af890e92529f63cbc4b]), partition=HASH (key) PARTITION 3, RANGE (key) PARTITION 10 <= VALUES < 20
I20260608 10:09:39.970359 28953 tablet_service.cc:1511] Processing CreateTablet for tablet 78781b3805bc4df7bae1ba2790de571f (DEFAULT_TABLE table=range_aware_rebalance_new_range [id=a0507e199a144af890e92529f63cbc4b]), partition=HASH (key) PARTITION 1, RANGE (key) PARTITION 10 <= VALUES < 20
I20260608 10:09:39.967218 28950 tablet_service.cc:1511] Processing CreateTablet for tablet 9b6a629433a2486783de4ccac7828152 (DEFAULT_TABLE table=range_aware_rebalance_new_range [id=a0507e199a144af890e92529f63cbc4b]), partition=HASH (key) PARTITION 4, RANGE (key) PARTITION 10 <= VALUES < 20
I20260608 10:09:39.954337 28949 tablet_service.cc:1511] Processing CreateTablet for tablet 5398649df8c44744a175b3dc37a6e150 (DEFAULT_TABLE table=range_aware_rebalance_new_range [id=a0507e199a144af890e92529f63cbc4b]), partition=HASH (key) PARTITION 5, RANGE (key) PARTITION 10 <= VALUES < 20
I20260608 10:09:39.976212 28947 tablet_service.cc:1511] Processing CreateTablet for tablet 50606991788944dc9f8167b2eb1b0b03 (DEFAULT_TABLE table=range_aware_rebalance_new_range [id=a0507e199a144af890e92529f63cbc4b]), partition=HASH (key) PARTITION 7, RANGE (key) PARTITION 10 <= VALUES < 20
I20260608 10:09:39.978660 28948 data_dirs.cc:400] Could only allocate 1 dirs of requested 3 for tablet dab91298eb714987bf800e7b80cb3a1a. 1 dirs total, 0 dirs full, 0 dirs failed
I20260608 10:09:39.998277 28950 data_dirs.cc:400] Could only allocate 1 dirs of requested 3 for tablet 9b6a629433a2486783de4ccac7828152. 1 dirs total, 0 dirs full, 0 dirs failed
I20260608 10:09:40.000948 28951 data_dirs.cc:400] Could only allocate 1 dirs of requested 3 for tablet 0817169e0e504f6b863efcee77b5da0d. 1 dirs total, 0 dirs full, 0 dirs failed
I20260608 10:09:40.006191 28949 data_dirs.cc:400] Could only allocate 1 dirs of requested 3 for tablet 5398649df8c44744a175b3dc37a6e150. 1 dirs total, 0 dirs full, 0 dirs failed
I20260608 10:09:40.012923 28947 data_dirs.cc:400] Could only allocate 1 dirs of requested 3 for tablet 50606991788944dc9f8167b2eb1b0b03. 1 dirs total, 0 dirs full, 0 dirs failed
I20260608 10:09:40.014248 28952 data_dirs.cc:400] Could only allocate 1 dirs of requested 3 for tablet ec9a1a1c8d94454a8060ab5213c20172. 1 dirs total, 0 dirs full, 0 dirs failed
I20260608 10:09:40.021682 28953 data_dirs.cc:400] Could only allocate 1 dirs of requested 3 for tablet 78781b3805bc4df7bae1ba2790de571f. 1 dirs total, 0 dirs full, 0 dirs failed
I20260608 10:09:40.012903 28997 tablet_bootstrap.cc:492] T 7a3b470cc09e475e9860d09c825ef1ea P 29a6e1a5acff4224baae0071d9104757: Bootstrap starting.
I20260608 10:09:40.081080 28998 tablet_bootstrap.cc:492] T 78781b3805bc4df7bae1ba2790de571f P 67999eab49a04fe3afe7bd635ab93c5b: Bootstrap starting.
I20260608 10:09:40.219655 28997 tablet_bootstrap.cc:654] T 7a3b470cc09e475e9860d09c825ef1ea P 29a6e1a5acff4224baae0071d9104757: Neither blocks nor log segments found. Creating new log.
I20260608 10:09:40.243603 28998 tablet_bootstrap.cc:654] T 78781b3805bc4df7bae1ba2790de571f P 67999eab49a04fe3afe7bd635ab93c5b: Neither blocks nor log segments found. Creating new log.
I20260608 10:09:40.505200 28999 tablet_bootstrap.cc:492] T dab91298eb714987bf800e7b80cb3a1a P 4087ade1fd2d47248dba04d5970ea5b2: Bootstrap starting.
I20260608 10:09:40.537813 29000 tablet_bootstrap.cc:492] T ec9a1a1c8d94454a8060ab5213c20172 P f2ed8687f649412aa92afedbb74b25cd: Bootstrap starting.
I20260608 10:09:40.553140 29000 tablet_bootstrap.cc:654] T ec9a1a1c8d94454a8060ab5213c20172 P f2ed8687f649412aa92afedbb74b25cd: Neither blocks nor log segments found. Creating new log.
I20260608 10:09:40.567139 28999 tablet_bootstrap.cc:654] T dab91298eb714987bf800e7b80cb3a1a P 4087ade1fd2d47248dba04d5970ea5b2: Neither blocks nor log segments found. Creating new log.
I20260608 10:09:40.581754 28600 auto_leader_rebalancer.cc:140] leader rebalance for table range_aware_rebalance_new_range
W20260608 10:09:40.599887 28595 auto_rebalancer.cc:259] Could not retrieve cluster info: Service unavailable: Tablet not running
W20260608 10:09:40.601356 28600 auto_leader_rebalancer.cc:460] the master instance isn't leader: Service unavailable: Tablet not running
I20260608 10:09:40.601943 28997 tablet_bootstrap.cc:492] T 7a3b470cc09e475e9860d09c825ef1ea P 29a6e1a5acff4224baae0071d9104757: No bootstrap required, opened a new log
I20260608 10:09:40.602557 28997 ts_tablet_manager.cc:1403] T 7a3b470cc09e475e9860d09c825ef1ea P 29a6e1a5acff4224baae0071d9104757: Time spent bootstrapping tablet: real 0.594s	user 0.030s	sys 0.015s
I20260608 10:09:40.606405 28997 raft_consensus.cc:359] T 7a3b470cc09e475e9860d09c825ef1ea P 29a6e1a5acff4224baae0071d9104757 [term 0 FOLLOWER]: Replica starting. Triggering 0 pending ops. Active config: opid_index: -1 OBSOLETE_local: false peers { permanent_uuid: "29a6e1a5acff4224baae0071d9104757" member_type: VOTER last_known_addr { host: "127.25.19.1" port: 37851 } } peers { permanent_uuid: "4087ade1fd2d47248dba04d5970ea5b2" member_type: VOTER last_known_addr { host: "127.25.19.4" port: 41593 } } peers { permanent_uuid: "f2ed8687f649412aa92afedbb74b25cd" member_type: VOTER last_known_addr { host: "127.25.19.2" port: 36555 } }
I20260608 10:09:40.607179 29000 tablet_bootstrap.cc:492] T ec9a1a1c8d94454a8060ab5213c20172 P f2ed8687f649412aa92afedbb74b25cd: No bootstrap required, opened a new log
I20260608 10:09:40.607481 28997 raft_consensus.cc:385] T 7a3b470cc09e475e9860d09c825ef1ea P 29a6e1a5acff4224baae0071d9104757 [term 0 FOLLOWER]: Consensus starting up: Expiring failure detector timer to make a prompt election more likely
I20260608 10:09:40.607969 29000 ts_tablet_manager.cc:1403] T ec9a1a1c8d94454a8060ab5213c20172 P f2ed8687f649412aa92afedbb74b25cd: Time spent bootstrapping tablet: real 0.071s	user 0.009s	sys 0.010s
I20260608 10:09:40.608045 28997 raft_consensus.cc:740] T 7a3b470cc09e475e9860d09c825ef1ea P 29a6e1a5acff4224baae0071d9104757 [term 0 FOLLOWER]: Becoming Follower/Learner. State: Replica: 29a6e1a5acff4224baae0071d9104757, State: Initialized, Role: FOLLOWER
I20260608 10:09:40.609426 28999 tablet_bootstrap.cc:492] T dab91298eb714987bf800e7b80cb3a1a P 4087ade1fd2d47248dba04d5970ea5b2: No bootstrap required, opened a new log
I20260608 10:09:40.610162 28999 ts_tablet_manager.cc:1403] T dab91298eb714987bf800e7b80cb3a1a P 4087ade1fd2d47248dba04d5970ea5b2: Time spent bootstrapping tablet: real 0.109s	user 0.017s	sys 0.013s
I20260608 10:09:40.609397 28997 consensus_queue.cc:260] T 7a3b470cc09e475e9860d09c825ef1ea P 29a6e1a5acff4224baae0071d9104757 [NON_LEADER]: Queue going to NON_LEADER mode. State: All replicated index: 0, Majority replicated index: 0, Committed index: 0, Last appended: 0.0, Last appended by leader: 0, Current term: 0, Majority size: -1, State: 0, Mode: NON_LEADER, active raft config: opid_index: -1 OBSOLETE_local: false peers { permanent_uuid: "29a6e1a5acff4224baae0071d9104757" member_type: VOTER last_known_addr { host: "127.25.19.1" port: 37851 } } peers { permanent_uuid: "4087ade1fd2d47248dba04d5970ea5b2" member_type: VOTER last_known_addr { host: "127.25.19.4" port: 41593 } } peers { permanent_uuid: "f2ed8687f649412aa92afedbb74b25cd" member_type: VOTER last_known_addr { host: "127.25.19.2" port: 36555 } }
I20260608 10:09:40.612638 28997 ts_tablet_manager.cc:1434] T 7a3b470cc09e475e9860d09c825ef1ea P 29a6e1a5acff4224baae0071d9104757: Time spent starting tablet: real 0.010s	user 0.006s	sys 0.005s
I20260608 10:09:40.613057 29000 raft_consensus.cc:359] T ec9a1a1c8d94454a8060ab5213c20172 P f2ed8687f649412aa92afedbb74b25cd [term 0 FOLLOWER]: Replica starting. Triggering 0 pending ops. Active config: opid_index: -1 OBSOLETE_local: false peers { permanent_uuid: "4087ade1fd2d47248dba04d5970ea5b2" member_type: VOTER last_known_addr { host: "127.25.19.4" port: 41593 } } peers { permanent_uuid: "f2ed8687f649412aa92afedbb74b25cd" member_type: VOTER last_known_addr { host: "127.25.19.2" port: 36555 } } peers { permanent_uuid: "67999eab49a04fe3afe7bd635ab93c5b" member_type: VOTER last_known_addr { host: "127.25.19.3" port: 33457 } }
I20260608 10:09:40.613866 28997 tablet_bootstrap.cc:492] T 9b6a629433a2486783de4ccac7828152 P 29a6e1a5acff4224baae0071d9104757: Bootstrap starting.
I20260608 10:09:40.613677 28999 raft_consensus.cc:359] T dab91298eb714987bf800e7b80cb3a1a P 4087ade1fd2d47248dba04d5970ea5b2 [term 0 FOLLOWER]: Replica starting. Triggering 0 pending ops. Active config: opid_index: -1 OBSOLETE_local: false peers { permanent_uuid: "4087ade1fd2d47248dba04d5970ea5b2" member_type: VOTER last_known_addr { host: "127.25.19.4" port: 41593 } } peers { permanent_uuid: "f2ed8687f649412aa92afedbb74b25cd" member_type: VOTER last_known_addr { host: "127.25.19.2" port: 36555 } } peers { permanent_uuid: "29a6e1a5acff4224baae0071d9104757" member_type: VOTER last_known_addr { host: "127.25.19.1" port: 37851 } }
I20260608 10:09:40.619448 28999 raft_consensus.cc:385] T dab91298eb714987bf800e7b80cb3a1a P 4087ade1fd2d47248dba04d5970ea5b2 [term 0 FOLLOWER]: Consensus starting up: Expiring failure detector timer to make a prompt election more likely
I20260608 10:09:40.619926 28999 raft_consensus.cc:740] T dab91298eb714987bf800e7b80cb3a1a P 4087ade1fd2d47248dba04d5970ea5b2 [term 0 FOLLOWER]: Becoming Follower/Learner. State: Replica: 4087ade1fd2d47248dba04d5970ea5b2, State: Initialized, Role: FOLLOWER
I20260608 10:09:40.621068 28999 consensus_queue.cc:260] T dab91298eb714987bf800e7b80cb3a1a P 4087ade1fd2d47248dba04d5970ea5b2 [NON_LEADER]: Queue going to NON_LEADER mode. State: All replicated index: 0, Majority replicated index: 0, Committed index: 0, Last appended: 0.0, Last appended by leader: 0, Current term: 0, Majority size: -1, State: 0, Mode: NON_LEADER, active raft config: opid_index: -1 OBSOLETE_local: false peers { permanent_uuid: "4087ade1fd2d47248dba04d5970ea5b2" member_type: VOTER last_known_addr { host: "127.25.19.4" port: 41593 } } peers { permanent_uuid: "f2ed8687f649412aa92afedbb74b25cd" member_type: VOTER last_known_addr { host: "127.25.19.2" port: 36555 } } peers { permanent_uuid: "29a6e1a5acff4224baae0071d9104757" member_type: VOTER last_known_addr { host: "127.25.19.1" port: 37851 } }
I20260608 10:09:40.613891 29000 raft_consensus.cc:385] T ec9a1a1c8d94454a8060ab5213c20172 P f2ed8687f649412aa92afedbb74b25cd [term 0 FOLLOWER]: Consensus starting up: Expiring failure detector timer to make a prompt election more likely
I20260608 10:09:40.624759 28997 tablet_bootstrap.cc:654] T 9b6a629433a2486783de4ccac7828152 P 29a6e1a5acff4224baae0071d9104757: Neither blocks nor log segments found. Creating new log.
I20260608 10:09:40.624801 29000 raft_consensus.cc:740] T ec9a1a1c8d94454a8060ab5213c20172 P f2ed8687f649412aa92afedbb74b25cd [term 0 FOLLOWER]: Becoming Follower/Learner. State: Replica: f2ed8687f649412aa92afedbb74b25cd, State: Initialized, Role: FOLLOWER
I20260608 10:09:40.625761 29000 consensus_queue.cc:260] T ec9a1a1c8d94454a8060ab5213c20172 P f2ed8687f649412aa92afedbb74b25cd [NON_LEADER]: Queue going to NON_LEADER mode. State: All replicated index: 0, Majority replicated index: 0, Committed index: 0, Last appended: 0.0, Last appended by leader: 0, Current term: 0, Majority size: -1, State: 0, Mode: NON_LEADER, active raft config: opid_index: -1 OBSOLETE_local: false peers { permanent_uuid: "4087ade1fd2d47248dba04d5970ea5b2" member_type: VOTER last_known_addr { host: "127.25.19.4" port: 41593 } } peers { permanent_uuid: "f2ed8687f649412aa92afedbb74b25cd" member_type: VOTER last_known_addr { host: "127.25.19.2" port: 36555 } } peers { permanent_uuid: "67999eab49a04fe3afe7bd635ab93c5b" member_type: VOTER last_known_addr { host: "127.25.19.3" port: 33457 } }
I20260608 10:09:40.629086 29000 ts_tablet_manager.cc:1434] T ec9a1a1c8d94454a8060ab5213c20172 P f2ed8687f649412aa92afedbb74b25cd: Time spent starting tablet: real 0.021s	user 0.007s	sys 0.000s
I20260608 10:09:40.630530 29000 tablet_bootstrap.cc:492] T 0817169e0e504f6b863efcee77b5da0d P f2ed8687f649412aa92afedbb74b25cd: Bootstrap starting.
I20260608 10:09:40.630844 28991 heartbeater.cc:499] Master 127.25.19.62:35073 was elected leader, sending a full tablet report...
I20260608 10:09:40.638101 28998 tablet_bootstrap.cc:492] T 78781b3805bc4df7bae1ba2790de571f P 67999eab49a04fe3afe7bd635ab93c5b: No bootstrap required, opened a new log
I20260608 10:09:40.630548 28999 ts_tablet_manager.cc:1434] T dab91298eb714987bf800e7b80cb3a1a P 4087ade1fd2d47248dba04d5970ea5b2: Time spent starting tablet: real 0.020s	user 0.008s	sys 0.005s
I20260608 10:09:40.639827 29000 tablet_bootstrap.cc:654] T 0817169e0e504f6b863efcee77b5da0d P f2ed8687f649412aa92afedbb74b25cd: Neither blocks nor log segments found. Creating new log.
I20260608 10:09:40.647650 28998 ts_tablet_manager.cc:1403] T 78781b3805bc4df7bae1ba2790de571f P 67999eab49a04fe3afe7bd635ab93c5b: Time spent bootstrapping tablet: real 0.578s	user 0.015s	sys 0.006s
I20260608 10:09:40.648298 28999 tablet_bootstrap.cc:492] T 9b6a629433a2486783de4ccac7828152 P 4087ade1fd2d47248dba04d5970ea5b2: Bootstrap starting.
I20260608 10:09:40.652048 28998 raft_consensus.cc:359] T 78781b3805bc4df7bae1ba2790de571f P 67999eab49a04fe3afe7bd635ab93c5b [term 0 FOLLOWER]: Replica starting. Triggering 0 pending ops. Active config: opid_index: -1 OBSOLETE_local: false peers { permanent_uuid: "4087ade1fd2d47248dba04d5970ea5b2" member_type: VOTER last_known_addr { host: "127.25.19.4" port: 41593 } } peers { permanent_uuid: "67999eab49a04fe3afe7bd635ab93c5b" member_type: VOTER last_known_addr { host: "127.25.19.3" port: 33457 } } peers { permanent_uuid: "29a6e1a5acff4224baae0071d9104757" member_type: VOTER last_known_addr { host: "127.25.19.1" port: 37851 } }
I20260608 10:09:40.652995 28998 raft_consensus.cc:385] T 78781b3805bc4df7bae1ba2790de571f P 67999eab49a04fe3afe7bd635ab93c5b [term 0 FOLLOWER]: Consensus starting up: Expiring failure detector timer to make a prompt election more likely
I20260608 10:09:40.653371 28998 raft_consensus.cc:740] T 78781b3805bc4df7bae1ba2790de571f P 67999eab49a04fe3afe7bd635ab93c5b [term 0 FOLLOWER]: Becoming Follower/Learner. State: Replica: 67999eab49a04fe3afe7bd635ab93c5b, State: Initialized, Role: FOLLOWER
I20260608 10:09:40.654392 28998 consensus_queue.cc:260] T 78781b3805bc4df7bae1ba2790de571f P 67999eab49a04fe3afe7bd635ab93c5b [NON_LEADER]: Queue going to NON_LEADER mode. State: All replicated index: 0, Majority replicated index: 0, Committed index: 0, Last appended: 0.0, Last appended by leader: 0, Current term: 0, Majority size: -1, State: 0, Mode: NON_LEADER, active raft config: opid_index: -1 OBSOLETE_local: false peers { permanent_uuid: "4087ade1fd2d47248dba04d5970ea5b2" member_type: VOTER last_known_addr { host: "127.25.19.4" port: 41593 } } peers { permanent_uuid: "67999eab49a04fe3afe7bd635ab93c5b" member_type: VOTER last_known_addr { host: "127.25.19.3" port: 33457 } } peers { permanent_uuid: "29a6e1a5acff4224baae0071d9104757" member_type: VOTER last_known_addr { host: "127.25.19.1" port: 37851 } }
I20260608 10:09:40.658463 28999 tablet_bootstrap.cc:654] T 9b6a629433a2486783de4ccac7828152 P 4087ade1fd2d47248dba04d5970ea5b2: Neither blocks nor log segments found. Creating new log.
I20260608 10:09:40.677733 28997 tablet_bootstrap.cc:492] T 9b6a629433a2486783de4ccac7828152 P 29a6e1a5acff4224baae0071d9104757: No bootstrap required, opened a new log
I20260608 10:09:40.677846 28998 ts_tablet_manager.cc:1434] T 78781b3805bc4df7bae1ba2790de571f P 67999eab49a04fe3afe7bd635ab93c5b: Time spent starting tablet: real 0.030s	user 0.006s	sys 0.002s
I20260608 10:09:40.679363 28997 ts_tablet_manager.cc:1403] T 9b6a629433a2486783de4ccac7828152 P 29a6e1a5acff4224baae0071d9104757: Time spent bootstrapping tablet: real 0.066s	user 0.023s	sys 0.037s
I20260608 10:09:40.680704 29000 tablet_bootstrap.cc:492] T 0817169e0e504f6b863efcee77b5da0d P f2ed8687f649412aa92afedbb74b25cd: No bootstrap required, opened a new log
I20260608 10:09:40.681245 29000 ts_tablet_manager.cc:1403] T 0817169e0e504f6b863efcee77b5da0d P f2ed8687f649412aa92afedbb74b25cd: Time spent bootstrapping tablet: real 0.051s	user 0.010s	sys 0.016s
I20260608 10:09:40.682318 28998 tablet_bootstrap.cc:492] T 5398649df8c44744a175b3dc37a6e150 P 67999eab49a04fe3afe7bd635ab93c5b: Bootstrap starting.
I20260608 10:09:40.684638 29000 raft_consensus.cc:359] T 0817169e0e504f6b863efcee77b5da0d P f2ed8687f649412aa92afedbb74b25cd [term 0 FOLLOWER]: Replica starting. Triggering 0 pending ops. Active config: opid_index: -1 OBSOLETE_local: false peers { permanent_uuid: "4087ade1fd2d47248dba04d5970ea5b2" member_type: VOTER last_known_addr { host: "127.25.19.4" port: 41593 } } peers { permanent_uuid: "29a6e1a5acff4224baae0071d9104757" member_type: VOTER last_known_addr { host: "127.25.19.1" port: 37851 } } peers { permanent_uuid: "f2ed8687f649412aa92afedbb74b25cd" member_type: VOTER last_known_addr { host: "127.25.19.2" port: 36555 } }
I20260608 10:09:40.689113 29000 raft_consensus.cc:385] T 0817169e0e504f6b863efcee77b5da0d P f2ed8687f649412aa92afedbb74b25cd [term 0 FOLLOWER]: Consensus starting up: Expiring failure detector timer to make a prompt election more likely
I20260608 10:09:40.689450 29000 raft_consensus.cc:740] T 0817169e0e504f6b863efcee77b5da0d P f2ed8687f649412aa92afedbb74b25cd [term 0 FOLLOWER]: Becoming Follower/Learner. State: Replica: f2ed8687f649412aa92afedbb74b25cd, State: Initialized, Role: FOLLOWER
I20260608 10:09:40.690474 28999 tablet_bootstrap.cc:492] T 9b6a629433a2486783de4ccac7828152 P 4087ade1fd2d47248dba04d5970ea5b2: No bootstrap required, opened a new log
I20260608 10:09:40.690300 29000 consensus_queue.cc:260] T 0817169e0e504f6b863efcee77b5da0d P f2ed8687f649412aa92afedbb74b25cd [NON_LEADER]: Queue going to NON_LEADER mode. State: All replicated index: 0, Majority replicated index: 0, Committed index: 0, Last appended: 0.0, Last appended by leader: 0, Current term: 0, Majority size: -1, State: 0, Mode: NON_LEADER, active raft config: opid_index: -1 OBSOLETE_local: false peers { permanent_uuid: "4087ade1fd2d47248dba04d5970ea5b2" member_type: VOTER last_known_addr { host: "127.25.19.4" port: 41593 } } peers { permanent_uuid: "29a6e1a5acff4224baae0071d9104757" member_type: VOTER last_known_addr { host: "127.25.19.1" port: 37851 } } peers { permanent_uuid: "f2ed8687f649412aa92afedbb74b25cd" member_type: VOTER last_known_addr { host: "127.25.19.2" port: 36555 } }
I20260608 10:09:40.691128 28999 ts_tablet_manager.cc:1403] T 9b6a629433a2486783de4ccac7828152 P 4087ade1fd2d47248dba04d5970ea5b2: Time spent bootstrapping tablet: real 0.043s	user 0.019s	sys 0.008s
I20260608 10:09:40.692858 29000 ts_tablet_manager.cc:1434] T 0817169e0e504f6b863efcee77b5da0d P f2ed8687f649412aa92afedbb74b25cd: Time spent starting tablet: real 0.011s	user 0.008s	sys 0.001s
I20260608 10:09:40.693909 29000 tablet_bootstrap.cc:492] T 5398649df8c44744a175b3dc37a6e150 P f2ed8687f649412aa92afedbb74b25cd: Bootstrap starting.
I20260608 10:09:40.686290 28997 raft_consensus.cc:359] T 9b6a629433a2486783de4ccac7828152 P 29a6e1a5acff4224baae0071d9104757 [term 0 FOLLOWER]: Replica starting. Triggering 0 pending ops. Active config: opid_index: -1 OBSOLETE_local: false peers { permanent_uuid: "4087ade1fd2d47248dba04d5970ea5b2" member_type: VOTER last_known_addr { host: "127.25.19.4" port: 41593 } } peers { permanent_uuid: "29a6e1a5acff4224baae0071d9104757" member_type: VOTER last_known_addr { host: "127.25.19.1" port: 37851 } } peers { permanent_uuid: "67999eab49a04fe3afe7bd635ab93c5b" member_type: VOTER last_known_addr { host: "127.25.19.3" port: 33457 } }
I20260608 10:09:40.696528 28997 raft_consensus.cc:385] T 9b6a629433a2486783de4ccac7828152 P 29a6e1a5acff4224baae0071d9104757 [term 0 FOLLOWER]: Consensus starting up: Expiring failure detector timer to make a prompt election more likely
I20260608 10:09:40.697178 28997 raft_consensus.cc:740] T 9b6a629433a2486783de4ccac7828152 P 29a6e1a5acff4224baae0071d9104757 [term 0 FOLLOWER]: Becoming Follower/Learner. State: Replica: 29a6e1a5acff4224baae0071d9104757, State: Initialized, Role: FOLLOWER
I20260608 10:09:40.698527 28997 consensus_queue.cc:260] T 9b6a629433a2486783de4ccac7828152 P 29a6e1a5acff4224baae0071d9104757 [NON_LEADER]: Queue going to NON_LEADER mode. State: All replicated index: 0, Majority replicated index: 0, Committed index: 0, Last appended: 0.0, Last appended by leader: 0, Current term: 0, Majority size: -1, State: 0, Mode: NON_LEADER, active raft config: opid_index: -1 OBSOLETE_local: false peers { permanent_uuid: "4087ade1fd2d47248dba04d5970ea5b2" member_type: VOTER last_known_addr { host: "127.25.19.4" port: 41593 } } peers { permanent_uuid: "29a6e1a5acff4224baae0071d9104757" member_type: VOTER last_known_addr { host: "127.25.19.1" port: 37851 } } peers { permanent_uuid: "67999eab49a04fe3afe7bd635ab93c5b" member_type: VOTER last_known_addr { host: "127.25.19.3" port: 33457 } }
I20260608 10:09:40.696506 28999 raft_consensus.cc:359] T 9b6a629433a2486783de4ccac7828152 P 4087ade1fd2d47248dba04d5970ea5b2 [term 0 FOLLOWER]: Replica starting. Triggering 0 pending ops. Active config: opid_index: -1 OBSOLETE_local: false peers { permanent_uuid: "4087ade1fd2d47248dba04d5970ea5b2" member_type: VOTER last_known_addr { host: "127.25.19.4" port: 41593 } } peers { permanent_uuid: "29a6e1a5acff4224baae0071d9104757" member_type: VOTER last_known_addr { host: "127.25.19.1" port: 37851 } } peers { permanent_uuid: "67999eab49a04fe3afe7bd635ab93c5b" member_type: VOTER last_known_addr { host: "127.25.19.3" port: 33457 } }
I20260608 10:09:40.701443 28999 raft_consensus.cc:385] T 9b6a629433a2486783de4ccac7828152 P 4087ade1fd2d47248dba04d5970ea5b2 [term 0 FOLLOWER]: Consensus starting up: Expiring failure detector timer to make a prompt election more likely
I20260608 10:09:40.707091 28999 raft_consensus.cc:740] T 9b6a629433a2486783de4ccac7828152 P 4087ade1fd2d47248dba04d5970ea5b2 [term 0 FOLLOWER]: Becoming Follower/Learner. State: Replica: 4087ade1fd2d47248dba04d5970ea5b2, State: Initialized, Role: FOLLOWER
I20260608 10:09:40.716935 28997 ts_tablet_manager.cc:1434] T 9b6a629433a2486783de4ccac7828152 P 29a6e1a5acff4224baae0071d9104757: Time spent starting tablet: real 0.036s	user 0.004s	sys 0.003s
I20260608 10:09:40.718178 28997 tablet_bootstrap.cc:492] T 50606991788944dc9f8167b2eb1b0b03 P 29a6e1a5acff4224baae0071d9104757: Bootstrap starting.
I20260608 10:09:40.719828 28998 tablet_bootstrap.cc:654] T 5398649df8c44744a175b3dc37a6e150 P 67999eab49a04fe3afe7bd635ab93c5b: Neither blocks nor log segments found. Creating new log.
I20260608 10:09:40.721211 29006 raft_consensus.cc:493] T dab91298eb714987bf800e7b80cb3a1a P 4087ade1fd2d47248dba04d5970ea5b2 [term 0 FOLLOWER]: Starting pre-election (no leader contacted us within the election timeout)
I20260608 10:09:40.721892 29006 raft_consensus.cc:515] T dab91298eb714987bf800e7b80cb3a1a P 4087ade1fd2d47248dba04d5970ea5b2 [term 0 FOLLOWER]: Starting pre-election with config: opid_index: -1 OBSOLETE_local: false peers { permanent_uuid: "4087ade1fd2d47248dba04d5970ea5b2" member_type: VOTER last_known_addr { host: "127.25.19.4" port: 41593 } } peers { permanent_uuid: "f2ed8687f649412aa92afedbb74b25cd" member_type: VOTER last_known_addr { host: "127.25.19.2" port: 36555 } } peers { permanent_uuid: "29a6e1a5acff4224baae0071d9104757" member_type: VOTER last_known_addr { host: "127.25.19.1" port: 37851 } }
I20260608 10:09:40.721067 28999 consensus_queue.cc:260] T 9b6a629433a2486783de4ccac7828152 P 4087ade1fd2d47248dba04d5970ea5b2 [NON_LEADER]: Queue going to NON_LEADER mode. State: All replicated index: 0, Majority replicated index: 0, Committed index: 0, Last appended: 0.0, Last appended by leader: 0, Current term: 0, Majority size: -1, State: 0, Mode: NON_LEADER, active raft config: opid_index: -1 OBSOLETE_local: false peers { permanent_uuid: "4087ade1fd2d47248dba04d5970ea5b2" member_type: VOTER last_known_addr { host: "127.25.19.4" port: 41593 } } peers { permanent_uuid: "29a6e1a5acff4224baae0071d9104757" member_type: VOTER last_known_addr { host: "127.25.19.1" port: 37851 } } peers { permanent_uuid: "67999eab49a04fe3afe7bd635ab93c5b" member_type: VOTER last_known_addr { host: "127.25.19.3" port: 33457 } }
I20260608 10:09:40.728116 29006 leader_election.cc:290] T dab91298eb714987bf800e7b80cb3a1a P 4087ade1fd2d47248dba04d5970ea5b2 [CANDIDATE]: Term 1 pre-election: Requested pre-vote from peers f2ed8687f649412aa92afedbb74b25cd (127.25.19.2:36555), 29a6e1a5acff4224baae0071d9104757 (127.25.19.1:37851)
I20260608 10:09:40.747699 28997 tablet_bootstrap.cc:654] T 50606991788944dc9f8167b2eb1b0b03 P 29a6e1a5acff4224baae0071d9104757: Neither blocks nor log segments found. Creating new log.
I20260608 10:09:40.760877 29000 tablet_bootstrap.cc:654] T 5398649df8c44744a175b3dc37a6e150 P f2ed8687f649412aa92afedbb74b25cd: Neither blocks nor log segments found. Creating new log.
I20260608 10:09:40.769392 28547 catalog_manager.cc:6241] T 00000000000000000000000000000000 P ad93d8600767491baf162c43ff8f2b3e: range_aware_rebalance_new_range [id=a0507e199a144af890e92529f63cbc4b] alter complete (version 0)
I20260608 10:09:40.781159 28998 tablet_bootstrap.cc:492] T 5398649df8c44744a175b3dc37a6e150 P 67999eab49a04fe3afe7bd635ab93c5b: No bootstrap required, opened a new log
I20260608 10:09:40.781662 28998 ts_tablet_manager.cc:1403] T 5398649df8c44744a175b3dc37a6e150 P 67999eab49a04fe3afe7bd635ab93c5b: Time spent bootstrapping tablet: real 0.100s	user 0.014s	sys 0.010s
I20260608 10:09:40.785327 28998 raft_consensus.cc:359] T 5398649df8c44744a175b3dc37a6e150 P 67999eab49a04fe3afe7bd635ab93c5b [term 0 FOLLOWER]: Replica starting. Triggering 0 pending ops. Active config: opid_index: -1 OBSOLETE_local: false peers { permanent_uuid: "f2ed8687f649412aa92afedbb74b25cd" member_type: VOTER last_known_addr { host: "127.25.19.2" port: 36555 } } peers { permanent_uuid: "4087ade1fd2d47248dba04d5970ea5b2" member_type: VOTER last_known_addr { host: "127.25.19.4" port: 41593 } } peers { permanent_uuid: "67999eab49a04fe3afe7bd635ab93c5b" member_type: VOTER last_known_addr { host: "127.25.19.3" port: 33457 } }
I20260608 10:09:40.786295 28998 raft_consensus.cc:385] T 5398649df8c44744a175b3dc37a6e150 P 67999eab49a04fe3afe7bd635ab93c5b [term 0 FOLLOWER]: Consensus starting up: Expiring failure detector timer to make a prompt election more likely
I20260608 10:09:40.786659 28998 raft_consensus.cc:740] T 5398649df8c44744a175b3dc37a6e150 P 67999eab49a04fe3afe7bd635ab93c5b [term 0 FOLLOWER]: Becoming Follower/Learner. State: Replica: 67999eab49a04fe3afe7bd635ab93c5b, State: Initialized, Role: FOLLOWER
I20260608 10:09:40.787587 28998 consensus_queue.cc:260] T 5398649df8c44744a175b3dc37a6e150 P 67999eab49a04fe3afe7bd635ab93c5b [NON_LEADER]: Queue going to NON_LEADER mode. State: All replicated index: 0, Majority replicated index: 0, Committed index: 0, Last appended: 0.0, Last appended by leader: 0, Current term: 0, Majority size: -1, State: 0, Mode: NON_LEADER, active raft config: opid_index: -1 OBSOLETE_local: false peers { permanent_uuid: "f2ed8687f649412aa92afedbb74b25cd" member_type: VOTER last_known_addr { host: "127.25.19.2" port: 36555 } } peers { permanent_uuid: "4087ade1fd2d47248dba04d5970ea5b2" member_type: VOTER last_known_addr { host: "127.25.19.4" port: 41593 } } peers { permanent_uuid: "67999eab49a04fe3afe7bd635ab93c5b" member_type: VOTER last_known_addr { host: "127.25.19.3" port: 33457 } }
I20260608 10:09:40.788203 28999 ts_tablet_manager.cc:1434] T 9b6a629433a2486783de4ccac7828152 P 4087ade1fd2d47248dba04d5970ea5b2: Time spent starting tablet: real 0.097s	user 0.010s	sys 0.006s
I20260608 10:09:40.790432 28998 ts_tablet_manager.cc:1434] T 5398649df8c44744a175b3dc37a6e150 P 67999eab49a04fe3afe7bd635ab93c5b: Time spent starting tablet: real 0.008s	user 0.004s	sys 0.003s
I20260608 10:09:40.791479 28998 tablet_bootstrap.cc:492] T 9b6a629433a2486783de4ccac7828152 P 67999eab49a04fe3afe7bd635ab93c5b: Bootstrap starting.
I20260608 10:09:40.794109 28999 tablet_bootstrap.cc:492] T ec9a1a1c8d94454a8060ab5213c20172 P 4087ade1fd2d47248dba04d5970ea5b2: Bootstrap starting.
I20260608 10:09:40.805194 29000 tablet_bootstrap.cc:492] T 5398649df8c44744a175b3dc37a6e150 P f2ed8687f649412aa92afedbb74b25cd: No bootstrap required, opened a new log
I20260608 10:09:40.807953 29000 ts_tablet_manager.cc:1403] T 5398649df8c44744a175b3dc37a6e150 P f2ed8687f649412aa92afedbb74b25cd: Time spent bootstrapping tablet: real 0.114s	user 0.006s	sys 0.012s
I20260608 10:09:40.813320 28998 tablet_bootstrap.cc:654] T 9b6a629433a2486783de4ccac7828152 P 67999eab49a04fe3afe7bd635ab93c5b: Neither blocks nor log segments found. Creating new log.
I20260608 10:09:40.814493 29000 raft_consensus.cc:359] T 5398649df8c44744a175b3dc37a6e150 P f2ed8687f649412aa92afedbb74b25cd [term 0 FOLLOWER]: Replica starting. Triggering 0 pending ops. Active config: opid_index: -1 OBSOLETE_local: false peers { permanent_uuid: "f2ed8687f649412aa92afedbb74b25cd" member_type: VOTER last_known_addr { host: "127.25.19.2" port: 36555 } } peers { permanent_uuid: "4087ade1fd2d47248dba04d5970ea5b2" member_type: VOTER last_known_addr { host: "127.25.19.4" port: 41593 } } peers { permanent_uuid: "67999eab49a04fe3afe7bd635ab93c5b" member_type: VOTER last_known_addr { host: "127.25.19.3" port: 33457 } }
I20260608 10:09:40.819644 29018 raft_consensus.cc:493] T 9b6a629433a2486783de4ccac7828152 P 4087ade1fd2d47248dba04d5970ea5b2 [term 0 FOLLOWER]: Starting pre-election (no leader contacted us within the election timeout)
I20260608 10:09:40.820166 29018 raft_consensus.cc:515] T 9b6a629433a2486783de4ccac7828152 P 4087ade1fd2d47248dba04d5970ea5b2 [term 0 FOLLOWER]: Starting pre-election with config: opid_index: -1 OBSOLETE_local: false peers { permanent_uuid: "4087ade1fd2d47248dba04d5970ea5b2" member_type: VOTER last_known_addr { host: "127.25.19.4" port: 41593 } } peers { permanent_uuid: "29a6e1a5acff4224baae0071d9104757" member_type: VOTER last_known_addr { host: "127.25.19.1" port: 37851 } } peers { permanent_uuid: "67999eab49a04fe3afe7bd635ab93c5b" member_type: VOTER last_known_addr { host: "127.25.19.3" port: 33457 } }
I20260608 10:09:40.826007 29018 leader_election.cc:290] T 9b6a629433a2486783de4ccac7828152 P 4087ade1fd2d47248dba04d5970ea5b2 [CANDIDATE]: Term 1 pre-election: Requested pre-vote from peers 29a6e1a5acff4224baae0071d9104757 (127.25.19.1:37851), 67999eab49a04fe3afe7bd635ab93c5b (127.25.19.3:33457)
I20260608 10:09:40.816013 29000 raft_consensus.cc:385] T 5398649df8c44744a175b3dc37a6e150 P f2ed8687f649412aa92afedbb74b25cd [term 0 FOLLOWER]: Consensus starting up: Expiring failure detector timer to make a prompt election more likely
I20260608 10:09:40.826736 28999 tablet_bootstrap.cc:654] T ec9a1a1c8d94454a8060ab5213c20172 P 4087ade1fd2d47248dba04d5970ea5b2: Neither blocks nor log segments found. Creating new log.
