I20260608 10:08:29.627324  4458 ts_tablet_manager.cc:1403] T 35a3217367484ebb80e4a28ab0885cc5 P b56b63c2a0eb4c419e8471486d21bb26: Time spent bootstrapping tablet: real 0.025s	user 0.014s	sys 0.009s
I20260608 10:08:29.630396  4458 raft_consensus.cc:359] T 35a3217367484ebb80e4a28ab0885cc5 P b56b63c2a0eb4c419e8471486d21bb26 [term 0 FOLLOWER]: Replica starting. Triggering 0 pending ops. Active config: opid_index: -1 OBSOLETE_local: false peers { permanent_uuid: "b56b63c2a0eb4c419e8471486d21bb26" member_type: VOTER last_known_addr { host: "127.3.129.193" port: 45115 } } peers { permanent_uuid: "e50ba754a70d467a8b97b97dbcbc01f9" member_type: VOTER last_known_addr { host: "127.3.129.194" port: 35007 } } peers { permanent_uuid: "69dace26297d477ba2cd4a33d1929657" member_type: VOTER last_known_addr { host: "127.3.129.195" port: 43877 } }
I20260608 10:08:29.631155  4458 raft_consensus.cc:385] T 35a3217367484ebb80e4a28ab0885cc5 P b56b63c2a0eb4c419e8471486d21bb26 [term 0 FOLLOWER]: Consensus starting up: Expiring failure detector timer to make a prompt election more likely
I20260608 10:08:29.630826  4459 raft_consensus.cc:359] T ba74ed9efd6147e1b3b23f15721c49df P 69dace26297d477ba2cd4a33d1929657 [term 0 FOLLOWER]: Replica starting. Triggering 0 pending ops. Active config: opid_index: -1 OBSOLETE_local: false peers { permanent_uuid: "b56b63c2a0eb4c419e8471486d21bb26" member_type: VOTER last_known_addr { host: "127.3.129.193" port: 45115 } } peers { permanent_uuid: "e50ba754a70d467a8b97b97dbcbc01f9" member_type: VOTER last_known_addr { host: "127.3.129.194" port: 35007 } } peers { permanent_uuid: "69dace26297d477ba2cd4a33d1929657" member_type: VOTER last_known_addr { host: "127.3.129.195" port: 43877 } }
I20260608 10:08:29.631552  4458 raft_consensus.cc:740] T 35a3217367484ebb80e4a28ab0885cc5 P b56b63c2a0eb4c419e8471486d21bb26 [term 0 FOLLOWER]: Becoming Follower/Learner. State: Replica: b56b63c2a0eb4c419e8471486d21bb26, State: Initialized, Role: FOLLOWER
I20260608 10:08:29.632014  4459 raft_consensus.cc:385] T ba74ed9efd6147e1b3b23f15721c49df P 69dace26297d477ba2cd4a33d1929657 [term 0 FOLLOWER]: Consensus starting up: Expiring failure detector timer to make a prompt election more likely
I20260608 10:08:29.632476  4459 raft_consensus.cc:740] T ba74ed9efd6147e1b3b23f15721c49df P 69dace26297d477ba2cd4a33d1929657 [term 0 FOLLOWER]: Becoming Follower/Learner. State: Replica: 69dace26297d477ba2cd4a33d1929657, State: Initialized, Role: FOLLOWER
I20260608 10:08:29.632597  4458 consensus_queue.cc:260] T 35a3217367484ebb80e4a28ab0885cc5 P b56b63c2a0eb4c419e8471486d21bb26 [NON_LEADER]: Queue going to NON_LEADER mode. State: All replicated index: 0, Majority replicated index: 0, Committed index: 0, Last appended: 0.0, Last appended by leader: 0, Current term: 0, Majority size: -1, State: 0, Mode: NON_LEADER, active raft config: opid_index: -1 OBSOLETE_local: false peers { permanent_uuid: "b56b63c2a0eb4c419e8471486d21bb26" member_type: VOTER last_known_addr { host: "127.3.129.193" port: 45115 } } peers { permanent_uuid: "e50ba754a70d467a8b97b97dbcbc01f9" member_type: VOTER last_known_addr { host: "127.3.129.194" port: 35007 } } peers { permanent_uuid: "69dace26297d477ba2cd4a33d1929657" member_type: VOTER last_known_addr { host: "127.3.129.195" port: 43877 } }
I20260608 10:08:29.633747  4461 tablet_bootstrap.cc:654] T 1eea4f1b4b4b4c2aae4c06b0e4493dd2 P e50ba754a70d467a8b97b97dbcbc01f9: Neither blocks nor log segments found. Creating new log.
I20260608 10:08:29.633635  4459 consensus_queue.cc:260] T ba74ed9efd6147e1b3b23f15721c49df P 69dace26297d477ba2cd4a33d1929657 [NON_LEADER]: Queue going to NON_LEADER mode. State: All replicated index: 0, Majority replicated index: 0, Committed index: 0, Last appended: 0.0, Last appended by leader: 0, Current term: 0, Majority size: -1, State: 0, Mode: NON_LEADER, active raft config: opid_index: -1 OBSOLETE_local: false peers { permanent_uuid: "b56b63c2a0eb4c419e8471486d21bb26" member_type: VOTER last_known_addr { host: "127.3.129.193" port: 45115 } } peers { permanent_uuid: "e50ba754a70d467a8b97b97dbcbc01f9" member_type: VOTER last_known_addr { host: "127.3.129.194" port: 35007 } } peers { permanent_uuid: "69dace26297d477ba2cd4a33d1929657" member_type: VOTER last_known_addr { host: "127.3.129.195" port: 43877 } }
I20260608 10:08:29.635221  4458 ts_tablet_manager.cc:1434] T 35a3217367484ebb80e4a28ab0885cc5 P b56b63c2a0eb4c419e8471486d21bb26: Time spent starting tablet: real 0.008s	user 0.006s	sys 0.000s
I20260608 10:08:29.636248  4458 tablet_bootstrap.cc:492] T 0873e269f6a44501a98645ed5498bae5 P b56b63c2a0eb4c419e8471486d21bb26: Bootstrap starting.
I20260608 10:08:29.643036  4459 ts_tablet_manager.cc:1434] T ba74ed9efd6147e1b3b23f15721c49df P 69dace26297d477ba2cd4a33d1929657: Time spent starting tablet: real 0.016s	user 0.007s	sys 0.000s
I20260608 10:08:29.643778  4458 tablet_bootstrap.cc:654] T 0873e269f6a44501a98645ed5498bae5 P b56b63c2a0eb4c419e8471486d21bb26: Neither blocks nor log segments found. Creating new log.
I20260608 10:08:29.644896  4459 tablet_bootstrap.cc:492] T c8178aaa9e344ab9a26a466e7afb429d P 69dace26297d477ba2cd4a33d1929657: Bootstrap starting.
I20260608 10:08:29.651001  4462 raft_consensus.cc:493] T ba74ed9efd6147e1b3b23f15721c49df P b56b63c2a0eb4c419e8471486d21bb26 [term 0 FOLLOWER]: Starting pre-election (no leader contacted us within the election timeout)
I20260608 10:08:29.651661  4462 raft_consensus.cc:515] T ba74ed9efd6147e1b3b23f15721c49df P b56b63c2a0eb4c419e8471486d21bb26 [term 0 FOLLOWER]: Starting pre-election with config: opid_index: -1 OBSOLETE_local: false peers { permanent_uuid: "b56b63c2a0eb4c419e8471486d21bb26" member_type: VOTER last_known_addr { host: "127.3.129.193" port: 45115 } } peers { permanent_uuid: "e50ba754a70d467a8b97b97dbcbc01f9" member_type: VOTER last_known_addr { host: "127.3.129.194" port: 35007 } } peers { permanent_uuid: "69dace26297d477ba2cd4a33d1929657" member_type: VOTER last_known_addr { host: "127.3.129.195" port: 43877 } }
I20260608 10:08:29.655260  4459 tablet_bootstrap.cc:654] T c8178aaa9e344ab9a26a466e7afb429d P 69dace26297d477ba2cd4a33d1929657: Neither blocks nor log segments found. Creating new log.
I20260608 10:08:29.657749  4462 leader_election.cc:290] T ba74ed9efd6147e1b3b23f15721c49df P b56b63c2a0eb4c419e8471486d21bb26 [CANDIDATE]: Term 1 pre-election: Requested pre-vote from peers e50ba754a70d467a8b97b97dbcbc01f9 (127.3.129.194:35007), 69dace26297d477ba2cd4a33d1929657 (127.3.129.195:43877)
I20260608 10:08:29.671124  4461 tablet_bootstrap.cc:492] T 1eea4f1b4b4b4c2aae4c06b0e4493dd2 P e50ba754a70d467a8b97b97dbcbc01f9: No bootstrap required, opened a new log
I20260608 10:08:29.671804  4461 ts_tablet_manager.cc:1403] T 1eea4f1b4b4b4c2aae4c06b0e4493dd2 P e50ba754a70d467a8b97b97dbcbc01f9: Time spent bootstrapping tablet: real 0.046s	user 0.014s	sys 0.026s
I20260608 10:08:29.675774  4461 raft_consensus.cc:359] T 1eea4f1b4b4b4c2aae4c06b0e4493dd2 P e50ba754a70d467a8b97b97dbcbc01f9 [term 0 FOLLOWER]: Replica starting. Triggering 0 pending ops. Active config: opid_index: -1 OBSOLETE_local: false peers { permanent_uuid: "e50ba754a70d467a8b97b97dbcbc01f9" member_type: VOTER last_known_addr { host: "127.3.129.194" port: 35007 } } peers { permanent_uuid: "69dace26297d477ba2cd4a33d1929657" member_type: VOTER last_known_addr { host: "127.3.129.195" port: 43877 } } peers { permanent_uuid: "b56b63c2a0eb4c419e8471486d21bb26" member_type: VOTER last_known_addr { host: "127.3.129.193" port: 45115 } }
I20260608 10:08:29.676652  4461 raft_consensus.cc:385] T 1eea4f1b4b4b4c2aae4c06b0e4493dd2 P e50ba754a70d467a8b97b97dbcbc01f9 [term 0 FOLLOWER]: Consensus starting up: Expiring failure detector timer to make a prompt election more likely
I20260608 10:08:29.676999  4461 raft_consensus.cc:740] T 1eea4f1b4b4b4c2aae4c06b0e4493dd2 P e50ba754a70d467a8b97b97dbcbc01f9 [term 0 FOLLOWER]: Becoming Follower/Learner. State: Replica: e50ba754a70d467a8b97b97dbcbc01f9, State: Initialized, Role: FOLLOWER
I20260608 10:08:29.678023  4461 consensus_queue.cc:260] T 1eea4f1b4b4b4c2aae4c06b0e4493dd2 P e50ba754a70d467a8b97b97dbcbc01f9 [NON_LEADER]: Queue going to NON_LEADER mode. State: All replicated index: 0, Majority replicated index: 0, Committed index: 0, Last appended: 0.0, Last appended by leader: 0, Current term: 0, Majority size: -1, State: 0, Mode: NON_LEADER, active raft config: opid_index: -1 OBSOLETE_local: false peers { permanent_uuid: "e50ba754a70d467a8b97b97dbcbc01f9" member_type: VOTER last_known_addr { host: "127.3.129.194" port: 35007 } } peers { permanent_uuid: "69dace26297d477ba2cd4a33d1929657" member_type: VOTER last_known_addr { host: "127.3.129.195" port: 43877 } } peers { permanent_uuid: "b56b63c2a0eb4c419e8471486d21bb26" member_type: VOTER last_known_addr { host: "127.3.129.193" port: 45115 } }
I20260608 10:08:29.679622  4465 raft_consensus.cc:493] T 1eea4f1b4b4b4c2aae4c06b0e4493dd2 P 69dace26297d477ba2cd4a33d1929657 [term 0 FOLLOWER]: Starting pre-election (no leader contacted us within the election timeout)
I20260608 10:08:29.680192  4465 raft_consensus.cc:515] T 1eea4f1b4b4b4c2aae4c06b0e4493dd2 P 69dace26297d477ba2cd4a33d1929657 [term 0 FOLLOWER]: Starting pre-election with config: opid_index: -1 OBSOLETE_local: false peers { permanent_uuid: "e50ba754a70d467a8b97b97dbcbc01f9" member_type: VOTER last_known_addr { host: "127.3.129.194" port: 35007 } } peers { permanent_uuid: "69dace26297d477ba2cd4a33d1929657" member_type: VOTER last_known_addr { host: "127.3.129.195" port: 43877 } } peers { permanent_uuid: "b56b63c2a0eb4c419e8471486d21bb26" member_type: VOTER last_known_addr { host: "127.3.129.193" port: 45115 } }
I20260608 10:08:29.681422  4461 ts_tablet_manager.cc:1434] T 1eea4f1b4b4b4c2aae4c06b0e4493dd2 P e50ba754a70d467a8b97b97dbcbc01f9: Time spent starting tablet: real 0.009s	user 0.007s	sys 0.000s
I20260608 10:08:29.682482  4458 tablet_bootstrap.cc:492] T 0873e269f6a44501a98645ed5498bae5 P b56b63c2a0eb4c419e8471486d21bb26: No bootstrap required, opened a new log
I20260608 10:08:29.682533  4461 tablet_bootstrap.cc:492] T cbb80819aaaf4ee09d0e11e1f67c1ee5 P e50ba754a70d467a8b97b97dbcbc01f9: Bootstrap starting.
I20260608 10:08:29.682899  4458 ts_tablet_manager.cc:1403] T 0873e269f6a44501a98645ed5498bae5 P b56b63c2a0eb4c419e8471486d21bb26: Time spent bootstrapping tablet: real 0.047s	user 0.012s	sys 0.008s
I20260608 10:08:29.685830  4458 raft_consensus.cc:359] T 0873e269f6a44501a98645ed5498bae5 P b56b63c2a0eb4c419e8471486d21bb26 [term 0 FOLLOWER]: Replica starting. Triggering 0 pending ops. Active config: opid_index: -1 OBSOLETE_local: false peers { permanent_uuid: "b56b63c2a0eb4c419e8471486d21bb26" member_type: VOTER last_known_addr { host: "127.3.129.193" port: 45115 } } peers { permanent_uuid: "e50ba754a70d467a8b97b97dbcbc01f9" member_type: VOTER last_known_addr { host: "127.3.129.194" port: 35007 } } peers { permanent_uuid: "69dace26297d477ba2cd4a33d1929657" member_type: VOTER last_known_addr { host: "127.3.129.195" port: 43877 } }
I20260608 10:08:29.686573  4458 raft_consensus.cc:385] T 0873e269f6a44501a98645ed5498bae5 P b56b63c2a0eb4c419e8471486d21bb26 [term 0 FOLLOWER]: Consensus starting up: Expiring failure detector timer to make a prompt election more likely
I20260608 10:08:29.686896  4458 raft_consensus.cc:740] T 0873e269f6a44501a98645ed5498bae5 P b56b63c2a0eb4c419e8471486d21bb26 [term 0 FOLLOWER]: Becoming Follower/Learner. State: Replica: b56b63c2a0eb4c419e8471486d21bb26, State: Initialized, Role: FOLLOWER
I20260608 10:08:29.687877  4458 consensus_queue.cc:260] T 0873e269f6a44501a98645ed5498bae5 P b56b63c2a0eb4c419e8471486d21bb26 [NON_LEADER]: Queue going to NON_LEADER mode. State: All replicated index: 0, Majority replicated index: 0, Committed index: 0, Last appended: 0.0, Last appended by leader: 0, Current term: 0, Majority size: -1, State: 0, Mode: NON_LEADER, active raft config: opid_index: -1 OBSOLETE_local: false peers { permanent_uuid: "b56b63c2a0eb4c419e8471486d21bb26" member_type: VOTER last_known_addr { host: "127.3.129.193" port: 45115 } } peers { permanent_uuid: "e50ba754a70d467a8b97b97dbcbc01f9" member_type: VOTER last_known_addr { host: "127.3.129.194" port: 35007 } } peers { permanent_uuid: "69dace26297d477ba2cd4a33d1929657" member_type: VOTER last_known_addr { host: "127.3.129.195" port: 43877 } }
I20260608 10:08:29.691162  4461 tablet_bootstrap.cc:654] T cbb80819aaaf4ee09d0e11e1f67c1ee5 P e50ba754a70d467a8b97b97dbcbc01f9: Neither blocks nor log segments found. Creating new log.
I20260608 10:08:29.695295  4458 ts_tablet_manager.cc:1434] T 0873e269f6a44501a98645ed5498bae5 P b56b63c2a0eb4c419e8471486d21bb26: Time spent starting tablet: real 0.012s	user 0.008s	sys 0.000s
I20260608 10:08:29.696470  4458 tablet_bootstrap.cc:492] T c8178aaa9e344ab9a26a466e7afb429d P b56b63c2a0eb4c419e8471486d21bb26: Bootstrap starting.
I20260608 10:08:29.699852  4413 tablet_service.cc:1917] Received RequestConsensusVote() RPC: tablet_id: "ba74ed9efd6147e1b3b23f15721c49df" candidate_uuid: "b56b63c2a0eb4c419e8471486d21bb26" candidate_term: 1 candidate_status { last_received { term: 0 index: 0 } } ignore_live_leader: false dest_uuid: "69dace26297d477ba2cd4a33d1929657" is_pre_election: true
I20260608 10:08:29.700678  4413 raft_consensus.cc:2468] T ba74ed9efd6147e1b3b23f15721c49df P 69dace26297d477ba2cd4a33d1929657 [term 0 FOLLOWER]: Leader pre-election vote request: Granting yes vote for candidate b56b63c2a0eb4c419e8471486d21bb26 in term 0.
I20260608 10:08:29.702716  4458 tablet_bootstrap.cc:654] T c8178aaa9e344ab9a26a466e7afb429d P b56b63c2a0eb4c419e8471486d21bb26: Neither blocks nor log segments found. Creating new log.
I20260608 10:08:29.703630  4465 leader_election.cc:290] T 1eea4f1b4b4b4c2aae4c06b0e4493dd2 P 69dace26297d477ba2cd4a33d1929657 [CANDIDATE]: Term 1 pre-election: Requested pre-vote from peers e50ba754a70d467a8b97b97dbcbc01f9 (127.3.129.194:35007), b56b63c2a0eb4c419e8471486d21bb26 (127.3.129.193:45115)
I20260608 10:08:29.714643  4339 tablet_service.cc:1917] Received RequestConsensusVote() RPC: tablet_id: "ba74ed9efd6147e1b3b23f15721c49df" candidate_uuid: "b56b63c2a0eb4c419e8471486d21bb26" candidate_term: 1 candidate_status { last_received { term: 0 index: 0 } } ignore_live_leader: false dest_uuid: "e50ba754a70d467a8b97b97dbcbc01f9" is_pre_election: true
I20260608 10:08:29.716686  4458 tablet_bootstrap.cc:492] T c8178aaa9e344ab9a26a466e7afb429d P b56b63c2a0eb4c419e8471486d21bb26: No bootstrap required, opened a new log
W20260608 10:08:29.716720  4227 leader_election.cc:343] T ba74ed9efd6147e1b3b23f15721c49df P b56b63c2a0eb4c419e8471486d21bb26 [CANDIDATE]: Term 1 pre-election: Tablet error from VoteRequest() call to peer e50ba754a70d467a8b97b97dbcbc01f9 (127.3.129.194:35007): Illegal state: must be running to vote when last-logged opid is not known
I20260608 10:08:29.717372  4458 ts_tablet_manager.cc:1403] T c8178aaa9e344ab9a26a466e7afb429d P b56b63c2a0eb4c419e8471486d21bb26: Time spent bootstrapping tablet: real 0.021s	user 0.012s	sys 0.004s
I20260608 10:08:29.719780  4458 raft_consensus.cc:359] T c8178aaa9e344ab9a26a466e7afb429d P b56b63c2a0eb4c419e8471486d21bb26 [term 0 FOLLOWER]: Replica starting. Triggering 0 pending ops. Active config: opid_index: -1 OBSOLETE_local: false peers { permanent_uuid: "b56b63c2a0eb4c419e8471486d21bb26" member_type: VOTER last_known_addr { host: "127.3.129.193" port: 45115 } } peers { permanent_uuid: "e50ba754a70d467a8b97b97dbcbc01f9" member_type: VOTER last_known_addr { host: "127.3.129.194" port: 35007 } } peers { permanent_uuid: "69dace26297d477ba2cd4a33d1929657" member_type: VOTER last_known_addr { host: "127.3.129.195" port: 43877 } }
I20260608 10:08:29.720734  4458 raft_consensus.cc:385] T c8178aaa9e344ab9a26a466e7afb429d P b56b63c2a0eb4c419e8471486d21bb26 [term 0 FOLLOWER]: Consensus starting up: Expiring failure detector timer to make a prompt election more likely
I20260608 10:08:29.721091  4458 raft_consensus.cc:740] T c8178aaa9e344ab9a26a466e7afb429d P b56b63c2a0eb4c419e8471486d21bb26 [term 0 FOLLOWER]: Becoming Follower/Learner. State: Replica: b56b63c2a0eb4c419e8471486d21bb26, State: Initialized, Role: FOLLOWER
I20260608 10:08:29.722165  4458 consensus_queue.cc:260] T c8178aaa9e344ab9a26a466e7afb429d P b56b63c2a0eb4c419e8471486d21bb26 [NON_LEADER]: Queue going to NON_LEADER mode. State: All replicated index: 0, Majority replicated index: 0, Committed index: 0, Last appended: 0.0, Last appended by leader: 0, Current term: 0, Majority size: -1, State: 0, Mode: NON_LEADER, active raft config: opid_index: -1 OBSOLETE_local: false peers { permanent_uuid: "b56b63c2a0eb4c419e8471486d21bb26" member_type: VOTER last_known_addr { host: "127.3.129.193" port: 45115 } } peers { permanent_uuid: "e50ba754a70d467a8b97b97dbcbc01f9" member_type: VOTER last_known_addr { host: "127.3.129.194" port: 35007 } } peers { permanent_uuid: "69dace26297d477ba2cd4a33d1929657" member_type: VOTER last_known_addr { host: "127.3.129.195" port: 43877 } }
I20260608 10:08:29.725503  4458 ts_tablet_manager.cc:1434] T c8178aaa9e344ab9a26a466e7afb429d P b56b63c2a0eb4c419e8471486d21bb26: Time spent starting tablet: real 0.008s	user 0.005s	sys 0.003s
I20260608 10:08:29.726806  4458 tablet_bootstrap.cc:492] T 1eea4f1b4b4b4c2aae4c06b0e4493dd2 P b56b63c2a0eb4c419e8471486d21bb26: Bootstrap starting.
I20260608 10:08:29.733057  4459 tablet_bootstrap.cc:492] T c8178aaa9e344ab9a26a466e7afb429d P 69dace26297d477ba2cd4a33d1929657: No bootstrap required, opened a new log
I20260608 10:08:29.733608  4459 ts_tablet_manager.cc:1403] T c8178aaa9e344ab9a26a466e7afb429d P 69dace26297d477ba2cd4a33d1929657: Time spent bootstrapping tablet: real 0.089s	user 0.020s	sys 0.004s
I20260608 10:08:29.734030  4458 tablet_bootstrap.cc:654] T 1eea4f1b4b4b4c2aae4c06b0e4493dd2 P b56b63c2a0eb4c419e8471486d21bb26: Neither blocks nor log segments found. Creating new log.
I20260608 10:08:29.736763  4459 raft_consensus.cc:359] T c8178aaa9e344ab9a26a466e7afb429d P 69dace26297d477ba2cd4a33d1929657 [term 0 FOLLOWER]: Replica starting. Triggering 0 pending ops. Active config: opid_index: -1 OBSOLETE_local: false peers { permanent_uuid: "b56b63c2a0eb4c419e8471486d21bb26" member_type: VOTER last_known_addr { host: "127.3.129.193" port: 45115 } } peers { permanent_uuid: "e50ba754a70d467a8b97b97dbcbc01f9" member_type: VOTER last_known_addr { host: "127.3.129.194" port: 35007 } } peers { permanent_uuid: "69dace26297d477ba2cd4a33d1929657" member_type: VOTER last_known_addr { host: "127.3.129.195" port: 43877 } }
I20260608 10:08:29.737766  4459 raft_consensus.cc:385] T c8178aaa9e344ab9a26a466e7afb429d P 69dace26297d477ba2cd4a33d1929657 [term 0 FOLLOWER]: Consensus starting up: Expiring failure detector timer to make a prompt election more likely
I20260608 10:08:29.738147  4459 raft_consensus.cc:740] T c8178aaa9e344ab9a26a466e7afb429d P 69dace26297d477ba2cd4a33d1929657 [term 0 FOLLOWER]: Becoming Follower/Learner. State: Replica: 69dace26297d477ba2cd4a33d1929657, State: Initialized, Role: FOLLOWER
I20260608 10:08:29.739205  4459 consensus_queue.cc:260] T c8178aaa9e344ab9a26a466e7afb429d P 69dace26297d477ba2cd4a33d1929657 [NON_LEADER]: Queue going to NON_LEADER mode. State: All replicated index: 0, Majority replicated index: 0, Committed index: 0, Last appended: 0.0, Last appended by leader: 0, Current term: 0, Majority size: -1, State: 0, Mode: NON_LEADER, active raft config: opid_index: -1 OBSOLETE_local: false peers { permanent_uuid: "b56b63c2a0eb4c419e8471486d21bb26" member_type: VOTER last_known_addr { host: "127.3.129.193" port: 45115 } } peers { permanent_uuid: "e50ba754a70d467a8b97b97dbcbc01f9" member_type: VOTER last_known_addr { host: "127.3.129.194" port: 35007 } } peers { permanent_uuid: "69dace26297d477ba2cd4a33d1929657" member_type: VOTER last_known_addr { host: "127.3.129.195" port: 43877 } }
I20260608 10:08:29.741899  4459 ts_tablet_manager.cc:1434] T c8178aaa9e344ab9a26a466e7afb429d P 69dace26297d477ba2cd4a33d1929657: Time spent starting tablet: real 0.008s	user 0.005s	sys 0.003s
I20260608 10:08:29.742964  4459 tablet_bootstrap.cc:492] T 0873e269f6a44501a98645ed5498bae5 P 69dace26297d477ba2cd4a33d1929657: Bootstrap starting.
I20260608 10:08:29.744699  4458 tablet_bootstrap.cc:492] T 1eea4f1b4b4b4c2aae4c06b0e4493dd2 P b56b63c2a0eb4c419e8471486d21bb26: No bootstrap required, opened a new log
I20260608 10:08:29.745333  4458 ts_tablet_manager.cc:1403] T 1eea4f1b4b4b4c2aae4c06b0e4493dd2 P b56b63c2a0eb4c419e8471486d21bb26: Time spent bootstrapping tablet: real 0.019s	user 0.010s	sys 0.003s
I20260608 10:08:29.749004  4458 raft_consensus.cc:359] T 1eea4f1b4b4b4c2aae4c06b0e4493dd2 P b56b63c2a0eb4c419e8471486d21bb26 [term 0 FOLLOWER]: Replica starting. Triggering 0 pending ops. Active config: opid_index: -1 OBSOLETE_local: false peers { permanent_uuid: "e50ba754a70d467a8b97b97dbcbc01f9" member_type: VOTER last_known_addr { host: "127.3.129.194" port: 35007 } } peers { permanent_uuid: "69dace26297d477ba2cd4a33d1929657" member_type: VOTER last_known_addr { host: "127.3.129.195" port: 43877 } } peers { permanent_uuid: "b56b63c2a0eb4c419e8471486d21bb26" member_type: VOTER last_known_addr { host: "127.3.129.193" port: 45115 } }
I20260608 10:08:29.749953  4458 raft_consensus.cc:385] T 1eea4f1b4b4b4c2aae4c06b0e4493dd2 P b56b63c2a0eb4c419e8471486d21bb26 [term 0 FOLLOWER]: Consensus starting up: Expiring failure detector timer to make a prompt election more likely
I20260608 10:08:29.750263  4458 raft_consensus.cc:740] T 1eea4f1b4b4b4c2aae4c06b0e4493dd2 P b56b63c2a0eb4c419e8471486d21bb26 [term 0 FOLLOWER]: Becoming Follower/Learner. State: Replica: b56b63c2a0eb4c419e8471486d21bb26, State: Initialized, Role: FOLLOWER
I20260608 10:08:29.751231  4458 consensus_queue.cc:260] T 1eea4f1b4b4b4c2aae4c06b0e4493dd2 P b56b63c2a0eb4c419e8471486d21bb26 [NON_LEADER]: Queue going to NON_LEADER mode. State: All replicated index: 0, Majority replicated index: 0, Committed index: 0, Last appended: 0.0, Last appended by leader: 0, Current term: 0, Majority size: -1, State: 0, Mode: NON_LEADER, active raft config: opid_index: -1 OBSOLETE_local: false peers { permanent_uuid: "e50ba754a70d467a8b97b97dbcbc01f9" member_type: VOTER last_known_addr { host: "127.3.129.194" port: 35007 } } peers { permanent_uuid: "69dace26297d477ba2cd4a33d1929657" member_type: VOTER last_known_addr { host: "127.3.129.195" port: 43877 } } peers { permanent_uuid: "b56b63c2a0eb4c419e8471486d21bb26" member_type: VOTER last_known_addr { host: "127.3.129.193" port: 45115 } }
I20260608 10:08:29.756567  4228 leader_election.cc:304] T ba74ed9efd6147e1b3b23f15721c49df P b56b63c2a0eb4c419e8471486d21bb26 [CANDIDATE]: Term 1 pre-election: Election decided. Result: candidate won. Election summary: received 3 responses out of 3 voters: 2 yes votes; 1 no votes. yes voters: 69dace26297d477ba2cd4a33d1929657, b56b63c2a0eb4c419e8471486d21bb26; no voters: e50ba754a70d467a8b97b97dbcbc01f9
I20260608 10:08:29.758004  4462 raft_consensus.cc:2804] T ba74ed9efd6147e1b3b23f15721c49df P b56b63c2a0eb4c419e8471486d21bb26 [term 0 FOLLOWER]: Leader pre-election won for term 1
I20260608 10:08:29.758420  4462 raft_consensus.cc:493] T ba74ed9efd6147e1b3b23f15721c49df P b56b63c2a0eb4c419e8471486d21bb26 [term 0 FOLLOWER]: Starting leader election (no leader contacted us within the election timeout)
I20260608 10:08:29.758764  4462 raft_consensus.cc:3060] T ba74ed9efd6147e1b3b23f15721c49df P b56b63c2a0eb4c419e8471486d21bb26 [term 0 FOLLOWER]: Advancing to term 1
I20260608 10:08:29.769376  4462 raft_consensus.cc:515] T ba74ed9efd6147e1b3b23f15721c49df P b56b63c2a0eb4c419e8471486d21bb26 [term 1 FOLLOWER]: Starting leader election with config: opid_index: -1 OBSOLETE_local: false peers { permanent_uuid: "b56b63c2a0eb4c419e8471486d21bb26" member_type: VOTER last_known_addr { host: "127.3.129.193" port: 45115 } } peers { permanent_uuid: "e50ba754a70d467a8b97b97dbcbc01f9" member_type: VOTER last_known_addr { host: "127.3.129.194" port: 35007 } } peers { permanent_uuid: "69dace26297d477ba2cd4a33d1929657" member_type: VOTER last_known_addr { host: "127.3.129.195" port: 43877 } }
I20260608 10:08:29.770334  4339 tablet_service.cc:1917] Received RequestConsensusVote() RPC: tablet_id: "1eea4f1b4b4b4c2aae4c06b0e4493dd2" candidate_uuid: "69dace26297d477ba2cd4a33d1929657" candidate_term: 1 candidate_status { last_received { term: 0 index: 0 } } ignore_live_leader: false dest_uuid: "e50ba754a70d467a8b97b97dbcbc01f9" is_pre_election: true
I20260608 10:08:29.771006  4339 raft_consensus.cc:2468] T 1eea4f1b4b4b4c2aae4c06b0e4493dd2 P e50ba754a70d467a8b97b97dbcbc01f9 [term 0 FOLLOWER]: Leader pre-election vote request: Granting yes vote for candidate 69dace26297d477ba2cd4a33d1929657 in term 0.
I20260608 10:08:29.772397  4339 tablet_service.cc:1917] Received RequestConsensusVote() RPC: tablet_id: "ba74ed9efd6147e1b3b23f15721c49df" candidate_uuid: "b56b63c2a0eb4c419e8471486d21bb26" candidate_term: 1 candidate_status { last_received { term: 0 index: 0 } } ignore_live_leader: false dest_uuid: "e50ba754a70d467a8b97b97dbcbc01f9"
I20260608 10:08:29.772693  4376 leader_election.cc:304] T 1eea4f1b4b4b4c2aae4c06b0e4493dd2 P 69dace26297d477ba2cd4a33d1929657 [CANDIDATE]: Term 1 pre-election: Election decided. Result: candidate won. Election summary: received 2 responses out of 3 voters: 2 yes votes; 0 no votes. yes voters: 69dace26297d477ba2cd4a33d1929657, e50ba754a70d467a8b97b97dbcbc01f9; no voters: 
I20260608 10:08:29.773835  4465 raft_consensus.cc:2804] T 1eea4f1b4b4b4c2aae4c06b0e4493dd2 P 69dace26297d477ba2cd4a33d1929657 [term 0 FOLLOWER]: Leader pre-election won for term 1
I20260608 10:08:29.774478  4458 ts_tablet_manager.cc:1434] T 1eea4f1b4b4b4c2aae4c06b0e4493dd2 P b56b63c2a0eb4c419e8471486d21bb26: Time spent starting tablet: real 0.029s	user 0.006s	sys 0.004s
W20260608 10:08:29.773994  4227 leader_election.cc:343] T ba74ed9efd6147e1b3b23f15721c49df P b56b63c2a0eb4c419e8471486d21bb26 [CANDIDATE]: Term 1 election: Tablet error from VoteRequest() call to peer e50ba754a70d467a8b97b97dbcbc01f9 (127.3.129.194:35007): Illegal state: must be running to vote when last-logged opid is not known
I20260608 10:08:29.774518  4465 raft_consensus.cc:493] T 1eea4f1b4b4b4c2aae4c06b0e4493dd2 P 69dace26297d477ba2cd4a33d1929657 [term 0 FOLLOWER]: Starting leader election (no leader contacted us within the election timeout)
I20260608 10:08:29.775316  4465 raft_consensus.cc:3060] T 1eea4f1b4b4b4c2aae4c06b0e4493dd2 P 69dace26297d477ba2cd4a33d1929657 [term 0 FOLLOWER]: Advancing to term 1
I20260608 10:08:29.780134  4461 tablet_bootstrap.cc:492] T cbb80819aaaf4ee09d0e11e1f67c1ee5 P e50ba754a70d467a8b97b97dbcbc01f9: No bootstrap required, opened a new log
I20260608 10:08:29.780195  4459 tablet_bootstrap.cc:654] T 0873e269f6a44501a98645ed5498bae5 P 69dace26297d477ba2cd4a33d1929657: Neither blocks nor log segments found. Creating new log.
I20260608 10:08:29.780988  4461 ts_tablet_manager.cc:1403] T cbb80819aaaf4ee09d0e11e1f67c1ee5 P e50ba754a70d467a8b97b97dbcbc01f9: Time spent bootstrapping tablet: real 0.099s	user 0.040s	sys 0.053s
I20260608 10:08:29.783594  4458 tablet_bootstrap.cc:492] T 17f400904ebb412ea319c37a37d03d2e P b56b63c2a0eb4c419e8471486d21bb26: Bootstrap starting.
I20260608 10:08:29.787685  4462 leader_election.cc:290] T ba74ed9efd6147e1b3b23f15721c49df P b56b63c2a0eb4c419e8471486d21bb26 [CANDIDATE]: Term 1 election: Requested vote from peers e50ba754a70d467a8b97b97dbcbc01f9 (127.3.129.194:35007), 69dace26297d477ba2cd4a33d1929657 (127.3.129.195:43877)
I20260608 10:08:29.788920  4462 raft_consensus.cc:493] T 35a3217367484ebb80e4a28ab0885cc5 P b56b63c2a0eb4c419e8471486d21bb26 [term 0 FOLLOWER]: Starting pre-election (no leader contacted us within the election timeout)
I20260608 10:08:29.789417  4462 raft_consensus.cc:515] T 35a3217367484ebb80e4a28ab0885cc5 P b56b63c2a0eb4c419e8471486d21bb26 [term 0 FOLLOWER]: Starting pre-election with config: opid_index: -1 OBSOLETE_local: false peers { permanent_uuid: "b56b63c2a0eb4c419e8471486d21bb26" member_type: VOTER last_known_addr { host: "127.3.129.193" port: 45115 } } peers { permanent_uuid: "e50ba754a70d467a8b97b97dbcbc01f9" member_type: VOTER last_known_addr { host: "127.3.129.194" port: 35007 } } peers { permanent_uuid: "69dace26297d477ba2cd4a33d1929657" member_type: VOTER last_known_addr { host: "127.3.129.195" port: 43877 } }
I20260608 10:08:29.790009  4413 tablet_service.cc:1917] Received RequestConsensusVote() RPC: tablet_id: "ba74ed9efd6147e1b3b23f15721c49df" candidate_uuid: "b56b63c2a0eb4c419e8471486d21bb26" candidate_term: 1 candidate_status { last_received { term: 0 index: 0 } } ignore_live_leader: false dest_uuid: "69dace26297d477ba2cd4a33d1929657"
I20260608 10:08:29.794354  4413 raft_consensus.cc:3060] T ba74ed9efd6147e1b3b23f15721c49df P 69dace26297d477ba2cd4a33d1929657 [term 0 FOLLOWER]: Advancing to term 1
I20260608 10:08:29.795833  4462 leader_election.cc:290] T 35a3217367484ebb80e4a28ab0885cc5 P b56b63c2a0eb4c419e8471486d21bb26 [CANDIDATE]: Term 1 pre-election: Requested pre-vote from peers e50ba754a70d467a8b97b97dbcbc01f9 (127.3.129.194:35007), 69dace26297d477ba2cd4a33d1929657 (127.3.129.195:43877)
I20260608 10:08:29.796700  4339 tablet_service.cc:1917] Received RequestConsensusVote() RPC: tablet_id: "35a3217367484ebb80e4a28ab0885cc5" candidate_uuid: "b56b63c2a0eb4c419e8471486d21bb26" candidate_term: 1 candidate_status { last_received { term: 0 index: 0 } } ignore_live_leader: false dest_uuid: "e50ba754a70d467a8b97b97dbcbc01f9" is_pre_election: true
I20260608 10:08:29.792470  4465 raft_consensus.cc:515] T 1eea4f1b4b4b4c2aae4c06b0e4493dd2 P 69dace26297d477ba2cd4a33d1929657 [term 1 FOLLOWER]: Starting leader election with config: opid_index: -1 OBSOLETE_local: false peers { permanent_uuid: "e50ba754a70d467a8b97b97dbcbc01f9" member_type: VOTER last_known_addr { host: "127.3.129.194" port: 35007 } } peers { permanent_uuid: "69dace26297d477ba2cd4a33d1929657" member_type: VOTER last_known_addr { host: "127.3.129.195" port: 43877 } } peers { permanent_uuid: "b56b63c2a0eb4c419e8471486d21bb26" member_type: VOTER last_known_addr { host: "127.3.129.193" port: 45115 } }
I20260608 10:08:29.795490  4461 raft_consensus.cc:359] T cbb80819aaaf4ee09d0e11e1f67c1ee5 P e50ba754a70d467a8b97b97dbcbc01f9 [term 0 FOLLOWER]: Replica starting. Triggering 0 pending ops. Active config: opid_index: -1 OBSOLETE_local: false peers { permanent_uuid: "b56b63c2a0eb4c419e8471486d21bb26" member_type: VOTER last_known_addr { host: "127.3.129.193" port: 45115 } } peers { permanent_uuid: "e50ba754a70d467a8b97b97dbcbc01f9" member_type: VOTER last_known_addr { host: "127.3.129.194" port: 35007 } } peers { permanent_uuid: "69dace26297d477ba2cd4a33d1929657" member_type: VOTER last_known_addr { host: "127.3.129.195" port: 43877 } }
I20260608 10:08:29.797739  4339 raft_consensus.cc:2468] T 35a3217367484ebb80e4a28ab0885cc5 P e50ba754a70d467a8b97b97dbcbc01f9 [term 0 FOLLOWER]: Leader pre-election vote request: Granting yes vote for candidate b56b63c2a0eb4c419e8471486d21bb26 in term 0.
I20260608 10:08:29.798207  4461 raft_consensus.cc:385] T cbb80819aaaf4ee09d0e11e1f67c1ee5 P e50ba754a70d467a8b97b97dbcbc01f9 [term 0 FOLLOWER]: Consensus starting up: Expiring failure detector timer to make a prompt election more likely
I20260608 10:08:29.798743  4461 raft_consensus.cc:740] T cbb80819aaaf4ee09d0e11e1f67c1ee5 P e50ba754a70d467a8b97b97dbcbc01f9 [term 0 FOLLOWER]: Becoming Follower/Learner. State: Replica: e50ba754a70d467a8b97b97dbcbc01f9, State: Initialized, Role: FOLLOWER
I20260608 10:08:29.799331  4227 leader_election.cc:304] T 35a3217367484ebb80e4a28ab0885cc5 P b56b63c2a0eb4c419e8471486d21bb26 [CANDIDATE]: Term 1 pre-election: Election decided. Result: candidate won. Election summary: received 2 responses out of 3 voters: 2 yes votes; 0 no votes. yes voters: b56b63c2a0eb4c419e8471486d21bb26, e50ba754a70d467a8b97b97dbcbc01f9; no voters: 
I20260608 10:08:29.797771  4412 tablet_service.cc:1917] Received RequestConsensusVote() RPC: tablet_id: "35a3217367484ebb80e4a28ab0885cc5" candidate_uuid: "b56b63c2a0eb4c419e8471486d21bb26" candidate_term: 1 candidate_status { last_received { term: 0 index: 0 } } ignore_live_leader: false dest_uuid: "69dace26297d477ba2cd4a33d1929657" is_pre_election: true
I20260608 10:08:29.799961  4461 consensus_queue.cc:260] T cbb80819aaaf4ee09d0e11e1f67c1ee5 P e50ba754a70d467a8b97b97dbcbc01f9 [NON_LEADER]: Queue going to NON_LEADER mode. State: All replicated index: 0, Majority replicated index: 0, Committed index: 0, Last appended: 0.0, Last appended by leader: 0, Current term: 0, Majority size: -1, State: 0, Mode: NON_LEADER, active raft config: opid_index: -1 OBSOLETE_local: false peers { permanent_uuid: "b56b63c2a0eb4c419e8471486d21bb26" member_type: VOTER last_known_addr { host: "127.3.129.193" port: 45115 } } peers { permanent_uuid: "e50ba754a70d467a8b97b97dbcbc01f9" member_type: VOTER last_known_addr { host: "127.3.129.194" port: 35007 } } peers { permanent_uuid: "69dace26297d477ba2cd4a33d1929657" member_type: VOTER last_known_addr { host: "127.3.129.195" port: 43877 } }
I20260608 10:08:29.800954  4462 raft_consensus.cc:2804] T 35a3217367484ebb80e4a28ab0885cc5 P b56b63c2a0eb4c419e8471486d21bb26 [term 0 FOLLOWER]: Leader pre-election won for term 1
I20260608 10:08:29.801383  4462 raft_consensus.cc:493] T 35a3217367484ebb80e4a28ab0885cc5 P b56b63c2a0eb4c419e8471486d21bb26 [term 0 FOLLOWER]: Starting leader election (no leader contacted us within the election timeout)
I20260608 10:08:29.801728  4462 raft_consensus.cc:3060] T 35a3217367484ebb80e4a28ab0885cc5 P b56b63c2a0eb4c419e8471486d21bb26 [term 0 FOLLOWER]: Advancing to term 1
I20260608 10:08:29.805308  4458 tablet_bootstrap.cc:654] T 17f400904ebb412ea319c37a37d03d2e P b56b63c2a0eb4c419e8471486d21bb26: Neither blocks nor log segments found. Creating new log.
W20260608 10:08:29.803200  4228 leader_election.cc:343] T 35a3217367484ebb80e4a28ab0885cc5 P b56b63c2a0eb4c419e8471486d21bb26 [CANDIDATE]: Term 1 pre-election: Tablet error from VoteRequest() call to peer 69dace26297d477ba2cd4a33d1929657 (127.3.129.195:43877): Illegal state: must be running to vote when last-logged opid is not known
I20260608 10:08:29.815912  4461 ts_tablet_manager.cc:1434] T cbb80819aaaf4ee09d0e11e1f67c1ee5 P e50ba754a70d467a8b97b97dbcbc01f9: Time spent starting tablet: real 0.034s	user 0.009s	sys 0.000s
I20260608 10:08:29.819054  4480 raft_consensus.cc:493] T c8178aaa9e344ab9a26a466e7afb429d P b56b63c2a0eb4c419e8471486d21bb26 [term 0 FOLLOWER]: Starting pre-election (no leader contacted us within the election timeout)
I20260608 10:08:29.820171  4480 raft_consensus.cc:515] T c8178aaa9e344ab9a26a466e7afb429d P b56b63c2a0eb4c419e8471486d21bb26 [term 0 FOLLOWER]: Starting pre-election with config: opid_index: -1 OBSOLETE_local: false peers { permanent_uuid: "b56b63c2a0eb4c419e8471486d21bb26" member_type: VOTER last_known_addr { host: "127.3.129.193" port: 45115 } } peers { permanent_uuid: "e50ba754a70d467a8b97b97dbcbc01f9" member_type: VOTER last_known_addr { host: "127.3.129.194" port: 35007 } } peers { permanent_uuid: "69dace26297d477ba2cd4a33d1929657" member_type: VOTER last_known_addr { host: "127.3.129.195" port: 43877 } }
I20260608 10:08:29.825119  4480 leader_election.cc:290] T c8178aaa9e344ab9a26a466e7afb429d P b56b63c2a0eb4c419e8471486d21bb26 [CANDIDATE]: Term 1 pre-election: Requested pre-vote from peers e50ba754a70d467a8b97b97dbcbc01f9 (127.3.129.194:35007), 69dace26297d477ba2cd4a33d1929657 (127.3.129.195:43877)
I20260608 10:08:29.820996  4461 tablet_bootstrap.cc:492] T 707b7c3cfce0442cbc285c2bf03fc354 P e50ba754a70d467a8b97b97dbcbc01f9: Bootstrap starting.
I20260608 10:08:29.826000  4264 tablet_service.cc:1917] Received RequestConsensusVote() RPC: tablet_id: "1eea4f1b4b4b4c2aae4c06b0e4493dd2" candidate_uuid: "69dace26297d477ba2cd4a33d1929657" candidate_term: 1 candidate_status { last_received { term: 0 index: 0 } } ignore_live_leader: false dest_uuid: "b56b63c2a0eb4c419e8471486d21bb26" is_pre_election: true
I20260608 10:08:29.828811  4339 tablet_service.cc:1917] Received RequestConsensusVote() RPC: tablet_id: "1eea4f1b4b4b4c2aae4c06b0e4493dd2" candidate_uuid: "69dace26297d477ba2cd4a33d1929657" candidate_term: 1 candidate_status { last_received { term: 0 index: 0 } } ignore_live_leader: false dest_uuid: "e50ba754a70d467a8b97b97dbcbc01f9"
I20260608 10:08:29.829825  4480 raft_consensus.cc:493] T 0873e269f6a44501a98645ed5498bae5 P b56b63c2a0eb4c419e8471486d21bb26 [term 0 FOLLOWER]: Starting pre-election (no leader contacted us within the election timeout)
I20260608 10:08:29.829459  4462 raft_consensus.cc:515] T 35a3217367484ebb80e4a28ab0885cc5 P b56b63c2a0eb4c419e8471486d21bb26 [term 1 FOLLOWER]: Starting leader election with config: opid_index: -1 OBSOLETE_local: false peers { permanent_uuid: "b56b63c2a0eb4c419e8471486d21bb26" member_type: VOTER last_known_addr { host: "127.3.129.193" port: 45115 } } peers { permanent_uuid: "e50ba754a70d467a8b97b97dbcbc01f9" member_type: VOTER last_known_addr { host: "127.3.129.194" port: 35007 } } peers { permanent_uuid: "69dace26297d477ba2cd4a33d1929657" member_type: VOTER last_known_addr { host: "127.3.129.195" port: 43877 } }
I20260608 10:08:29.829447  4339 raft_consensus.cc:3060] T 1eea4f1b4b4b4c2aae4c06b0e4493dd2 P e50ba754a70d467a8b97b97dbcbc01f9 [term 0 FOLLOWER]: Advancing to term 1
I20260608 10:08:29.836982  4461 tablet_bootstrap.cc:654] T 707b7c3cfce0442cbc285c2bf03fc354 P e50ba754a70d467a8b97b97dbcbc01f9: Neither blocks nor log segments found. Creating new log.
I20260608 10:08:29.830397  4338 tablet_service.cc:1917] Received RequestConsensusVote() RPC: tablet_id: "c8178aaa9e344ab9a26a466e7afb429d" candidate_uuid: "b56b63c2a0eb4c419e8471486d21bb26" candidate_term: 1 candidate_status { last_received { term: 0 index: 0 } } ignore_live_leader: false dest_uuid: "e50ba754a70d467a8b97b97dbcbc01f9" is_pre_election: true
I20260608 10:08:29.831337  4412 tablet_service.cc:1917] Received RequestConsensusVote() RPC: tablet_id: "c8178aaa9e344ab9a26a466e7afb429d" candidate_uuid: "b56b63c2a0eb4c419e8471486d21bb26" candidate_term: 1 candidate_status { last_received { term: 0 index: 0 } } ignore_live_leader: false dest_uuid: "69dace26297d477ba2cd4a33d1929657" is_pre_election: true
I20260608 10:08:29.838691  4412 raft_consensus.cc:2468] T c8178aaa9e344ab9a26a466e7afb429d P 69dace26297d477ba2cd4a33d1929657 [term 0 FOLLOWER]: Leader pre-election vote request: Granting yes vote for candidate b56b63c2a0eb4c419e8471486d21bb26 in term 0.
I20260608 10:08:29.839028  4462 leader_election.cc:290] T 35a3217367484ebb80e4a28ab0885cc5 P b56b63c2a0eb4c419e8471486d21bb26 [CANDIDATE]: Term 1 election: Requested vote from peers e50ba754a70d467a8b97b97dbcbc01f9 (127.3.129.194:35007), 69dace26297d477ba2cd4a33d1929657 (127.3.129.195:43877)
I20260608 10:08:29.840250  4228 leader_election.cc:304] T c8178aaa9e344ab9a26a466e7afb429d P b56b63c2a0eb4c419e8471486d21bb26 [CANDIDATE]: Term 1 pre-election: Election decided. Result: candidate won. Election summary: received 2 responses out of 3 voters: 2 yes votes; 0 no votes. yes voters: 69dace26297d477ba2cd4a33d1929657, b56b63c2a0eb4c419e8471486d21bb26; no voters: 
I20260608 10:08:29.840629  4412 tablet_service.cc:1917] Received RequestConsensusVote() RPC: tablet_id: "35a3217367484ebb80e4a28ab0885cc5" candidate_uuid: "b56b63c2a0eb4c419e8471486d21bb26" candidate_term: 1 candidate_status { last_received { term: 0 index: 0 } } ignore_live_leader: false dest_uuid: "69dace26297d477ba2cd4a33d1929657"
I20260608 10:08:29.840629  4338 tablet_service.cc:1917] Received RequestConsensusVote() RPC: tablet_id: "35a3217367484ebb80e4a28ab0885cc5" candidate_uuid: "b56b63c2a0eb4c419e8471486d21bb26" candidate_term: 1 candidate_status { last_received { term: 0 index: 0 } } ignore_live_leader: false dest_uuid: "e50ba754a70d467a8b97b97dbcbc01f9"
I20260608 10:08:29.841574  4338 raft_consensus.cc:3060] T 35a3217367484ebb80e4a28ab0885cc5 P e50ba754a70d467a8b97b97dbcbc01f9 [term 0 FOLLOWER]: Advancing to term 1
I20260608 10:08:29.841569  4462 raft_consensus.cc:2804] T c8178aaa9e344ab9a26a466e7afb429d P b56b63c2a0eb4c419e8471486d21bb26 [term 0 FOLLOWER]: Leader pre-election won for term 1
W20260608 10:08:29.842177  4228 leader_election.cc:343] T 35a3217367484ebb80e4a28ab0885cc5 P b56b63c2a0eb4c419e8471486d21bb26 [CANDIDATE]: Term 1 election: Tablet error from VoteRequest() call to peer 69dace26297d477ba2cd4a33d1929657 (127.3.129.195:43877): Illegal state: must be running to vote when last-logged opid is not known
I20260608 10:08:29.831207  4480 raft_consensus.cc:515] T 0873e269f6a44501a98645ed5498bae5 P b56b63c2a0eb4c419e8471486d21bb26 [term 0 FOLLOWER]: Starting pre-election with config: opid_index: -1 OBSOLETE_local: false peers { permanent_uuid: "b56b63c2a0eb4c419e8471486d21bb26" member_type: VOTER last_known_addr { host: "127.3.129.193" port: 45115 } } peers { permanent_uuid: "e50ba754a70d467a8b97b97dbcbc01f9" member_type: VOTER last_known_addr { host: "127.3.129.194" port: 35007 } } peers { permanent_uuid: "69dace26297d477ba2cd4a33d1929657" member_type: VOTER last_known_addr { host: "127.3.129.195" port: 43877 } }
I20260608 10:08:29.828411  4264 raft_consensus.cc:2468] T 1eea4f1b4b4b4c2aae4c06b0e4493dd2 P b56b63c2a0eb4c419e8471486d21bb26 [term 0 FOLLOWER]: Leader pre-election vote request: Granting yes vote for candidate 69dace26297d477ba2cd4a33d1929657 in term 0.
I20260608 10:08:29.834019  4459 tablet_bootstrap.cc:492] T 0873e269f6a44501a98645ed5498bae5 P 69dace26297d477ba2cd4a33d1929657: No bootstrap required, opened a new log
I20260608 10:08:29.844363  4459 ts_tablet_manager.cc:1403] T 0873e269f6a44501a98645ed5498bae5 P 69dace26297d477ba2cd4a33d1929657: Time spent bootstrapping tablet: real 0.102s	user 0.024s	sys 0.016s
I20260608 10:08:29.834041  4458 tablet_bootstrap.cc:492] T 17f400904ebb412ea319c37a37d03d2e P b56b63c2a0eb4c419e8471486d21bb26: No bootstrap required, opened a new log
I20260608 10:08:29.845216  4458 ts_tablet_manager.cc:1403] T 17f400904ebb412ea319c37a37d03d2e P b56b63c2a0eb4c419e8471486d21bb26: Time spent bootstrapping tablet: real 0.062s	user 0.015s	sys 0.009s
I20260608 10:08:29.820977  4413 raft_consensus.cc:2468] T ba74ed9efd6147e1b3b23f15721c49df P 69dace26297d477ba2cd4a33d1929657 [term 1 FOLLOWER]: Leader election vote request: Granting yes vote for candidate b56b63c2a0eb4c419e8471486d21bb26 in term 1.
W20260608 10:08:29.847441  4227 leader_election.cc:343] T c8178aaa9e344ab9a26a466e7afb429d P b56b63c2a0eb4c419e8471486d21bb26 [CANDIDATE]: Term 1 pre-election: Tablet error from VoteRequest() call to peer e50ba754a70d467a8b97b97dbcbc01f9 (127.3.129.194:35007): Illegal state: must be running to vote when last-logged opid is not known
I20260608 10:08:29.848613  4228 leader_election.cc:304] T ba74ed9efd6147e1b3b23f15721c49df P b56b63c2a0eb4c419e8471486d21bb26 [CANDIDATE]: Term 1 election: Election decided. Result: candidate won. Election summary: received 3 responses out of 3 voters: 2 yes votes; 1 no votes. yes voters: 69dace26297d477ba2cd4a33d1929657, b56b63c2a0eb4c419e8471486d21bb26; no voters: e50ba754a70d467a8b97b97dbcbc01f9
I20260608 10:08:29.837980  4263 tablet_service.cc:1917] Received RequestConsensusVote() RPC: tablet_id: "1eea4f1b4b4b4c2aae4c06b0e4493dd2" candidate_uuid: "69dace26297d477ba2cd4a33d1929657" candidate_term: 1 candidate_status { last_received { term: 0 index: 0 } } ignore_live_leader: false dest_uuid: "b56b63c2a0eb4c419e8471486d21bb26"
I20260608 10:08:29.849097  4459 raft_consensus.cc:359] T 0873e269f6a44501a98645ed5498bae5 P 69dace26297d477ba2cd4a33d1929657 [term 0 FOLLOWER]: Replica starting. Triggering 0 pending ops. Active config: opid_index: -1 OBSOLETE_local: false peers { permanent_uuid: "b56b63c2a0eb4c419e8471486d21bb26" member_type: VOTER last_known_addr { host: "127.3.129.193" port: 45115 } } peers { permanent_uuid: "e50ba754a70d467a8b97b97dbcbc01f9" member_type: VOTER last_known_addr { host: "127.3.129.194" port: 35007 } } peers { permanent_uuid: "69dace26297d477ba2cd4a33d1929657" member_type: VOTER last_known_addr { host: "127.3.129.195" port: 43877 } }
I20260608 10:08:29.850301  4263 raft_consensus.cc:3060] T 1eea4f1b4b4b4c2aae4c06b0e4493dd2 P b56b63c2a0eb4c419e8471486d21bb26 [term 0 FOLLOWER]: Advancing to term 1
I20260608 10:08:29.850296  4459 raft_consensus.cc:385] T 0873e269f6a44501a98645ed5498bae5 P 69dace26297d477ba2cd4a33d1929657 [term 0 FOLLOWER]: Consensus starting up: Expiring failure detector timer to make a prompt election more likely
I20260608 10:08:29.851040  4459 raft_consensus.cc:740] T 0873e269f6a44501a98645ed5498bae5 P 69dace26297d477ba2cd4a33d1929657 [term 0 FOLLOWER]: Becoming Follower/Learner. State: Replica: 69dace26297d477ba2cd4a33d1929657, State: Initialized, Role: FOLLOWER
I20260608 10:08:29.852428  4413 tablet_service.cc:1917] Received RequestConsensusVote() RPC: tablet_id: "0873e269f6a44501a98645ed5498bae5" candidate_uuid: "b56b63c2a0eb4c419e8471486d21bb26" candidate_term: 1 candidate_status { last_received { term: 0 index: 0 } } ignore_live_leader: false dest_uuid: "69dace26297d477ba2cd4a33d1929657" is_pre_election: true
I20260608 10:08:29.852241  4459 consensus_queue.cc:260] T 0873e269f6a44501a98645ed5498bae5 P 69dace26297d477ba2cd4a33d1929657 [NON_LEADER]: Queue going to NON_LEADER mode. State: All replicated index: 0, Majority replicated index: 0, Committed index: 0, Last appended: 0.0, Last appended by leader: 0, Current term: 0, Majority size: -1, State: 0, Mode: NON_LEADER, active raft config: opid_index: -1 OBSOLETE_local: false peers { permanent_uuid: "b56b63c2a0eb4c419e8471486d21bb26" member_type: VOTER last_known_addr { host: "127.3.129.193" port: 45115 } } peers { permanent_uuid: "e50ba754a70d467a8b97b97dbcbc01f9" member_type: VOTER last_known_addr { host: "127.3.129.194" port: 35007 } } peers { permanent_uuid: "69dace26297d477ba2cd4a33d1929657" member_type: VOTER last_known_addr { host: "127.3.129.195" port: 43877 } }
I20260608 10:08:29.853248  4480 leader_election.cc:290] T 0873e269f6a44501a98645ed5498bae5 P b56b63c2a0eb4c419e8471486d21bb26 [CANDIDATE]: Term 1 pre-election: Requested pre-vote from peers e50ba754a70d467a8b97b97dbcbc01f9 (127.3.129.194:35007), 69dace26297d477ba2cd4a33d1929657 (127.3.129.195:43877)
I20260608 10:08:29.854002  4480 raft_consensus.cc:2804] T ba74ed9efd6147e1b3b23f15721c49df P b56b63c2a0eb4c419e8471486d21bb26 [term 1 FOLLOWER]: Leader election won for term 1
I20260608 10:08:29.854660  4413 raft_consensus.cc:2468] T 0873e269f6a44501a98645ed5498bae5 P 69dace26297d477ba2cd4a33d1929657 [term 0 FOLLOWER]: Leader pre-election vote request: Granting yes vote for candidate b56b63c2a0eb4c419e8471486d21bb26 in term 0.
I20260608 10:08:29.856122  4458 raft_consensus.cc:359] T 17f400904ebb412ea319c37a37d03d2e P b56b63c2a0eb4c419e8471486d21bb26 [term 0 FOLLOWER]: Replica starting. Triggering 0 pending ops. Active config: opid_index: -1 OBSOLETE_local: false peers { permanent_uuid: "b56b63c2a0eb4c419e8471486d21bb26" member_type: VOTER last_known_addr { host: "127.3.129.193" port: 45115 } } peers { permanent_uuid: "e50ba754a70d467a8b97b97dbcbc01f9" member_type: VOTER last_known_addr { host: "127.3.129.194" port: 35007 } } peers { permanent_uuid: "69dace26297d477ba2cd4a33d1929657" member_type: VOTER last_known_addr { host: "127.3.129.195" port: 43877 } }
I20260608 10:08:29.834923  4465 leader_election.cc:290] T 1eea4f1b4b4b4c2aae4c06b0e4493dd2 P 69dace26297d477ba2cd4a33d1929657 [CANDIDATE]: Term 1 election: Requested vote from peers e50ba754a70d467a8b97b97dbcbc01f9 (127.3.129.194:35007), b56b63c2a0eb4c419e8471486d21bb26 (127.3.129.193:45115)
I20260608 10:08:29.854997  4480 raft_consensus.cc:697] T ba74ed9efd6147e1b3b23f15721c49df P b56b63c2a0eb4c419e8471486d21bb26 [term 1 LEADER]: Becoming Leader. State: Replica: b56b63c2a0eb4c419e8471486d21bb26, State: Running, Role: LEADER
I20260608 10:08:29.858181  4263 raft_consensus.cc:2468] T 1eea4f1b4b4b4c2aae4c06b0e4493dd2 P b56b63c2a0eb4c419e8471486d21bb26 [term 1 FOLLOWER]: Leader election vote request: Granting yes vote for candidate 69dace26297d477ba2cd4a33d1929657 in term 1.
I20260608 10:08:29.858274  4480 consensus_queue.cc:237] T ba74ed9efd6147e1b3b23f15721c49df P b56b63c2a0eb4c419e8471486d21bb26 [LEADER]: Queue going to LEADER mode. State: All replicated index: 0, Majority replicated index: 0, Committed index: 0, Last appended: 0.0, Last appended by leader: 0, Current term: 1, Majority size: 2, State: 0, Mode: LEADER, active raft config: opid_index: -1 OBSOLETE_local: false peers { permanent_uuid: "b56b63c2a0eb4c419e8471486d21bb26" member_type: VOTER last_known_addr { host: "127.3.129.193" port: 45115 } } peers { permanent_uuid: "e50ba754a70d467a8b97b97dbcbc01f9" member_type: VOTER last_known_addr { host: "127.3.129.194" port: 35007 } } peers { permanent_uuid: "69dace26297d477ba2cd4a33d1929657" member_type: VOTER last_known_addr { host: "127.3.129.195" port: 43877 } }
I20260608 10:08:29.859620  4377 leader_election.cc:304] T 1eea4f1b4b4b4c2aae4c06b0e4493dd2 P 69dace26297d477ba2cd4a33d1929657 [CANDIDATE]: Term 1 election: Election decided. Result: candidate won. Election summary: received 2 responses out of 3 voters: 2 yes votes; 0 no votes. yes voters: 69dace26297d477ba2cd4a33d1929657, b56b63c2a0eb4c419e8471486d21bb26; no voters: 
I20260608 10:08:29.862498  4465 raft_consensus.cc:2804] T 1eea4f1b4b4b4c2aae4c06b0e4493dd2 P 69dace26297d477ba2cd4a33d1929657 [term 1 FOLLOWER]: Leader election won for term 1
I20260608 10:08:29.863066  4465 raft_consensus.cc:697] T 1eea4f1b4b4b4c2aae4c06b0e4493dd2 P 69dace26297d477ba2cd4a33d1929657 [term 1 LEADER]: Becoming Leader. State: Replica: 69dace26297d477ba2cd4a33d1929657, State: Running, Role: LEADER
