I20260608 10:09:59.701156  7287 sys_catalog.cc:565] T 00000000000000000000000000000000 P 067448b8cec6474a8f88f46cf6f81fea [sys.catalog]: configured and running, proceeding with master startup.
I20260608 10:09:59.706265  7291 sys_catalog.cc:455] T 00000000000000000000000000000000 P 067448b8cec6474a8f88f46cf6f81fea [sys.catalog]: SysCatalogTable state changed. Reason: RaftConsensus started. Latest consensus state: current_term: 1 leader_uuid: "067448b8cec6474a8f88f46cf6f81fea" committed_config { opid_index: -1 OBSOLETE_local: true peers { permanent_uuid: "067448b8cec6474a8f88f46cf6f81fea" member_type: VOTER } }
I20260608 10:09:59.706262  7292 sys_catalog.cc:455] T 00000000000000000000000000000000 P 067448b8cec6474a8f88f46cf6f81fea [sys.catalog]: SysCatalogTable state changed. Reason: New leader 067448b8cec6474a8f88f46cf6f81fea. Latest consensus state: current_term: 1 leader_uuid: "067448b8cec6474a8f88f46cf6f81fea" committed_config { opid_index: -1 OBSOLETE_local: true peers { permanent_uuid: "067448b8cec6474a8f88f46cf6f81fea" member_type: VOTER } }
I20260608 10:09:59.707125  7291 sys_catalog.cc:458] T 00000000000000000000000000000000 P 067448b8cec6474a8f88f46cf6f81fea [sys.catalog]: This master's current role is: LEADER
I20260608 10:09:59.707592  7292 sys_catalog.cc:458] T 00000000000000000000000000000000 P 067448b8cec6474a8f88f46cf6f81fea [sys.catalog]: This master's current role is: LEADER
I20260608 10:09:59.710456  7298 catalog_manager.cc:1510] Loading table and tablet metadata into memory...
I20260608 10:09:59.715739  7298 catalog_manager.cc:1519] Initializing Kudu cluster ID...
I20260608 10:09:59.718977  3591 internal_mini_cluster.cc:184] Waiting to initialize catalog manager on master 0
I20260608 10:09:59.726094  7298 catalog_manager.cc:1382] Generated new cluster ID: d494acd320e24c93bc7c27a88bba1a7a
I20260608 10:09:59.726366  7298 catalog_manager.cc:1530] Initializing Kudu internal certificate authority...
I20260608 10:09:59.739825  7298 catalog_manager.cc:1405] Generated new certificate authority record
I20260608 10:09:59.741232  7298 catalog_manager.cc:1539] Loading token signing keys...
I20260608 10:09:59.763370  7298 catalog_manager.cc:6069] T 00000000000000000000000000000000 P 067448b8cec6474a8f88f46cf6f81fea: Generated new TSK 0
I20260608 10:09:59.764057  7298 catalog_manager.cc:1549] Initializing in-progress tserver states...
I20260608 10:09:59.788683  3591 file_cache.cc:492] Constructed file cache file cache with capacity 419430
W20260608 10:09:59.795310  7309 instance_detector.cc:116] could not retrieve AWS instance metadata: Network error: curl error: HTTP response code said error: The requested URL returned error: 404
W20260608 10:09:59.796577  7310 instance_detector.cc:116] could not retrieve Azure instance metadata: Network error: curl error: HTTP response code said error: The requested URL returned error: 404
W20260608 10:09:59.798475  7312 instance_detector.cc:116] could not retrieve OpenStack instance metadata: Network error: curl error: HTTP response code said error: The requested URL returned error: 404
I20260608 10:09:59.798997  3591 server_base.cc:1061] running on GCE node
I20260608 10:09:59.800015  3591 hybrid_clock.cc:584] initializing the hybrid clock with 'system_unsync' time source
W20260608 10:09:59.800253  3591 system_unsync_time.cc:38] NTP support is disabled. Clock error bounds will not be accurate. This configuration is not suitable for distributed clusters.
I20260608 10:09:59.800427  3591 hybrid_clock.cc:648] HybridClock initialized: now 1780913399800406 us; error 0 us; skew 500 ppm
I20260608 10:09:59.801021  3591 server_base.cc:861] Flag tcmalloc_max_total_thread_cache_bytes is not working since tcmalloc is not enabled.
I20260608 10:09:59.803773  3591 webserver.cc:533] Webserver started at http://127.3.129.193:44553/ using document root <none> and password file <none>
I20260608 10:09:59.804327  3591 fs_manager.cc:362] Metadata directory not provided
I20260608 10:09:59.804543  3591 fs_manager.cc:368] Using write-ahead log directory (fs_wal_dir) as metadata directory
I20260608 10:09:59.804836  3591 server_base.cc:909] This appears to be a new deployment of Kudu; creating new FS layout
I20260608 10:09:59.806011  3591 fs_manager.cc:1068] Generated new instance metadata in path /tmp/dist-test-tasksfJD4V/test-tmp/auto_rebalancer-test.0.AutoRebalancerTest.NoReplicaMovesIfLocationLoadSkewedByOne.1780913301486663-3591-0/minicluster-data/ts-0-root/instance:
uuid: "462b06f6da5a4f889a33e0976819e779"
format_stamp: "Formatted at 2026-06-08 10:09:59 on dist-test-slave-kdhp"
I20260608 10:09:59.810967  3591 fs_manager.cc:696] Time spent creating directory manager: real 0.004s	user 0.002s	sys 0.005s
I20260608 10:09:59.814767  7317 log_block_manager.cc:4031] Time spent loading block containers with low live blocks: real 0.000s	user 0.000s	sys 0.000s
I20260608 10:09:59.815687  3591 fs_manager.cc:730] Time spent opening block manager: real 0.003s	user 0.003s	sys 0.000s
I20260608 10:09:59.815999  3591 fs_manager.cc:647] Opened local filesystem: /tmp/dist-test-tasksfJD4V/test-tmp/auto_rebalancer-test.0.AutoRebalancerTest.NoReplicaMovesIfLocationLoadSkewedByOne.1780913301486663-3591-0/minicluster-data/ts-0-root
uuid: "462b06f6da5a4f889a33e0976819e779"
format_stamp: "Formatted at 2026-06-08 10:09:59 on dist-test-slave-kdhp"
I20260608 10:09:59.816301  3591 fs_report.cc:389] FS layout report
--------------------
wal directory: /tmp/dist-test-tasksfJD4V/test-tmp/auto_rebalancer-test.0.AutoRebalancerTest.NoReplicaMovesIfLocationLoadSkewedByOne.1780913301486663-3591-0/minicluster-data/ts-0-root
metadata directory: /tmp/dist-test-tasksfJD4V/test-tmp/auto_rebalancer-test.0.AutoRebalancerTest.NoReplicaMovesIfLocationLoadSkewedByOne.1780913301486663-3591-0/minicluster-data/ts-0-root
1 data directories: /tmp/dist-test-tasksfJD4V/test-tmp/auto_rebalancer-test.0.AutoRebalancerTest.NoReplicaMovesIfLocationLoadSkewedByOne.1780913301486663-3591-0/minicluster-data/ts-0-root/data
Total live blocks: 0
Total live bytes: 0
Total live bytes (after alignment): 0
Total number of LBM containers: 0 (0 full)
Did not check for missing blocks
Did not check for orphaned blocks
Total full LBM containers with extra space: 0 (0 repaired)
Total full LBM container extra space in bytes: 0 (0 repaired)
Total incomplete LBM containers: 0 (0 repaired)
Total LBM partial records: 0 (0 repaired)
Total corrupted LBM metadata records in RocksDB: 0 (0 repaired)
I20260608 10:09:59.831455  3591 rpc_server.cc:225] running with OpenSSL 1.1.1  11 Sep 2018
I20260608 10:09:59.832799  3591 kserver.cc:163] Server-wide thread pool size limit: 3276
I20260608 10:09:59.834407  3591 txn_system_client.cc:432] TxnSystemClient initialization is disabled...
I20260608 10:09:59.836916  3591 ts_tablet_manager.cc:585] Loaded tablet metadata (0 total tablets, 0 live tablets)
I20260608 10:09:59.837164  3591 ts_tablet_manager.cc:531] Time spent load tablet metadata: real 0.000s	user 0.000s	sys 0.000s
I20260608 10:09:59.837419  3591 ts_tablet_manager.cc:616] Registered 0 tablets
I20260608 10:09:59.837603  3591 ts_tablet_manager.cc:595] Time spent register tablets: real 0.000s	user 0.000s	sys 0.000s
I20260608 10:09:59.879253  3591 rpc_server.cc:307] RPC server started. Bound to: 127.3.129.193:36705
I20260608 10:09:59.879452  7379 acceptor_pool.cc:272] collecting diagnostics on the listening RPC socket 127.3.129.193:36705 every 8 connection(s)
I20260608 10:09:59.884826  3591 file_cache.cc:492] Constructed file cache file cache with capacity 419430
W20260608 10:09:59.892071  7384 instance_detector.cc:116] could not retrieve AWS instance metadata: Network error: curl error: HTTP response code said error: The requested URL returned error: 404
W20260608 10:09:59.893630  7385 instance_detector.cc:116] could not retrieve Azure instance metadata: Network error: curl error: HTTP response code said error: The requested URL returned error: 404
W20260608 10:09:59.896399  7387 instance_detector.cc:116] could not retrieve OpenStack instance metadata: Network error: curl error: HTTP response code said error: The requested URL returned error: 404
I20260608 10:09:59.897926  3591 server_base.cc:1061] running on GCE node
I20260608 10:09:59.898043  7380 heartbeater.cc:344] Connected to a master server at 127.3.129.254:39577
I20260608 10:09:59.898492  7380 heartbeater.cc:461] Registering TS with master...
I20260608 10:09:59.899047  3591 hybrid_clock.cc:584] initializing the hybrid clock with 'system_unsync' time source
W20260608 10:09:59.899333  3591 system_unsync_time.cc:38] NTP support is disabled. Clock error bounds will not be accurate. This configuration is not suitable for distributed clusters.
I20260608 10:09:59.899471  7380 heartbeater.cc:507] Master 127.3.129.254:39577 requested a full tablet report, sending...
I20260608 10:09:59.899614  3591 hybrid_clock.cc:648] HybridClock initialized: now 1780913399899591 us; error 0 us; skew 500 ppm
I20260608 10:09:59.900522  3591 server_base.cc:861] Flag tcmalloc_max_total_thread_cache_bytes is not working since tcmalloc is not enabled.
I20260608 10:09:59.902196  7252 ts_manager.cc:194] Registered new tserver with Master: 462b06f6da5a4f889a33e0976819e779 (127.3.129.193:36705)
I20260608 10:09:59.903460  3591 webserver.cc:533] Webserver started at http://127.3.129.194:37803/ using document root <none> and password file <none>
I20260608 10:09:59.904218  3591 fs_manager.cc:362] Metadata directory not provided
I20260608 10:09:59.904479  3591 fs_manager.cc:368] Using write-ahead log directory (fs_wal_dir) as metadata directory
I20260608 10:09:59.904793  3591 server_base.cc:909] This appears to be a new deployment of Kudu; creating new FS layout
I20260608 10:09:59.904891  7252 master_service.cc:502] Signed X509 certificate for tserver {username='slave'} at 127.0.0.1:44088
I20260608 10:09:59.906277  3591 fs_manager.cc:1068] Generated new instance metadata in path /tmp/dist-test-tasksfJD4V/test-tmp/auto_rebalancer-test.0.AutoRebalancerTest.NoReplicaMovesIfLocationLoadSkewedByOne.1780913301486663-3591-0/minicluster-data/ts-1-root/instance:
uuid: "cdd49eba79a842ab9f7d96435503bb87"
format_stamp: "Formatted at 2026-06-08 10:09:59 on dist-test-slave-kdhp"
I20260608 10:09:59.911293  3591 fs_manager.cc:696] Time spent creating directory manager: real 0.004s	user 0.007s	sys 0.000s
I20260608 10:09:59.914875  7392 log_block_manager.cc:4031] Time spent loading block containers with low live blocks: real 0.000s	user 0.000s	sys 0.000s
I20260608 10:09:59.915885  3591 fs_manager.cc:730] Time spent opening block manager: real 0.002s	user 0.003s	sys 0.000s
I20260608 10:09:59.916249  3591 fs_manager.cc:647] Opened local filesystem: /tmp/dist-test-tasksfJD4V/test-tmp/auto_rebalancer-test.0.AutoRebalancerTest.NoReplicaMovesIfLocationLoadSkewedByOne.1780913301486663-3591-0/minicluster-data/ts-1-root
uuid: "cdd49eba79a842ab9f7d96435503bb87"
format_stamp: "Formatted at 2026-06-08 10:09:59 on dist-test-slave-kdhp"
I20260608 10:09:59.916527  3591 fs_report.cc:389] FS layout report
--------------------
wal directory: /tmp/dist-test-tasksfJD4V/test-tmp/auto_rebalancer-test.0.AutoRebalancerTest.NoReplicaMovesIfLocationLoadSkewedByOne.1780913301486663-3591-0/minicluster-data/ts-1-root
metadata directory: /tmp/dist-test-tasksfJD4V/test-tmp/auto_rebalancer-test.0.AutoRebalancerTest.NoReplicaMovesIfLocationLoadSkewedByOne.1780913301486663-3591-0/minicluster-data/ts-1-root
1 data directories: /tmp/dist-test-tasksfJD4V/test-tmp/auto_rebalancer-test.0.AutoRebalancerTest.NoReplicaMovesIfLocationLoadSkewedByOne.1780913301486663-3591-0/minicluster-data/ts-1-root/data
Total live blocks: 0
Total live bytes: 0
Total live bytes (after alignment): 0
Total number of LBM containers: 0 (0 full)
Did not check for missing blocks
Did not check for orphaned blocks
Total full LBM containers with extra space: 0 (0 repaired)
Total full LBM container extra space in bytes: 0 (0 repaired)
Total incomplete LBM containers: 0 (0 repaired)
Total LBM partial records: 0 (0 repaired)
Total corrupted LBM metadata records in RocksDB: 0 (0 repaired)
I20260608 10:09:59.934098  3591 rpc_server.cc:225] running with OpenSSL 1.1.1  11 Sep 2018
I20260608 10:09:59.935422  3591 kserver.cc:163] Server-wide thread pool size limit: 3276
I20260608 10:09:59.936933  3591 txn_system_client.cc:432] TxnSystemClient initialization is disabled...
I20260608 10:09:59.939302  3591 ts_tablet_manager.cc:585] Loaded tablet metadata (0 total tablets, 0 live tablets)
I20260608 10:09:59.939553  3591 ts_tablet_manager.cc:531] Time spent load tablet metadata: real 0.000s	user 0.000s	sys 0.000s
I20260608 10:09:59.939812  3591 ts_tablet_manager.cc:616] Registered 0 tablets
I20260608 10:09:59.940003  3591 ts_tablet_manager.cc:595] Time spent register tablets: real 0.000s	user 0.000s	sys 0.000s
I20260608 10:09:59.981335  3591 rpc_server.cc:307] RPC server started. Bound to: 127.3.129.194:42057
I20260608 10:09:59.981482  7454 acceptor_pool.cc:272] collecting diagnostics on the listening RPC socket 127.3.129.194:42057 every 8 connection(s)
I20260608 10:09:59.987011  3591 file_cache.cc:492] Constructed file cache file cache with capacity 419430
W20260608 10:09:59.994573  7458 instance_detector.cc:116] could not retrieve AWS instance metadata: Network error: curl error: HTTP response code said error: The requested URL returned error: 404
W20260608 10:09:59.995255  7459 instance_detector.cc:116] could not retrieve Azure instance metadata: Network error: curl error: HTTP response code said error: The requested URL returned error: 404
I20260608 10:09:59.998117  3591 server_base.cc:1061] running on GCE node
W20260608 10:09:59.998705  7462 instance_detector.cc:116] could not retrieve OpenStack instance metadata: Network error: curl error: HTTP response code said error: The requested URL returned error: 404
I20260608 10:10:00.000216  3591 hybrid_clock.cc:584] initializing the hybrid clock with 'system_unsync' time source
W20260608 10:10:00.000525  3591 system_unsync_time.cc:38] NTP support is disabled. Clock error bounds will not be accurate. This configuration is not suitable for distributed clusters.
I20260608 10:10:00.000439  7455 heartbeater.cc:344] Connected to a master server at 127.3.129.254:39577
I20260608 10:10:00.000891  3591 hybrid_clock.cc:648] HybridClock initialized: now 1780913400000859 us; error 0 us; skew 500 ppm
I20260608 10:10:00.001117  7455 heartbeater.cc:461] Registering TS with master...
I20260608 10:10:00.001617  3591 server_base.cc:861] Flag tcmalloc_max_total_thread_cache_bytes is not working since tcmalloc is not enabled.
I20260608 10:10:00.001983  7455 heartbeater.cc:507] Master 127.3.129.254:39577 requested a full tablet report, sending...
I20260608 10:10:00.004637  3591 webserver.cc:533] Webserver started at http://127.3.129.195:34275/ using document root <none> and password file <none>
I20260608 10:10:00.004755  7252 ts_manager.cc:194] Registered new tserver with Master: cdd49eba79a842ab9f7d96435503bb87 (127.3.129.194:42057)
I20260608 10:10:00.005270  3591 fs_manager.cc:362] Metadata directory not provided
I20260608 10:10:00.005518  3591 fs_manager.cc:368] Using write-ahead log directory (fs_wal_dir) as metadata directory
I20260608 10:10:00.005800  3591 server_base.cc:909] This appears to be a new deployment of Kudu; creating new FS layout
I20260608 10:10:00.006397  7252 master_service.cc:502] Signed X509 certificate for tserver {username='slave'} at 127.0.0.1:44092
I20260608 10:10:00.007025  3591 fs_manager.cc:1068] Generated new instance metadata in path /tmp/dist-test-tasksfJD4V/test-tmp/auto_rebalancer-test.0.AutoRebalancerTest.NoReplicaMovesIfLocationLoadSkewedByOne.1780913301486663-3591-0/minicluster-data/ts-2-root/instance:
uuid: "3f8a6ce3ee0c4ac4a85d3ce2c39c31da"
format_stamp: "Formatted at 2026-06-08 10:10:00 on dist-test-slave-kdhp"
I20260608 10:10:00.011870  3591 fs_manager.cc:696] Time spent creating directory manager: real 0.004s	user 0.004s	sys 0.000s
I20260608 10:10:00.015340  7466 log_block_manager.cc:4031] Time spent loading block containers with low live blocks: real 0.000s	user 0.000s	sys 0.000s
I20260608 10:10:00.016223  3591 fs_manager.cc:730] Time spent opening block manager: real 0.002s	user 0.002s	sys 0.001s
I20260608 10:10:00.016537  3591 fs_manager.cc:647] Opened local filesystem: /tmp/dist-test-tasksfJD4V/test-tmp/auto_rebalancer-test.0.AutoRebalancerTest.NoReplicaMovesIfLocationLoadSkewedByOne.1780913301486663-3591-0/minicluster-data/ts-2-root
uuid: "3f8a6ce3ee0c4ac4a85d3ce2c39c31da"
format_stamp: "Formatted at 2026-06-08 10:10:00 on dist-test-slave-kdhp"
I20260608 10:10:00.016819  3591 fs_report.cc:389] FS layout report
--------------------
wal directory: /tmp/dist-test-tasksfJD4V/test-tmp/auto_rebalancer-test.0.AutoRebalancerTest.NoReplicaMovesIfLocationLoadSkewedByOne.1780913301486663-3591-0/minicluster-data/ts-2-root
metadata directory: /tmp/dist-test-tasksfJD4V/test-tmp/auto_rebalancer-test.0.AutoRebalancerTest.NoReplicaMovesIfLocationLoadSkewedByOne.1780913301486663-3591-0/minicluster-data/ts-2-root
1 data directories: /tmp/dist-test-tasksfJD4V/test-tmp/auto_rebalancer-test.0.AutoRebalancerTest.NoReplicaMovesIfLocationLoadSkewedByOne.1780913301486663-3591-0/minicluster-data/ts-2-root/data
Total live blocks: 0
Total live bytes: 0
Total live bytes (after alignment): 0
Total number of LBM containers: 0 (0 full)
Did not check for missing blocks
Did not check for orphaned blocks
Total full LBM containers with extra space: 0 (0 repaired)
Total full LBM container extra space in bytes: 0 (0 repaired)
Total incomplete LBM containers: 0 (0 repaired)
Total LBM partial records: 0 (0 repaired)
Total corrupted LBM metadata records in RocksDB: 0 (0 repaired)
I20260608 10:10:00.048141  3591 rpc_server.cc:225] running with OpenSSL 1.1.1  11 Sep 2018
I20260608 10:10:00.049329  3591 kserver.cc:163] Server-wide thread pool size limit: 3276
I20260608 10:10:00.050848  3591 txn_system_client.cc:432] TxnSystemClient initialization is disabled...
I20260608 10:10:00.053242  3591 ts_tablet_manager.cc:585] Loaded tablet metadata (0 total tablets, 0 live tablets)
I20260608 10:10:00.053490  3591 ts_tablet_manager.cc:531] Time spent load tablet metadata: real 0.000s	user 0.000s	sys 0.000s
I20260608 10:10:00.053742  3591 ts_tablet_manager.cc:616] Registered 0 tablets
I20260608 10:10:00.053943  3591 ts_tablet_manager.cc:595] Time spent register tablets: real 0.000s	user 0.000s	sys 0.000s
I20260608 10:10:00.095333  3591 rpc_server.cc:307] RPC server started. Bound to: 127.3.129.195:45833
I20260608 10:10:00.095484  7528 acceptor_pool.cc:272] collecting diagnostics on the listening RPC socket 127.3.129.195:45833 every 8 connection(s)
I20260608 10:10:00.100641  3591 file_cache.cc:492] Constructed file cache file cache with capacity 419430
W20260608 10:10:00.107999  7532 instance_detector.cc:116] could not retrieve AWS instance metadata: Network error: curl error: HTTP response code said error: The requested URL returned error: 404
W20260608 10:10:00.108557  7533 instance_detector.cc:116] could not retrieve Azure instance metadata: Network error: curl error: HTTP response code said error: The requested URL returned error: 404
I20260608 10:10:00.114233  3591 server_base.cc:1061] running on GCE node
W20260608 10:10:00.114639  7535 instance_detector.cc:116] could not retrieve OpenStack instance metadata: Network error: curl error: HTTP response code said error: The requested URL returned error: 404
I20260608 10:10:00.115835  3591 hybrid_clock.cc:584] initializing the hybrid clock with 'system_unsync' time source
W20260608 10:10:00.116098  3591 system_unsync_time.cc:38] NTP support is disabled. Clock error bounds will not be accurate. This configuration is not suitable for distributed clusters.
I20260608 10:10:00.116321  3591 hybrid_clock.cc:648] HybridClock initialized: now 1780913400116290 us; error 0 us; skew 500 ppm
I20260608 10:10:00.116412  7529 heartbeater.cc:344] Connected to a master server at 127.3.129.254:39577
I20260608 10:10:00.116854  7529 heartbeater.cc:461] Registering TS with master...
I20260608 10:10:00.117254  3591 server_base.cc:861] Flag tcmalloc_max_total_thread_cache_bytes is not working since tcmalloc is not enabled.
I20260608 10:10:00.117936  7529 heartbeater.cc:507] Master 127.3.129.254:39577 requested a full tablet report, sending...
I20260608 10:10:00.120610  7252 ts_manager.cc:194] Registered new tserver with Master: 3f8a6ce3ee0c4ac4a85d3ce2c39c31da (127.3.129.195:45833)
I20260608 10:10:00.122082  7252 master_service.cc:502] Signed X509 certificate for tserver {username='slave'} at 127.0.0.1:44098
I20260608 10:10:00.123425  3591 webserver.cc:533] Webserver started at http://127.3.129.196:43897/ using document root <none> and password file <none>
I20260608 10:10:00.124032  3591 fs_manager.cc:362] Metadata directory not provided
I20260608 10:10:00.124241  3591 fs_manager.cc:368] Using write-ahead log directory (fs_wal_dir) as metadata directory
I20260608 10:10:00.124538  3591 server_base.cc:909] This appears to be a new deployment of Kudu; creating new FS layout
I20260608 10:10:00.125633  3591 fs_manager.cc:1068] Generated new instance metadata in path /tmp/dist-test-tasksfJD4V/test-tmp/auto_rebalancer-test.0.AutoRebalancerTest.NoReplicaMovesIfLocationLoadSkewedByOne.1780913301486663-3591-0/minicluster-data/ts-3-root/instance:
uuid: "8155d231c2ef41fe883bc2c844c4239e"
format_stamp: "Formatted at 2026-06-08 10:10:00 on dist-test-slave-kdhp"
I20260608 10:10:00.130409  3591 fs_manager.cc:696] Time spent creating directory manager: real 0.004s	user 0.006s	sys 0.000s
I20260608 10:10:00.133962  7540 log_block_manager.cc:4031] Time spent loading block containers with low live blocks: real 0.000s	user 0.000s	sys 0.000s
I20260608 10:10:00.134788  3591 fs_manager.cc:730] Time spent opening block manager: real 0.002s	user 0.002s	sys 0.000s
I20260608 10:10:00.135090  3591 fs_manager.cc:647] Opened local filesystem: /tmp/dist-test-tasksfJD4V/test-tmp/auto_rebalancer-test.0.AutoRebalancerTest.NoReplicaMovesIfLocationLoadSkewedByOne.1780913301486663-3591-0/minicluster-data/ts-3-root
uuid: "8155d231c2ef41fe883bc2c844c4239e"
format_stamp: "Formatted at 2026-06-08 10:10:00 on dist-test-slave-kdhp"
I20260608 10:10:00.135421  3591 fs_report.cc:389] FS layout report
--------------------
wal directory: /tmp/dist-test-tasksfJD4V/test-tmp/auto_rebalancer-test.0.AutoRebalancerTest.NoReplicaMovesIfLocationLoadSkewedByOne.1780913301486663-3591-0/minicluster-data/ts-3-root
metadata directory: /tmp/dist-test-tasksfJD4V/test-tmp/auto_rebalancer-test.0.AutoRebalancerTest.NoReplicaMovesIfLocationLoadSkewedByOne.1780913301486663-3591-0/minicluster-data/ts-3-root
1 data directories: /tmp/dist-test-tasksfJD4V/test-tmp/auto_rebalancer-test.0.AutoRebalancerTest.NoReplicaMovesIfLocationLoadSkewedByOne.1780913301486663-3591-0/minicluster-data/ts-3-root/data
Total live blocks: 0
Total live bytes: 0
Total live bytes (after alignment): 0
Total number of LBM containers: 0 (0 full)
Did not check for missing blocks
Did not check for orphaned blocks
Total full LBM containers with extra space: 0 (0 repaired)
Total full LBM container extra space in bytes: 0 (0 repaired)
Total incomplete LBM containers: 0 (0 repaired)
Total LBM partial records: 0 (0 repaired)
Total corrupted LBM metadata records in RocksDB: 0 (0 repaired)
I20260608 10:10:00.152580  3591 rpc_server.cc:225] running with OpenSSL 1.1.1  11 Sep 2018
I20260608 10:10:00.153810  3591 kserver.cc:163] Server-wide thread pool size limit: 3276
I20260608 10:10:00.155493  3591 txn_system_client.cc:432] TxnSystemClient initialization is disabled...
I20260608 10:10:00.157892  3591 ts_tablet_manager.cc:585] Loaded tablet metadata (0 total tablets, 0 live tablets)
I20260608 10:10:00.158125  3591 ts_tablet_manager.cc:531] Time spent load tablet metadata: real 0.000s	user 0.000s	sys 0.000s
I20260608 10:10:00.158380  3591 ts_tablet_manager.cc:616] Registered 0 tablets
I20260608 10:10:00.158557  3591 ts_tablet_manager.cc:595] Time spent register tablets: real 0.000s	user 0.000s	sys 0.000s
I20260608 10:10:00.198712  3591 rpc_server.cc:307] RPC server started. Bound to: 127.3.129.196:46479
I20260608 10:10:00.198840  7602 acceptor_pool.cc:272] collecting diagnostics on the listening RPC socket 127.3.129.196:46479 every 8 connection(s)
I20260608 10:10:00.214205  7603 heartbeater.cc:344] Connected to a master server at 127.3.129.254:39577
I20260608 10:10:00.214628  7603 heartbeater.cc:461] Registering TS with master...
I20260608 10:10:00.215499  7603 heartbeater.cc:507] Master 127.3.129.254:39577 requested a full tablet report, sending...
I20260608 10:10:00.217631  7252 ts_manager.cc:194] Registered new tserver with Master: 8155d231c2ef41fe883bc2c844c4239e (127.3.129.196:46479)
I20260608 10:10:00.218431  3591 internal_mini_cluster.cc:371] 4 TS(s) registered with all masters after 0.01629189s
I20260608 10:10:00.219317  7252 master_service.cc:502] Signed X509 certificate for tserver {username='slave'} at 127.0.0.1:44100
I20260608 10:10:00.774564  7252 catalog_manager.cc:2282] Servicing CreateTable request from {username='slave'} at 127.0.0.1:44114:
name: "test-workload"
schema {
  columns {
    name: "key"
    type: INT32
    is_key: true
    is_nullable: false
    encoding: AUTO_ENCODING
    compression: DEFAULT_COMPRESSION
    cfile_block_size: 0
    immutable: false
  }
  columns {
    name: "int_val"
    type: INT32
    is_key: false
    is_nullable: false
    encoding: AUTO_ENCODING
    compression: DEFAULT_COMPRESSION
    cfile_block_size: 0
    immutable: false
  }
  columns {
    name: "string_val"
    type: STRING
    is_key: false
    is_nullable: true
    encoding: AUTO_ENCODING
    compression: DEFAULT_COMPRESSION
    cfile_block_size: 0
    immutable: false
  }
}
num_replicas: 3
split_rows_range_bounds {
}
partition_schema {
  range_schema {
    columns {
      name: "key"
    }
  }
}
I20260608 10:10:00.826584  7568 tablet_service.cc:1511] Processing CreateTablet for tablet ddbca0c0a7cd4e90b1ba0ec824efcfe8 (DEFAULT_TABLE table=test-workload [id=a69fecbb39ff42488bc3aa1c21dcabf3]), partition=RANGE (key) PARTITION UNBOUNDED
I20260608 10:10:00.826779  7494 tablet_service.cc:1511] Processing CreateTablet for tablet ddbca0c0a7cd4e90b1ba0ec824efcfe8 (DEFAULT_TABLE table=test-workload [id=a69fecbb39ff42488bc3aa1c21dcabf3]), partition=RANGE (key) PARTITION UNBOUNDED
I20260608 10:10:00.828084  7568 data_dirs.cc:400] Could only allocate 1 dirs of requested 3 for tablet ddbca0c0a7cd4e90b1ba0ec824efcfe8. 1 dirs total, 0 dirs full, 0 dirs failed
I20260608 10:10:00.828145  7494 data_dirs.cc:400] Could only allocate 1 dirs of requested 3 for tablet ddbca0c0a7cd4e90b1ba0ec824efcfe8. 1 dirs total, 0 dirs full, 0 dirs failed
I20260608 10:10:00.829370  7345 tablet_service.cc:1511] Processing CreateTablet for tablet ddbca0c0a7cd4e90b1ba0ec824efcfe8 (DEFAULT_TABLE table=test-workload [id=a69fecbb39ff42488bc3aa1c21dcabf3]), partition=RANGE (key) PARTITION UNBOUNDED
I20260608 10:10:00.830732  7345 data_dirs.cc:400] Could only allocate 1 dirs of requested 3 for tablet ddbca0c0a7cd4e90b1ba0ec824efcfe8. 1 dirs total, 0 dirs full, 0 dirs failed
I20260608 10:10:00.842806  7624 tablet_bootstrap.cc:492] T ddbca0c0a7cd4e90b1ba0ec824efcfe8 P 8155d231c2ef41fe883bc2c844c4239e: Bootstrap starting.
I20260608 10:10:00.848877  7624 tablet_bootstrap.cc:654] T ddbca0c0a7cd4e90b1ba0ec824efcfe8 P 8155d231c2ef41fe883bc2c844c4239e: Neither blocks nor log segments found. Creating new log.
I20260608 10:10:00.853207  7626 tablet_bootstrap.cc:492] T ddbca0c0a7cd4e90b1ba0ec824efcfe8 P 462b06f6da5a4f889a33e0976819e779: Bootstrap starting.
I20260608 10:10:00.854064  7625 tablet_bootstrap.cc:492] T ddbca0c0a7cd4e90b1ba0ec824efcfe8 P 3f8a6ce3ee0c4ac4a85d3ce2c39c31da: Bootstrap starting.
I20260608 10:10:00.857275  7624 tablet_bootstrap.cc:492] T ddbca0c0a7cd4e90b1ba0ec824efcfe8 P 8155d231c2ef41fe883bc2c844c4239e: No bootstrap required, opened a new log
I20260608 10:10:00.857827  7624 ts_tablet_manager.cc:1403] T ddbca0c0a7cd4e90b1ba0ec824efcfe8 P 8155d231c2ef41fe883bc2c844c4239e: Time spent bootstrapping tablet: real 0.015s	user 0.008s	sys 0.004s
I20260608 10:10:00.860154  7626 tablet_bootstrap.cc:654] T ddbca0c0a7cd4e90b1ba0ec824efcfe8 P 462b06f6da5a4f889a33e0976819e779: Neither blocks nor log segments found. Creating new log.
I20260608 10:10:00.860400  7625 tablet_bootstrap.cc:654] T ddbca0c0a7cd4e90b1ba0ec824efcfe8 P 3f8a6ce3ee0c4ac4a85d3ce2c39c31da: Neither blocks nor log segments found. Creating new log.
I20260608 10:10:00.861007  7624 raft_consensus.cc:359] T ddbca0c0a7cd4e90b1ba0ec824efcfe8 P 8155d231c2ef41fe883bc2c844c4239e [term 0 FOLLOWER]: Replica starting. Triggering 0 pending ops. Active config: opid_index: -1 OBSOLETE_local: false peers { permanent_uuid: "8155d231c2ef41fe883bc2c844c4239e" member_type: VOTER last_known_addr { host: "127.3.129.196" port: 46479 } } peers { permanent_uuid: "462b06f6da5a4f889a33e0976819e779" member_type: VOTER last_known_addr { host: "127.3.129.193" port: 36705 } } peers { permanent_uuid: "3f8a6ce3ee0c4ac4a85d3ce2c39c31da" member_type: VOTER last_known_addr { host: "127.3.129.195" port: 45833 } }
I20260608 10:10:00.861826  7624 raft_consensus.cc:385] T ddbca0c0a7cd4e90b1ba0ec824efcfe8 P 8155d231c2ef41fe883bc2c844c4239e [term 0 FOLLOWER]: Consensus starting up: Expiring failure detector timer to make a prompt election more likely
I20260608 10:10:00.862133  7624 raft_consensus.cc:740] T ddbca0c0a7cd4e90b1ba0ec824efcfe8 P 8155d231c2ef41fe883bc2c844c4239e [term 0 FOLLOWER]: Becoming Follower/Learner. State: Replica: 8155d231c2ef41fe883bc2c844c4239e, State: Initialized, Role: FOLLOWER
I20260608 10:10:00.863246  7624 consensus_queue.cc:260] T ddbca0c0a7cd4e90b1ba0ec824efcfe8 P 8155d231c2ef41fe883bc2c844c4239e [NON_LEADER]: Queue going to NON_LEADER mode. State: All replicated index: 0, Majority replicated index: 0, Committed index: 0, Last appended: 0.0, Last appended by leader: 0, Current term: 0, Majority size: -1, State: 0, Mode: NON_LEADER, active raft config: opid_index: -1 OBSOLETE_local: false peers { permanent_uuid: "8155d231c2ef41fe883bc2c844c4239e" member_type: VOTER last_known_addr { host: "127.3.129.196" port: 46479 } } peers { permanent_uuid: "462b06f6da5a4f889a33e0976819e779" member_type: VOTER last_known_addr { host: "127.3.129.193" port: 36705 } } peers { permanent_uuid: "3f8a6ce3ee0c4ac4a85d3ce2c39c31da" member_type: VOTER last_known_addr { host: "127.3.129.195" port: 45833 } }
I20260608 10:10:00.865545  7626 tablet_bootstrap.cc:492] T ddbca0c0a7cd4e90b1ba0ec824efcfe8 P 462b06f6da5a4f889a33e0976819e779: No bootstrap required, opened a new log
I20260608 10:10:00.866056  7626 ts_tablet_manager.cc:1403] T ddbca0c0a7cd4e90b1ba0ec824efcfe8 P 462b06f6da5a4f889a33e0976819e779: Time spent bootstrapping tablet: real 0.014s	user 0.006s	sys 0.005s
I20260608 10:10:00.866065  7625 tablet_bootstrap.cc:492] T ddbca0c0a7cd4e90b1ba0ec824efcfe8 P 3f8a6ce3ee0c4ac4a85d3ce2c39c31da: No bootstrap required, opened a new log
I20260608 10:10:00.866894  7625 ts_tablet_manager.cc:1403] T ddbca0c0a7cd4e90b1ba0ec824efcfe8 P 3f8a6ce3ee0c4ac4a85d3ce2c39c31da: Time spent bootstrapping tablet: real 0.013s	user 0.012s	sys 0.000s
I20260608 10:10:00.867061  7603 heartbeater.cc:499] Master 127.3.129.254:39577 was elected leader, sending a full tablet report...
I20260608 10:10:00.867501  7624 ts_tablet_manager.cc:1434] T ddbca0c0a7cd4e90b1ba0ec824efcfe8 P 8155d231c2ef41fe883bc2c844c4239e: Time spent starting tablet: real 0.009s	user 0.007s	sys 0.005s
I20260608 10:10:00.869767  7626 raft_consensus.cc:359] T ddbca0c0a7cd4e90b1ba0ec824efcfe8 P 462b06f6da5a4f889a33e0976819e779 [term 0 FOLLOWER]: Replica starting. Triggering 0 pending ops. Active config: opid_index: -1 OBSOLETE_local: false peers { permanent_uuid: "8155d231c2ef41fe883bc2c844c4239e" member_type: VOTER last_known_addr { host: "127.3.129.196" port: 46479 } } peers { permanent_uuid: "462b06f6da5a4f889a33e0976819e779" member_type: VOTER last_known_addr { host: "127.3.129.193" port: 36705 } } peers { permanent_uuid: "3f8a6ce3ee0c4ac4a85d3ce2c39c31da" member_type: VOTER last_known_addr { host: "127.3.129.195" port: 45833 } }
I20260608 10:10:00.870553  7626 raft_consensus.cc:385] T ddbca0c0a7cd4e90b1ba0ec824efcfe8 P 462b06f6da5a4f889a33e0976819e779 [term 0 FOLLOWER]: Consensus starting up: Expiring failure detector timer to make a prompt election more likely
I20260608 10:10:00.870893  7626 raft_consensus.cc:740] T ddbca0c0a7cd4e90b1ba0ec824efcfe8 P 462b06f6da5a4f889a33e0976819e779 [term 0 FOLLOWER]: Becoming Follower/Learner. State: Replica: 462b06f6da5a4f889a33e0976819e779, State: Initialized, Role: FOLLOWER
I20260608 10:10:00.870708  7625 raft_consensus.cc:359] T ddbca0c0a7cd4e90b1ba0ec824efcfe8 P 3f8a6ce3ee0c4ac4a85d3ce2c39c31da [term 0 FOLLOWER]: Replica starting. Triggering 0 pending ops. Active config: opid_index: -1 OBSOLETE_local: false peers { permanent_uuid: "8155d231c2ef41fe883bc2c844c4239e" member_type: VOTER last_known_addr { host: "127.3.129.196" port: 46479 } } peers { permanent_uuid: "462b06f6da5a4f889a33e0976819e779" member_type: VOTER last_known_addr { host: "127.3.129.193" port: 36705 } } peers { permanent_uuid: "3f8a6ce3ee0c4ac4a85d3ce2c39c31da" member_type: VOTER last_known_addr { host: "127.3.129.195" port: 45833 } }
I20260608 10:10:00.871587  7625 raft_consensus.cc:385] T ddbca0c0a7cd4e90b1ba0ec824efcfe8 P 3f8a6ce3ee0c4ac4a85d3ce2c39c31da [term 0 FOLLOWER]: Consensus starting up: Expiring failure detector timer to make a prompt election more likely
I20260608 10:10:00.871943  7625 raft_consensus.cc:740] T ddbca0c0a7cd4e90b1ba0ec824efcfe8 P 3f8a6ce3ee0c4ac4a85d3ce2c39c31da [term 0 FOLLOWER]: Becoming Follower/Learner. State: Replica: 3f8a6ce3ee0c4ac4a85d3ce2c39c31da, State: Initialized, Role: FOLLOWER
I20260608 10:10:00.871832  7626 consensus_queue.cc:260] T ddbca0c0a7cd4e90b1ba0ec824efcfe8 P 462b06f6da5a4f889a33e0976819e779 [NON_LEADER]: Queue going to NON_LEADER mode. State: All replicated index: 0, Majority replicated index: 0, Committed index: 0, Last appended: 0.0, Last appended by leader: 0, Current term: 0, Majority size: -1, State: 0, Mode: NON_LEADER, active raft config: opid_index: -1 OBSOLETE_local: false peers { permanent_uuid: "8155d231c2ef41fe883bc2c844c4239e" member_type: VOTER last_known_addr { host: "127.3.129.196" port: 46479 } } peers { permanent_uuid: "462b06f6da5a4f889a33e0976819e779" member_type: VOTER last_known_addr { host: "127.3.129.193" port: 36705 } } peers { permanent_uuid: "3f8a6ce3ee0c4ac4a85d3ce2c39c31da" member_type: VOTER last_known_addr { host: "127.3.129.195" port: 45833 } }
I20260608 10:10:00.872864  7625 consensus_queue.cc:260] T ddbca0c0a7cd4e90b1ba0ec824efcfe8 P 3f8a6ce3ee0c4ac4a85d3ce2c39c31da [NON_LEADER]: Queue going to NON_LEADER mode. State: All replicated index: 0, Majority replicated index: 0, Committed index: 0, Last appended: 0.0, Last appended by leader: 0, Current term: 0, Majority size: -1, State: 0, Mode: NON_LEADER, active raft config: opid_index: -1 OBSOLETE_local: false peers { permanent_uuid: "8155d231c2ef41fe883bc2c844c4239e" member_type: VOTER last_known_addr { host: "127.3.129.196" port: 46479 } } peers { permanent_uuid: "462b06f6da5a4f889a33e0976819e779" member_type: VOTER last_known_addr { host: "127.3.129.193" port: 36705 } } peers { permanent_uuid: "3f8a6ce3ee0c4ac4a85d3ce2c39c31da" member_type: VOTER last_known_addr { host: "127.3.129.195" port: 45833 } }
I20260608 10:10:00.874866  7380 heartbeater.cc:499] Master 127.3.129.254:39577 was elected leader, sending a full tablet report...
I20260608 10:10:00.875313  7626 ts_tablet_manager.cc:1434] T ddbca0c0a7cd4e90b1ba0ec824efcfe8 P 462b06f6da5a4f889a33e0976819e779: Time spent starting tablet: real 0.009s	user 0.008s	sys 0.001s
I20260608 10:10:00.877100  7529 heartbeater.cc:499] Master 127.3.129.254:39577 was elected leader, sending a full tablet report...
I20260608 10:10:00.878034  7625 ts_tablet_manager.cc:1434] T ddbca0c0a7cd4e90b1ba0ec824efcfe8 P 3f8a6ce3ee0c4ac4a85d3ce2c39c31da: Time spent starting tablet: real 0.011s	user 0.005s	sys 0.005s
I20260608 10:10:00.980000  7631 raft_consensus.cc:493] T ddbca0c0a7cd4e90b1ba0ec824efcfe8 P 462b06f6da5a4f889a33e0976819e779 [term 0 FOLLOWER]: Starting pre-election (no leader contacted us within the election timeout)
I20260608 10:10:00.980551  7631 raft_consensus.cc:515] T ddbca0c0a7cd4e90b1ba0ec824efcfe8 P 462b06f6da5a4f889a33e0976819e779 [term 0 FOLLOWER]: Starting pre-election with config: opid_index: -1 OBSOLETE_local: false peers { permanent_uuid: "8155d231c2ef41fe883bc2c844c4239e" member_type: VOTER last_known_addr { host: "127.3.129.196" port: 46479 } } peers { permanent_uuid: "462b06f6da5a4f889a33e0976819e779" member_type: VOTER last_known_addr { host: "127.3.129.193" port: 36705 } } peers { permanent_uuid: "3f8a6ce3ee0c4ac4a85d3ce2c39c31da" member_type: VOTER last_known_addr { host: "127.3.129.195" port: 45833 } }
I20260608 10:10:00.986496  7631 leader_election.cc:290] T ddbca0c0a7cd4e90b1ba0ec824efcfe8 P 462b06f6da5a4f889a33e0976819e779 [CANDIDATE]: Term 1 pre-election: Requested pre-vote from peers 8155d231c2ef41fe883bc2c844c4239e (127.3.129.196:46479), 3f8a6ce3ee0c4ac4a85d3ce2c39c31da (127.3.129.195:45833)
I20260608 10:10:00.997344  7578 tablet_service.cc:1917] Received RequestConsensusVote() RPC: tablet_id: "ddbca0c0a7cd4e90b1ba0ec824efcfe8" candidate_uuid: "462b06f6da5a4f889a33e0976819e779" candidate_term: 1 candidate_status { last_received { term: 0 index: 0 } } ignore_live_leader: false dest_uuid: "8155d231c2ef41fe883bc2c844c4239e" is_pre_election: true
I20260608 10:10:00.997468  7504 tablet_service.cc:1917] Received RequestConsensusVote() RPC: tablet_id: "ddbca0c0a7cd4e90b1ba0ec824efcfe8" candidate_uuid: "462b06f6da5a4f889a33e0976819e779" candidate_term: 1 candidate_status { last_received { term: 0 index: 0 } } ignore_live_leader: false dest_uuid: "3f8a6ce3ee0c4ac4a85d3ce2c39c31da" is_pre_election: true
I20260608 10:10:00.998108  7578 raft_consensus.cc:2468] T ddbca0c0a7cd4e90b1ba0ec824efcfe8 P 8155d231c2ef41fe883bc2c844c4239e [term 0 FOLLOWER]: Leader pre-election vote request: Granting yes vote for candidate 462b06f6da5a4f889a33e0976819e779 in term 0.
I20260608 10:10:00.998111  7504 raft_consensus.cc:2468] T ddbca0c0a7cd4e90b1ba0ec824efcfe8 P 3f8a6ce3ee0c4ac4a85d3ce2c39c31da [term 0 FOLLOWER]: Leader pre-election vote request: Granting yes vote for candidate 462b06f6da5a4f889a33e0976819e779 in term 0.
I20260608 10:10:00.999729  7320 leader_election.cc:304] T ddbca0c0a7cd4e90b1ba0ec824efcfe8 P 462b06f6da5a4f889a33e0976819e779 [CANDIDATE]: Term 1 pre-election: Election decided. Result: candidate won. Election summary: received 2 responses out of 3 voters: 2 yes votes; 0 no votes. yes voters: 3f8a6ce3ee0c4ac4a85d3ce2c39c31da, 462b06f6da5a4f889a33e0976819e779; no voters: 
I20260608 10:10:01.000527  7631 raft_consensus.cc:2804] T ddbca0c0a7cd4e90b1ba0ec824efcfe8 P 462b06f6da5a4f889a33e0976819e779 [term 0 FOLLOWER]: Leader pre-election won for term 1
I20260608 10:10:01.000865  7631 raft_consensus.cc:493] T ddbca0c0a7cd4e90b1ba0ec824efcfe8 P 462b06f6da5a4f889a33e0976819e779 [term 0 FOLLOWER]: Starting leader election (no leader contacted us within the election timeout)
I20260608 10:10:01.001163  7631 raft_consensus.cc:3060] T ddbca0c0a7cd4e90b1ba0ec824efcfe8 P 462b06f6da5a4f889a33e0976819e779 [term 0 FOLLOWER]: Advancing to term 1
I20260608 10:10:01.006389  7631 raft_consensus.cc:515] T ddbca0c0a7cd4e90b1ba0ec824efcfe8 P 462b06f6da5a4f889a33e0976819e779 [term 1 FOLLOWER]: Starting leader election with config: opid_index: -1 OBSOLETE_local: false peers { permanent_uuid: "8155d231c2ef41fe883bc2c844c4239e" member_type: VOTER last_known_addr { host: "127.3.129.196" port: 46479 } } peers { permanent_uuid: "462b06f6da5a4f889a33e0976819e779" member_type: VOTER last_known_addr { host: "127.3.129.193" port: 36705 } } peers { permanent_uuid: "3f8a6ce3ee0c4ac4a85d3ce2c39c31da" member_type: VOTER last_known_addr { host: "127.3.129.195" port: 45833 } }
I20260608 10:10:01.008297  7631 leader_election.cc:290] T ddbca0c0a7cd4e90b1ba0ec824efcfe8 P 462b06f6da5a4f889a33e0976819e779 [CANDIDATE]: Term 1 election: Requested vote from peers 8155d231c2ef41fe883bc2c844c4239e (127.3.129.196:46479), 3f8a6ce3ee0c4ac4a85d3ce2c39c31da (127.3.129.195:45833)
I20260608 10:10:01.008934  7455 heartbeater.cc:499] Master 127.3.129.254:39577 was elected leader, sending a full tablet report...
I20260608 10:10:01.009320  7578 tablet_service.cc:1917] Received RequestConsensusVote() RPC: tablet_id: "ddbca0c0a7cd4e90b1ba0ec824efcfe8" candidate_uuid: "462b06f6da5a4f889a33e0976819e779" candidate_term: 1 candidate_status { last_received { term: 0 index: 0 } } ignore_live_leader: false dest_uuid: "8155d231c2ef41fe883bc2c844c4239e"
I20260608 10:10:01.009542  7504 tablet_service.cc:1917] Received RequestConsensusVote() RPC: tablet_id: "ddbca0c0a7cd4e90b1ba0ec824efcfe8" candidate_uuid: "462b06f6da5a4f889a33e0976819e779" candidate_term: 1 candidate_status { last_received { term: 0 index: 0 } } ignore_live_leader: false dest_uuid: "3f8a6ce3ee0c4ac4a85d3ce2c39c31da"
I20260608 10:10:01.010006  7578 raft_consensus.cc:3060] T ddbca0c0a7cd4e90b1ba0ec824efcfe8 P 8155d231c2ef41fe883bc2c844c4239e [term 0 FOLLOWER]: Advancing to term 1
I20260608 10:10:01.010171  7504 raft_consensus.cc:3060] T ddbca0c0a7cd4e90b1ba0ec824efcfe8 P 3f8a6ce3ee0c4ac4a85d3ce2c39c31da [term 0 FOLLOWER]: Advancing to term 1
I20260608 10:10:01.015901  7578 raft_consensus.cc:2468] T ddbca0c0a7cd4e90b1ba0ec824efcfe8 P 8155d231c2ef41fe883bc2c844c4239e [term 1 FOLLOWER]: Leader election vote request: Granting yes vote for candidate 462b06f6da5a4f889a33e0976819e779 in term 1.
I20260608 10:10:01.016294  7504 raft_consensus.cc:2468] T ddbca0c0a7cd4e90b1ba0ec824efcfe8 P 3f8a6ce3ee0c4ac4a85d3ce2c39c31da [term 1 FOLLOWER]: Leader election vote request: Granting yes vote for candidate 462b06f6da5a4f889a33e0976819e779 in term 1.
I20260608 10:10:01.017017  7318 leader_election.cc:304] T ddbca0c0a7cd4e90b1ba0ec824efcfe8 P 462b06f6da5a4f889a33e0976819e779 [CANDIDATE]: Term 1 election: Election decided. Result: candidate won. Election summary: received 2 responses out of 3 voters: 2 yes votes; 0 no votes. yes voters: 462b06f6da5a4f889a33e0976819e779, 8155d231c2ef41fe883bc2c844c4239e; no voters: 
I20260608 10:10:01.018026  7631 raft_consensus.cc:2804] T ddbca0c0a7cd4e90b1ba0ec824efcfe8 P 462b06f6da5a4f889a33e0976819e779 [term 1 FOLLOWER]: Leader election won for term 1
I20260608 10:10:01.019591  7631 raft_consensus.cc:697] T ddbca0c0a7cd4e90b1ba0ec824efcfe8 P 462b06f6da5a4f889a33e0976819e779 [term 1 LEADER]: Becoming Leader. State: Replica: 462b06f6da5a4f889a33e0976819e779, State: Running, Role: LEADER
I20260608 10:10:01.020520  7631 consensus_queue.cc:237] T ddbca0c0a7cd4e90b1ba0ec824efcfe8 P 462b06f6da5a4f889a33e0976819e779 [LEADER]: Queue going to LEADER mode. State: All replicated index: 0, Majority replicated index: 0, Committed index: 0, Last appended: 0.0, Last appended by leader: 0, Current term: 1, Majority size: 2, State: 0, Mode: LEADER, active raft config: opid_index: -1 OBSOLETE_local: false peers { permanent_uuid: "8155d231c2ef41fe883bc2c844c4239e" member_type: VOTER last_known_addr { host: "127.3.129.196" port: 46479 } } peers { permanent_uuid: "462b06f6da5a4f889a33e0976819e779" member_type: VOTER last_known_addr { host: "127.3.129.193" port: 36705 } } peers { permanent_uuid: "3f8a6ce3ee0c4ac4a85d3ce2c39c31da" member_type: VOTER last_known_addr { host: "127.3.129.195" port: 45833 } }
I20260608 10:10:01.028070  7252 catalog_manager.cc:5696] T ddbca0c0a7cd4e90b1ba0ec824efcfe8 P 462b06f6da5a4f889a33e0976819e779 reported cstate change: term changed from 0 to 1, leader changed from <none> to 462b06f6da5a4f889a33e0976819e779 (127.3.129.193). New cstate: current_term: 1 leader_uuid: "462b06f6da5a4f889a33e0976819e779" committed_config { opid_index: -1 OBSOLETE_local: false peers { permanent_uuid: "8155d231c2ef41fe883bc2c844c4239e" member_type: VOTER last_known_addr { host: "127.3.129.196" port: 46479 } health_report { overall_health: UNKNOWN } } peers { permanent_uuid: "462b06f6da5a4f889a33e0976819e779" member_type: VOTER last_known_addr { host: "127.3.129.193" port: 36705 } health_report { overall_health: HEALTHY } } peers { permanent_uuid: "3f8a6ce3ee0c4ac4a85d3ce2c39c31da" member_type: VOTER last_known_addr { host: "127.3.129.195" port: 45833 } health_report { overall_health: UNKNOWN } } }
I20260608 10:10:01.538455  7637 consensus_queue.cc:1048] T ddbca0c0a7cd4e90b1ba0ec824efcfe8 P 462b06f6da5a4f889a33e0976819e779 [LEADER]: Connected to new peer: Peer: permanent_uuid: "8155d231c2ef41fe883bc2c844c4239e" member_type: VOTER last_known_addr { host: "127.3.129.196" port: 46479 }, Status: LMP_MISMATCH, Last received: 0.0, Next index: 1, Last known committed idx: 0, Time since last communication: 0.000s
I20260608 10:10:01.540835  7637 consensus_queue.cc:1048] T ddbca0c0a7cd4e90b1ba0ec824efcfe8 P 462b06f6da5a4f889a33e0976819e779 [LEADER]: Connected to new peer: Peer: permanent_uuid: "3f8a6ce3ee0c4ac4a85d3ce2c39c31da" member_type: VOTER last_known_addr { host: "127.3.129.195" port: 45833 }, Status: LMP_MISMATCH, Last received: 0.0, Next index: 1, Last known committed idx: 0, Time since last communication: 0.000s
I20260608 10:10:01.718864  7306 auto_leader_rebalancer.cc:140] leader rebalance for table test-workload
I20260608 10:10:01.720485  7306 auto_leader_rebalancer.cc:388] table: test-workload, leader rebalance finish, leader transfer count: 0
I20260608 10:10:01.720881  7306 auto_leader_rebalancer.cc:451] All tables' leader rebalancing finished this round
I20260608 10:10:03.722091  7306 auto_leader_rebalancer.cc:140] leader rebalance for table test-workload
I20260608 10:10:03.723842  7306 auto_leader_rebalancer.cc:388] table: test-workload, leader rebalance finish, leader transfer count: 0
I20260608 10:10:03.724196  7306 auto_leader_rebalancer.cc:451] All tables' leader rebalancing finished this round
I20260608 10:10:05.725198  7306 auto_leader_rebalancer.cc:140] leader rebalance for table test-workload
I20260608 10:10:05.726814  7306 auto_leader_rebalancer.cc:388] table: test-workload, leader rebalance finish, leader transfer count: 0
I20260608 10:10:05.727170  7306 auto_leader_rebalancer.cc:451] All tables' leader rebalancing finished this round
I20260608 10:10:07.728186  7306 auto_leader_rebalancer.cc:140] leader rebalance for table test-workload
I20260608 10:10:07.729562  7306 auto_leader_rebalancer.cc:388] table: test-workload, leader rebalance finish, leader transfer count: 0
I20260608 10:10:07.729902  7306 auto_leader_rebalancer.cc:451] All tables' leader rebalancing finished this round
I20260608 10:10:09.731176  7306 auto_leader_rebalancer.cc:140] leader rebalance for table test-workload
I20260608 10:10:09.732764  7306 auto_leader_rebalancer.cc:388] table: test-workload, leader rebalance finish, leader transfer count: 0
I20260608 10:10:09.733129  7306 auto_leader_rebalancer.cc:451] All tables' leader rebalancing finished this round
I20260608 10:10:11.734539  7306 auto_leader_rebalancer.cc:140] leader rebalance for table test-workload
I20260608 10:10:11.736290  7306 auto_leader_rebalancer.cc:388] table: test-workload, leader rebalance finish, leader transfer count: 0
I20260608 10:10:11.736594  7306 auto_leader_rebalancer.cc:451] All tables' leader rebalancing finished this round
I20260608 10:10:12.133987  3591 tablet_server.cc:179] TabletServer@127.3.129.193:0 shutting down...
I20260608 10:10:12.161983  3591 ts_tablet_manager.cc:1507] Shutting down tablet manager...
I20260608 10:10:12.162729  3591 tablet_replica.cc:333] T ddbca0c0a7cd4e90b1ba0ec824efcfe8 P 462b06f6da5a4f889a33e0976819e779: stopping tablet replica
I20260608 10:10:12.163295  3591 raft_consensus.cc:2243] T ddbca0c0a7cd4e90b1ba0ec824efcfe8 P 462b06f6da5a4f889a33e0976819e779 [term 1 LEADER]: Raft consensus shutting down.
I20260608 10:10:12.164361  3591 raft_consensus.cc:2272] T ddbca0c0a7cd4e90b1ba0ec824efcfe8 P 462b06f6da5a4f889a33e0976819e779 [term 1 FOLLOWER]: Raft consensus is shut down!
I20260608 10:10:12.186523  3591 tablet_server.cc:196] TabletServer@127.3.129.193:0 shutdown complete.
I20260608 10:10:12.200696  3591 tablet_server.cc:179] TabletServer@127.3.129.194:0 shutting down...
I20260608 10:10:12.225741  3591 ts_tablet_manager.cc:1507] Shutting down tablet manager...
I20260608 10:10:12.241629  3591 tablet_server.cc:196] TabletServer@127.3.129.194:0 shutdown complete.
I20260608 10:10:12.251022  3591 tablet_server.cc:179] TabletServer@127.3.129.195:0 shutting down...
I20260608 10:10:12.270893  3591 ts_tablet_manager.cc:1507] Shutting down tablet manager...
I20260608 10:10:12.271692  3591 tablet_replica.cc:333] T ddbca0c0a7cd4e90b1ba0ec824efcfe8 P 3f8a6ce3ee0c4ac4a85d3ce2c39c31da: stopping tablet replica
I20260608 10:10:12.272295  3591 raft_consensus.cc:2243] T ddbca0c0a7cd4e90b1ba0ec824efcfe8 P 3f8a6ce3ee0c4ac4a85d3ce2c39c31da [term 1 FOLLOWER]: Raft consensus shutting down.
I20260608 10:10:12.272881  3591 raft_consensus.cc:2272] T ddbca0c0a7cd4e90b1ba0ec824efcfe8 P 3f8a6ce3ee0c4ac4a85d3ce2c39c31da [term 1 FOLLOWER]: Raft consensus is shut down!
I20260608 10:10:12.293249  3591 tablet_server.cc:196] TabletServer@127.3.129.195:0 shutdown complete.
I20260608 10:10:12.304667  3591 tablet_server.cc:179] TabletServer@127.3.129.196:0 shutting down...
I20260608 10:10:12.327718  3591 ts_tablet_manager.cc:1507] Shutting down tablet manager...
I20260608 10:10:12.328419  3591 tablet_replica.cc:333] T ddbca0c0a7cd4e90b1ba0ec824efcfe8 P 8155d231c2ef41fe883bc2c844c4239e: stopping tablet replica
I20260608 10:10:12.328959  3591 raft_consensus.cc:2243] T ddbca0c0a7cd4e90b1ba0ec824efcfe8 P 8155d231c2ef41fe883bc2c844c4239e [term 1 FOLLOWER]: Raft consensus shutting down.
I20260608 10:10:12.329476  3591 raft_consensus.cc:2272] T ddbca0c0a7cd4e90b1ba0ec824efcfe8 P 8155d231c2ef41fe883bc2c844c4239e [term 1 FOLLOWER]: Raft consensus is shut down!
