I20260608 10:10:21.568786 22806 raft_consensus.cc:359] T 7cfd2c87dfca4f34915b272feedd2540 P 5b4d74d2cbba42f49999176579d193ef [term 0 FOLLOWER]: Replica starting. Triggering 0 pending ops. Active config: opid_index: -1 OBSOLETE_local: false peers { permanent_uuid: "ed18af8d7f50436c97e47a6f7a7dc662" member_type: VOTER last_known_addr { host: "127.17.173.65" port: 34351 } } peers { permanent_uuid: "5b4d74d2cbba42f49999176579d193ef" member_type: VOTER last_known_addr { host: "127.17.173.66" port: 33185 } } peers { permanent_uuid: "3b1f92ab13134ba0be19008199718db6" member_type: VOTER last_known_addr { host: "127.17.173.67" port: 46309 } }
I20260608 10:10:21.570015 22806 raft_consensus.cc:385] T 7cfd2c87dfca4f34915b272feedd2540 P 5b4d74d2cbba42f49999176579d193ef [term 0 FOLLOWER]: Consensus starting up: Expiring failure detector timer to make a prompt election more likely
I20260608 10:10:21.570493 22806 raft_consensus.cc:740] T 7cfd2c87dfca4f34915b272feedd2540 P 5b4d74d2cbba42f49999176579d193ef [term 0 FOLLOWER]: Becoming Follower/Learner. State: Replica: 5b4d74d2cbba42f49999176579d193ef, State: Initialized, Role: FOLLOWER
I20260608 10:10:21.571859 22806 consensus_queue.cc:260] T 7cfd2c87dfca4f34915b272feedd2540 P 5b4d74d2cbba42f49999176579d193ef [NON_LEADER]: Queue going to NON_LEADER mode. State: All replicated index: 0, Majority replicated index: 0, Committed index: 0, Last appended: 0.0, Last appended by leader: 0, Current term: 0, Majority size: -1, State: 0, Mode: NON_LEADER, active raft config: opid_index: -1 OBSOLETE_local: false peers { permanent_uuid: "ed18af8d7f50436c97e47a6f7a7dc662" member_type: VOTER last_known_addr { host: "127.17.173.65" port: 34351 } } peers { permanent_uuid: "5b4d74d2cbba42f49999176579d193ef" member_type: VOTER last_known_addr { host: "127.17.173.66" port: 33185 } } peers { permanent_uuid: "3b1f92ab13134ba0be19008199718db6" member_type: VOTER last_known_addr { host: "127.17.173.67" port: 46309 } }
I20260608 10:10:21.582605 22805 ts_tablet_manager.cc:1434] T 7cfd2c87dfca4f34915b272feedd2540 P 3b1f92ab13134ba0be19008199718db6: Time spent starting tablet: real 0.037s	user 0.021s	sys 0.013s
I20260608 10:10:21.583015 22806 ts_tablet_manager.cc:1434] T 7cfd2c87dfca4f34915b272feedd2540 P 5b4d74d2cbba42f49999176579d193ef: Time spent starting tablet: real 0.018s	user 0.011s	sys 0.000s
I20260608 10:10:21.583834 22805 tablet_bootstrap.cc:492] T 1c4f0b6d9c184651a95ba51ce986f764 P 3b1f92ab13134ba0be19008199718db6: Bootstrap starting.
I20260608 10:10:21.584158 22806 tablet_bootstrap.cc:492] T 227225fa53004fdb8db597ee8fd4fa96 P 5b4d74d2cbba42f49999176579d193ef: Bootstrap starting.
I20260608 10:10:21.591293 22805 tablet_bootstrap.cc:654] T 1c4f0b6d9c184651a95ba51ce986f764 P 3b1f92ab13134ba0be19008199718db6: Neither blocks nor log segments found. Creating new log.
I20260608 10:10:21.593394 22806 tablet_bootstrap.cc:654] T 227225fa53004fdb8db597ee8fd4fa96 P 5b4d74d2cbba42f49999176579d193ef: Neither blocks nor log segments found. Creating new log.
I20260608 10:10:21.598120 22807 tablet_bootstrap.cc:492] T 816f8694487a443490cc781a8d2e8b28 P ed18af8d7f50436c97e47a6f7a7dc662: No bootstrap required, opened a new log
I20260608 10:10:21.598644 22807 ts_tablet_manager.cc:1403] T 816f8694487a443490cc781a8d2e8b28 P ed18af8d7f50436c97e47a6f7a7dc662: Time spent bootstrapping tablet: real 0.058s	user 0.025s	sys 0.012s
I20260608 10:10:21.600121 22806 tablet_bootstrap.cc:492] T 227225fa53004fdb8db597ee8fd4fa96 P 5b4d74d2cbba42f49999176579d193ef: No bootstrap required, opened a new log
I20260608 10:10:21.600476 22805 tablet_bootstrap.cc:492] T 1c4f0b6d9c184651a95ba51ce986f764 P 3b1f92ab13134ba0be19008199718db6: No bootstrap required, opened a new log
I20260608 10:10:21.600704 22806 ts_tablet_manager.cc:1403] T 227225fa53004fdb8db597ee8fd4fa96 P 5b4d74d2cbba42f49999176579d193ef: Time spent bootstrapping tablet: real 0.017s	user 0.011s	sys 0.004s
I20260608 10:10:21.601003 22805 ts_tablet_manager.cc:1403] T 1c4f0b6d9c184651a95ba51ce986f764 P 3b1f92ab13134ba0be19008199718db6: Time spent bootstrapping tablet: real 0.017s	user 0.005s	sys 0.012s
I20260608 10:10:21.601243 22807 raft_consensus.cc:359] T 816f8694487a443490cc781a8d2e8b28 P ed18af8d7f50436c97e47a6f7a7dc662 [term 0 FOLLOWER]: Replica starting. Triggering 0 pending ops. Active config: opid_index: -1 OBSOLETE_local: false peers { permanent_uuid: "3b1f92ab13134ba0be19008199718db6" member_type: VOTER last_known_addr { host: "127.17.173.67" port: 46309 } } peers { permanent_uuid: "5b4d74d2cbba42f49999176579d193ef" member_type: VOTER last_known_addr { host: "127.17.173.66" port: 33185 } } peers { permanent_uuid: "ed18af8d7f50436c97e47a6f7a7dc662" member_type: VOTER last_known_addr { host: "127.17.173.65" port: 34351 } }
I20260608 10:10:21.602087 22807 raft_consensus.cc:385] T 816f8694487a443490cc781a8d2e8b28 P ed18af8d7f50436c97e47a6f7a7dc662 [term 0 FOLLOWER]: Consensus starting up: Expiring failure detector timer to make a prompt election more likely
I20260608 10:10:21.602358 22807 raft_consensus.cc:740] T 816f8694487a443490cc781a8d2e8b28 P ed18af8d7f50436c97e47a6f7a7dc662 [term 0 FOLLOWER]: Becoming Follower/Learner. State: Replica: ed18af8d7f50436c97e47a6f7a7dc662, State: Initialized, Role: FOLLOWER
I20260608 10:10:21.603174 22807 consensus_queue.cc:260] T 816f8694487a443490cc781a8d2e8b28 P ed18af8d7f50436c97e47a6f7a7dc662 [NON_LEADER]: Queue going to NON_LEADER mode. State: All replicated index: 0, Majority replicated index: 0, Committed index: 0, Last appended: 0.0, Last appended by leader: 0, Current term: 0, Majority size: -1, State: 0, Mode: NON_LEADER, active raft config: opid_index: -1 OBSOLETE_local: false peers { permanent_uuid: "3b1f92ab13134ba0be19008199718db6" member_type: VOTER last_known_addr { host: "127.17.173.67" port: 46309 } } peers { permanent_uuid: "5b4d74d2cbba42f49999176579d193ef" member_type: VOTER last_known_addr { host: "127.17.173.66" port: 33185 } } peers { permanent_uuid: "ed18af8d7f50436c97e47a6f7a7dc662" member_type: VOTER last_known_addr { host: "127.17.173.65" port: 34351 } }
I20260608 10:10:21.604053 22806 raft_consensus.cc:359] T 227225fa53004fdb8db597ee8fd4fa96 P 5b4d74d2cbba42f49999176579d193ef [term 0 FOLLOWER]: Replica starting. Triggering 0 pending ops. Active config: opid_index: -1 OBSOLETE_local: false peers { permanent_uuid: "ed18af8d7f50436c97e47a6f7a7dc662" member_type: VOTER last_known_addr { host: "127.17.173.65" port: 34351 } } peers { permanent_uuid: "5b4d74d2cbba42f49999176579d193ef" member_type: VOTER last_known_addr { host: "127.17.173.66" port: 33185 } } peers { permanent_uuid: "3b1f92ab13134ba0be19008199718db6" member_type: VOTER last_known_addr { host: "127.17.173.67" port: 46309 } }
I20260608 10:10:21.604267 22805 raft_consensus.cc:359] T 1c4f0b6d9c184651a95ba51ce986f764 P 3b1f92ab13134ba0be19008199718db6 [term 0 FOLLOWER]: Replica starting. Triggering 0 pending ops. Active config: opid_index: -1 OBSOLETE_local: false peers { permanent_uuid: "ed18af8d7f50436c97e47a6f7a7dc662" member_type: VOTER last_known_addr { host: "127.17.173.65" port: 34351 } } peers { permanent_uuid: "5b4d74d2cbba42f49999176579d193ef" member_type: VOTER last_known_addr { host: "127.17.173.66" port: 33185 } } peers { permanent_uuid: "3b1f92ab13134ba0be19008199718db6" member_type: VOTER last_known_addr { host: "127.17.173.67" port: 46309 } }
I20260608 10:10:21.604923 22806 raft_consensus.cc:385] T 227225fa53004fdb8db597ee8fd4fa96 P 5b4d74d2cbba42f49999176579d193ef [term 0 FOLLOWER]: Consensus starting up: Expiring failure detector timer to make a prompt election more likely
I20260608 10:10:21.605135 22805 raft_consensus.cc:385] T 1c4f0b6d9c184651a95ba51ce986f764 P 3b1f92ab13134ba0be19008199718db6 [term 0 FOLLOWER]: Consensus starting up: Expiring failure detector timer to make a prompt election more likely
I20260608 10:10:21.605929 22807 ts_tablet_manager.cc:1434] T 816f8694487a443490cc781a8d2e8b28 P ed18af8d7f50436c97e47a6f7a7dc662: Time spent starting tablet: real 0.007s	user 0.003s	sys 0.005s
I20260608 10:10:21.606859 22806 raft_consensus.cc:740] T 227225fa53004fdb8db597ee8fd4fa96 P 5b4d74d2cbba42f49999176579d193ef [term 0 FOLLOWER]: Becoming Follower/Learner. State: Replica: 5b4d74d2cbba42f49999176579d193ef, State: Initialized, Role: FOLLOWER
I20260608 10:10:21.606969 22805 raft_consensus.cc:740] T 1c4f0b6d9c184651a95ba51ce986f764 P 3b1f92ab13134ba0be19008199718db6 [term 0 FOLLOWER]: Becoming Follower/Learner. State: Replica: 3b1f92ab13134ba0be19008199718db6, State: Initialized, Role: FOLLOWER
I20260608 10:10:21.608028 22805 consensus_queue.cc:260] T 1c4f0b6d9c184651a95ba51ce986f764 P 3b1f92ab13134ba0be19008199718db6 [NON_LEADER]: Queue going to NON_LEADER mode. State: All replicated index: 0, Majority replicated index: 0, Committed index: 0, Last appended: 0.0, Last appended by leader: 0, Current term: 0, Majority size: -1, State: 0, Mode: NON_LEADER, active raft config: opid_index: -1 OBSOLETE_local: false peers { permanent_uuid: "ed18af8d7f50436c97e47a6f7a7dc662" member_type: VOTER last_known_addr { host: "127.17.173.65" port: 34351 } } peers { permanent_uuid: "5b4d74d2cbba42f49999176579d193ef" member_type: VOTER last_known_addr { host: "127.17.173.66" port: 33185 } } peers { permanent_uuid: "3b1f92ab13134ba0be19008199718db6" member_type: VOTER last_known_addr { host: "127.17.173.67" port: 46309 } }
I20260608 10:10:21.608028 22806 consensus_queue.cc:260] T 227225fa53004fdb8db597ee8fd4fa96 P 5b4d74d2cbba42f49999176579d193ef [NON_LEADER]: Queue going to NON_LEADER mode. State: All replicated index: 0, Majority replicated index: 0, Committed index: 0, Last appended: 0.0, Last appended by leader: 0, Current term: 0, Majority size: -1, State: 0, Mode: NON_LEADER, active raft config: opid_index: -1 OBSOLETE_local: false peers { permanent_uuid: "ed18af8d7f50436c97e47a6f7a7dc662" member_type: VOTER last_known_addr { host: "127.17.173.65" port: 34351 } } peers { permanent_uuid: "5b4d74d2cbba42f49999176579d193ef" member_type: VOTER last_known_addr { host: "127.17.173.66" port: 33185 } } peers { permanent_uuid: "3b1f92ab13134ba0be19008199718db6" member_type: VOTER last_known_addr { host: "127.17.173.67" port: 46309 } }
I20260608 10:10:21.608830 22807 tablet_bootstrap.cc:492] T 227225fa53004fdb8db597ee8fd4fa96 P ed18af8d7f50436c97e47a6f7a7dc662: Bootstrap starting.
I20260608 10:10:21.612491 22806 ts_tablet_manager.cc:1434] T 227225fa53004fdb8db597ee8fd4fa96 P 5b4d74d2cbba42f49999176579d193ef: Time spent starting tablet: real 0.011s	user 0.007s	sys 0.000s
I20260608 10:10:21.612484 22811 raft_consensus.cc:493] T 1c4f0b6d9c184651a95ba51ce986f764 P 3b1f92ab13134ba0be19008199718db6 [term 0 FOLLOWER]: Starting pre-election (no leader contacted us within the election timeout)
I20260608 10:10:21.613179 22811 raft_consensus.cc:515] T 1c4f0b6d9c184651a95ba51ce986f764 P 3b1f92ab13134ba0be19008199718db6 [term 0 FOLLOWER]: Starting pre-election with config: opid_index: -1 OBSOLETE_local: false peers { permanent_uuid: "ed18af8d7f50436c97e47a6f7a7dc662" member_type: VOTER last_known_addr { host: "127.17.173.65" port: 34351 } } peers { permanent_uuid: "5b4d74d2cbba42f49999176579d193ef" member_type: VOTER last_known_addr { host: "127.17.173.66" port: 33185 } } peers { permanent_uuid: "3b1f92ab13134ba0be19008199718db6" member_type: VOTER last_known_addr { host: "127.17.173.67" port: 46309 } }
I20260608 10:10:21.614356 22805 ts_tablet_manager.cc:1434] T 1c4f0b6d9c184651a95ba51ce986f764 P 3b1f92ab13134ba0be19008199718db6: Time spent starting tablet: real 0.013s	user 0.007s	sys 0.000s
I20260608 10:10:21.615880 22805 tablet_bootstrap.cc:492] T e6bdba2e6abf413a82a63584585743ef P 3b1f92ab13134ba0be19008199718db6: Bootstrap starting.
I20260608 10:10:21.616624 22807 tablet_bootstrap.cc:654] T 227225fa53004fdb8db597ee8fd4fa96 P ed18af8d7f50436c97e47a6f7a7dc662: Neither blocks nor log segments found. Creating new log.
I20260608 10:10:21.624079 22805 tablet_bootstrap.cc:654] T e6bdba2e6abf413a82a63584585743ef P 3b1f92ab13134ba0be19008199718db6: Neither blocks nor log segments found. Creating new log.
I20260608 10:10:21.625145 22811 leader_election.cc:290] T 1c4f0b6d9c184651a95ba51ce986f764 P 3b1f92ab13134ba0be19008199718db6 [CANDIDATE]: Term 1 pre-election: Requested pre-vote from peers ed18af8d7f50436c97e47a6f7a7dc662 (127.17.173.65:34351), 5b4d74d2cbba42f49999176579d193ef (127.17.173.66:33185)
W20260608 10:10:21.640017 22554 auto_rebalancer.cc:259] Could not retrieve cluster info: Service unavailable: Tablet not running
I20260608 10:10:21.642485 22806 tablet_bootstrap.cc:492] T b41019cbca68480a8df565264bcbcc6a P 5b4d74d2cbba42f49999176579d193ef: Bootstrap starting.
I20260608 10:10:21.668715 22807 tablet_bootstrap.cc:492] T 227225fa53004fdb8db597ee8fd4fa96 P ed18af8d7f50436c97e47a6f7a7dc662: No bootstrap required, opened a new log
I20260608 10:10:21.670727 22806 tablet_bootstrap.cc:654] T b41019cbca68480a8df565264bcbcc6a P 5b4d74d2cbba42f49999176579d193ef: Neither blocks nor log segments found. Creating new log.
I20260608 10:10:21.670781 22807 ts_tablet_manager.cc:1403] T 227225fa53004fdb8db597ee8fd4fa96 P ed18af8d7f50436c97e47a6f7a7dc662: Time spent bootstrapping tablet: real 0.063s	user 0.017s	sys 0.042s
I20260608 10:10:21.671262 22805 tablet_bootstrap.cc:492] T e6bdba2e6abf413a82a63584585743ef P 3b1f92ab13134ba0be19008199718db6: No bootstrap required, opened a new log
I20260608 10:10:21.671836 22805 ts_tablet_manager.cc:1403] T e6bdba2e6abf413a82a63584585743ef P 3b1f92ab13134ba0be19008199718db6: Time spent bootstrapping tablet: real 0.056s	user 0.021s	sys 0.027s
I20260608 10:10:21.674613 22807 raft_consensus.cc:359] T 227225fa53004fdb8db597ee8fd4fa96 P ed18af8d7f50436c97e47a6f7a7dc662 [term 0 FOLLOWER]: Replica starting. Triggering 0 pending ops. Active config: opid_index: -1 OBSOLETE_local: false peers { permanent_uuid: "ed18af8d7f50436c97e47a6f7a7dc662" member_type: VOTER last_known_addr { host: "127.17.173.65" port: 34351 } } peers { permanent_uuid: "5b4d74d2cbba42f49999176579d193ef" member_type: VOTER last_known_addr { host: "127.17.173.66" port: 33185 } } peers { permanent_uuid: "3b1f92ab13134ba0be19008199718db6" member_type: VOTER last_known_addr { host: "127.17.173.67" port: 46309 } }
I20260608 10:10:21.675057 22805 raft_consensus.cc:359] T e6bdba2e6abf413a82a63584585743ef P 3b1f92ab13134ba0be19008199718db6 [term 0 FOLLOWER]: Replica starting. Triggering 0 pending ops. Active config: opid_index: -1 OBSOLETE_local: false peers { permanent_uuid: "ed18af8d7f50436c97e47a6f7a7dc662" member_type: VOTER last_known_addr { host: "127.17.173.65" port: 34351 } } peers { permanent_uuid: "5b4d74d2cbba42f49999176579d193ef" member_type: VOTER last_known_addr { host: "127.17.173.66" port: 33185 } } peers { permanent_uuid: "3b1f92ab13134ba0be19008199718db6" member_type: VOTER last_known_addr { host: "127.17.173.67" port: 46309 } }
I20260608 10:10:21.675479 22807 raft_consensus.cc:385] T 227225fa53004fdb8db597ee8fd4fa96 P ed18af8d7f50436c97e47a6f7a7dc662 [term 0 FOLLOWER]: Consensus starting up: Expiring failure detector timer to make a prompt election more likely
I20260608 10:10:21.675863 22805 raft_consensus.cc:385] T e6bdba2e6abf413a82a63584585743ef P 3b1f92ab13134ba0be19008199718db6 [term 0 FOLLOWER]: Consensus starting up: Expiring failure detector timer to make a prompt election more likely
I20260608 10:10:21.675915 22807 raft_consensus.cc:740] T 227225fa53004fdb8db597ee8fd4fa96 P ed18af8d7f50436c97e47a6f7a7dc662 [term 0 FOLLOWER]: Becoming Follower/Learner. State: Replica: ed18af8d7f50436c97e47a6f7a7dc662, State: Initialized, Role: FOLLOWER
I20260608 10:10:21.676304 22805 raft_consensus.cc:740] T e6bdba2e6abf413a82a63584585743ef P 3b1f92ab13134ba0be19008199718db6 [term 0 FOLLOWER]: Becoming Follower/Learner. State: Replica: 3b1f92ab13134ba0be19008199718db6, State: Initialized, Role: FOLLOWER
I20260608 10:10:21.677052 22807 consensus_queue.cc:260] T 227225fa53004fdb8db597ee8fd4fa96 P ed18af8d7f50436c97e47a6f7a7dc662 [NON_LEADER]: Queue going to NON_LEADER mode. State: All replicated index: 0, Majority replicated index: 0, Committed index: 0, Last appended: 0.0, Last appended by leader: 0, Current term: 0, Majority size: -1, State: 0, Mode: NON_LEADER, active raft config: opid_index: -1 OBSOLETE_local: false peers { permanent_uuid: "ed18af8d7f50436c97e47a6f7a7dc662" member_type: VOTER last_known_addr { host: "127.17.173.65" port: 34351 } } peers { permanent_uuid: "5b4d74d2cbba42f49999176579d193ef" member_type: VOTER last_known_addr { host: "127.17.173.66" port: 33185 } } peers { permanent_uuid: "3b1f92ab13134ba0be19008199718db6" member_type: VOTER last_known_addr { host: "127.17.173.67" port: 46309 } }
I20260608 10:10:21.677194 22805 consensus_queue.cc:260] T e6bdba2e6abf413a82a63584585743ef P 3b1f92ab13134ba0be19008199718db6 [NON_LEADER]: Queue going to NON_LEADER mode. State: All replicated index: 0, Majority replicated index: 0, Committed index: 0, Last appended: 0.0, Last appended by leader: 0, Current term: 0, Majority size: -1, State: 0, Mode: NON_LEADER, active raft config: opid_index: -1 OBSOLETE_local: false peers { permanent_uuid: "ed18af8d7f50436c97e47a6f7a7dc662" member_type: VOTER last_known_addr { host: "127.17.173.65" port: 34351 } } peers { permanent_uuid: "5b4d74d2cbba42f49999176579d193ef" member_type: VOTER last_known_addr { host: "127.17.173.66" port: 33185 } } peers { permanent_uuid: "3b1f92ab13134ba0be19008199718db6" member_type: VOTER last_known_addr { host: "127.17.173.67" port: 46309 } }
I20260608 10:10:21.679565 22805 ts_tablet_manager.cc:1434] T e6bdba2e6abf413a82a63584585743ef P 3b1f92ab13134ba0be19008199718db6: Time spent starting tablet: real 0.007s	user 0.006s	sys 0.000s
I20260608 10:10:21.681461 22807 ts_tablet_manager.cc:1434] T 227225fa53004fdb8db597ee8fd4fa96 P ed18af8d7f50436c97e47a6f7a7dc662: Time spent starting tablet: real 0.010s	user 0.007s	sys 0.000s
I20260608 10:10:21.681727 22805 tablet_bootstrap.cc:492] T 816f8694487a443490cc781a8d2e8b28 P 3b1f92ab13134ba0be19008199718db6: Bootstrap starting.
I20260608 10:10:21.682525 22807 tablet_bootstrap.cc:492] T 71f74d9b9f344337be61b2b621f69391 P ed18af8d7f50436c97e47a6f7a7dc662: Bootstrap starting.
I20260608 10:10:21.685436 22685 tablet_service.cc:1917] Received RequestConsensusVote() RPC: tablet_id: "1c4f0b6d9c184651a95ba51ce986f764" candidate_uuid: "3b1f92ab13134ba0be19008199718db6" candidate_term: 1 candidate_status { last_received { term: 0 index: 0 } } ignore_live_leader: false dest_uuid: "5b4d74d2cbba42f49999176579d193ef" is_pre_election: true
W20260608 10:10:21.687579 22722 leader_election.cc:343] T 1c4f0b6d9c184651a95ba51ce986f764 P 3b1f92ab13134ba0be19008199718db6 [CANDIDATE]: Term 1 pre-election: Tablet error from VoteRequest() call to peer 5b4d74d2cbba42f49999176579d193ef (127.17.173.66:33185): Illegal state: must be running to vote when last-logged opid is not known
I20260608 10:10:21.689363 22805 tablet_bootstrap.cc:654] T 816f8694487a443490cc781a8d2e8b28 P 3b1f92ab13134ba0be19008199718db6: Neither blocks nor log segments found. Creating new log.
I20260608 10:10:21.690021 22807 tablet_bootstrap.cc:654] T 71f74d9b9f344337be61b2b621f69391 P ed18af8d7f50436c97e47a6f7a7dc662: Neither blocks nor log segments found. Creating new log.
I20260608 10:10:21.693441 22609 tablet_service.cc:1917] Received RequestConsensusVote() RPC: tablet_id: "1c4f0b6d9c184651a95ba51ce986f764" candidate_uuid: "3b1f92ab13134ba0be19008199718db6" candidate_term: 1 candidate_status { last_received { term: 0 index: 0 } } ignore_live_leader: false dest_uuid: "ed18af8d7f50436c97e47a6f7a7dc662" is_pre_election: true
I20260608 10:10:21.701797 22805 tablet_bootstrap.cc:492] T 816f8694487a443490cc781a8d2e8b28 P 3b1f92ab13134ba0be19008199718db6: No bootstrap required, opened a new log
I20260608 10:10:21.702581 22805 ts_tablet_manager.cc:1403] T 816f8694487a443490cc781a8d2e8b28 P 3b1f92ab13134ba0be19008199718db6: Time spent bootstrapping tablet: real 0.021s	user 0.011s	sys 0.008s
W20260608 10:10:21.702822 22725 leader_election.cc:343] T 1c4f0b6d9c184651a95ba51ce986f764 P 3b1f92ab13134ba0be19008199718db6 [CANDIDATE]: Term 1 pre-election: Tablet error from VoteRequest() call to peer ed18af8d7f50436c97e47a6f7a7dc662 (127.17.173.65:34351): Illegal state: must be running to vote when last-logged opid is not known
I20260608 10:10:21.703622 22725 leader_election.cc:304] T 1c4f0b6d9c184651a95ba51ce986f764 P 3b1f92ab13134ba0be19008199718db6 [CANDIDATE]: Term 1 pre-election: Election decided. Result: candidate lost. Election summary: received 3 responses out of 3 voters: 1 yes votes; 2 no votes. yes voters: 3b1f92ab13134ba0be19008199718db6; no voters: 5b4d74d2cbba42f49999176579d193ef, ed18af8d7f50436c97e47a6f7a7dc662
I20260608 10:10:21.705542 22811 raft_consensus.cc:2749] T 1c4f0b6d9c184651a95ba51ce986f764 P 3b1f92ab13134ba0be19008199718db6 [term 0 FOLLOWER]: Leader pre-election lost for term 1. Reason: could not achieve majority
I20260608 10:10:21.707259 22805 raft_consensus.cc:359] T 816f8694487a443490cc781a8d2e8b28 P 3b1f92ab13134ba0be19008199718db6 [term 0 FOLLOWER]: Replica starting. Triggering 0 pending ops. Active config: opid_index: -1 OBSOLETE_local: false peers { permanent_uuid: "3b1f92ab13134ba0be19008199718db6" member_type: VOTER last_known_addr { host: "127.17.173.67" port: 46309 } } peers { permanent_uuid: "5b4d74d2cbba42f49999176579d193ef" member_type: VOTER last_known_addr { host: "127.17.173.66" port: 33185 } } peers { permanent_uuid: "ed18af8d7f50436c97e47a6f7a7dc662" member_type: VOTER last_known_addr { host: "127.17.173.65" port: 34351 } }
I20260608 10:10:21.708438 22805 raft_consensus.cc:385] T 816f8694487a443490cc781a8d2e8b28 P 3b1f92ab13134ba0be19008199718db6 [term 0 FOLLOWER]: Consensus starting up: Expiring failure detector timer to make a prompt election more likely
I20260608 10:10:21.708945 22805 raft_consensus.cc:740] T 816f8694487a443490cc781a8d2e8b28 P 3b1f92ab13134ba0be19008199718db6 [term 0 FOLLOWER]: Becoming Follower/Learner. State: Replica: 3b1f92ab13134ba0be19008199718db6, State: Initialized, Role: FOLLOWER
I20260608 10:10:21.710256 22805 consensus_queue.cc:260] T 816f8694487a443490cc781a8d2e8b28 P 3b1f92ab13134ba0be19008199718db6 [NON_LEADER]: Queue going to NON_LEADER mode. State: All replicated index: 0, Majority replicated index: 0, Committed index: 0, Last appended: 0.0, Last appended by leader: 0, Current term: 0, Majority size: -1, State: 0, Mode: NON_LEADER, active raft config: opid_index: -1 OBSOLETE_local: false peers { permanent_uuid: "3b1f92ab13134ba0be19008199718db6" member_type: VOTER last_known_addr { host: "127.17.173.67" port: 46309 } } peers { permanent_uuid: "5b4d74d2cbba42f49999176579d193ef" member_type: VOTER last_known_addr { host: "127.17.173.66" port: 33185 } } peers { permanent_uuid: "ed18af8d7f50436c97e47a6f7a7dc662" member_type: VOTER last_known_addr { host: "127.17.173.65" port: 34351 } }
I20260608 10:10:21.717530 22806 tablet_bootstrap.cc:492] T b41019cbca68480a8df565264bcbcc6a P 5b4d74d2cbba42f49999176579d193ef: No bootstrap required, opened a new log
I20260608 10:10:21.718103 22805 ts_tablet_manager.cc:1434] T 816f8694487a443490cc781a8d2e8b28 P 3b1f92ab13134ba0be19008199718db6: Time spent starting tablet: real 0.015s	user 0.008s	sys 0.000s
I20260608 10:10:21.718158 22806 ts_tablet_manager.cc:1403] T b41019cbca68480a8df565264bcbcc6a P 5b4d74d2cbba42f49999176579d193ef: Time spent bootstrapping tablet: real 0.076s	user 0.014s	sys 0.022s
I20260608 10:10:21.721525 22805 tablet_bootstrap.cc:492] T 227225fa53004fdb8db597ee8fd4fa96 P 3b1f92ab13134ba0be19008199718db6: Bootstrap starting.
I20260608 10:10:21.722187 22806 raft_consensus.cc:359] T b41019cbca68480a8df565264bcbcc6a P 5b4d74d2cbba42f49999176579d193ef [term 0 FOLLOWER]: Replica starting. Triggering 0 pending ops. Active config: opid_index: -1 OBSOLETE_local: false peers { permanent_uuid: "ed18af8d7f50436c97e47a6f7a7dc662" member_type: VOTER last_known_addr { host: "127.17.173.65" port: 34351 } } peers { permanent_uuid: "5b4d74d2cbba42f49999176579d193ef" member_type: VOTER last_known_addr { host: "127.17.173.66" port: 33185 } } peers { permanent_uuid: "3b1f92ab13134ba0be19008199718db6" member_type: VOTER last_known_addr { host: "127.17.173.67" port: 46309 } }
I20260608 10:10:21.723037 22806 raft_consensus.cc:385] T b41019cbca68480a8df565264bcbcc6a P 5b4d74d2cbba42f49999176579d193ef [term 0 FOLLOWER]: Consensus starting up: Expiring failure detector timer to make a prompt election more likely
I20260608 10:10:21.723415 22806 raft_consensus.cc:740] T b41019cbca68480a8df565264bcbcc6a P 5b4d74d2cbba42f49999176579d193ef [term 0 FOLLOWER]: Becoming Follower/Learner. State: Replica: 5b4d74d2cbba42f49999176579d193ef, State: Initialized, Role: FOLLOWER
I20260608 10:10:21.723516 22815 raft_consensus.cc:493] T 227225fa53004fdb8db597ee8fd4fa96 P ed18af8d7f50436c97e47a6f7a7dc662 [term 0 FOLLOWER]: Starting pre-election (no leader contacted us within the election timeout)
I20260608 10:10:21.724076 22815 raft_consensus.cc:515] T 227225fa53004fdb8db597ee8fd4fa96 P ed18af8d7f50436c97e47a6f7a7dc662 [term 0 FOLLOWER]: Starting pre-election with config: opid_index: -1 OBSOLETE_local: false peers { permanent_uuid: "ed18af8d7f50436c97e47a6f7a7dc662" member_type: VOTER last_known_addr { host: "127.17.173.65" port: 34351 } } peers { permanent_uuid: "5b4d74d2cbba42f49999176579d193ef" member_type: VOTER last_known_addr { host: "127.17.173.66" port: 33185 } } peers { permanent_uuid: "3b1f92ab13134ba0be19008199718db6" member_type: VOTER last_known_addr { host: "127.17.173.67" port: 46309 } }
I20260608 10:10:21.724439 22806 consensus_queue.cc:260] T b41019cbca68480a8df565264bcbcc6a P 5b4d74d2cbba42f49999176579d193ef [NON_LEADER]: Queue going to NON_LEADER mode. State: All replicated index: 0, Majority replicated index: 0, Committed index: 0, Last appended: 0.0, Last appended by leader: 0, Current term: 0, Majority size: -1, State: 0, Mode: NON_LEADER, active raft config: opid_index: -1 OBSOLETE_local: false peers { permanent_uuid: "ed18af8d7f50436c97e47a6f7a7dc662" member_type: VOTER last_known_addr { host: "127.17.173.65" port: 34351 } } peers { permanent_uuid: "5b4d74d2cbba42f49999176579d193ef" member_type: VOTER last_known_addr { host: "127.17.173.66" port: 33185 } } peers { permanent_uuid: "3b1f92ab13134ba0be19008199718db6" member_type: VOTER last_known_addr { host: "127.17.173.67" port: 46309 } }
I20260608 10:10:21.727234 22806 ts_tablet_manager.cc:1434] T b41019cbca68480a8df565264bcbcc6a P 5b4d74d2cbba42f49999176579d193ef: Time spent starting tablet: real 0.008s	user 0.006s	sys 0.000s
I20260608 10:10:21.728430 22806 tablet_bootstrap.cc:492] T 76871da23b7349809fbb5950632261c3 P 5b4d74d2cbba42f49999176579d193ef: Bootstrap starting.
I20260608 10:10:21.729882 22815 leader_election.cc:290] T 227225fa53004fdb8db597ee8fd4fa96 P ed18af8d7f50436c97e47a6f7a7dc662 [CANDIDATE]: Term 1 pre-election: Requested pre-vote from peers 5b4d74d2cbba42f49999176579d193ef (127.17.173.66:33185), 3b1f92ab13134ba0be19008199718db6 (127.17.173.67:46309)
I20260608 10:10:21.733951 22806 tablet_bootstrap.cc:654] T 76871da23b7349809fbb5950632261c3 P 5b4d74d2cbba42f49999176579d193ef: Neither blocks nor log segments found. Creating new log.
I20260608 10:10:21.736440 22807 tablet_bootstrap.cc:492] T 71f74d9b9f344337be61b2b621f69391 P ed18af8d7f50436c97e47a6f7a7dc662: No bootstrap required, opened a new log
I20260608 10:10:21.738328 22805 tablet_bootstrap.cc:654] T 227225fa53004fdb8db597ee8fd4fa96 P 3b1f92ab13134ba0be19008199718db6: Neither blocks nor log segments found. Creating new log.
I20260608 10:10:21.738559 22807 ts_tablet_manager.cc:1403] T 71f74d9b9f344337be61b2b621f69391 P ed18af8d7f50436c97e47a6f7a7dc662: Time spent bootstrapping tablet: real 0.056s	user 0.017s	sys 0.015s
I20260608 10:10:21.744616 22806 tablet_bootstrap.cc:492] T 76871da23b7349809fbb5950632261c3 P 5b4d74d2cbba42f49999176579d193ef: No bootstrap required, opened a new log
I20260608 10:10:21.745177 22806 ts_tablet_manager.cc:1403] T 76871da23b7349809fbb5950632261c3 P 5b4d74d2cbba42f49999176579d193ef: Time spent bootstrapping tablet: real 0.017s	user 0.013s	sys 0.003s
I20260608 10:10:21.747116 22807 raft_consensus.cc:359] T 71f74d9b9f344337be61b2b621f69391 P ed18af8d7f50436c97e47a6f7a7dc662 [term 0 FOLLOWER]: Replica starting. Triggering 0 pending ops. Active config: opid_index: -1 OBSOLETE_local: false peers { permanent_uuid: "ed18af8d7f50436c97e47a6f7a7dc662" member_type: VOTER last_known_addr { host: "127.17.173.65" port: 34351 } } peers { permanent_uuid: "5b4d74d2cbba42f49999176579d193ef" member_type: VOTER last_known_addr { host: "127.17.173.66" port: 33185 } } peers { permanent_uuid: "3b1f92ab13134ba0be19008199718db6" member_type: VOTER last_known_addr { host: "127.17.173.67" port: 46309 } }
I20260608 10:10:21.747897 22807 raft_consensus.cc:385] T 71f74d9b9f344337be61b2b621f69391 P ed18af8d7f50436c97e47a6f7a7dc662 [term 0 FOLLOWER]: Consensus starting up: Expiring failure detector timer to make a prompt election more likely
I20260608 10:10:21.748168 22806 raft_consensus.cc:359] T 76871da23b7349809fbb5950632261c3 P 5b4d74d2cbba42f49999176579d193ef [term 0 FOLLOWER]: Replica starting. Triggering 0 pending ops. Active config: opid_index: -1 OBSOLETE_local: false peers { permanent_uuid: "ed18af8d7f50436c97e47a6f7a7dc662" member_type: VOTER last_known_addr { host: "127.17.173.65" port: 34351 } } peers { permanent_uuid: "5b4d74d2cbba42f49999176579d193ef" member_type: VOTER last_known_addr { host: "127.17.173.66" port: 33185 } } peers { permanent_uuid: "3b1f92ab13134ba0be19008199718db6" member_type: VOTER last_known_addr { host: "127.17.173.67" port: 46309 } }
I20260608 10:10:21.748966 22806 raft_consensus.cc:385] T 76871da23b7349809fbb5950632261c3 P 5b4d74d2cbba42f49999176579d193ef [term 0 FOLLOWER]: Consensus starting up: Expiring failure detector timer to make a prompt election more likely
I20260608 10:10:21.749287 22806 raft_consensus.cc:740] T 76871da23b7349809fbb5950632261c3 P 5b4d74d2cbba42f49999176579d193ef [term 0 FOLLOWER]: Becoming Follower/Learner. State: Replica: 5b4d74d2cbba42f49999176579d193ef, State: Initialized, Role: FOLLOWER
I20260608 10:10:21.750236 22806 consensus_queue.cc:260] T 76871da23b7349809fbb5950632261c3 P 5b4d74d2cbba42f49999176579d193ef [NON_LEADER]: Queue going to NON_LEADER mode. State: All replicated index: 0, Majority replicated index: 0, Committed index: 0, Last appended: 0.0, Last appended by leader: 0, Current term: 0, Majority size: -1, State: 0, Mode: NON_LEADER, active raft config: opid_index: -1 OBSOLETE_local: false peers { permanent_uuid: "ed18af8d7f50436c97e47a6f7a7dc662" member_type: VOTER last_known_addr { host: "127.17.173.65" port: 34351 } } peers { permanent_uuid: "5b4d74d2cbba42f49999176579d193ef" member_type: VOTER last_known_addr { host: "127.17.173.66" port: 33185 } } peers { permanent_uuid: "3b1f92ab13134ba0be19008199718db6" member_type: VOTER last_known_addr { host: "127.17.173.67" port: 46309 } }
I20260608 10:10:21.751019 22805 tablet_bootstrap.cc:492] T 227225fa53004fdb8db597ee8fd4fa96 P 3b1f92ab13134ba0be19008199718db6: No bootstrap required, opened a new log
I20260608 10:10:21.751528 22805 ts_tablet_manager.cc:1403] T 227225fa53004fdb8db597ee8fd4fa96 P 3b1f92ab13134ba0be19008199718db6: Time spent bootstrapping tablet: real 0.032s	user 0.012s	sys 0.001s
I20260608 10:10:21.754828 22806 ts_tablet_manager.cc:1434] T 76871da23b7349809fbb5950632261c3 P 5b4d74d2cbba42f49999176579d193ef: Time spent starting tablet: real 0.009s	user 0.006s	sys 0.000s
I20260608 10:10:21.754760 22805 raft_consensus.cc:359] T 227225fa53004fdb8db597ee8fd4fa96 P 3b1f92ab13134ba0be19008199718db6 [term 0 FOLLOWER]: Replica starting. Triggering 0 pending ops. Active config: opid_index: -1 OBSOLETE_local: false peers { permanent_uuid: "ed18af8d7f50436c97e47a6f7a7dc662" member_type: VOTER last_known_addr { host: "127.17.173.65" port: 34351 } } peers { permanent_uuid: "5b4d74d2cbba42f49999176579d193ef" member_type: VOTER last_known_addr { host: "127.17.173.66" port: 33185 } } peers { permanent_uuid: "3b1f92ab13134ba0be19008199718db6" member_type: VOTER last_known_addr { host: "127.17.173.67" port: 46309 } }
I20260608 10:10:21.755527 22805 raft_consensus.cc:385] T 227225fa53004fdb8db597ee8fd4fa96 P 3b1f92ab13134ba0be19008199718db6 [term 0 FOLLOWER]: Consensus starting up: Expiring failure detector timer to make a prompt election more likely
I20260608 10:10:21.755837 22805 raft_consensus.cc:740] T 227225fa53004fdb8db597ee8fd4fa96 P 3b1f92ab13134ba0be19008199718db6 [term 0 FOLLOWER]: Becoming Follower/Learner. State: Replica: 3b1f92ab13134ba0be19008199718db6, State: Initialized, Role: FOLLOWER
I20260608 10:10:21.756004 22806 tablet_bootstrap.cc:492] T 71f74d9b9f344337be61b2b621f69391 P 5b4d74d2cbba42f49999176579d193ef: Bootstrap starting.
I20260608 10:10:21.756742 22805 consensus_queue.cc:260] T 227225fa53004fdb8db597ee8fd4fa96 P 3b1f92ab13134ba0be19008199718db6 [NON_LEADER]: Queue going to NON_LEADER mode. State: All replicated index: 0, Majority replicated index: 0, Committed index: 0, Last appended: 0.0, Last appended by leader: 0, Current term: 0, Majority size: -1, State: 0, Mode: NON_LEADER, active raft config: opid_index: -1 OBSOLETE_local: false peers { permanent_uuid: "ed18af8d7f50436c97e47a6f7a7dc662" member_type: VOTER last_known_addr { host: "127.17.173.65" port: 34351 } } peers { permanent_uuid: "5b4d74d2cbba42f49999176579d193ef" member_type: VOTER last_known_addr { host: "127.17.173.66" port: 33185 } } peers { permanent_uuid: "3b1f92ab13134ba0be19008199718db6" member_type: VOTER last_known_addr { host: "127.17.173.67" port: 46309 } }
I20260608 10:10:21.759146 22805 ts_tablet_manager.cc:1434] T 227225fa53004fdb8db597ee8fd4fa96 P 3b1f92ab13134ba0be19008199718db6: Time spent starting tablet: real 0.007s	user 0.007s	sys 0.000s
I20260608 10:10:21.760275 22805 tablet_bootstrap.cc:492] T 76871da23b7349809fbb5950632261c3 P 3b1f92ab13134ba0be19008199718db6: Bootstrap starting.
I20260608 10:10:21.763782 22812 raft_consensus.cc:493] T 227225fa53004fdb8db597ee8fd4fa96 P 5b4d74d2cbba42f49999176579d193ef [term 0 FOLLOWER]: Starting pre-election (no leader contacted us within the election timeout)
I20260608 10:10:21.764415 22812 raft_consensus.cc:515] T 227225fa53004fdb8db597ee8fd4fa96 P 5b4d74d2cbba42f49999176579d193ef [term 0 FOLLOWER]: Starting pre-election with config: opid_index: -1 OBSOLETE_local: false peers { permanent_uuid: "ed18af8d7f50436c97e47a6f7a7dc662" member_type: VOTER last_known_addr { host: "127.17.173.65" port: 34351 } } peers { permanent_uuid: "5b4d74d2cbba42f49999176579d193ef" member_type: VOTER last_known_addr { host: "127.17.173.66" port: 33185 } } peers { permanent_uuid: "3b1f92ab13134ba0be19008199718db6" member_type: VOTER last_known_addr { host: "127.17.173.67" port: 46309 } }
I20260608 10:10:21.767319 22805 tablet_bootstrap.cc:654] T 76871da23b7349809fbb5950632261c3 P 3b1f92ab13134ba0be19008199718db6: Neither blocks nor log segments found. Creating new log.
I20260608 10:10:21.769027 22812 leader_election.cc:290] T 227225fa53004fdb8db597ee8fd4fa96 P 5b4d74d2cbba42f49999176579d193ef [CANDIDATE]: Term 1 pre-election: Requested pre-vote from peers ed18af8d7f50436c97e47a6f7a7dc662 (127.17.173.65:34351), 3b1f92ab13134ba0be19008199718db6 (127.17.173.67:46309)
I20260608 10:10:21.748205 22807 raft_consensus.cc:740] T 71f74d9b9f344337be61b2b621f69391 P ed18af8d7f50436c97e47a6f7a7dc662 [term 0 FOLLOWER]: Becoming Follower/Learner. State: Replica: ed18af8d7f50436c97e47a6f7a7dc662, State: Initialized, Role: FOLLOWER
I20260608 10:10:21.775398 22807 consensus_queue.cc:260] T 71f74d9b9f344337be61b2b621f69391 P ed18af8d7f50436c97e47a6f7a7dc662 [NON_LEADER]: Queue going to NON_LEADER mode. State: All replicated index: 0, Majority replicated index: 0, Committed index: 0, Last appended: 0.0, Last appended by leader: 0, Current term: 0, Majority size: -1, State: 0, Mode: NON_LEADER, active raft config: opid_index: -1 OBSOLETE_local: false peers { permanent_uuid: "ed18af8d7f50436c97e47a6f7a7dc662" member_type: VOTER last_known_addr { host: "127.17.173.65" port: 34351 } } peers { permanent_uuid: "5b4d74d2cbba42f49999176579d193ef" member_type: VOTER last_known_addr { host: "127.17.173.66" port: 33185 } } peers { permanent_uuid: "3b1f92ab13134ba0be19008199718db6" member_type: VOTER last_known_addr { host: "127.17.173.67" port: 46309 } }
I20260608 10:10:21.778275 22807 ts_tablet_manager.cc:1434] T 71f74d9b9f344337be61b2b621f69391 P ed18af8d7f50436c97e47a6f7a7dc662: Time spent starting tablet: real 0.039s	user 0.007s	sys 0.000s
I20260608 10:10:21.779366 22807 tablet_bootstrap.cc:492] T e6bdba2e6abf413a82a63584585743ef P ed18af8d7f50436c97e47a6f7a7dc662: Bootstrap starting.
I20260608 10:10:21.781769 22815 raft_consensus.cc:493] T 71f74d9b9f344337be61b2b621f69391 P ed18af8d7f50436c97e47a6f7a7dc662 [term 0 FOLLOWER]: Starting pre-election (no leader contacted us within the election timeout)
I20260608 10:10:21.782295 22815 raft_consensus.cc:515] T 71f74d9b9f344337be61b2b621f69391 P ed18af8d7f50436c97e47a6f7a7dc662 [term 0 FOLLOWER]: Starting pre-election with config: opid_index: -1 OBSOLETE_local: false peers { permanent_uuid: "ed18af8d7f50436c97e47a6f7a7dc662" member_type: VOTER last_known_addr { host: "127.17.173.65" port: 34351 } } peers { permanent_uuid: "5b4d74d2cbba42f49999176579d193ef" member_type: VOTER last_known_addr { host: "127.17.173.66" port: 33185 } } peers { permanent_uuid: "3b1f92ab13134ba0be19008199718db6" member_type: VOTER last_known_addr { host: "127.17.173.67" port: 46309 } }
I20260608 10:10:21.786441 22806 tablet_bootstrap.cc:654] T 71f74d9b9f344337be61b2b621f69391 P 5b4d74d2cbba42f49999176579d193ef: Neither blocks nor log segments found. Creating new log.
I20260608 10:10:21.791365 22759 tablet_service.cc:1917] Received RequestConsensusVote() RPC: tablet_id: "227225fa53004fdb8db597ee8fd4fa96" candidate_uuid: "ed18af8d7f50436c97e47a6f7a7dc662" candidate_term: 1 candidate_status { last_received { term: 0 index: 0 } } ignore_live_leader: false dest_uuid: "3b1f92ab13134ba0be19008199718db6" is_pre_election: true
I20260608 10:10:21.791731 22811 raft_consensus.cc:493] T 816f8694487a443490cc781a8d2e8b28 P 3b1f92ab13134ba0be19008199718db6 [term 0 FOLLOWER]: Starting pre-election (no leader contacted us within the election timeout)
I20260608 10:10:21.792130 22759 raft_consensus.cc:2468] T 227225fa53004fdb8db597ee8fd4fa96 P 3b1f92ab13134ba0be19008199718db6 [term 0 FOLLOWER]: Leader pre-election vote request: Granting yes vote for candidate ed18af8d7f50436c97e47a6f7a7dc662 in term 0.
I20260608 10:10:21.792212 22811 raft_consensus.cc:515] T 816f8694487a443490cc781a8d2e8b28 P 3b1f92ab13134ba0be19008199718db6 [term 0 FOLLOWER]: Starting pre-election with config: opid_index: -1 OBSOLETE_local: false peers { permanent_uuid: "3b1f92ab13134ba0be19008199718db6" member_type: VOTER last_known_addr { host: "127.17.173.67" port: 46309 } } peers { permanent_uuid: "5b4d74d2cbba42f49999176579d193ef" member_type: VOTER last_known_addr { host: "127.17.173.66" port: 33185 } } peers { permanent_uuid: "ed18af8d7f50436c97e47a6f7a7dc662" member_type: VOTER last_known_addr { host: "127.17.173.65" port: 34351 } }
I20260608 10:10:21.793903 22572 leader_election.cc:304] T 227225fa53004fdb8db597ee8fd4fa96 P ed18af8d7f50436c97e47a6f7a7dc662 [CANDIDATE]: Term 1 pre-election: Election decided. Result: candidate won. Election summary: received 2 responses out of 3 voters: 2 yes votes; 0 no votes. yes voters: 3b1f92ab13134ba0be19008199718db6, ed18af8d7f50436c97e47a6f7a7dc662; no voters: 
I20260608 10:10:21.794713 22811 leader_election.cc:290] T 816f8694487a443490cc781a8d2e8b28 P 3b1f92ab13134ba0be19008199718db6 [CANDIDATE]: Term 1 pre-election: Requested pre-vote from peers 5b4d74d2cbba42f49999176579d193ef (127.17.173.66:33185), ed18af8d7f50436c97e47a6f7a7dc662 (127.17.173.65:34351)
I20260608 10:10:21.796392 22685 tablet_service.cc:1917] Received RequestConsensusVote() RPC: tablet_id: "816f8694487a443490cc781a8d2e8b28" candidate_uuid: "3b1f92ab13134ba0be19008199718db6" candidate_term: 1 candidate_status { last_received { term: 0 index: 0 } } ignore_live_leader: false dest_uuid: "5b4d74d2cbba42f49999176579d193ef" is_pre_election: true
W20260608 10:10:21.797966 22722 leader_election.cc:343] T 816f8694487a443490cc781a8d2e8b28 P 3b1f92ab13134ba0be19008199718db6 [CANDIDATE]: Term 1 pre-election: Tablet error from VoteRequest() call to peer 5b4d74d2cbba42f49999176579d193ef (127.17.173.66:33185): Illegal state: must be running to vote when last-logged opid is not known
I20260608 10:10:21.799346 22815 leader_election.cc:290] T 71f74d9b9f344337be61b2b621f69391 P ed18af8d7f50436c97e47a6f7a7dc662 [CANDIDATE]: Term 1 pre-election: Requested pre-vote from peers 5b4d74d2cbba42f49999176579d193ef (127.17.173.66:33185), 3b1f92ab13134ba0be19008199718db6 (127.17.173.67:46309)
I20260608 10:10:21.799836 22815 raft_consensus.cc:2804] T 227225fa53004fdb8db597ee8fd4fa96 P ed18af8d7f50436c97e47a6f7a7dc662 [term 0 FOLLOWER]: Leader pre-election won for term 1
I20260608 10:10:21.800145 22815 raft_consensus.cc:493] T 227225fa53004fdb8db597ee8fd4fa96 P ed18af8d7f50436c97e47a6f7a7dc662 [term 0 FOLLOWER]: Starting leader election (no leader contacted us within the election timeout)
I20260608 10:10:21.800457 22815 raft_consensus.cc:3060] T 227225fa53004fdb8db597ee8fd4fa96 P ed18af8d7f50436c97e47a6f7a7dc662 [term 0 FOLLOWER]: Advancing to term 1
I20260608 10:10:21.804301 22806 tablet_bootstrap.cc:492] T 71f74d9b9f344337be61b2b621f69391 P 5b4d74d2cbba42f49999176579d193ef: No bootstrap required, opened a new log
I20260608 10:10:21.804930 22806 ts_tablet_manager.cc:1403] T 71f74d9b9f344337be61b2b621f69391 P 5b4d74d2cbba42f49999176579d193ef: Time spent bootstrapping tablet: real 0.049s	user 0.014s	sys 0.000s
I20260608 10:10:21.806284 22807 tablet_bootstrap.cc:654] T e6bdba2e6abf413a82a63584585743ef P ed18af8d7f50436c97e47a6f7a7dc662: Neither blocks nor log segments found. Creating new log.
I20260608 10:10:21.808236 22806 raft_consensus.cc:359] T 71f74d9b9f344337be61b2b621f69391 P 5b4d74d2cbba42f49999176579d193ef [term 0 FOLLOWER]: Replica starting. Triggering 0 pending ops. Active config: opid_index: -1 OBSOLETE_local: false peers { permanent_uuid: "ed18af8d7f50436c97e47a6f7a7dc662" member_type: VOTER last_known_addr { host: "127.17.173.65" port: 34351 } } peers { permanent_uuid: "5b4d74d2cbba42f49999176579d193ef" member_type: VOTER last_known_addr { host: "127.17.173.66" port: 33185 } } peers { permanent_uuid: "3b1f92ab13134ba0be19008199718db6" member_type: VOTER last_known_addr { host: "127.17.173.67" port: 46309 } }
I20260608 10:10:21.809216 22806 raft_consensus.cc:385] T 71f74d9b9f344337be61b2b621f69391 P 5b4d74d2cbba42f49999176579d193ef [term 0 FOLLOWER]: Consensus starting up: Expiring failure detector timer to make a prompt election more likely
I20260608 10:10:21.809564 22806 raft_consensus.cc:740] T 71f74d9b9f344337be61b2b621f69391 P 5b4d74d2cbba42f49999176579d193ef [term 0 FOLLOWER]: Becoming Follower/Learner. State: Replica: 5b4d74d2cbba42f49999176579d193ef, State: Initialized, Role: FOLLOWER
I20260608 10:10:21.810711 22806 consensus_queue.cc:260] T 71f74d9b9f344337be61b2b621f69391 P 5b4d74d2cbba42f49999176579d193ef [NON_LEADER]: Queue going to NON_LEADER mode. State: All replicated index: 0, Majority replicated index: 0, Committed index: 0, Last appended: 0.0, Last appended by leader: 0, Current term: 0, Majority size: -1, State: 0, Mode: NON_LEADER, active raft config: opid_index: -1 OBSOLETE_local: false peers { permanent_uuid: "ed18af8d7f50436c97e47a6f7a7dc662" member_type: VOTER last_known_addr { host: "127.17.173.65" port: 34351 } } peers { permanent_uuid: "5b4d74d2cbba42f49999176579d193ef" member_type: VOTER last_known_addr { host: "127.17.173.66" port: 33185 } } peers { permanent_uuid: "3b1f92ab13134ba0be19008199718db6" member_type: VOTER last_known_addr { host: "127.17.173.67" port: 46309 } }
I20260608 10:10:21.813848 22806 ts_tablet_manager.cc:1434] T 71f74d9b9f344337be61b2b621f69391 P 5b4d74d2cbba42f49999176579d193ef: Time spent starting tablet: real 0.009s	user 0.007s	sys 0.000s
I20260608 10:10:21.815418 22806 tablet_bootstrap.cc:492] T 1c4f0b6d9c184651a95ba51ce986f764 P 5b4d74d2cbba42f49999176579d193ef: Bootstrap starting.
I20260608 10:10:21.824095 22806 tablet_bootstrap.cc:654] T 1c4f0b6d9c184651a95ba51ce986f764 P 5b4d74d2cbba42f49999176579d193ef: Neither blocks nor log segments found. Creating new log.
I20260608 10:10:21.834930 22815 raft_consensus.cc:515] T 227225fa53004fdb8db597ee8fd4fa96 P ed18af8d7f50436c97e47a6f7a7dc662 [term 1 FOLLOWER]: Starting leader election with config: opid_index: -1 OBSOLETE_local: false peers { permanent_uuid: "ed18af8d7f50436c97e47a6f7a7dc662" member_type: VOTER last_known_addr { host: "127.17.173.65" port: 34351 } } peers { permanent_uuid: "5b4d74d2cbba42f49999176579d193ef" member_type: VOTER last_known_addr { host: "127.17.173.66" port: 33185 } } peers { permanent_uuid: "3b1f92ab13134ba0be19008199718db6" member_type: VOTER last_known_addr { host: "127.17.173.67" port: 46309 } }
W20260608 10:10:21.837718 22572 outbound_call.cc:321] RPC callback for RPC call kudu.consensus.ConsensusService.RequestConsensusVote -> {remote=127.17.173.67:46309, user_credentials={real_user=slave}} blocked reactor thread for 44104.7us
I20260608 10:10:21.840021 22759 tablet_service.cc:1917] Received RequestConsensusVote() RPC: tablet_id: "71f74d9b9f344337be61b2b621f69391" candidate_uuid: "ed18af8d7f50436c97e47a6f7a7dc662" candidate_term: 1 candidate_status { last_received { term: 0 index: 0 } } ignore_live_leader: false dest_uuid: "3b1f92ab13134ba0be19008199718db6" is_pre_election: true
I20260608 10:10:21.842116 22812 raft_consensus.cc:493] T 71f74d9b9f344337be61b2b621f69391 P 5b4d74d2cbba42f49999176579d193ef [term 0 FOLLOWER]: Starting pre-election (no leader contacted us within the election timeout)
W20260608 10:10:21.842900 22572 leader_election.cc:343] T 71f74d9b9f344337be61b2b621f69391 P ed18af8d7f50436c97e47a6f7a7dc662 [CANDIDATE]: Term 1 pre-election: Tablet error from VoteRequest() call to peer 3b1f92ab13134ba0be19008199718db6 (127.17.173.67:46309): Illegal state: must be running to vote when last-logged opid is not known
I20260608 10:10:21.842850 22812 raft_consensus.cc:515] T 71f74d9b9f344337be61b2b621f69391 P 5b4d74d2cbba42f49999176579d193ef [term 0 FOLLOWER]: Starting pre-election with config: opid_index: -1 OBSOLETE_local: false peers { permanent_uuid: "ed18af8d7f50436c97e47a6f7a7dc662" member_type: VOTER last_known_addr { host: "127.17.173.65" port: 34351 } } peers { permanent_uuid: "5b4d74d2cbba42f49999176579d193ef" member_type: VOTER last_known_addr { host: "127.17.173.66" port: 33185 } } peers { permanent_uuid: "3b1f92ab13134ba0be19008199718db6" member_type: VOTER last_known_addr { host: "127.17.173.67" port: 46309 } }
I20260608 10:10:21.846078 22812 leader_election.cc:290] T 71f74d9b9f344337be61b2b621f69391 P 5b4d74d2cbba42f49999176579d193ef [CANDIDATE]: Term 1 pre-election: Requested pre-vote from peers ed18af8d7f50436c97e47a6f7a7dc662 (127.17.173.65:34351), 3b1f92ab13134ba0be19008199718db6 (127.17.173.67:46309)
I20260608 10:10:21.851933 22685 tablet_service.cc:1917] Received RequestConsensusVote() RPC: tablet_id: "227225fa53004fdb8db597ee8fd4fa96" candidate_uuid: "ed18af8d7f50436c97e47a6f7a7dc662" candidate_term: 1 candidate_status { last_received { term: 0 index: 0 } } ignore_live_leader: false dest_uuid: "5b4d74d2cbba42f49999176579d193ef" is_pre_election: true
I20260608 10:10:21.852875 22685 raft_consensus.cc:2468] T 227225fa53004fdb8db597ee8fd4fa96 P 5b4d74d2cbba42f49999176579d193ef [term 0 FOLLOWER]: Leader pre-election vote request: Granting yes vote for candidate ed18af8d7f50436c97e47a6f7a7dc662 in term 0.
I20260608 10:10:21.854593 22807 tablet_bootstrap.cc:492] T e6bdba2e6abf413a82a63584585743ef P ed18af8d7f50436c97e47a6f7a7dc662: No bootstrap required, opened a new log
I20260608 10:10:21.854832 22685 tablet_service.cc:1917] Received RequestConsensusVote() RPC: tablet_id: "71f74d9b9f344337be61b2b621f69391" candidate_uuid: "ed18af8d7f50436c97e47a6f7a7dc662" candidate_term: 1 candidate_status { last_received { term: 0 index: 0 } } ignore_live_leader: false dest_uuid: "5b4d74d2cbba42f49999176579d193ef" is_pre_election: true
I20260608 10:10:21.855351 22807 ts_tablet_manager.cc:1403] T e6bdba2e6abf413a82a63584585743ef P ed18af8d7f50436c97e47a6f7a7dc662: Time spent bootstrapping tablet: real 0.076s	user 0.014s	sys 0.002s
I20260608 10:10:21.855753 22685 raft_consensus.cc:2468] T 71f74d9b9f344337be61b2b621f69391 P 5b4d74d2cbba42f49999176579d193ef [term 0 FOLLOWER]: Leader pre-election vote request: Granting yes vote for candidate ed18af8d7f50436c97e47a6f7a7dc662 in term 0.
I20260608 10:10:21.862238 22815 leader_election.cc:290] T 227225fa53004fdb8db597ee8fd4fa96 P ed18af8d7f50436c97e47a6f7a7dc662 [CANDIDATE]: Term 1 election: Requested vote from peers 5b4d74d2cbba42f49999176579d193ef (127.17.173.66:33185), 3b1f92ab13134ba0be19008199718db6 (127.17.173.67:46309)
I20260608 10:10:21.863179 22807 raft_consensus.cc:359] T e6bdba2e6abf413a82a63584585743ef P ed18af8d7f50436c97e47a6f7a7dc662 [term 0 FOLLOWER]: Replica starting. Triggering 0 pending ops. Active config: opid_index: -1 OBSOLETE_local: false peers { permanent_uuid: "ed18af8d7f50436c97e47a6f7a7dc662" member_type: VOTER last_known_addr { host: "127.17.173.65" port: 34351 } } peers { permanent_uuid: "5b4d74d2cbba42f49999176579d193ef" member_type: VOTER last_known_addr { host: "127.17.173.66" port: 33185 } } peers { permanent_uuid: "3b1f92ab13134ba0be19008199718db6" member_type: VOTER last_known_addr { host: "127.17.173.67" port: 46309 } }
I20260608 10:10:21.864224 22807 raft_consensus.cc:385] T e6bdba2e6abf413a82a63584585743ef P ed18af8d7f50436c97e47a6f7a7dc662 [term 0 FOLLOWER]: Consensus starting up: Expiring failure detector timer to make a prompt election more likely
