I20260608 10:09:31.265272 15563 raft_consensus.cc:385] T 6c39c28beae442dab8894033aed59715 P 3c2297b936bd472aa985b7c7de6bc960 [term 0 FOLLOWER]: Consensus starting up: Expiring failure detector timer to make a prompt election more likely
I20260608 10:09:31.266033 15563 raft_consensus.cc:740] T 6c39c28beae442dab8894033aed59715 P 3c2297b936bd472aa985b7c7de6bc960 [term 0 FOLLOWER]: Becoming Follower/Learner. State: Replica: 3c2297b936bd472aa985b7c7de6bc960, State: Initialized, Role: FOLLOWER
I20260608 10:09:31.266220 15554 raft_consensus.cc:493] T 4b15d88a43ee4223a36646b2d8baebec P 5796c300e22541bead547914e9328cda [term 0 FOLLOWER]: Starting pre-election (no leader contacted us within the election timeout)
I20260608 10:09:31.266703 15554 raft_consensus.cc:515] T 4b15d88a43ee4223a36646b2d8baebec P 5796c300e22541bead547914e9328cda [term 0 FOLLOWER]: Starting pre-election with config: opid_index: -1 OBSOLETE_local: false peers { permanent_uuid: "5796c300e22541bead547914e9328cda" member_type: VOTER last_known_addr { host: "127.11.240.66" port: 38883 } } peers { permanent_uuid: "a088699b15fd4e11b485f83adc2719eb" member_type: VOTER last_known_addr { host: "127.11.240.68" port: 46051 } } peers { permanent_uuid: "da50c7123b744b57bea057bc11cec002" member_type: VOTER last_known_addr { host: "127.11.240.67" port: 34601 } }
I20260608 10:09:31.266852 15563 consensus_queue.cc:260] T 6c39c28beae442dab8894033aed59715 P 3c2297b936bd472aa985b7c7de6bc960 [NON_LEADER]: Queue going to NON_LEADER mode. State: All replicated index: 0, Majority replicated index: 0, Committed index: 0, Last appended: 0.0, Last appended by leader: 0, Current term: 0, Majority size: -1, State: 0, Mode: NON_LEADER, active raft config: opid_index: -1 OBSOLETE_local: false peers { permanent_uuid: "a088699b15fd4e11b485f83adc2719eb" member_type: VOTER last_known_addr { host: "127.11.240.68" port: 46051 } } peers { permanent_uuid: "da50c7123b744b57bea057bc11cec002" member_type: VOTER last_known_addr { host: "127.11.240.67" port: 34601 } } peers { permanent_uuid: "3c2297b936bd472aa985b7c7de6bc960" member_type: VOTER last_known_addr { host: "127.11.240.65" port: 44401 } }
I20260608 10:09:31.269003 15565 tablet_bootstrap.cc:492] T 6c39c28beae442dab8894033aed59715 P da50c7123b744b57bea057bc11cec002: No bootstrap required, opened a new log
I20260608 10:09:31.269835 15565 ts_tablet_manager.cc:1403] T 6c39c28beae442dab8894033aed59715 P da50c7123b744b57bea057bc11cec002: Time spent bootstrapping tablet: real 0.067s	user 0.015s	sys 0.005s
I20260608 10:09:31.269937 15563 ts_tablet_manager.cc:1434] T 6c39c28beae442dab8894033aed59715 P 3c2297b936bd472aa985b7c7de6bc960: Time spent starting tablet: real 0.008s	user 0.005s	sys 0.000s
I20260608 10:09:31.271808 15519 tablet_service.cc:1917] Received RequestConsensusVote() RPC: tablet_id: "4b15d88a43ee4223a36646b2d8baebec" candidate_uuid: "5796c300e22541bead547914e9328cda" candidate_term: 1 candidate_status { last_received { term: 0 index: 0 } } ignore_live_leader: false dest_uuid: "a088699b15fd4e11b485f83adc2719eb" is_pre_election: true
I20260608 10:09:31.272980 15341 tablet_service.cc:1917] Received RequestConsensusVote() RPC: tablet_id: "4b15d88a43ee4223a36646b2d8baebec" candidate_uuid: "5796c300e22541bead547914e9328cda" candidate_term: 1 candidate_status { last_received { term: 0 index: 0 } } ignore_live_leader: false dest_uuid: "da50c7123b744b57bea057bc11cec002" is_pre_election: true
I20260608 10:09:31.273492 15341 raft_consensus.cc:2468] T 4b15d88a43ee4223a36646b2d8baebec P da50c7123b744b57bea057bc11cec002 [term 0 FOLLOWER]: Leader pre-election vote request: Granting yes vote for candidate 5796c300e22541bead547914e9328cda in term 0.
I20260608 10:09:31.274273 15565 raft_consensus.cc:359] T 6c39c28beae442dab8894033aed59715 P da50c7123b744b57bea057bc11cec002 [term 0 FOLLOWER]: Replica starting. Triggering 0 pending ops. Active config: opid_index: -1 OBSOLETE_local: false peers { permanent_uuid: "a088699b15fd4e11b485f83adc2719eb" member_type: VOTER last_known_addr { host: "127.11.240.68" port: 46051 } } peers { permanent_uuid: "da50c7123b744b57bea057bc11cec002" member_type: VOTER last_known_addr { host: "127.11.240.67" port: 34601 } } peers { permanent_uuid: "3c2297b936bd472aa985b7c7de6bc960" member_type: VOTER last_known_addr { host: "127.11.240.65" port: 44401 } }
I20260608 10:09:31.274857 15233 leader_election.cc:304] T 4b15d88a43ee4223a36646b2d8baebec P 5796c300e22541bead547914e9328cda [CANDIDATE]: Term 1 pre-election: Election decided. Result: candidate won. Election summary: received 2 responses out of 3 voters: 2 yes votes; 0 no votes. yes voters: 5796c300e22541bead547914e9328cda, da50c7123b744b57bea057bc11cec002; no voters: 
I20260608 10:09:31.275116 15565 raft_consensus.cc:385] T 6c39c28beae442dab8894033aed59715 P da50c7123b744b57bea057bc11cec002 [term 0 FOLLOWER]: Consensus starting up: Expiring failure detector timer to make a prompt election more likely
W20260608 10:09:31.275537 15232 leader_election.cc:343] T 4b15d88a43ee4223a36646b2d8baebec P 5796c300e22541bead547914e9328cda [CANDIDATE]: Term 1 pre-election: Tablet error from VoteRequest() call to peer a088699b15fd4e11b485f83adc2719eb (127.11.240.68:46051): Illegal state: must be running to vote when last-logged opid is not known
I20260608 10:09:31.275556 15565 raft_consensus.cc:740] T 6c39c28beae442dab8894033aed59715 P da50c7123b744b57bea057bc11cec002 [term 0 FOLLOWER]: Becoming Follower/Learner. State: Replica: da50c7123b744b57bea057bc11cec002, State: Initialized, Role: FOLLOWER
I20260608 10:09:31.275861 15549 raft_consensus.cc:2804] T 4b15d88a43ee4223a36646b2d8baebec P 5796c300e22541bead547914e9328cda [term 0 FOLLOWER]: Leader pre-election won for term 1
I20260608 10:09:31.269217 15554 leader_election.cc:290] T 4b15d88a43ee4223a36646b2d8baebec P 5796c300e22541bead547914e9328cda [CANDIDATE]: Term 1 pre-election: Requested pre-vote from peers a088699b15fd4e11b485f83adc2719eb (127.11.240.68:46051), da50c7123b744b57bea057bc11cec002 (127.11.240.67:34601)
I20260608 10:09:31.276336 15549 raft_consensus.cc:493] T 4b15d88a43ee4223a36646b2d8baebec P 5796c300e22541bead547914e9328cda [term 0 FOLLOWER]: Starting leader election (no leader contacted us within the election timeout)
I20260608 10:09:31.276981 15549 raft_consensus.cc:3060] T 4b15d88a43ee4223a36646b2d8baebec P 5796c300e22541bead547914e9328cda [term 0 FOLLOWER]: Advancing to term 1
I20260608 10:09:31.279328 15568 tablet_bootstrap.cc:492] T 57cbabf57e1b4b8ca04d24ba13563e3d P a088699b15fd4e11b485f83adc2719eb: No bootstrap required, opened a new log
I20260608 10:09:31.276741 15565 consensus_queue.cc:260] T 6c39c28beae442dab8894033aed59715 P da50c7123b744b57bea057bc11cec002 [NON_LEADER]: Queue going to NON_LEADER mode. State: All replicated index: 0, Majority replicated index: 0, Committed index: 0, Last appended: 0.0, Last appended by leader: 0, Current term: 0, Majority size: -1, State: 0, Mode: NON_LEADER, active raft config: opid_index: -1 OBSOLETE_local: false peers { permanent_uuid: "a088699b15fd4e11b485f83adc2719eb" member_type: VOTER last_known_addr { host: "127.11.240.68" port: 46051 } } peers { permanent_uuid: "da50c7123b744b57bea057bc11cec002" member_type: VOTER last_known_addr { host: "127.11.240.67" port: 34601 } } peers { permanent_uuid: "3c2297b936bd472aa985b7c7de6bc960" member_type: VOTER last_known_addr { host: "127.11.240.65" port: 44401 } }
I20260608 10:09:31.279847 15568 ts_tablet_manager.cc:1403] T 57cbabf57e1b4b8ca04d24ba13563e3d P a088699b15fd4e11b485f83adc2719eb: Time spent bootstrapping tablet: real 0.059s	user 0.015s	sys 0.004s
I20260608 10:09:31.283167 15568 raft_consensus.cc:359] T 57cbabf57e1b4b8ca04d24ba13563e3d P a088699b15fd4e11b485f83adc2719eb [term 0 FOLLOWER]: Replica starting. Triggering 0 pending ops. Active config: opid_index: -1 OBSOLETE_local: false peers { permanent_uuid: "a088699b15fd4e11b485f83adc2719eb" member_type: VOTER last_known_addr { host: "127.11.240.68" port: 46051 } } peers { permanent_uuid: "3c2297b936bd472aa985b7c7de6bc960" member_type: VOTER last_known_addr { host: "127.11.240.65" port: 44401 } } peers { permanent_uuid: "5796c300e22541bead547914e9328cda" member_type: VOTER last_known_addr { host: "127.11.240.66" port: 38883 } }
I20260608 10:09:31.283934 15568 raft_consensus.cc:385] T 57cbabf57e1b4b8ca04d24ba13563e3d P a088699b15fd4e11b485f83adc2719eb [term 0 FOLLOWER]: Consensus starting up: Expiring failure detector timer to make a prompt election more likely
I20260608 10:09:31.283588 15549 raft_consensus.cc:515] T 4b15d88a43ee4223a36646b2d8baebec P 5796c300e22541bead547914e9328cda [term 1 FOLLOWER]: Starting leader election with config: opid_index: -1 OBSOLETE_local: false peers { permanent_uuid: "5796c300e22541bead547914e9328cda" member_type: VOTER last_known_addr { host: "127.11.240.66" port: 38883 } } peers { permanent_uuid: "a088699b15fd4e11b485f83adc2719eb" member_type: VOTER last_known_addr { host: "127.11.240.68" port: 46051 } } peers { permanent_uuid: "da50c7123b744b57bea057bc11cec002" member_type: VOTER last_known_addr { host: "127.11.240.67" port: 34601 } }
I20260608 10:09:31.284293 15568 raft_consensus.cc:740] T 57cbabf57e1b4b8ca04d24ba13563e3d P a088699b15fd4e11b485f83adc2719eb [term 0 FOLLOWER]: Becoming Follower/Learner. State: Replica: a088699b15fd4e11b485f83adc2719eb, State: Initialized, Role: FOLLOWER
I20260608 10:09:31.285377 15568 consensus_queue.cc:260] T 57cbabf57e1b4b8ca04d24ba13563e3d P a088699b15fd4e11b485f83adc2719eb [NON_LEADER]: Queue going to NON_LEADER mode. State: All replicated index: 0, Majority replicated index: 0, Committed index: 0, Last appended: 0.0, Last appended by leader: 0, Current term: 0, Majority size: -1, State: 0, Mode: NON_LEADER, active raft config: opid_index: -1 OBSOLETE_local: false peers { permanent_uuid: "a088699b15fd4e11b485f83adc2719eb" member_type: VOTER last_known_addr { host: "127.11.240.68" port: 46051 } } peers { permanent_uuid: "3c2297b936bd472aa985b7c7de6bc960" member_type: VOTER last_known_addr { host: "127.11.240.65" port: 44401 } } peers { permanent_uuid: "5796c300e22541bead547914e9328cda" member_type: VOTER last_known_addr { host: "127.11.240.66" port: 38883 } }
I20260608 10:09:31.287395 15341 tablet_service.cc:1917] Received RequestConsensusVote() RPC: tablet_id: "4b15d88a43ee4223a36646b2d8baebec" candidate_uuid: "5796c300e22541bead547914e9328cda" candidate_term: 1 candidate_status { last_received { term: 0 index: 0 } } ignore_live_leader: false dest_uuid: "da50c7123b744b57bea057bc11cec002"
I20260608 10:09:31.287829 15568 ts_tablet_manager.cc:1434] T 57cbabf57e1b4b8ca04d24ba13563e3d P a088699b15fd4e11b485f83adc2719eb: Time spent starting tablet: real 0.008s	user 0.006s	sys 0.002s
I20260608 10:09:31.288012 15341 raft_consensus.cc:3060] T 4b15d88a43ee4223a36646b2d8baebec P da50c7123b744b57bea057bc11cec002 [term 0 FOLLOWER]: Advancing to term 1
I20260608 10:09:31.288208 15565 ts_tablet_manager.cc:1434] T 6c39c28beae442dab8894033aed59715 P da50c7123b744b57bea057bc11cec002: Time spent starting tablet: real 0.018s	user 0.008s	sys 0.000s
I20260608 10:09:31.288969 15568 tablet_bootstrap.cc:492] T 4b15d88a43ee4223a36646b2d8baebec P a088699b15fd4e11b485f83adc2719eb: Bootstrap starting.
I20260608 10:09:31.294385 15341 raft_consensus.cc:2468] T 4b15d88a43ee4223a36646b2d8baebec P da50c7123b744b57bea057bc11cec002 [term 1 FOLLOWER]: Leader election vote request: Granting yes vote for candidate 5796c300e22541bead547914e9328cda in term 1.
I20260608 10:09:31.296252 15568 tablet_bootstrap.cc:654] T 4b15d88a43ee4223a36646b2d8baebec P a088699b15fd4e11b485f83adc2719eb: Neither blocks nor log segments found. Creating new log.
I20260608 10:09:31.296662 15519 tablet_service.cc:1917] Received RequestConsensusVote() RPC: tablet_id: "4b15d88a43ee4223a36646b2d8baebec" candidate_uuid: "5796c300e22541bead547914e9328cda" candidate_term: 1 candidate_status { last_received { term: 0 index: 0 } } ignore_live_leader: false dest_uuid: "a088699b15fd4e11b485f83adc2719eb"
W20260608 10:09:31.298183 15232 leader_election.cc:343] T 4b15d88a43ee4223a36646b2d8baebec P 5796c300e22541bead547914e9328cda [CANDIDATE]: Term 1 election: Tablet error from VoteRequest() call to peer a088699b15fd4e11b485f83adc2719eb (127.11.240.68:46051): Illegal state: must be running to vote when last-logged opid is not known
I20260608 10:09:31.298534 15549 leader_election.cc:290] T 4b15d88a43ee4223a36646b2d8baebec P 5796c300e22541bead547914e9328cda [CANDIDATE]: Term 1 election: Requested vote from peers a088699b15fd4e11b485f83adc2719eb (127.11.240.68:46051), da50c7123b744b57bea057bc11cec002 (127.11.240.67:34601)
I20260608 10:09:31.298905 15233 leader_election.cc:304] T 4b15d88a43ee4223a36646b2d8baebec P 5796c300e22541bead547914e9328cda [CANDIDATE]: Term 1 election: Election decided. Result: candidate won. Election summary: received 3 responses out of 3 voters: 2 yes votes; 1 no votes. yes voters: 5796c300e22541bead547914e9328cda, da50c7123b744b57bea057bc11cec002; no voters: a088699b15fd4e11b485f83adc2719eb
I20260608 10:09:31.301106 15549 raft_consensus.cc:2804] T 4b15d88a43ee4223a36646b2d8baebec P 5796c300e22541bead547914e9328cda [term 1 FOLLOWER]: Leader election won for term 1
I20260608 10:09:31.304997 15549 raft_consensus.cc:697] T 4b15d88a43ee4223a36646b2d8baebec P 5796c300e22541bead547914e9328cda [term 1 LEADER]: Becoming Leader. State: Replica: 5796c300e22541bead547914e9328cda, State: Running, Role: LEADER
I20260608 10:09:31.305763 15573 raft_consensus.cc:493] T 90d46bcc4db04354a4f855f921b143ac P a088699b15fd4e11b485f83adc2719eb [term 0 FOLLOWER]: Starting pre-election (no leader contacted us within the election timeout)
I20260608 10:09:31.305891 15549 consensus_queue.cc:237] T 4b15d88a43ee4223a36646b2d8baebec P 5796c300e22541bead547914e9328cda [LEADER]: Queue going to LEADER mode. State: All replicated index: 0, Majority replicated index: 0, Committed index: 0, Last appended: 0.0, Last appended by leader: 0, Current term: 1, Majority size: 2, State: 0, Mode: LEADER, active raft config: opid_index: -1 OBSOLETE_local: false peers { permanent_uuid: "5796c300e22541bead547914e9328cda" member_type: VOTER last_known_addr { host: "127.11.240.66" port: 38883 } } peers { permanent_uuid: "a088699b15fd4e11b485f83adc2719eb" member_type: VOTER last_known_addr { host: "127.11.240.68" port: 46051 } } peers { permanent_uuid: "da50c7123b744b57bea057bc11cec002" member_type: VOTER last_known_addr { host: "127.11.240.67" port: 34601 } }
I20260608 10:09:31.306420 15573 raft_consensus.cc:515] T 90d46bcc4db04354a4f855f921b143ac P a088699b15fd4e11b485f83adc2719eb [term 0 FOLLOWER]: Starting pre-election with config: opid_index: -1 OBSOLETE_local: false peers { permanent_uuid: "a088699b15fd4e11b485f83adc2719eb" member_type: VOTER last_known_addr { host: "127.11.240.68" port: 46051 } } peers { permanent_uuid: "3c2297b936bd472aa985b7c7de6bc960" member_type: VOTER last_known_addr { host: "127.11.240.65" port: 44401 } } peers { permanent_uuid: "da50c7123b744b57bea057bc11cec002" member_type: VOTER last_known_addr { host: "127.11.240.67" port: 34601 } }
I20260608 10:09:31.307982 15568 tablet_bootstrap.cc:492] T 4b15d88a43ee4223a36646b2d8baebec P a088699b15fd4e11b485f83adc2719eb: No bootstrap required, opened a new log
I20260608 10:09:31.308463 15568 ts_tablet_manager.cc:1403] T 4b15d88a43ee4223a36646b2d8baebec P a088699b15fd4e11b485f83adc2719eb: Time spent bootstrapping tablet: real 0.020s	user 0.013s	sys 0.004s
I20260608 10:09:31.311545 15568 raft_consensus.cc:359] T 4b15d88a43ee4223a36646b2d8baebec P a088699b15fd4e11b485f83adc2719eb [term 0 FOLLOWER]: Replica starting. Triggering 0 pending ops. Active config: opid_index: -1 OBSOLETE_local: false peers { permanent_uuid: "5796c300e22541bead547914e9328cda" member_type: VOTER last_known_addr { host: "127.11.240.66" port: 38883 } } peers { permanent_uuid: "a088699b15fd4e11b485f83adc2719eb" member_type: VOTER last_known_addr { host: "127.11.240.68" port: 46051 } } peers { permanent_uuid: "da50c7123b744b57bea057bc11cec002" member_type: VOTER last_known_addr { host: "127.11.240.67" port: 34601 } }
I20260608 10:09:31.312307 15568 raft_consensus.cc:385] T 4b15d88a43ee4223a36646b2d8baebec P a088699b15fd4e11b485f83adc2719eb [term 0 FOLLOWER]: Consensus starting up: Expiring failure detector timer to make a prompt election more likely
I20260608 10:09:31.312636 15568 raft_consensus.cc:740] T 4b15d88a43ee4223a36646b2d8baebec P a088699b15fd4e11b485f83adc2719eb [term 0 FOLLOWER]: Becoming Follower/Learner. State: Replica: a088699b15fd4e11b485f83adc2719eb, State: Initialized, Role: FOLLOWER
I20260608 10:09:31.313683 15573 leader_election.cc:290] T 90d46bcc4db04354a4f855f921b143ac P a088699b15fd4e11b485f83adc2719eb [CANDIDATE]: Term 1 pre-election: Requested pre-vote from peers 3c2297b936bd472aa985b7c7de6bc960 (127.11.240.65:44401), da50c7123b744b57bea057bc11cec002 (127.11.240.67:34601)
I20260608 10:09:31.315534 15556 raft_consensus.cc:493] T 0dce9bd107d9451caf0edec9fe03c636 P 3c2297b936bd472aa985b7c7de6bc960 [term 0 FOLLOWER]: Starting pre-election (no leader contacted us within the election timeout)
I20260608 10:09:31.316223 15556 raft_consensus.cc:515] T 0dce9bd107d9451caf0edec9fe03c636 P 3c2297b936bd472aa985b7c7de6bc960 [term 0 FOLLOWER]: Starting pre-election with config: opid_index: -1 OBSOLETE_local: false peers { permanent_uuid: "da50c7123b744b57bea057bc11cec002" member_type: VOTER last_known_addr { host: "127.11.240.67" port: 34601 } } peers { permanent_uuid: "a088699b15fd4e11b485f83adc2719eb" member_type: VOTER last_known_addr { host: "127.11.240.68" port: 46051 } } peers { permanent_uuid: "3c2297b936bd472aa985b7c7de6bc960" member_type: VOTER last_known_addr { host: "127.11.240.65" port: 44401 } }
I20260608 10:09:31.313611 15568 consensus_queue.cc:260] T 4b15d88a43ee4223a36646b2d8baebec P a088699b15fd4e11b485f83adc2719eb [NON_LEADER]: Queue going to NON_LEADER mode. State: All replicated index: 0, Majority replicated index: 0, Committed index: 0, Last appended: 0.0, Last appended by leader: 0, Current term: 0, Majority size: -1, State: 0, Mode: NON_LEADER, active raft config: opid_index: -1 OBSOLETE_local: false peers { permanent_uuid: "5796c300e22541bead547914e9328cda" member_type: VOTER last_known_addr { host: "127.11.240.66" port: 38883 } } peers { permanent_uuid: "a088699b15fd4e11b485f83adc2719eb" member_type: VOTER last_known_addr { host: "127.11.240.68" port: 46051 } } peers { permanent_uuid: "da50c7123b744b57bea057bc11cec002" member_type: VOTER last_known_addr { host: "127.11.240.67" port: 34601 } }
I20260608 10:09:31.321846 15568 ts_tablet_manager.cc:1434] T 4b15d88a43ee4223a36646b2d8baebec P a088699b15fd4e11b485f83adc2719eb: Time spent starting tablet: real 0.013s	user 0.008s	sys 0.000s
I20260608 10:09:31.323213 15556 leader_election.cc:290] T 0dce9bd107d9451caf0edec9fe03c636 P 3c2297b936bd472aa985b7c7de6bc960 [CANDIDATE]: Term 1 pre-election: Requested pre-vote from peers da50c7123b744b57bea057bc11cec002 (127.11.240.67:34601), a088699b15fd4e11b485f83adc2719eb (127.11.240.68:46051)
I20260608 10:09:31.323879 15568 tablet_bootstrap.cc:492] T 806222378cbb45d5b9a64a63a66a09ce P a088699b15fd4e11b485f83adc2719eb: Bootstrap starting.
I20260608 10:09:31.324352 15341 tablet_service.cc:1917] Received RequestConsensusVote() RPC: tablet_id: "0dce9bd107d9451caf0edec9fe03c636" candidate_uuid: "3c2297b936bd472aa985b7c7de6bc960" candidate_term: 1 candidate_status { last_received { term: 0 index: 0 } } ignore_live_leader: false dest_uuid: "da50c7123b744b57bea057bc11cec002" is_pre_election: true
I20260608 10:09:31.325258 15341 raft_consensus.cc:2468] T 0dce9bd107d9451caf0edec9fe03c636 P da50c7123b744b57bea057bc11cec002 [term 0 FOLLOWER]: Leader pre-election vote request: Granting yes vote for candidate 3c2297b936bd472aa985b7c7de6bc960 in term 0.
I20260608 10:09:31.331482 15158 leader_election.cc:304] T 0dce9bd107d9451caf0edec9fe03c636 P 3c2297b936bd472aa985b7c7de6bc960 [CANDIDATE]: Term 1 pre-election: Election decided. Result: candidate won. Election summary: received 2 responses out of 3 voters: 2 yes votes; 0 no votes. yes voters: 3c2297b936bd472aa985b7c7de6bc960, da50c7123b744b57bea057bc11cec002; no voters: 
I20260608 10:09:31.335232 15556 raft_consensus.cc:2804] T 0dce9bd107d9451caf0edec9fe03c636 P 3c2297b936bd472aa985b7c7de6bc960 [term 0 FOLLOWER]: Leader pre-election won for term 1
I20260608 10:09:31.335808 15556 raft_consensus.cc:493] T 0dce9bd107d9451caf0edec9fe03c636 P 3c2297b936bd472aa985b7c7de6bc960 [term 0 FOLLOWER]: Starting leader election (no leader contacted us within the election timeout)
I20260608 10:09:31.336251 15556 raft_consensus.cc:3060] T 0dce9bd107d9451caf0edec9fe03c636 P 3c2297b936bd472aa985b7c7de6bc960 [term 0 FOLLOWER]: Advancing to term 1
I20260608 10:09:31.336274 15573 raft_consensus.cc:493] T a16617a1e90c4135bedf4b817a32cfbd P a088699b15fd4e11b485f83adc2719eb [term 0 FOLLOWER]: Starting pre-election (no leader contacted us within the election timeout)
I20260608 10:09:31.337168 15573 raft_consensus.cc:515] T a16617a1e90c4135bedf4b817a32cfbd P a088699b15fd4e11b485f83adc2719eb [term 0 FOLLOWER]: Starting pre-election with config: opid_index: -1 OBSOLETE_local: false peers { permanent_uuid: "5796c300e22541bead547914e9328cda" member_type: VOTER last_known_addr { host: "127.11.240.66" port: 38883 } } peers { permanent_uuid: "da50c7123b744b57bea057bc11cec002" member_type: VOTER last_known_addr { host: "127.11.240.67" port: 34601 } } peers { permanent_uuid: "a088699b15fd4e11b485f83adc2719eb" member_type: VOTER last_known_addr { host: "127.11.240.68" port: 46051 } }
I20260608 10:09:31.340467 15573 leader_election.cc:290] T a16617a1e90c4135bedf4b817a32cfbd P a088699b15fd4e11b485f83adc2719eb [CANDIDATE]: Term 1 pre-election: Requested pre-vote from peers 5796c300e22541bead547914e9328cda (127.11.240.66:38883), da50c7123b744b57bea057bc11cec002 (127.11.240.67:34601)
I20260608 10:09:31.341274 15568 tablet_bootstrap.cc:654] T 806222378cbb45d5b9a64a63a66a09ce P a088699b15fd4e11b485f83adc2719eb: Neither blocks nor log segments found. Creating new log.
I20260608 10:09:31.343009 15579 raft_consensus.cc:493] T a16617a1e90c4135bedf4b817a32cfbd P da50c7123b744b57bea057bc11cec002 [term 0 FOLLOWER]: Starting pre-election (no leader contacted us within the election timeout)
I20260608 10:09:31.343552 15579 raft_consensus.cc:515] T a16617a1e90c4135bedf4b817a32cfbd P da50c7123b744b57bea057bc11cec002 [term 0 FOLLOWER]: Starting pre-election with config: opid_index: -1 OBSOLETE_local: false peers { permanent_uuid: "5796c300e22541bead547914e9328cda" member_type: VOTER last_known_addr { host: "127.11.240.66" port: 38883 } } peers { permanent_uuid: "da50c7123b744b57bea057bc11cec002" member_type: VOTER last_known_addr { host: "127.11.240.67" port: 34601 } } peers { permanent_uuid: "a088699b15fd4e11b485f83adc2719eb" member_type: VOTER last_known_addr { host: "127.11.240.68" port: 46051 } }
I20260608 10:09:31.345497 15554 raft_consensus.cc:493] T a16617a1e90c4135bedf4b817a32cfbd P 5796c300e22541bead547914e9328cda [term 0 FOLLOWER]: Starting pre-election (no leader contacted us within the election timeout)
I20260608 10:09:31.345834 15579 leader_election.cc:290] T a16617a1e90c4135bedf4b817a32cfbd P da50c7123b744b57bea057bc11cec002 [CANDIDATE]: Term 1 pre-election: Requested pre-vote from peers 5796c300e22541bead547914e9328cda (127.11.240.66:38883), a088699b15fd4e11b485f83adc2719eb (127.11.240.68:46051)
I20260608 10:09:31.346031 15554 raft_consensus.cc:515] T a16617a1e90c4135bedf4b817a32cfbd P 5796c300e22541bead547914e9328cda [term 0 FOLLOWER]: Starting pre-election with config: opid_index: -1 OBSOLETE_local: false peers { permanent_uuid: "5796c300e22541bead547914e9328cda" member_type: VOTER last_known_addr { host: "127.11.240.66" port: 38883 } } peers { permanent_uuid: "da50c7123b744b57bea057bc11cec002" member_type: VOTER last_known_addr { host: "127.11.240.67" port: 34601 } } peers { permanent_uuid: "a088699b15fd4e11b485f83adc2719eb" member_type: VOTER last_known_addr { host: "127.11.240.68" port: 46051 } }
I20260608 10:09:31.349851 15554 leader_election.cc:290] T a16617a1e90c4135bedf4b817a32cfbd P 5796c300e22541bead547914e9328cda [CANDIDATE]: Term 1 pre-election: Requested pre-vote from peers da50c7123b744b57bea057bc11cec002 (127.11.240.67:34601), a088699b15fd4e11b485f83adc2719eb (127.11.240.68:46051)
I20260608 10:09:31.350451 15343 tablet_service.cc:1917] Received RequestConsensusVote() RPC: tablet_id: "a16617a1e90c4135bedf4b817a32cfbd" candidate_uuid: "5796c300e22541bead547914e9328cda" candidate_term: 1 candidate_status { last_received { term: 0 index: 0 } } ignore_live_leader: false dest_uuid: "da50c7123b744b57bea057bc11cec002" is_pre_election: true
I20260608 10:09:31.351146 15343 raft_consensus.cc:2468] T a16617a1e90c4135bedf4b817a32cfbd P da50c7123b744b57bea057bc11cec002 [term 0 FOLLOWER]: Leader pre-election vote request: Granting yes vote for candidate 5796c300e22541bead547914e9328cda in term 0.
I20260608 10:09:31.352490 15233 leader_election.cc:304] T a16617a1e90c4135bedf4b817a32cfbd P 5796c300e22541bead547914e9328cda [CANDIDATE]: Term 1 pre-election: Election decided. Result: candidate won. Election summary: received 2 responses out of 3 voters: 2 yes votes; 0 no votes. yes voters: 5796c300e22541bead547914e9328cda, da50c7123b744b57bea057bc11cec002; no voters: 
I20260608 10:09:31.353894 15554 raft_consensus.cc:2804] T a16617a1e90c4135bedf4b817a32cfbd P 5796c300e22541bead547914e9328cda [term 0 FOLLOWER]: Leader pre-election won for term 1
I20260608 10:09:31.354306 15554 raft_consensus.cc:493] T a16617a1e90c4135bedf4b817a32cfbd P 5796c300e22541bead547914e9328cda [term 0 FOLLOWER]: Starting leader election (no leader contacted us within the election timeout)
I20260608 10:09:31.354686 15554 raft_consensus.cc:3060] T a16617a1e90c4135bedf4b817a32cfbd P 5796c300e22541bead547914e9328cda [term 0 FOLLOWER]: Advancing to term 1
I20260608 10:09:31.356496 15568 tablet_bootstrap.cc:492] T 806222378cbb45d5b9a64a63a66a09ce P a088699b15fd4e11b485f83adc2719eb: No bootstrap required, opened a new log
I20260608 10:09:31.357208 15568 ts_tablet_manager.cc:1403] T 806222378cbb45d5b9a64a63a66a09ce P a088699b15fd4e11b485f83adc2719eb: Time spent bootstrapping tablet: real 0.034s	user 0.008s	sys 0.015s
I20260608 10:09:31.361645 15568 raft_consensus.cc:359] T 806222378cbb45d5b9a64a63a66a09ce P a088699b15fd4e11b485f83adc2719eb [term 0 FOLLOWER]: Replica starting. Triggering 0 pending ops. Active config: opid_index: -1 OBSOLETE_local: false peers { permanent_uuid: "a088699b15fd4e11b485f83adc2719eb" member_type: VOTER last_known_addr { host: "127.11.240.68" port: 46051 } } peers { permanent_uuid: "3c2297b936bd472aa985b7c7de6bc960" member_type: VOTER last_known_addr { host: "127.11.240.65" port: 44401 } } peers { permanent_uuid: "5796c300e22541bead547914e9328cda" member_type: VOTER last_known_addr { host: "127.11.240.66" port: 38883 } }
I20260608 10:09:31.362701 15568 raft_consensus.cc:385] T 806222378cbb45d5b9a64a63a66a09ce P a088699b15fd4e11b485f83adc2719eb [term 0 FOLLOWER]: Consensus starting up: Expiring failure detector timer to make a prompt election more likely
I20260608 10:09:31.363147 15568 raft_consensus.cc:740] T 806222378cbb45d5b9a64a63a66a09ce P a088699b15fd4e11b485f83adc2719eb [term 0 FOLLOWER]: Becoming Follower/Learner. State: Replica: a088699b15fd4e11b485f83adc2719eb, State: Initialized, Role: FOLLOWER
I20260608 10:09:31.363175 15092 catalog_manager.cc:5696] T 4b15d88a43ee4223a36646b2d8baebec P 5796c300e22541bead547914e9328cda reported cstate change: term changed from 0 to 1, leader changed from <none> to 5796c300e22541bead547914e9328cda (127.11.240.66). New cstate: current_term: 1 leader_uuid: "5796c300e22541bead547914e9328cda" committed_config { opid_index: -1 OBSOLETE_local: false peers { permanent_uuid: "5796c300e22541bead547914e9328cda" member_type: VOTER last_known_addr { host: "127.11.240.66" port: 38883 } health_report { overall_health: HEALTHY } } peers { permanent_uuid: "a088699b15fd4e11b485f83adc2719eb" member_type: VOTER last_known_addr { host: "127.11.240.68" port: 46051 } health_report { overall_health: UNKNOWN } } peers { permanent_uuid: "da50c7123b744b57bea057bc11cec002" member_type: VOTER last_known_addr { host: "127.11.240.67" port: 34601 } health_report { overall_health: UNKNOWN } } }
I20260608 10:09:31.364423 15568 consensus_queue.cc:260] T 806222378cbb45d5b9a64a63a66a09ce P a088699b15fd4e11b485f83adc2719eb [NON_LEADER]: Queue going to NON_LEADER mode. State: All replicated index: 0, Majority replicated index: 0, Committed index: 0, Last appended: 0.0, Last appended by leader: 0, Current term: 0, Majority size: -1, State: 0, Mode: NON_LEADER, active raft config: opid_index: -1 OBSOLETE_local: false peers { permanent_uuid: "a088699b15fd4e11b485f83adc2719eb" member_type: VOTER last_known_addr { host: "127.11.240.68" port: 46051 } } peers { permanent_uuid: "3c2297b936bd472aa985b7c7de6bc960" member_type: VOTER last_known_addr { host: "127.11.240.65" port: 44401 } } peers { permanent_uuid: "5796c300e22541bead547914e9328cda" member_type: VOTER last_known_addr { host: "127.11.240.66" port: 38883 } }
I20260608 10:09:31.366585 15556 raft_consensus.cc:515] T 0dce9bd107d9451caf0edec9fe03c636 P 3c2297b936bd472aa985b7c7de6bc960 [term 1 FOLLOWER]: Starting leader election with config: opid_index: -1 OBSOLETE_local: false peers { permanent_uuid: "da50c7123b744b57bea057bc11cec002" member_type: VOTER last_known_addr { host: "127.11.240.67" port: 34601 } } peers { permanent_uuid: "a088699b15fd4e11b485f83adc2719eb" member_type: VOTER last_known_addr { host: "127.11.240.68" port: 46051 } } peers { permanent_uuid: "3c2297b936bd472aa985b7c7de6bc960" member_type: VOTER last_known_addr { host: "127.11.240.65" port: 44401 } }
I20260608 10:09:31.368255 15568 ts_tablet_manager.cc:1434] T 806222378cbb45d5b9a64a63a66a09ce P a088699b15fd4e11b485f83adc2719eb: Time spent starting tablet: real 0.011s	user 0.011s	sys 0.001s
I20260608 10:09:31.369798 15568 tablet_bootstrap.cc:492] T 6c39c28beae442dab8894033aed59715 P a088699b15fd4e11b485f83adc2719eb: Bootstrap starting.
I20260608 10:09:31.369994 15341 tablet_service.cc:1917] Received RequestConsensusVote() RPC: tablet_id: "0dce9bd107d9451caf0edec9fe03c636" candidate_uuid: "3c2297b936bd472aa985b7c7de6bc960" candidate_term: 1 candidate_status { last_received { term: 0 index: 0 } } ignore_live_leader: false dest_uuid: "da50c7123b744b57bea057bc11cec002"
I20260608 10:09:31.370698 15341 raft_consensus.cc:3060] T 0dce9bd107d9451caf0edec9fe03c636 P da50c7123b744b57bea057bc11cec002 [term 0 FOLLOWER]: Advancing to term 1
I20260608 10:09:31.378211 15341 raft_consensus.cc:2468] T 0dce9bd107d9451caf0edec9fe03c636 P da50c7123b744b57bea057bc11cec002 [term 1 FOLLOWER]: Leader election vote request: Granting yes vote for candidate 3c2297b936bd472aa985b7c7de6bc960 in term 1.
I20260608 10:09:31.379623 15158 leader_election.cc:304] T 0dce9bd107d9451caf0edec9fe03c636 P 3c2297b936bd472aa985b7c7de6bc960 [CANDIDATE]: Term 1 election: Election decided. Result: candidate won. Election summary: received 2 responses out of 3 voters: 2 yes votes; 0 no votes. yes voters: 3c2297b936bd472aa985b7c7de6bc960, da50c7123b744b57bea057bc11cec002; no voters: 
I20260608 10:09:31.380764 15598 raft_consensus.cc:2804] T 0dce9bd107d9451caf0edec9fe03c636 P 3c2297b936bd472aa985b7c7de6bc960 [term 1 FOLLOWER]: Leader election won for term 1
I20260608 10:09:31.380954 15568 tablet_bootstrap.cc:654] T 6c39c28beae442dab8894033aed59715 P a088699b15fd4e11b485f83adc2719eb: Neither blocks nor log segments found. Creating new log.
I20260608 10:09:31.381337 15598 raft_consensus.cc:697] T 0dce9bd107d9451caf0edec9fe03c636 P 3c2297b936bd472aa985b7c7de6bc960 [term 1 LEADER]: Becoming Leader. State: Replica: 3c2297b936bd472aa985b7c7de6bc960, State: Running, Role: LEADER
I20260608 10:09:31.382273 15598 consensus_queue.cc:237] T 0dce9bd107d9451caf0edec9fe03c636 P 3c2297b936bd472aa985b7c7de6bc960 [LEADER]: Queue going to LEADER mode. State: All replicated index: 0, Majority replicated index: 0, Committed index: 0, Last appended: 0.0, Last appended by leader: 0, Current term: 1, Majority size: 2, State: 0, Mode: LEADER, active raft config: opid_index: -1 OBSOLETE_local: false peers { permanent_uuid: "da50c7123b744b57bea057bc11cec002" member_type: VOTER last_known_addr { host: "127.11.240.67" port: 34601 } } peers { permanent_uuid: "a088699b15fd4e11b485f83adc2719eb" member_type: VOTER last_known_addr { host: "127.11.240.68" port: 46051 } } peers { permanent_uuid: "3c2297b936bd472aa985b7c7de6bc960" member_type: VOTER last_known_addr { host: "127.11.240.65" port: 44401 } }
I20260608 10:09:31.384699 15554 raft_consensus.cc:515] T a16617a1e90c4135bedf4b817a32cfbd P 5796c300e22541bead547914e9328cda [term 1 FOLLOWER]: Starting leader election with config: opid_index: -1 OBSOLETE_local: false peers { permanent_uuid: "5796c300e22541bead547914e9328cda" member_type: VOTER last_known_addr { host: "127.11.240.66" port: 38883 } } peers { permanent_uuid: "da50c7123b744b57bea057bc11cec002" member_type: VOTER last_known_addr { host: "127.11.240.67" port: 34601 } } peers { permanent_uuid: "a088699b15fd4e11b485f83adc2719eb" member_type: VOTER last_known_addr { host: "127.11.240.68" port: 46051 } }
I20260608 10:09:31.390676 15343 tablet_service.cc:1917] Received RequestConsensusVote() RPC: tablet_id: "a16617a1e90c4135bedf4b817a32cfbd" candidate_uuid: "5796c300e22541bead547914e9328cda" candidate_term: 1 candidate_status { last_received { term: 0 index: 0 } } ignore_live_leader: false dest_uuid: "da50c7123b744b57bea057bc11cec002"
I20260608 10:09:31.391342 15343 raft_consensus.cc:3060] T a16617a1e90c4135bedf4b817a32cfbd P da50c7123b744b57bea057bc11cec002 [term 0 FOLLOWER]: Advancing to term 1
I20260608 10:09:31.394500 15554 leader_election.cc:290] T a16617a1e90c4135bedf4b817a32cfbd P 5796c300e22541bead547914e9328cda [CANDIDATE]: Term 1 election: Requested vote from peers da50c7123b744b57bea057bc11cec002 (127.11.240.67:34601), a088699b15fd4e11b485f83adc2719eb (127.11.240.68:46051)
I20260608 10:09:31.394790 15568 tablet_bootstrap.cc:492] T 6c39c28beae442dab8894033aed59715 P a088699b15fd4e11b485f83adc2719eb: No bootstrap required, opened a new log
I20260608 10:09:31.395453 15568 ts_tablet_manager.cc:1403] T 6c39c28beae442dab8894033aed59715 P a088699b15fd4e11b485f83adc2719eb: Time spent bootstrapping tablet: real 0.026s	user 0.017s	sys 0.007s
I20260608 10:09:31.399313 15568 raft_consensus.cc:359] T 6c39c28beae442dab8894033aed59715 P a088699b15fd4e11b485f83adc2719eb [term 0 FOLLOWER]: Replica starting. Triggering 0 pending ops. Active config: opid_index: -1 OBSOLETE_local: false peers { permanent_uuid: "a088699b15fd4e11b485f83adc2719eb" member_type: VOTER last_known_addr { host: "127.11.240.68" port: 46051 } } peers { permanent_uuid: "da50c7123b744b57bea057bc11cec002" member_type: VOTER last_known_addr { host: "127.11.240.67" port: 34601 } } peers { permanent_uuid: "3c2297b936bd472aa985b7c7de6bc960" member_type: VOTER last_known_addr { host: "127.11.240.65" port: 44401 } }
I20260608 10:09:31.400261 15568 raft_consensus.cc:385] T 6c39c28beae442dab8894033aed59715 P a088699b15fd4e11b485f83adc2719eb [term 0 FOLLOWER]: Consensus starting up: Expiring failure detector timer to make a prompt election more likely
I20260608 10:09:31.400619 15568 raft_consensus.cc:740] T 6c39c28beae442dab8894033aed59715 P a088699b15fd4e11b485f83adc2719eb [term 0 FOLLOWER]: Becoming Follower/Learner. State: Replica: a088699b15fd4e11b485f83adc2719eb, State: Initialized, Role: FOLLOWER
I20260608 10:09:31.401552 15568 consensus_queue.cc:260] T 6c39c28beae442dab8894033aed59715 P a088699b15fd4e11b485f83adc2719eb [NON_LEADER]: Queue going to NON_LEADER mode. State: All replicated index: 0, Majority replicated index: 0, Committed index: 0, Last appended: 0.0, Last appended by leader: 0, Current term: 0, Majority size: -1, State: 0, Mode: NON_LEADER, active raft config: opid_index: -1 OBSOLETE_local: false peers { permanent_uuid: "a088699b15fd4e11b485f83adc2719eb" member_type: VOTER last_known_addr { host: "127.11.240.68" port: 46051 } } peers { permanent_uuid: "da50c7123b744b57bea057bc11cec002" member_type: VOTER last_known_addr { host: "127.11.240.67" port: 34601 } } peers { permanent_uuid: "3c2297b936bd472aa985b7c7de6bc960" member_type: VOTER last_known_addr { host: "127.11.240.65" port: 44401 } }
I20260608 10:09:31.404974 15568 ts_tablet_manager.cc:1434] T 6c39c28beae442dab8894033aed59715 P a088699b15fd4e11b485f83adc2719eb: Time spent starting tablet: real 0.009s	user 0.007s	sys 0.001s
I20260608 10:09:31.406410 15267 tablet_service.cc:1917] Received RequestConsensusVote() RPC: tablet_id: "a16617a1e90c4135bedf4b817a32cfbd" candidate_uuid: "da50c7123b744b57bea057bc11cec002" candidate_term: 1 candidate_status { last_received { term: 0 index: 0 } } ignore_live_leader: false dest_uuid: "5796c300e22541bead547914e9328cda" is_pre_election: true
I20260608 10:09:31.407660 15267 raft_consensus.cc:2393] T a16617a1e90c4135bedf4b817a32cfbd P 5796c300e22541bead547914e9328cda [term 1 FOLLOWER]: Leader pre-election vote request: Denying vote to candidate da50c7123b744b57bea057bc11cec002 in current term 1: Already voted for candidate 5796c300e22541bead547914e9328cda in this term.
I20260608 10:09:31.417447 15194 tablet_service.cc:1917] Received RequestConsensusVote() RPC: tablet_id: "90d46bcc4db04354a4f855f921b143ac" candidate_uuid: "a088699b15fd4e11b485f83adc2719eb" candidate_term: 1 candidate_status { last_received { term: 0 index: 0 } } ignore_live_leader: false dest_uuid: "3c2297b936bd472aa985b7c7de6bc960" is_pre_election: true
I20260608 10:09:31.418380 15194 raft_consensus.cc:2393] T 90d46bcc4db04354a4f855f921b143ac P 3c2297b936bd472aa985b7c7de6bc960 [term 1 FOLLOWER]: Leader pre-election vote request: Denying vote to candidate a088699b15fd4e11b485f83adc2719eb in current term 1: Already voted for candidate da50c7123b744b57bea057bc11cec002 in this term.
I20260608 10:09:31.419252 15556 leader_election.cc:290] T 0dce9bd107d9451caf0edec9fe03c636 P 3c2297b936bd472aa985b7c7de6bc960 [CANDIDATE]: Term 1 election: Requested vote from peers da50c7123b744b57bea057bc11cec002 (127.11.240.67:34601), a088699b15fd4e11b485f83adc2719eb (127.11.240.68:46051)
I20260608 10:09:31.422111 15092 catalog_manager.cc:5696] T 0dce9bd107d9451caf0edec9fe03c636 P 3c2297b936bd472aa985b7c7de6bc960 reported cstate change: term changed from 0 to 1, leader changed from <none> to 3c2297b936bd472aa985b7c7de6bc960 (127.11.240.65). New cstate: current_term: 1 leader_uuid: "3c2297b936bd472aa985b7c7de6bc960" committed_config { opid_index: -1 OBSOLETE_local: false peers { permanent_uuid: "da50c7123b744b57bea057bc11cec002" member_type: VOTER last_known_addr { host: "127.11.240.67" port: 34601 } health_report { overall_health: UNKNOWN } } peers { permanent_uuid: "a088699b15fd4e11b485f83adc2719eb" member_type: VOTER last_known_addr { host: "127.11.240.68" port: 46051 } health_report { overall_health: UNKNOWN } } peers { permanent_uuid: "3c2297b936bd472aa985b7c7de6bc960" member_type: VOTER last_known_addr { host: "127.11.240.65" port: 44401 } health_report { overall_health: HEALTHY } } }
I20260608 10:09:31.426489 15343 raft_consensus.cc:2468] T a16617a1e90c4135bedf4b817a32cfbd P da50c7123b744b57bea057bc11cec002 [term 1 FOLLOWER]: Leader election vote request: Granting yes vote for candidate 5796c300e22541bead547914e9328cda in term 1.
I20260608 10:09:31.427870 15233 leader_election.cc:304] T a16617a1e90c4135bedf4b817a32cfbd P 5796c300e22541bead547914e9328cda [CANDIDATE]: Term 1 election: Election decided. Result: candidate won. Election summary: received 2 responses out of 3 voters: 2 yes votes; 0 no votes. yes voters: 5796c300e22541bead547914e9328cda, da50c7123b744b57bea057bc11cec002; no voters: 
I20260608 10:09:31.430301 15554 raft_consensus.cc:2804] T a16617a1e90c4135bedf4b817a32cfbd P 5796c300e22541bead547914e9328cda [term 1 FOLLOWER]: Leader election won for term 1
I20260608 10:09:31.430835 15554 raft_consensus.cc:697] T a16617a1e90c4135bedf4b817a32cfbd P 5796c300e22541bead547914e9328cda [term 1 LEADER]: Becoming Leader. State: Replica: 5796c300e22541bead547914e9328cda, State: Running, Role: LEADER
I20260608 10:09:31.431746 15554 consensus_queue.cc:237] T a16617a1e90c4135bedf4b817a32cfbd P 5796c300e22541bead547914e9328cda [LEADER]: Queue going to LEADER mode. State: All replicated index: 0, Majority replicated index: 0, Committed index: 0, Last appended: 0.0, Last appended by leader: 0, Current term: 1, Majority size: 2, State: 0, Mode: LEADER, active raft config: opid_index: -1 OBSOLETE_local: false peers { permanent_uuid: "5796c300e22541bead547914e9328cda" member_type: VOTER last_known_addr { host: "127.11.240.66" port: 38883 } } peers { permanent_uuid: "da50c7123b744b57bea057bc11cec002" member_type: VOTER last_known_addr { host: "127.11.240.67" port: 34601 } } peers { permanent_uuid: "a088699b15fd4e11b485f83adc2719eb" member_type: VOTER last_known_addr { host: "127.11.240.68" port: 46051 } }
I20260608 10:09:31.438107 15573 raft_consensus.cc:493] T 4b15d88a43ee4223a36646b2d8baebec P a088699b15fd4e11b485f83adc2719eb [term 0 FOLLOWER]: Starting pre-election (no leader contacted us within the election timeout)
I20260608 10:09:31.438716 15573 raft_consensus.cc:515] T 4b15d88a43ee4223a36646b2d8baebec P a088699b15fd4e11b485f83adc2719eb [term 0 FOLLOWER]: Starting pre-election with config: opid_index: -1 OBSOLETE_local: false peers { permanent_uuid: "5796c300e22541bead547914e9328cda" member_type: VOTER last_known_addr { host: "127.11.240.66" port: 38883 } } peers { permanent_uuid: "a088699b15fd4e11b485f83adc2719eb" member_type: VOTER last_known_addr { host: "127.11.240.68" port: 46051 } } peers { permanent_uuid: "da50c7123b744b57bea057bc11cec002" member_type: VOTER last_known_addr { host: "127.11.240.67" port: 34601 } }
I20260608 10:09:31.441007 15573 leader_election.cc:290] T 4b15d88a43ee4223a36646b2d8baebec P a088699b15fd4e11b485f83adc2719eb [CANDIDATE]: Term 1 pre-election: Requested pre-vote from peers 5796c300e22541bead547914e9328cda (127.11.240.66:38883), da50c7123b744b57bea057bc11cec002 (127.11.240.67:34601)
I20260608 10:09:31.441169 15519 tablet_service.cc:1917] Received RequestConsensusVote() RPC: tablet_id: "a16617a1e90c4135bedf4b817a32cfbd" candidate_uuid: "5796c300e22541bead547914e9328cda" candidate_term: 1 candidate_status { last_received { term: 0 index: 0 } } ignore_live_leader: false dest_uuid: "a088699b15fd4e11b485f83adc2719eb" is_pre_election: true
I20260608 10:09:31.442083 15519 raft_consensus.cc:2468] T a16617a1e90c4135bedf4b817a32cfbd P a088699b15fd4e11b485f83adc2719eb [term 0 FOLLOWER]: Leader pre-election vote request: Granting yes vote for candidate 5796c300e22541bead547914e9328cda in term 0.
I20260608 10:09:31.442404 15520 tablet_service.cc:1917] Received RequestConsensusVote() RPC: tablet_id: "a16617a1e90c4135bedf4b817a32cfbd" candidate_uuid: "5796c300e22541bead547914e9328cda" candidate_term: 1 candidate_status { last_received { term: 0 index: 0 } } ignore_live_leader: false dest_uuid: "a088699b15fd4e11b485f83adc2719eb"
I20260608 10:09:31.443068 15520 raft_consensus.cc:3060] T a16617a1e90c4135bedf4b817a32cfbd P a088699b15fd4e11b485f83adc2719eb [term 0 FOLLOWER]: Advancing to term 1
I20260608 10:09:31.449277 15520 raft_consensus.cc:2468] T a16617a1e90c4135bedf4b817a32cfbd P a088699b15fd4e11b485f83adc2719eb [term 1 FOLLOWER]: Leader election vote request: Granting yes vote for candidate 5796c300e22541bead547914e9328cda in term 1.
I20260608 10:09:31.449448 15518 tablet_service.cc:1917] Received RequestConsensusVote() RPC: tablet_id: "0dce9bd107d9451caf0edec9fe03c636" candidate_uuid: "3c2297b936bd472aa985b7c7de6bc960" candidate_term: 1 candidate_status { last_received { term: 0 index: 0 } } ignore_live_leader: false dest_uuid: "a088699b15fd4e11b485f83adc2719eb" is_pre_election: true
I20260608 10:09:31.450222 15518 raft_consensus.cc:2468] T 0dce9bd107d9451caf0edec9fe03c636 P a088699b15fd4e11b485f83adc2719eb [term 0 FOLLOWER]: Leader pre-election vote request: Granting yes vote for candidate 3c2297b936bd472aa985b7c7de6bc960 in term 0.
I20260608 10:09:31.450695 15517 tablet_service.cc:1917] Received RequestConsensusVote() RPC: tablet_id: "0dce9bd107d9451caf0edec9fe03c636" candidate_uuid: "3c2297b936bd472aa985b7c7de6bc960" candidate_term: 1 candidate_status { last_received { term: 0 index: 0 } } ignore_live_leader: false dest_uuid: "a088699b15fd4e11b485f83adc2719eb"
I20260608 10:09:31.451658 15517 raft_consensus.cc:3060] T 0dce9bd107d9451caf0edec9fe03c636 P a088699b15fd4e11b485f83adc2719eb [term 0 FOLLOWER]: Advancing to term 1
I20260608 10:09:31.454279 15092 catalog_manager.cc:5696] T a16617a1e90c4135bedf4b817a32cfbd P 5796c300e22541bead547914e9328cda reported cstate change: term changed from 0 to 1, leader changed from <none> to 5796c300e22541bead547914e9328cda (127.11.240.66). New cstate: current_term: 1 leader_uuid: "5796c300e22541bead547914e9328cda" committed_config { opid_index: -1 OBSOLETE_local: false peers { permanent_uuid: "5796c300e22541bead547914e9328cda" member_type: VOTER last_known_addr { host: "127.11.240.66" port: 38883 } health_report { overall_health: HEALTHY } } peers { permanent_uuid: "da50c7123b744b57bea057bc11cec002" member_type: VOTER last_known_addr { host: "127.11.240.67" port: 34601 } health_report { overall_health: UNKNOWN } } peers { permanent_uuid: "a088699b15fd4e11b485f83adc2719eb" member_type: VOTER last_known_addr { host: "127.11.240.68" port: 46051 } health_report { overall_health: UNKNOWN } } }
I20260608 10:09:31.456061 15342 tablet_service.cc:1917] Received RequestConsensusVote() RPC: tablet_id: "4b15d88a43ee4223a36646b2d8baebec" candidate_uuid: "a088699b15fd4e11b485f83adc2719eb" candidate_term: 1 candidate_status { last_received { term: 0 index: 0 } } ignore_live_leader: false dest_uuid: "da50c7123b744b57bea057bc11cec002" is_pre_election: true
I20260608 10:09:31.456966 15342 raft_consensus.cc:2393] T 4b15d88a43ee4223a36646b2d8baebec P da50c7123b744b57bea057bc11cec002 [term 1 FOLLOWER]: Leader pre-election vote request: Denying vote to candidate a088699b15fd4e11b485f83adc2719eb in current term 1: Already voted for candidate 5796c300e22541bead547914e9328cda in this term.
I20260608 10:09:31.457073 15341 tablet_service.cc:1917] Received RequestConsensusVote() RPC: tablet_id: "a16617a1e90c4135bedf4b817a32cfbd" candidate_uuid: "a088699b15fd4e11b485f83adc2719eb" candidate_term: 1 candidate_status { last_received { term: 0 index: 0 } } ignore_live_leader: false dest_uuid: "da50c7123b744b57bea057bc11cec002" is_pre_election: true
I20260608 10:09:31.457895 15341 raft_consensus.cc:2393] T a16617a1e90c4135bedf4b817a32cfbd P da50c7123b744b57bea057bc11cec002 [term 1 FOLLOWER]: Leader pre-election vote request: Denying vote to candidate a088699b15fd4e11b485f83adc2719eb in current term 1: Already voted for candidate 5796c300e22541bead547914e9328cda in this term.
I20260608 10:09:31.457973 15267 tablet_service.cc:1917] Received RequestConsensusVote() RPC: tablet_id: "4b15d88a43ee4223a36646b2d8baebec" candidate_uuid: "a088699b15fd4e11b485f83adc2719eb" candidate_term: 1 candidate_status { last_received { term: 0 index: 0 } } ignore_live_leader: false dest_uuid: "5796c300e22541bead547914e9328cda" is_pre_election: true
I20260608 10:09:31.458889 15343 tablet_service.cc:1917] Received RequestConsensusVote() RPC: tablet_id: "90d46bcc4db04354a4f855f921b143ac" candidate_uuid: "a088699b15fd4e11b485f83adc2719eb" candidate_term: 1 candidate_status { last_received { term: 0 index: 0 } } ignore_live_leader: false dest_uuid: "da50c7123b744b57bea057bc11cec002" is_pre_election: true
I20260608 10:09:31.460203 15269 tablet_service.cc:1917] Received RequestConsensusVote() RPC: tablet_id: "a16617a1e90c4135bedf4b817a32cfbd" candidate_uuid: "a088699b15fd4e11b485f83adc2719eb" candidate_term: 1 candidate_status { last_received { term: 0 index: 0 } } ignore_live_leader: false dest_uuid: "5796c300e22541bead547914e9328cda" is_pre_election: true
I20260608 10:09:31.450685 15519 tablet_service.cc:1917] Received RequestConsensusVote() RPC: tablet_id: "a16617a1e90c4135bedf4b817a32cfbd" candidate_uuid: "da50c7123b744b57bea057bc11cec002" candidate_term: 1 candidate_status { last_received { term: 0 index: 0 } } ignore_live_leader: false dest_uuid: "a088699b15fd4e11b485f83adc2719eb" is_pre_election: true
I20260608 10:09:31.462278 15519 raft_consensus.cc:2393] T a16617a1e90c4135bedf4b817a32cfbd P a088699b15fd4e11b485f83adc2719eb [term 1 FOLLOWER]: Leader pre-election vote request: Denying vote to candidate da50c7123b744b57bea057bc11cec002 in current term 1: Already voted for candidate 5796c300e22541bead547914e9328cda in this term.
I20260608 10:09:31.462990 15484 leader_election.cc:304] T 90d46bcc4db04354a4f855f921b143ac P a088699b15fd4e11b485f83adc2719eb [CANDIDATE]: Term 1 pre-election: Election decided. Result: candidate lost. Election summary: received 3 responses out of 3 voters: 1 yes votes; 2 no votes. yes voters: a088699b15fd4e11b485f83adc2719eb; no voters: 3c2297b936bd472aa985b7c7de6bc960, da50c7123b744b57bea057bc11cec002
I20260608 10:09:31.463886 15573 raft_consensus.cc:3060] T 90d46bcc4db04354a4f855f921b143ac P a088699b15fd4e11b485f83adc2719eb [term 0 FOLLOWER]: Advancing to term 1
I20260608 10:09:31.466423 15517 raft_consensus.cc:2468] T 0dce9bd107d9451caf0edec9fe03c636 P a088699b15fd4e11b485f83adc2719eb [term 1 FOLLOWER]: Leader election vote request: Granting yes vote for candidate 3c2297b936bd472aa985b7c7de6bc960 in term 1.
I20260608 10:09:31.466521 15484 leader_election.cc:304] T 4b15d88a43ee4223a36646b2d8baebec P a088699b15fd4e11b485f83adc2719eb [CANDIDATE]: Term 1 pre-election: Election decided. Result: candidate lost. Election summary: received 3 responses out of 3 voters: 1 yes votes; 2 no votes. yes voters: a088699b15fd4e11b485f83adc2719eb; no voters: 5796c300e22541bead547914e9328cda, da50c7123b744b57bea057bc11cec002
