[==========] Running 24 tests from 2 test suites.
[----------] Global test environment set-up.
[----------] 22 tests from AutoRebalancerTest
[ RUN      ] AutoRebalancerTest.OnlyLeaderDoesAutoRebalancing
WARNING: Logging before InitGoogleLogging() is written to STDERR
I20260608 10:08:06.397002 15147 internal_mini_cluster.cc:156] Creating distributed mini masters. Addrs: 127.14.202.254:45985,127.14.202.253:39623,127.14.202.252:45897
I20260608 10:08:06.399017 15147 env_posix.cc:2267] Not raising this process' open files per process limit of 1048576; it is already as high as it can go
I20260608 10:08:06.400178 15147 file_cache.cc:492] Constructed file cache file cache with capacity 419430
W20260608 10:08:06.418098 15154 instance_detector.cc:116] could not retrieve Azure instance metadata: Network error: curl error: HTTP response code said error: The requested URL returned error: 404
W20260608 10:08:06.418812 15153 instance_detector.cc:116] could not retrieve AWS instance metadata: Network error: curl error: HTTP response code said error: The requested URL returned error: 404
W20260608 10:08:06.418174 15156 instance_detector.cc:116] could not retrieve OpenStack instance metadata: Network error: curl error: HTTP response code said error: The requested URL returned error: 404
W20260608 10:08:07.634999 15155 instance_detector.cc:116] could not retrieve GCE instance metadata: Timed out: curl timeout: Timeout was reached: Connection time-out
I20260608 10:08:07.635098 15147 server_base.cc:1056] Not found: could not retrieve instance metadata: unable to detect cloud type of this node, probably running in non-cloud environment
I20260608 10:08:07.639596 15147 hybrid_clock.cc:584] initializing the hybrid clock with 'system_unsync' time source
W20260608 10:08:07.639829 15147 system_unsync_time.cc:38] NTP support is disabled. Clock error bounds will not be accurate. This configuration is not suitable for distributed clusters.
I20260608 10:08:07.639997 15147 hybrid_clock.cc:648] HybridClock initialized: now 1780913287639978 us; error 0 us; skew 500 ppm
I20260608 10:08:07.640846 15147 server_base.cc:861] Flag tcmalloc_max_total_thread_cache_bytes is not working since tcmalloc is not enabled.
I20260608 10:08:07.646399 15147 webserver.cc:533] Webserver started at http://127.14.202.254:45557/ using document root <none> and password file <none>
I20260608 10:08:07.647234 15147 fs_manager.cc:362] Metadata directory not provided
I20260608 10:08:07.647433 15147 fs_manager.cc:368] Using write-ahead log directory (fs_wal_dir) as metadata directory
I20260608 10:08:07.647872 15147 server_base.cc:909] This appears to be a new deployment of Kudu; creating new FS layout
I20260608 10:08:07.653741 15147 fs_manager.cc:1068] Generated new instance metadata in path /tmp/dist-test-taskOeaHBT/test-tmp/auto_rebalancer-test.0.AutoRebalancerTest.OnlyLeaderDoesAutoRebalancing.1780913286221975-15147-0/minicluster-data/master-0-root/instance:
uuid: "9efab86fe2174293bd3fbbf104e0becc"
format_stamp: "Formatted at 2026-06-08 10:08:07 on dist-test-slave-d6kj"
I20260608 10:08:07.662221 15147 fs_manager.cc:696] Time spent creating directory manager: real 0.008s	user 0.007s	sys 0.001s
I20260608 10:08:07.667528 15162 log_block_manager.cc:4031] Time spent loading block containers with low live blocks: real 0.000s	user 0.000s	sys 0.000s
I20260608 10:08:07.668781 15147 fs_manager.cc:730] Time spent opening block manager: real 0.004s	user 0.004s	sys 0.001s
I20260608 10:08:07.669135 15147 fs_manager.cc:647] Opened local filesystem: /tmp/dist-test-taskOeaHBT/test-tmp/auto_rebalancer-test.0.AutoRebalancerTest.OnlyLeaderDoesAutoRebalancing.1780913286221975-15147-0/minicluster-data/master-0-root
uuid: "9efab86fe2174293bd3fbbf104e0becc"
format_stamp: "Formatted at 2026-06-08 10:08:07 on dist-test-slave-d6kj"
I20260608 10:08:07.669538 15147 fs_report.cc:389] FS layout report
--------------------
wal directory: /tmp/dist-test-taskOeaHBT/test-tmp/auto_rebalancer-test.0.AutoRebalancerTest.OnlyLeaderDoesAutoRebalancing.1780913286221975-15147-0/minicluster-data/master-0-root
metadata directory: /tmp/dist-test-taskOeaHBT/test-tmp/auto_rebalancer-test.0.AutoRebalancerTest.OnlyLeaderDoesAutoRebalancing.1780913286221975-15147-0/minicluster-data/master-0-root
1 data directories: /tmp/dist-test-taskOeaHBT/test-tmp/auto_rebalancer-test.0.AutoRebalancerTest.OnlyLeaderDoesAutoRebalancing.1780913286221975-15147-0/minicluster-data/master-0-root/data
Total live blocks: 0
Total live bytes: 0
Total live bytes (after alignment): 0
Total number of LBM containers: 0 (0 full)
Did not check for missing blocks
Did not check for orphaned blocks
Total full LBM containers with extra space: 0 (0 repaired)
Total full LBM container extra space in bytes: 0 (0 repaired)
Total incomplete LBM containers: 0 (0 repaired)
Total LBM partial records: 0 (0 repaired)
Total corrupted LBM metadata records in RocksDB: 0 (0 repaired)
I20260608 10:08:07.729768 15147 rpc_server.cc:225] running with OpenSSL 1.1.1  11 Sep 2018
I20260608 10:08:07.731388 15147 env_posix.cc:2267] Not raising this process' running threads per effective uid limit of 18446744073709551615; it is already as high as it can go
I20260608 10:08:07.731889 15147 kserver.cc:163] Server-wide thread pool size limit: 3276
I20260608 10:08:07.808133 15147 rpc_server.cc:307] RPC server started. Bound to: 127.14.202.254:45985
I20260608 10:08:07.808228 15214 acceptor_pool.cc:272] collecting diagnostics on the listening RPC socket 127.14.202.254:45985 every 8 connection(s)
I20260608 10:08:07.814790 15147 file_cache.cc:492] Constructed file cache file cache with capacity 419430
I20260608 10:08:07.816967 15215 data_dirs.cc:400] Could only allocate 1 dirs of requested 3 for tablet 00000000000000000000000000000000. 1 dirs total, 0 dirs full, 0 dirs failed
W20260608 10:08:07.821831 15217 instance_detector.cc:116] could not retrieve AWS instance metadata: Network error: curl error: HTTP response code said error: The requested URL returned error: 404
W20260608 10:08:07.823472 15218 instance_detector.cc:116] could not retrieve Azure instance metadata: Network error: curl error: HTTP response code said error: The requested URL returned error: 404
W20260608 10:08:07.825973 15220 instance_detector.cc:116] could not retrieve OpenStack instance metadata: Network error: curl error: HTTP response code said error: The requested URL returned error: 404
I20260608 10:08:07.827214 15147 server_base.cc:1061] running on GCE node
I20260608 10:08:07.828110 15147 hybrid_clock.cc:584] initializing the hybrid clock with 'system_unsync' time source
W20260608 10:08:07.828382 15147 system_unsync_time.cc:38] NTP support is disabled. Clock error bounds will not be accurate. This configuration is not suitable for distributed clusters.
I20260608 10:08:07.828603 15147 hybrid_clock.cc:648] HybridClock initialized: now 1780913287828578 us; error 0 us; skew 500 ppm
I20260608 10:08:07.829527 15147 server_base.cc:861] Flag tcmalloc_max_total_thread_cache_bytes is not working since tcmalloc is not enabled.
I20260608 10:08:07.833778 15147 webserver.cc:533] Webserver started at http://127.14.202.253:33975/ using document root <none> and password file <none>
I20260608 10:08:07.834573 15147 fs_manager.cc:362] Metadata directory not provided
I20260608 10:08:07.834859 15147 fs_manager.cc:368] Using write-ahead log directory (fs_wal_dir) as metadata directory
I20260608 10:08:07.835223 15147 server_base.cc:909] This appears to be a new deployment of Kudu; creating new FS layout
I20260608 10:08:07.836772 15147 fs_manager.cc:1068] Generated new instance metadata in path /tmp/dist-test-taskOeaHBT/test-tmp/auto_rebalancer-test.0.AutoRebalancerTest.OnlyLeaderDoesAutoRebalancing.1780913286221975-15147-0/minicluster-data/master-1-root/instance:
uuid: "16b15353f3da4041ad3cc57d5f378494"
format_stamp: "Formatted at 2026-06-08 10:08:07 on dist-test-slave-d6kj"
I20260608 10:08:07.844231 15147 fs_manager.cc:696] Time spent creating directory manager: real 0.007s	user 0.005s	sys 0.001s
I20260608 10:08:07.842046 15215 sys_catalog.cc:422] member_type: VOTER last_known_addr { host: "127.14.202.254" port: 45985 } has no permanent_uuid. Determining permanent_uuid...
I20260608 10:08:07.852820 15225 log_block_manager.cc:4031] Time spent loading block containers with low live blocks: real 0.000s	user 0.000s	sys 0.000s
I20260608 10:08:07.853763 15147 fs_manager.cc:730] Time spent opening block manager: real 0.006s	user 0.002s	sys 0.003s
I20260608 10:08:07.854084 15147 fs_manager.cc:647] Opened local filesystem: /tmp/dist-test-taskOeaHBT/test-tmp/auto_rebalancer-test.0.AutoRebalancerTest.OnlyLeaderDoesAutoRebalancing.1780913286221975-15147-0/minicluster-data/master-1-root
uuid: "16b15353f3da4041ad3cc57d5f378494"
format_stamp: "Formatted at 2026-06-08 10:08:07 on dist-test-slave-d6kj"
I20260608 10:08:07.854372 15147 fs_report.cc:389] FS layout report
--------------------
wal directory: /tmp/dist-test-taskOeaHBT/test-tmp/auto_rebalancer-test.0.AutoRebalancerTest.OnlyLeaderDoesAutoRebalancing.1780913286221975-15147-0/minicluster-data/master-1-root
metadata directory: /tmp/dist-test-taskOeaHBT/test-tmp/auto_rebalancer-test.0.AutoRebalancerTest.OnlyLeaderDoesAutoRebalancing.1780913286221975-15147-0/minicluster-data/master-1-root
1 data directories: /tmp/dist-test-taskOeaHBT/test-tmp/auto_rebalancer-test.0.AutoRebalancerTest.OnlyLeaderDoesAutoRebalancing.1780913286221975-15147-0/minicluster-data/master-1-root/data
Total live blocks: 0
Total live bytes: 0
Total live bytes (after alignment): 0
Total number of LBM containers: 0 (0 full)
Did not check for missing blocks
Did not check for orphaned blocks
Total full LBM containers with extra space: 0 (0 repaired)
Total full LBM container extra space in bytes: 0 (0 repaired)
Total incomplete LBM containers: 0 (0 repaired)
Total LBM partial records: 0 (0 repaired)
Total corrupted LBM metadata records in RocksDB: 0 (0 repaired)
I20260608 10:08:07.877534 15215 sys_catalog.cc:422] member_type: VOTER last_known_addr { host: "127.14.202.253" port: 39623 } has no permanent_uuid. Determining permanent_uuid...
W20260608 10:08:07.880420 15165 proxy.cc:239] Call had error, refreshing address and retrying: Network error: Client connection negotiation failed: client connection to 127.14.202.253:39623: connect: Connection refused (error 111)
I20260608 10:08:07.881743 15147 rpc_server.cc:225] running with OpenSSL 1.1.1  11 Sep 2018
I20260608 10:08:07.883165 15147 kserver.cc:163] Server-wide thread pool size limit: 3276
W20260608 10:08:07.885473 15215 consensus_peers.cc:760] Error getting permanent uuid from config peer 127.14.202.253:39623: Network error: Client connection negotiation failed: client connection to 127.14.202.253:39623: connect: Connection refused (error 111)
I20260608 10:08:07.935587 15215 consensus_peers.cc:770] Retrying to get permanent uuid for remote peer: member_type: VOTER last_known_addr { host: "127.14.202.253" port: 39623 } attempt: 1
W20260608 10:08:07.940492 15215 consensus_peers.cc:760] Error getting permanent uuid from config peer 127.14.202.253:39623: Network error: Client connection negotiation failed: client connection to 127.14.202.253:39623: connect: Connection refused (error 111)
I20260608 10:08:07.955948 15147 rpc_server.cc:307] RPC server started. Bound to: 127.14.202.253:39623
I20260608 10:08:07.956260 15279 acceptor_pool.cc:272] collecting diagnostics on the listening RPC socket 127.14.202.253:39623 every 8 connection(s)
I20260608 10:08:07.961753 15147 file_cache.cc:492] Constructed file cache file cache with capacity 419430
I20260608 10:08:07.961817 15280 data_dirs.cc:400] Could only allocate 1 dirs of requested 3 for tablet 00000000000000000000000000000000. 1 dirs total, 0 dirs full, 0 dirs failed
I20260608 10:08:07.967954 15280 sys_catalog.cc:422] member_type: VOTER last_known_addr { host: "127.14.202.254" port: 45985 } has no permanent_uuid. Determining permanent_uuid...
W20260608 10:08:07.970553 15283 instance_detector.cc:116] could not retrieve Azure instance metadata: Network error: curl error: HTTP response code said error: The requested URL returned error: 404
W20260608 10:08:07.968739 15282 instance_detector.cc:116] could not retrieve AWS instance metadata: Network error: curl error: HTTP response code said error: The requested URL returned error: 404
W20260608 10:08:07.973981 15285 instance_detector.cc:116] could not retrieve OpenStack instance metadata: Network error: curl error: HTTP response code said error: The requested URL returned error: 404
I20260608 10:08:07.976472 15147 server_base.cc:1061] running on GCE node
I20260608 10:08:07.977203 15147 hybrid_clock.cc:584] initializing the hybrid clock with 'system_unsync' time source
W20260608 10:08:07.977483 15147 system_unsync_time.cc:38] NTP support is disabled. Clock error bounds will not be accurate. This configuration is not suitable for distributed clusters.
I20260608 10:08:07.977674 15147 hybrid_clock.cc:648] HybridClock initialized: now 1780913287977655 us; error 0 us; skew 500 ppm
I20260608 10:08:07.978317 15147 server_base.cc:861] Flag tcmalloc_max_total_thread_cache_bytes is not working since tcmalloc is not enabled.
I20260608 10:08:07.982865 15147 webserver.cc:533] Webserver started at http://127.14.202.252:41101/ using document root <none> and password file <none>
I20260608 10:08:07.983587 15147 fs_manager.cc:362] Metadata directory not provided
I20260608 10:08:07.983855 15147 fs_manager.cc:368] Using write-ahead log directory (fs_wal_dir) as metadata directory
I20260608 10:08:07.984272 15147 server_base.cc:909] This appears to be a new deployment of Kudu; creating new FS layout
I20260608 10:08:07.985936 15147 fs_manager.cc:1068] Generated new instance metadata in path /tmp/dist-test-taskOeaHBT/test-tmp/auto_rebalancer-test.0.AutoRebalancerTest.OnlyLeaderDoesAutoRebalancing.1780913286221975-15147-0/minicluster-data/master-2-root/instance:
uuid: "6089fcb6f262484da97e9ac84c2f3754"
format_stamp: "Formatted at 2026-06-08 10:08:07 on dist-test-slave-d6kj"
I20260608 10:08:07.986224 15280 sys_catalog.cc:422] member_type: VOTER last_known_addr { host: "127.14.202.253" port: 39623 } has no permanent_uuid. Determining permanent_uuid...
I20260608 10:08:07.992590 15147 fs_manager.cc:696] Time spent creating directory manager: real 0.006s	user 0.006s	sys 0.000s
I20260608 10:08:07.998150 15292 log_block_manager.cc:4031] Time spent loading block containers with low live blocks: real 0.000s	user 0.000s	sys 0.000s
I20260608 10:08:07.999197 15147 fs_manager.cc:730] Time spent opening block manager: real 0.004s	user 0.002s	sys 0.002s
I20260608 10:08:07.999560 15147 fs_manager.cc:647] Opened local filesystem: /tmp/dist-test-taskOeaHBT/test-tmp/auto_rebalancer-test.0.AutoRebalancerTest.OnlyLeaderDoesAutoRebalancing.1780913286221975-15147-0/minicluster-data/master-2-root
uuid: "6089fcb6f262484da97e9ac84c2f3754"
format_stamp: "Formatted at 2026-06-08 10:08:07 on dist-test-slave-d6kj"
I20260608 10:08:07.999971 15147 fs_report.cc:389] FS layout report
--------------------
wal directory: /tmp/dist-test-taskOeaHBT/test-tmp/auto_rebalancer-test.0.AutoRebalancerTest.OnlyLeaderDoesAutoRebalancing.1780913286221975-15147-0/minicluster-data/master-2-root
metadata directory: /tmp/dist-test-taskOeaHBT/test-tmp/auto_rebalancer-test.0.AutoRebalancerTest.OnlyLeaderDoesAutoRebalancing.1780913286221975-15147-0/minicluster-data/master-2-root
1 data directories: /tmp/dist-test-taskOeaHBT/test-tmp/auto_rebalancer-test.0.AutoRebalancerTest.OnlyLeaderDoesAutoRebalancing.1780913286221975-15147-0/minicluster-data/master-2-root/data
Total live blocks: 0
Total live bytes: 0
Total live bytes (after alignment): 0
Total number of LBM containers: 0 (0 full)
Did not check for missing blocks
Did not check for orphaned blocks
Total full LBM containers with extra space: 0 (0 repaired)
Total full LBM container extra space in bytes: 0 (0 repaired)
Total incomplete LBM containers: 0 (0 repaired)
Total LBM partial records: 0 (0 repaired)
Total corrupted LBM metadata records in RocksDB: 0 (0 repaired)
I20260608 10:08:08.000485 15280 sys_catalog.cc:422] member_type: VOTER last_known_addr { host: "127.14.202.252" port: 45897 } has no permanent_uuid. Determining permanent_uuid...
W20260608 10:08:08.008854 15280 consensus_peers.cc:760] Error getting permanent uuid from config peer 127.14.202.252:45897: Network error: Client connection negotiation failed: client connection to 127.14.202.252:45897: connect: Connection refused (error 111)
I20260608 10:08:08.009042 15215 consensus_peers.cc:770] Retrying to get permanent uuid for remote peer: member_type: VOTER last_known_addr { host: "127.14.202.253" port: 39623 } attempt: 2
I20260608 10:08:08.018761 15215 sys_catalog.cc:422] member_type: VOTER last_known_addr { host: "127.14.202.252" port: 45897 } has no permanent_uuid. Determining permanent_uuid...
W20260608 10:08:08.022984 15215 consensus_peers.cc:760] Error getting permanent uuid from config peer 127.14.202.252:45897: Network error: Client connection negotiation failed: client connection to 127.14.202.252:45897: connect: Connection refused (error 111)
I20260608 10:08:08.035710 15147 rpc_server.cc:225] running with OpenSSL 1.1.1  11 Sep 2018
I20260608 10:08:08.037056 15147 kserver.cc:163] Server-wide thread pool size limit: 3276
I20260608 10:08:08.052803 15280 consensus_peers.cc:770] Retrying to get permanent uuid for remote peer: member_type: VOTER last_known_addr { host: "127.14.202.252" port: 45897 } attempt: 1
I20260608 10:08:08.054368 15215 consensus_peers.cc:770] Retrying to get permanent uuid for remote peer: member_type: VOTER last_known_addr { host: "127.14.202.252" port: 45897 } attempt: 1
W20260608 10:08:08.059998 15280 consensus_peers.cc:760] Error getting permanent uuid from config peer 127.14.202.252:45897: Network error: Client connection negotiation failed: client connection to 127.14.202.252:45897: connect: Connection refused (error 111)
W20260608 10:08:08.061204 15215 consensus_peers.cc:760] Error getting permanent uuid from config peer 127.14.202.252:45897: Network error: Client connection negotiation failed: client connection to 127.14.202.252:45897: connect: Connection refused (error 111)
I20260608 10:08:08.109853 15147 rpc_server.cc:307] RPC server started. Bound to: 127.14.202.252:45897
I20260608 10:08:08.110059 15344 acceptor_pool.cc:272] collecting diagnostics on the listening RPC socket 127.14.202.252:45897 every 8 connection(s)
I20260608 10:08:08.114284 15147 internal_mini_cluster.cc:184] Waiting to initialize catalog manager on master 0
I20260608 10:08:08.115283 15345 data_dirs.cc:400] Could only allocate 1 dirs of requested 3 for tablet 00000000000000000000000000000000. 1 dirs total, 0 dirs full, 0 dirs failed
I20260608 10:08:08.120707 15345 sys_catalog.cc:422] member_type: VOTER last_known_addr { host: "127.14.202.254" port: 45985 } has no permanent_uuid. Determining permanent_uuid...
I20260608 10:08:08.128789 15215 consensus_peers.cc:770] Retrying to get permanent uuid for remote peer: member_type: VOTER last_known_addr { host: "127.14.202.252" port: 45897 } attempt: 2
I20260608 10:08:08.133766 15345 sys_catalog.cc:422] member_type: VOTER last_known_addr { host: "127.14.202.253" port: 39623 } has no permanent_uuid. Determining permanent_uuid...
I20260608 10:08:08.135505 15280 consensus_peers.cc:770] Retrying to get permanent uuid for remote peer: member_type: VOTER last_known_addr { host: "127.14.202.252" port: 45897 } attempt: 2
I20260608 10:08:08.148165 15345 sys_catalog.cc:422] member_type: VOTER last_known_addr { host: "127.14.202.252" port: 45897 } has no permanent_uuid. Determining permanent_uuid...
I20260608 10:08:08.153889 15215 tablet_bootstrap.cc:492] T 00000000000000000000000000000000 P 9efab86fe2174293bd3fbbf104e0becc: Bootstrap starting.
I20260608 10:08:08.159729 15280 tablet_bootstrap.cc:492] T 00000000000000000000000000000000 P 16b15353f3da4041ad3cc57d5f378494: Bootstrap starting.
I20260608 10:08:08.162726 15215 tablet_bootstrap.cc:654] T 00000000000000000000000000000000 P 9efab86fe2174293bd3fbbf104e0becc: Neither blocks nor log segments found. Creating new log.
I20260608 10:08:08.164752 15215 log.cc:826] T 00000000000000000000000000000000 P 9efab86fe2174293bd3fbbf104e0becc: Log is configured to *not* fsync() on all Append() calls
I20260608 10:08:08.167120 15345 tablet_bootstrap.cc:492] T 00000000000000000000000000000000 P 6089fcb6f262484da97e9ac84c2f3754: Bootstrap starting.
I20260608 10:08:08.167567 15280 tablet_bootstrap.cc:654] T 00000000000000000000000000000000 P 16b15353f3da4041ad3cc57d5f378494: Neither blocks nor log segments found. Creating new log.
I20260608 10:08:08.169627 15215 tablet_bootstrap.cc:492] T 00000000000000000000000000000000 P 9efab86fe2174293bd3fbbf104e0becc: No bootstrap required, opened a new log
I20260608 10:08:08.174173 15280 tablet_bootstrap.cc:492] T 00000000000000000000000000000000 P 16b15353f3da4041ad3cc57d5f378494: No bootstrap required, opened a new log
I20260608 10:08:08.174345 15345 tablet_bootstrap.cc:654] T 00000000000000000000000000000000 P 6089fcb6f262484da97e9ac84c2f3754: Neither blocks nor log segments found. Creating new log.
I20260608 10:08:08.180320 15345 tablet_bootstrap.cc:492] T 00000000000000000000000000000000 P 6089fcb6f262484da97e9ac84c2f3754: No bootstrap required, opened a new log
I20260608 10:08:08.190474 15215 raft_consensus.cc:359] T 00000000000000000000000000000000 P 9efab86fe2174293bd3fbbf104e0becc [term 0 FOLLOWER]: Replica starting. Triggering 0 pending ops. Active config: opid_index: -1 OBSOLETE_local: false peers { permanent_uuid: "9efab86fe2174293bd3fbbf104e0becc" member_type: VOTER last_known_addr { host: "127.14.202.254" port: 45985 } } peers { permanent_uuid: "16b15353f3da4041ad3cc57d5f378494" member_type: VOTER last_known_addr { host: "127.14.202.253" port: 39623 } } peers { permanent_uuid: "6089fcb6f262484da97e9ac84c2f3754" member_type: VOTER last_known_addr { host: "127.14.202.252" port: 45897 } }
I20260608 10:08:08.190483 15345 raft_consensus.cc:359] T 00000000000000000000000000000000 P 6089fcb6f262484da97e9ac84c2f3754 [term 0 FOLLOWER]: Replica starting. Triggering 0 pending ops. Active config: opid_index: -1 OBSOLETE_local: false peers { permanent_uuid: "9efab86fe2174293bd3fbbf104e0becc" member_type: VOTER last_known_addr { host: "127.14.202.254" port: 45985 } } peers { permanent_uuid: "16b15353f3da4041ad3cc57d5f378494" member_type: VOTER last_known_addr { host: "127.14.202.253" port: 39623 } } peers { permanent_uuid: "6089fcb6f262484da97e9ac84c2f3754" member_type: VOTER last_known_addr { host: "127.14.202.252" port: 45897 } }
I20260608 10:08:08.190480 15280 raft_consensus.cc:359] T 00000000000000000000000000000000 P 16b15353f3da4041ad3cc57d5f378494 [term 0 FOLLOWER]: Replica starting. Triggering 0 pending ops. Active config: opid_index: -1 OBSOLETE_local: false peers { permanent_uuid: "9efab86fe2174293bd3fbbf104e0becc" member_type: VOTER last_known_addr { host: "127.14.202.254" port: 45985 } } peers { permanent_uuid: "16b15353f3da4041ad3cc57d5f378494" member_type: VOTER last_known_addr { host: "127.14.202.253" port: 39623 } } peers { permanent_uuid: "6089fcb6f262484da97e9ac84c2f3754" member_type: VOTER last_known_addr { host: "127.14.202.252" port: 45897 } }
I20260608 10:08:08.191416 15215 raft_consensus.cc:385] T 00000000000000000000000000000000 P 9efab86fe2174293bd3fbbf104e0becc [term 0 FOLLOWER]: Consensus starting up: Expiring failure detector timer to make a prompt election more likely
I20260608 10:08:08.191514 15345 raft_consensus.cc:385] T 00000000000000000000000000000000 P 6089fcb6f262484da97e9ac84c2f3754 [term 0 FOLLOWER]: Consensus starting up: Expiring failure detector timer to make a prompt election more likely
I20260608 10:08:08.191572 15280 raft_consensus.cc:385] T 00000000000000000000000000000000 P 16b15353f3da4041ad3cc57d5f378494 [term 0 FOLLOWER]: Consensus starting up: Expiring failure detector timer to make a prompt election more likely
I20260608 10:08:08.191838 15215 raft_consensus.cc:740] T 00000000000000000000000000000000 P 9efab86fe2174293bd3fbbf104e0becc [term 0 FOLLOWER]: Becoming Follower/Learner. State: Replica: 9efab86fe2174293bd3fbbf104e0becc, State: Initialized, Role: FOLLOWER
I20260608 10:08:08.191936 15345 raft_consensus.cc:740] T 00000000000000000000000000000000 P 6089fcb6f262484da97e9ac84c2f3754 [term 0 FOLLOWER]: Becoming Follower/Learner. State: Replica: 6089fcb6f262484da97e9ac84c2f3754, State: Initialized, Role: FOLLOWER
I20260608 10:08:08.191980 15280 raft_consensus.cc:740] T 00000000000000000000000000000000 P 16b15353f3da4041ad3cc57d5f378494 [term 0 FOLLOWER]: Becoming Follower/Learner. State: Replica: 16b15353f3da4041ad3cc57d5f378494, State: Initialized, Role: FOLLOWER
I20260608 10:08:08.193054 15345 consensus_queue.cc:260] T 00000000000000000000000000000000 P 6089fcb6f262484da97e9ac84c2f3754 [NON_LEADER]: Queue going to NON_LEADER mode. State: All replicated index: 0, Majority replicated index: 0, Committed index: 0, Last appended: 0.0, Last appended by leader: 0, Current term: 0, Majority size: -1, State: 0, Mode: NON_LEADER, active raft config: opid_index: -1 OBSOLETE_local: false peers { permanent_uuid: "9efab86fe2174293bd3fbbf104e0becc" member_type: VOTER last_known_addr { host: "127.14.202.254" port: 45985 } } peers { permanent_uuid: "16b15353f3da4041ad3cc57d5f378494" member_type: VOTER last_known_addr { host: "127.14.202.253" port: 39623 } } peers { permanent_uuid: "6089fcb6f262484da97e9ac84c2f3754" member_type: VOTER last_known_addr { host: "127.14.202.252" port: 45897 } }
I20260608 10:08:08.192992 15215 consensus_queue.cc:260] T 00000000000000000000000000000000 P 9efab86fe2174293bd3fbbf104e0becc [NON_LEADER]: Queue going to NON_LEADER mode. State: All replicated index: 0, Majority replicated index: 0, Committed index: 0, Last appended: 0.0, Last appended by leader: 0, Current term: 0, Majority size: -1, State: 0, Mode: NON_LEADER, active raft config: opid_index: -1 OBSOLETE_local: false peers { permanent_uuid: "9efab86fe2174293bd3fbbf104e0becc" member_type: VOTER last_known_addr { host: "127.14.202.254" port: 45985 } } peers { permanent_uuid: "16b15353f3da4041ad3cc57d5f378494" member_type: VOTER last_known_addr { host: "127.14.202.253" port: 39623 } } peers { permanent_uuid: "6089fcb6f262484da97e9ac84c2f3754" member_type: VOTER last_known_addr { host: "127.14.202.252" port: 45897 } }
I20260608 10:08:08.192992 15280 consensus_queue.cc:260] T 00000000000000000000000000000000 P 16b15353f3da4041ad3cc57d5f378494 [NON_LEADER]: Queue going to NON_LEADER mode. State: All replicated index: 0, Majority replicated index: 0, Committed index: 0, Last appended: 0.0, Last appended by leader: 0, Current term: 0, Majority size: -1, State: 0, Mode: NON_LEADER, active raft config: opid_index: -1 OBSOLETE_local: false peers { permanent_uuid: "9efab86fe2174293bd3fbbf104e0becc" member_type: VOTER last_known_addr { host: "127.14.202.254" port: 45985 } } peers { permanent_uuid: "16b15353f3da4041ad3cc57d5f378494" member_type: VOTER last_known_addr { host: "127.14.202.253" port: 39623 } } peers { permanent_uuid: "6089fcb6f262484da97e9ac84c2f3754" member_type: VOTER last_known_addr { host: "127.14.202.252" port: 45897 } }
I20260608 10:08:08.197932 15354 sys_catalog.cc:455] T 00000000000000000000000000000000 P 6089fcb6f262484da97e9ac84c2f3754 [sys.catalog]: SysCatalogTable state changed. Reason: RaftConsensus started. Latest consensus state: current_term: 0 committed_config { opid_index: -1 OBSOLETE_local: false peers { permanent_uuid: "9efab86fe2174293bd3fbbf104e0becc" member_type: VOTER last_known_addr { host: "127.14.202.254" port: 45985 } } peers { permanent_uuid: "16b15353f3da4041ad3cc57d5f378494" member_type: VOTER last_known_addr { host: "127.14.202.253" port: 39623 } } peers { permanent_uuid: "6089fcb6f262484da97e9ac84c2f3754" member_type: VOTER last_known_addr { host: "127.14.202.252" port: 45897 } } }
I20260608 10:08:08.198851 15354 sys_catalog.cc:458] T 00000000000000000000000000000000 P 6089fcb6f262484da97e9ac84c2f3754 [sys.catalog]: This master's current role is: FOLLOWER
I20260608 10:08:08.198486 15356 sys_catalog.cc:455] T 00000000000000000000000000000000 P 9efab86fe2174293bd3fbbf104e0becc [sys.catalog]: SysCatalogTable state changed. Reason: RaftConsensus started. Latest consensus state: current_term: 0 committed_config { opid_index: -1 OBSOLETE_local: false peers { permanent_uuid: "9efab86fe2174293bd3fbbf104e0becc" member_type: VOTER last_known_addr { host: "127.14.202.254" port: 45985 } } peers { permanent_uuid: "16b15353f3da4041ad3cc57d5f378494" member_type: VOTER last_known_addr { host: "127.14.202.253" port: 39623 } } peers { permanent_uuid: "6089fcb6f262484da97e9ac84c2f3754" member_type: VOTER last_known_addr { host: "127.14.202.252" port: 45897 } } }
I20260608 10:08:08.199544 15356 sys_catalog.cc:458] T 00000000000000000000000000000000 P 9efab86fe2174293bd3fbbf104e0becc [sys.catalog]: This master's current role is: FOLLOWER
I20260608 10:08:08.200177 15345 sys_catalog.cc:565] T 00000000000000000000000000000000 P 6089fcb6f262484da97e9ac84c2f3754 [sys.catalog]: configured and running, proceeding with master startup.
I20260608 10:08:08.200966 15355 sys_catalog.cc:455] T 00000000000000000000000000000000 P 16b15353f3da4041ad3cc57d5f378494 [sys.catalog]: SysCatalogTable state changed. Reason: RaftConsensus started. Latest consensus state: current_term: 0 committed_config { opid_index: -1 OBSOLETE_local: false peers { permanent_uuid: "9efab86fe2174293bd3fbbf104e0becc" member_type: VOTER last_known_addr { host: "127.14.202.254" port: 45985 } } peers { permanent_uuid: "16b15353f3da4041ad3cc57d5f378494" member_type: VOTER last_known_addr { host: "127.14.202.253" port: 39623 } } peers { permanent_uuid: "6089fcb6f262484da97e9ac84c2f3754" member_type: VOTER last_known_addr { host: "127.14.202.252" port: 45897 } } }
I20260608 10:08:08.201793 15215 sys_catalog.cc:565] T 00000000000000000000000000000000 P 9efab86fe2174293bd3fbbf104e0becc [sys.catalog]: configured and running, proceeding with master startup.
I20260608 10:08:08.201921 15355 sys_catalog.cc:458] T 00000000000000000000000000000000 P 16b15353f3da4041ad3cc57d5f378494 [sys.catalog]: This master's current role is: FOLLOWER
I20260608 10:08:08.202490 15280 sys_catalog.cc:565] T 00000000000000000000000000000000 P 16b15353f3da4041ad3cc57d5f378494 [sys.catalog]: configured and running, proceeding with master startup.
W20260608 10:08:08.237823 15168 tablet.cc:2404] T 00000000000000000000000000000000 P 9efab86fe2174293bd3fbbf104e0becc: Can't schedule compaction. Clean time has not been advanced past its initial value.
I20260608 10:08:08.248322 15147 internal_mini_cluster.cc:184] Waiting to initialize catalog manager on master 1
I20260608 10:08:08.248661 15147 internal_mini_cluster.cc:184] Waiting to initialize catalog manager on master 2
W20260608 10:08:08.255081 15386 catalog_manager.cc:1593] T 00000000000000000000000000000000 P 9efab86fe2174293bd3fbbf104e0becc: loading cluster ID for follower catalog manager: Not found: cluster ID entry not found
W20260608 10:08:08.255555 15386 catalog_manager.cc:883] Not found: cluster ID entry not found: failed to prepare follower catalog manager, will retry
I20260608 10:08:08.257792 15147 file_cache.cc:492] Constructed file cache file cache with capacity 419430
W20260608 10:08:08.259817 15383 catalog_manager.cc:1593] T 00000000000000000000000000000000 P 16b15353f3da4041ad3cc57d5f378494: loading cluster ID for follower catalog manager: Not found: cluster ID entry not found
W20260608 10:08:08.260183 15383 catalog_manager.cc:883] Not found: cluster ID entry not found: failed to prepare follower catalog manager, will retry
W20260608 10:08:08.261409 15390 catalog_manager.cc:1593] T 00000000000000000000000000000000 P 6089fcb6f262484da97e9ac84c2f3754: loading cluster ID for follower catalog manager: Not found: cluster ID entry not found
W20260608 10:08:08.261693 15390 catalog_manager.cc:883] Not found: cluster ID entry not found: failed to prepare follower catalog manager, will retry
W20260608 10:08:08.268534 15391 instance_detector.cc:116] could not retrieve AWS instance metadata: Network error: curl error: HTTP response code said error: The requested URL returned error: 404
W20260608 10:08:08.270118 15392 instance_detector.cc:116] could not retrieve Azure instance metadata: Network error: curl error: HTTP response code said error: The requested URL returned error: 404
W20260608 10:08:08.273661 15394 instance_detector.cc:116] could not retrieve OpenStack instance metadata: Network error: curl error: HTTP response code said error: The requested URL returned error: 404
I20260608 10:08:08.278020 15147 server_base.cc:1061] running on GCE node
I20260608 10:08:08.279096 15147 hybrid_clock.cc:584] initializing the hybrid clock with 'system_unsync' time source
W20260608 10:08:08.279366 15147 system_unsync_time.cc:38] NTP support is disabled. Clock error bounds will not be accurate. This configuration is not suitable for distributed clusters.
I20260608 10:08:08.279592 15147 hybrid_clock.cc:648] HybridClock initialized: now 1780913288279559 us; error 0 us; skew 500 ppm
I20260608 10:08:08.280423 15147 server_base.cc:861] Flag tcmalloc_max_total_thread_cache_bytes is not working since tcmalloc is not enabled.
I20260608 10:08:08.283385 15147 webserver.cc:533] Webserver started at http://127.14.202.193:44493/ using document root <none> and password file <none>
I20260608 10:08:08.284103 15147 fs_manager.cc:362] Metadata directory not provided
I20260608 10:08:08.284349 15147 fs_manager.cc:368] Using write-ahead log directory (fs_wal_dir) as metadata directory
I20260608 10:08:08.284735 15147 server_base.cc:909] This appears to be a new deployment of Kudu; creating new FS layout
I20260608 10:08:08.286388 15147 fs_manager.cc:1068] Generated new instance metadata in path /tmp/dist-test-taskOeaHBT/test-tmp/auto_rebalancer-test.0.AutoRebalancerTest.OnlyLeaderDoesAutoRebalancing.1780913286221975-15147-0/minicluster-data/ts-0-root/instance:
uuid: "a8fc27532a4e4a6d9dcd118f85adfb35"
format_stamp: "Formatted at 2026-06-08 10:08:08 on dist-test-slave-d6kj"
I20260608 10:08:08.293052 15147 fs_manager.cc:696] Time spent creating directory manager: real 0.006s	user 0.006s	sys 0.001s
I20260608 10:08:08.297851 15399 log_block_manager.cc:4031] Time spent loading block containers with low live blocks: real 0.000s	user 0.000s	sys 0.000s
I20260608 10:08:08.298771 15147 fs_manager.cc:730] Time spent opening block manager: real 0.003s	user 0.000s	sys 0.004s
I20260608 10:08:08.299120 15147 fs_manager.cc:647] Opened local filesystem: /tmp/dist-test-taskOeaHBT/test-tmp/auto_rebalancer-test.0.AutoRebalancerTest.OnlyLeaderDoesAutoRebalancing.1780913286221975-15147-0/minicluster-data/ts-0-root
uuid: "a8fc27532a4e4a6d9dcd118f85adfb35"
format_stamp: "Formatted at 2026-06-08 10:08:08 on dist-test-slave-d6kj"
I20260608 10:08:08.299512 15147 fs_report.cc:389] FS layout report
--------------------
wal directory: /tmp/dist-test-taskOeaHBT/test-tmp/auto_rebalancer-test.0.AutoRebalancerTest.OnlyLeaderDoesAutoRebalancing.1780913286221975-15147-0/minicluster-data/ts-0-root
metadata directory: /tmp/dist-test-taskOeaHBT/test-tmp/auto_rebalancer-test.0.AutoRebalancerTest.OnlyLeaderDoesAutoRebalancing.1780913286221975-15147-0/minicluster-data/ts-0-root
1 data directories: /tmp/dist-test-taskOeaHBT/test-tmp/auto_rebalancer-test.0.AutoRebalancerTest.OnlyLeaderDoesAutoRebalancing.1780913286221975-15147-0/minicluster-data/ts-0-root/data
Total live blocks: 0
Total live bytes: 0
Total live bytes (after alignment): 0
Total number of LBM containers: 0 (0 full)
Did not check for missing blocks
Did not check for orphaned blocks
Total full LBM containers with extra space: 0 (0 repaired)
Total full LBM container extra space in bytes: 0 (0 repaired)
Total incomplete LBM containers: 0 (0 repaired)
Total LBM partial records: 0 (0 repaired)
Total corrupted LBM metadata records in RocksDB: 0 (0 repaired)
I20260608 10:08:08.320838 15147 rpc_server.cc:225] running with OpenSSL 1.1.1  11 Sep 2018
I20260608 10:08:08.322676 15147 kserver.cc:163] Server-wide thread pool size limit: 3276
I20260608 10:08:08.325549 15147 txn_system_client.cc:432] TxnSystemClient initialization is disabled...
I20260608 10:08:08.330983 15147 ts_tablet_manager.cc:585] Loaded tablet metadata (0 total tablets, 0 live tablets)
I20260608 10:08:08.331286 15147 ts_tablet_manager.cc:531] Time spent load tablet metadata: real 0.000s	user 0.000s	sys 0.000s
I20260608 10:08:08.331598 15147 ts_tablet_manager.cc:616] Registered 0 tablets
I20260608 10:08:08.331827 15147 ts_tablet_manager.cc:595] Time spent register tablets: real 0.000s	user 0.000s	sys 0.000s
I20260608 10:08:08.355844 15354 raft_consensus.cc:493] T 00000000000000000000000000000000 P 6089fcb6f262484da97e9ac84c2f3754 [term 0 FOLLOWER]: Starting pre-election (no leader contacted us within the election timeout)
I20260608 10:08:08.356630 15354 raft_consensus.cc:515] T 00000000000000000000000000000000 P 6089fcb6f262484da97e9ac84c2f3754 [term 0 FOLLOWER]: Starting pre-election with config: opid_index: -1 OBSOLETE_local: false peers { permanent_uuid: "9efab86fe2174293bd3fbbf104e0becc" member_type: VOTER last_known_addr { host: "127.14.202.254" port: 45985 } } peers { permanent_uuid: "16b15353f3da4041ad3cc57d5f378494" member_type: VOTER last_known_addr { host: "127.14.202.253" port: 39623 } } peers { permanent_uuid: "6089fcb6f262484da97e9ac84c2f3754" member_type: VOTER last_known_addr { host: "127.14.202.252" port: 45897 } }
I20260608 10:08:08.361352 15189 tablet_service.cc:1917] Received RequestConsensusVote() RPC: tablet_id: "00000000000000000000000000000000" candidate_uuid: "6089fcb6f262484da97e9ac84c2f3754" candidate_term: 1 candidate_status { last_received { term: 0 index: 0 } } ignore_live_leader: false dest_uuid: "9efab86fe2174293bd3fbbf104e0becc" is_pre_election: true
I20260608 10:08:08.361657 15255 tablet_service.cc:1917] Received RequestConsensusVote() RPC: tablet_id: "00000000000000000000000000000000" candidate_uuid: "6089fcb6f262484da97e9ac84c2f3754" candidate_term: 1 candidate_status { last_received { term: 0 index: 0 } } ignore_live_leader: false dest_uuid: "16b15353f3da4041ad3cc57d5f378494" is_pre_election: true
I20260608 10:08:08.362267 15255 raft_consensus.cc:2468] T 00000000000000000000000000000000 P 16b15353f3da4041ad3cc57d5f378494 [term 0 FOLLOWER]: Leader pre-election vote request: Granting yes vote for candidate 6089fcb6f262484da97e9ac84c2f3754 in term 0.
I20260608 10:08:08.362267 15189 raft_consensus.cc:2468] T 00000000000000000000000000000000 P 9efab86fe2174293bd3fbbf104e0becc [term 0 FOLLOWER]: Leader pre-election vote request: Granting yes vote for candidate 6089fcb6f262484da97e9ac84c2f3754 in term 0.
I20260608 10:08:08.363950 15354 leader_election.cc:290] T 00000000000000000000000000000000 P 6089fcb6f262484da97e9ac84c2f3754 [CANDIDATE]: Term 1 pre-election: Requested pre-vote from peers 9efab86fe2174293bd3fbbf104e0becc (127.14.202.254:45985), 16b15353f3da4041ad3cc57d5f378494 (127.14.202.253:39623)
I20260608 10:08:08.364081 15294 leader_election.cc:304] T 00000000000000000000000000000000 P 6089fcb6f262484da97e9ac84c2f3754 [CANDIDATE]: Term 1 pre-election: Election decided. Result: candidate won. Election summary: received 2 responses out of 3 voters: 2 yes votes; 0 no votes. yes voters: 6089fcb6f262484da97e9ac84c2f3754, 9efab86fe2174293bd3fbbf104e0becc; no voters: 
I20260608 10:08:08.365531 15354 raft_consensus.cc:2804] T 00000000000000000000000000000000 P 6089fcb6f262484da97e9ac84c2f3754 [term 0 FOLLOWER]: Leader pre-election won for term 1
I20260608 10:08:08.365984 15354 raft_consensus.cc:493] T 00000000000000000000000000000000 P 6089fcb6f262484da97e9ac84c2f3754 [term 0 FOLLOWER]: Starting leader election (no leader contacted us within the election timeout)
I20260608 10:08:08.366459 15354 raft_consensus.cc:3060] T 00000000000000000000000000000000 P 6089fcb6f262484da97e9ac84c2f3754 [term 0 FOLLOWER]: Advancing to term 1
I20260608 10:08:08.374864 15354 raft_consensus.cc:515] T 00000000000000000000000000000000 P 6089fcb6f262484da97e9ac84c2f3754 [term 1 FOLLOWER]: Starting leader election with config: opid_index: -1 OBSOLETE_local: false peers { permanent_uuid: "9efab86fe2174293bd3fbbf104e0becc" member_type: VOTER last_known_addr { host: "127.14.202.254" port: 45985 } } peers { permanent_uuid: "16b15353f3da4041ad3cc57d5f378494" member_type: VOTER last_known_addr { host: "127.14.202.253" port: 39623 } } peers { permanent_uuid: "6089fcb6f262484da97e9ac84c2f3754" member_type: VOTER last_known_addr { host: "127.14.202.252" port: 45897 } }
I20260608 10:08:08.378278 15189 tablet_service.cc:1917] Received RequestConsensusVote() RPC: tablet_id: "00000000000000000000000000000000" candidate_uuid: "6089fcb6f262484da97e9ac84c2f3754" candidate_term: 1 candidate_status { last_received { term: 0 index: 0 } } ignore_live_leader: false dest_uuid: "9efab86fe2174293bd3fbbf104e0becc"
I20260608 10:08:08.378850 15189 raft_consensus.cc:3060] T 00000000000000000000000000000000 P 9efab86fe2174293bd3fbbf104e0becc [term 0 FOLLOWER]: Advancing to term 1
I20260608 10:08:08.378945 15354 leader_election.cc:290] T 00000000000000000000000000000000 P 6089fcb6f262484da97e9ac84c2f3754 [CANDIDATE]: Term 1 election: Requested vote from peers 9efab86fe2174293bd3fbbf104e0becc (127.14.202.254:45985), 16b15353f3da4041ad3cc57d5f378494 (127.14.202.253:39623)
I20260608 10:08:08.378870 15255 tablet_service.cc:1917] Received RequestConsensusVote() RPC: tablet_id: "00000000000000000000000000000000" candidate_uuid: "6089fcb6f262484da97e9ac84c2f3754" candidate_term: 1 candidate_status { last_received { term: 0 index: 0 } } ignore_live_leader: false dest_uuid: "16b15353f3da4041ad3cc57d5f378494"
I20260608 10:08:08.380077 15255 raft_consensus.cc:3060] T 00000000000000000000000000000000 P 16b15353f3da4041ad3cc57d5f378494 [term 0 FOLLOWER]: Advancing to term 1
I20260608 10:08:08.386541 15189 raft_consensus.cc:2468] T 00000000000000000000000000000000 P 9efab86fe2174293bd3fbbf104e0becc [term 1 FOLLOWER]: Leader election vote request: Granting yes vote for candidate 6089fcb6f262484da97e9ac84c2f3754 in term 1.
I20260608 10:08:08.387238 15255 raft_consensus.cc:2468] T 00000000000000000000000000000000 P 16b15353f3da4041ad3cc57d5f378494 [term 1 FOLLOWER]: Leader election vote request: Granting yes vote for candidate 6089fcb6f262484da97e9ac84c2f3754 in term 1.
I20260608 10:08:08.387907 15294 leader_election.cc:304] T 00000000000000000000000000000000 P 6089fcb6f262484da97e9ac84c2f3754 [CANDIDATE]: Term 1 election: Election decided. Result: candidate won. Election summary: received 2 responses out of 3 voters: 2 yes votes; 0 no votes. yes voters: 6089fcb6f262484da97e9ac84c2f3754, 9efab86fe2174293bd3fbbf104e0becc; no voters: 
I20260608 10:08:08.389174 15354 raft_consensus.cc:2804] T 00000000000000000000000000000000 P 6089fcb6f262484da97e9ac84c2f3754 [term 1 FOLLOWER]: Leader election won for term 1
I20260608 10:08:08.392086 15354 raft_consensus.cc:697] T 00000000000000000000000000000000 P 6089fcb6f262484da97e9ac84c2f3754 [term 1 LEADER]: Becoming Leader. State: Replica: 6089fcb6f262484da97e9ac84c2f3754, State: Running, Role: LEADER
I20260608 10:08:08.393052 15354 consensus_queue.cc:237] T 00000000000000000000000000000000 P 6089fcb6f262484da97e9ac84c2f3754 [LEADER]: Queue going to LEADER mode. State: All replicated index: 0, Majority replicated index: 0, Committed index: 0, Last appended: 0.0, Last appended by leader: 0, Current term: 1, Majority size: 2, State: 0, Mode: LEADER, active raft config: opid_index: -1 OBSOLETE_local: false peers { permanent_uuid: "9efab86fe2174293bd3fbbf104e0becc" member_type: VOTER last_known_addr { host: "127.14.202.254" port: 45985 } } peers { permanent_uuid: "16b15353f3da4041ad3cc57d5f378494" member_type: VOTER last_known_addr { host: "127.14.202.253" port: 39623 } } peers { permanent_uuid: "6089fcb6f262484da97e9ac84c2f3754" member_type: VOTER last_known_addr { host: "127.14.202.252" port: 45897 } }
I20260608 10:08:08.402995 15423 sys_catalog.cc:455] T 00000000000000000000000000000000 P 6089fcb6f262484da97e9ac84c2f3754 [sys.catalog]: SysCatalogTable state changed. Reason: New leader 6089fcb6f262484da97e9ac84c2f3754. Latest consensus state: current_term: 1 leader_uuid: "6089fcb6f262484da97e9ac84c2f3754" committed_config { opid_index: -1 OBSOLETE_local: false peers { permanent_uuid: "9efab86fe2174293bd3fbbf104e0becc" member_type: VOTER last_known_addr { host: "127.14.202.254" port: 45985 } } peers { permanent_uuid: "16b15353f3da4041ad3cc57d5f378494" member_type: VOTER last_known_addr { host: "127.14.202.253" port: 39623 } } peers { permanent_uuid: "6089fcb6f262484da97e9ac84c2f3754" member_type: VOTER last_known_addr { host: "127.14.202.252" port: 45897 } } }
I20260608 10:08:08.404126 15423 sys_catalog.cc:458] T 00000000000000000000000000000000 P 6089fcb6f262484da97e9ac84c2f3754 [sys.catalog]: This master's current role is: LEADER
I20260608 10:08:08.410969 15430 catalog_manager.cc:1510] Loading table and tablet metadata into memory...
I20260608 10:08:08.421679 15430 catalog_manager.cc:1519] Initializing Kudu cluster ID...
I20260608 10:08:08.444581 15255 raft_consensus.cc:1275] T 00000000000000000000000000000000 P 16b15353f3da4041ad3cc57d5f378494 [term 1 FOLLOWER]: Refusing update from remote peer 6089fcb6f262484da97e9ac84c2f3754: Log matching property violated. Preceding OpId in replica: term: 0 index: 0. Preceding OpId from leader: term: 1 index: 2. (index mismatch)
I20260608 10:08:08.446624 15423 consensus_queue.cc:1048] T 00000000000000000000000000000000 P 6089fcb6f262484da97e9ac84c2f3754 [LEADER]: Connected to new peer: Peer: permanent_uuid: "16b15353f3da4041ad3cc57d5f378494" member_type: VOTER last_known_addr { host: "127.14.202.253" port: 39623 }, Status: LMP_MISMATCH, Last received: 0.0, Next index: 1, Last known committed idx: 0, Time since last communication: 0.000s
I20260608 10:08:08.446878 15189 raft_consensus.cc:1275] T 00000000000000000000000000000000 P 9efab86fe2174293bd3fbbf104e0becc [term 1 FOLLOWER]: Refusing update from remote peer 6089fcb6f262484da97e9ac84c2f3754: Log matching property violated. Preceding OpId in replica: term: 0 index: 0. Preceding OpId from leader: term: 1 index: 2. (index mismatch)
I20260608 10:08:08.450361 15423 consensus_queue.cc:1048] T 00000000000000000000000000000000 P 6089fcb6f262484da97e9ac84c2f3754 [LEADER]: Connected to new peer: Peer: permanent_uuid: "9efab86fe2174293bd3fbbf104e0becc" member_type: VOTER last_known_addr { host: "127.14.202.254" port: 45985 }, Status: LMP_MISMATCH, Last received: 0.0, Next index: 1, Last known committed idx: 0, Time since last communication: 0.000s
I20260608 10:08:08.471509 15355 sys_catalog.cc:455] T 00000000000000000000000000000000 P 16b15353f3da4041ad3cc57d5f378494 [sys.catalog]: SysCatalogTable state changed. Reason: New leader 6089fcb6f262484da97e9ac84c2f3754. Latest consensus state: current_term: 1 leader_uuid: "6089fcb6f262484da97e9ac84c2f3754" committed_config { opid_index: -1 OBSOLETE_local: false peers { permanent_uuid: "9efab86fe2174293bd3fbbf104e0becc" member_type: VOTER last_known_addr { host: "127.14.202.254" port: 45985 } } peers { permanent_uuid: "16b15353f3da4041ad3cc57d5f378494" member_type: VOTER last_known_addr { host: "127.14.202.253" port: 39623 } } peers { permanent_uuid: "6089fcb6f262484da97e9ac84c2f3754" member_type: VOTER last_known_addr { host: "127.14.202.252" port: 45897 } } }
I20260608 10:08:08.473598 15355 sys_catalog.cc:458] T 00000000000000000000000000000000 P 16b15353f3da4041ad3cc57d5f378494 [sys.catalog]: This master's current role is: FOLLOWER
I20260608 10:08:08.478406 15356 sys_catalog.cc:455] T 00000000000000000000000000000000 P 9efab86fe2174293bd3fbbf104e0becc [sys.catalog]: SysCatalogTable state changed. Reason: New leader 6089fcb6f262484da97e9ac84c2f3754. Latest consensus state: current_term: 1 leader_uuid: "6089fcb6f262484da97e9ac84c2f3754" committed_config { opid_index: -1 OBSOLETE_local: false peers { permanent_uuid: "9efab86fe2174293bd3fbbf104e0becc" member_type: VOTER last_known_addr { host: "127.14.202.254" port: 45985 } } peers { permanent_uuid: "16b15353f3da4041ad3cc57d5f378494" member_type: VOTER last_known_addr { host: "127.14.202.253" port: 39623 } } peers { permanent_uuid: "6089fcb6f262484da97e9ac84c2f3754" member_type: VOTER last_known_addr { host: "127.14.202.252" port: 45897 } } }
I20260608 10:08:08.479274 15356 sys_catalog.cc:458] T 00000000000000000000000000000000 P 9efab86fe2174293bd3fbbf104e0becc [sys.catalog]: This master's current role is: FOLLOWER
I20260608 10:08:08.493865 15356 sys_catalog.cc:455] T 00000000000000000000000000000000 P 9efab86fe2174293bd3fbbf104e0becc [sys.catalog]: SysCatalogTable state changed. Reason: Replicated consensus-only round. Latest consensus state: current_term: 1 leader_uuid: "6089fcb6f262484da97e9ac84c2f3754" committed_config { opid_index: -1 OBSOLETE_local: false peers { permanent_uuid: "9efab86fe2174293bd3fbbf104e0becc" member_type: VOTER last_known_addr { host: "127.14.202.254" port: 45985 } } peers { permanent_uuid: "16b15353f3da4041ad3cc57d5f378494" member_type: VOTER last_known_addr { host: "127.14.202.253" port: 39623 } } peers { permanent_uuid: "6089fcb6f262484da97e9ac84c2f3754" member_type: VOTER last_known_addr { host: "127.14.202.252" port: 45897 } } }
I20260608 10:08:08.494686 15356 sys_catalog.cc:458] T 00000000000000000000000000000000 P 9efab86fe2174293bd3fbbf104e0becc [sys.catalog]: This master's current role is: FOLLOWER
