I20260608 10:08:08.832060  8488 server_base.cc:909] This appears to be a new deployment of Kudu; creating new FS layout
I20260608 10:08:08.833179  8488 fs_manager.cc:1068] Generated new instance metadata in path /tmp/dist-test-taskrj1Fgu/test-tmp/auto_rebalancer-test.0.AutoRebalancerTest.AutoRebalancingTurnOffAndOn.1780913283751378-8488-0/minicluster-data/master-0-root/instance:
uuid: "7f3e69e7317e4e6893e144b0aa065c79"
format_stamp: "Formatted at 2026-06-08 10:08:08 on dist-test-slave-t8l4"
I20260608 10:08:08.837494  8488 fs_manager.cc:696] Time spent creating directory manager: real 0.004s	user 0.003s	sys 0.002s
I20260608 10:08:08.840773  9037 log_block_manager.cc:4031] Time spent loading block containers with low live blocks: real 0.000s	user 0.000s	sys 0.000s
I20260608 10:08:08.841482  8488 fs_manager.cc:730] Time spent opening block manager: real 0.002s	user 0.002s	sys 0.001s
I20260608 10:08:08.841840  8488 fs_manager.cc:647] Opened local filesystem: /tmp/dist-test-taskrj1Fgu/test-tmp/auto_rebalancer-test.0.AutoRebalancerTest.AutoRebalancingTurnOffAndOn.1780913283751378-8488-0/minicluster-data/master-0-root
uuid: "7f3e69e7317e4e6893e144b0aa065c79"
format_stamp: "Formatted at 2026-06-08 10:08:08 on dist-test-slave-t8l4"
I20260608 10:08:08.842182  8488 fs_report.cc:389] FS layout report
--------------------
wal directory: /tmp/dist-test-taskrj1Fgu/test-tmp/auto_rebalancer-test.0.AutoRebalancerTest.AutoRebalancingTurnOffAndOn.1780913283751378-8488-0/minicluster-data/master-0-root
metadata directory: /tmp/dist-test-taskrj1Fgu/test-tmp/auto_rebalancer-test.0.AutoRebalancerTest.AutoRebalancingTurnOffAndOn.1780913283751378-8488-0/minicluster-data/master-0-root
1 data directories: /tmp/dist-test-taskrj1Fgu/test-tmp/auto_rebalancer-test.0.AutoRebalancerTest.AutoRebalancingTurnOffAndOn.1780913283751378-8488-0/minicluster-data/master-0-root/data
Total live blocks: 0
Total live bytes: 0
Total live bytes (after alignment): 0
Total number of LBM containers: 0 (0 full)
Did not check for missing blocks
Did not check for orphaned blocks
Total full LBM containers with extra space: 0 (0 repaired)
Total full LBM container extra space in bytes: 0 (0 repaired)
Total incomplete LBM containers: 0 (0 repaired)
Total LBM partial records: 0 (0 repaired)
Total corrupted LBM metadata records in RocksDB: 0 (0 repaired)
I20260608 10:08:08.864640  8488 rpc_server.cc:225] running with OpenSSL 1.1.1  11 Sep 2018
I20260608 10:08:08.865725  8488 kserver.cc:163] Server-wide thread pool size limit: 3276
I20260608 10:08:08.899669  8488 rpc_server.cc:307] RPC server started. Bound to: 127.8.74.62:44731
I20260608 10:08:08.899771  9088 acceptor_pool.cc:272] collecting diagnostics on the listening RPC socket 127.8.74.62:44731 every 8 connection(s)
I20260608 10:08:08.903682  9089 data_dirs.cc:400] Could only allocate 1 dirs of requested 3 for tablet 00000000000000000000000000000000. 1 dirs total, 0 dirs full, 0 dirs failed
I20260608 10:08:08.912664  9089 tablet_bootstrap.cc:492] T 00000000000000000000000000000000 P 7f3e69e7317e4e6893e144b0aa065c79: Bootstrap starting.
I20260608 10:08:08.916910  9089 tablet_bootstrap.cc:654] T 00000000000000000000000000000000 P 7f3e69e7317e4e6893e144b0aa065c79: Neither blocks nor log segments found. Creating new log.
I20260608 10:08:08.920656  9089 tablet_bootstrap.cc:492] T 00000000000000000000000000000000 P 7f3e69e7317e4e6893e144b0aa065c79: No bootstrap required, opened a new log
I20260608 10:08:08.922714  9089 raft_consensus.cc:359] T 00000000000000000000000000000000 P 7f3e69e7317e4e6893e144b0aa065c79 [term 0 FOLLOWER]: Replica starting. Triggering 0 pending ops. Active config: opid_index: -1 OBSOLETE_local: true peers { permanent_uuid: "7f3e69e7317e4e6893e144b0aa065c79" member_type: VOTER }
I20260608 10:08:08.923080  9089 raft_consensus.cc:385] T 00000000000000000000000000000000 P 7f3e69e7317e4e6893e144b0aa065c79 [term 0 FOLLOWER]: Consensus starting up: Expiring failure detector timer to make a prompt election more likely
I20260608 10:08:08.923264  9089 raft_consensus.cc:740] T 00000000000000000000000000000000 P 7f3e69e7317e4e6893e144b0aa065c79 [term 0 FOLLOWER]: Becoming Follower/Learner. State: Replica: 7f3e69e7317e4e6893e144b0aa065c79, State: Initialized, Role: FOLLOWER
I20260608 10:08:08.923856  9089 consensus_queue.cc:260] T 00000000000000000000000000000000 P 7f3e69e7317e4e6893e144b0aa065c79 [NON_LEADER]: Queue going to NON_LEADER mode. State: All replicated index: 0, Majority replicated index: 0, Committed index: 0, Last appended: 0.0, Last appended by leader: 0, Current term: 0, Majority size: -1, State: 0, Mode: NON_LEADER, active raft config: opid_index: -1 OBSOLETE_local: true peers { permanent_uuid: "7f3e69e7317e4e6893e144b0aa065c79" member_type: VOTER }
I20260608 10:08:08.924269  9089 raft_consensus.cc:399] T 00000000000000000000000000000000 P 7f3e69e7317e4e6893e144b0aa065c79 [term 0 FOLLOWER]: Only one voter in the Raft config. Triggering election immediately
I20260608 10:08:08.924474  9089 raft_consensus.cc:493] T 00000000000000000000000000000000 P 7f3e69e7317e4e6893e144b0aa065c79 [term 0 FOLLOWER]: Starting leader election (initial election of a single-replica configuration)
I20260608 10:08:08.924731  9089 raft_consensus.cc:3060] T 00000000000000000000000000000000 P 7f3e69e7317e4e6893e144b0aa065c79 [term 0 FOLLOWER]: Advancing to term 1
I20260608 10:08:08.928530  9089 raft_consensus.cc:515] T 00000000000000000000000000000000 P 7f3e69e7317e4e6893e144b0aa065c79 [term 1 FOLLOWER]: Starting leader election with config: opid_index: -1 OBSOLETE_local: true peers { permanent_uuid: "7f3e69e7317e4e6893e144b0aa065c79" member_type: VOTER }
I20260608 10:08:08.929001  9089 leader_election.cc:304] T 00000000000000000000000000000000 P 7f3e69e7317e4e6893e144b0aa065c79 [CANDIDATE]: Term 1 election: Election decided. Result: candidate won. Election summary: received 1 responses out of 1 voters: 1 yes votes; 0 no votes. yes voters: 7f3e69e7317e4e6893e144b0aa065c79; no voters: 
I20260608 10:08:08.930055  9089 leader_election.cc:290] T 00000000000000000000000000000000 P 7f3e69e7317e4e6893e144b0aa065c79 [CANDIDATE]: Term 1 election: Requested vote from peers 
I20260608 10:08:08.930438  9092 raft_consensus.cc:2804] T 00000000000000000000000000000000 P 7f3e69e7317e4e6893e144b0aa065c79 [term 1 FOLLOWER]: Leader election won for term 1
I20260608 10:08:08.931731  9092 raft_consensus.cc:697] T 00000000000000000000000000000000 P 7f3e69e7317e4e6893e144b0aa065c79 [term 1 LEADER]: Becoming Leader. State: Replica: 7f3e69e7317e4e6893e144b0aa065c79, State: Running, Role: LEADER
I20260608 10:08:08.932435  9092 consensus_queue.cc:237] T 00000000000000000000000000000000 P 7f3e69e7317e4e6893e144b0aa065c79 [LEADER]: Queue going to LEADER mode. State: All replicated index: 0, Majority replicated index: 0, Committed index: 0, Last appended: 0.0, Last appended by leader: 0, Current term: 1, Majority size: 1, State: 0, Mode: LEADER, active raft config: opid_index: -1 OBSOLETE_local: true peers { permanent_uuid: "7f3e69e7317e4e6893e144b0aa065c79" member_type: VOTER }
I20260608 10:08:08.933075  9089 sys_catalog.cc:565] T 00000000000000000000000000000000 P 7f3e69e7317e4e6893e144b0aa065c79 [sys.catalog]: configured and running, proceeding with master startup.
I20260608 10:08:08.935304  9093 sys_catalog.cc:455] T 00000000000000000000000000000000 P 7f3e69e7317e4e6893e144b0aa065c79 [sys.catalog]: SysCatalogTable state changed. Reason: RaftConsensus started. Latest consensus state: current_term: 1 leader_uuid: "7f3e69e7317e4e6893e144b0aa065c79" committed_config { opid_index: -1 OBSOLETE_local: true peers { permanent_uuid: "7f3e69e7317e4e6893e144b0aa065c79" member_type: VOTER } }
I20260608 10:08:08.935263  9094 sys_catalog.cc:455] T 00000000000000000000000000000000 P 7f3e69e7317e4e6893e144b0aa065c79 [sys.catalog]: SysCatalogTable state changed. Reason: New leader 7f3e69e7317e4e6893e144b0aa065c79. Latest consensus state: current_term: 1 leader_uuid: "7f3e69e7317e4e6893e144b0aa065c79" committed_config { opid_index: -1 OBSOLETE_local: true peers { permanent_uuid: "7f3e69e7317e4e6893e144b0aa065c79" member_type: VOTER } }
I20260608 10:08:08.935971  9093 sys_catalog.cc:458] T 00000000000000000000000000000000 P 7f3e69e7317e4e6893e144b0aa065c79 [sys.catalog]: This master's current role is: LEADER
I20260608 10:08:08.936050  9094 sys_catalog.cc:458] T 00000000000000000000000000000000 P 7f3e69e7317e4e6893e144b0aa065c79 [sys.catalog]: This master's current role is: LEADER
I20260608 10:08:08.941120  9097 catalog_manager.cc:1510] Loading table and tablet metadata into memory...
I20260608 10:08:08.948932  9097 catalog_manager.cc:1519] Initializing Kudu cluster ID...
I20260608 10:08:08.949941  8488 internal_mini_cluster.cc:184] Waiting to initialize catalog manager on master 0
I20260608 10:08:08.957662  9097 catalog_manager.cc:1382] Generated new cluster ID: b0c53b4b069b405e94c154b79f4f02ef
I20260608 10:08:08.957890  9097 catalog_manager.cc:1530] Initializing Kudu internal certificate authority...
I20260608 10:08:08.981607  9097 catalog_manager.cc:1405] Generated new certificate authority record
I20260608 10:08:08.982960  9097 catalog_manager.cc:1539] Loading token signing keys...
I20260608 10:08:08.995366  9097 catalog_manager.cc:6069] T 00000000000000000000000000000000 P 7f3e69e7317e4e6893e144b0aa065c79: Generated new TSK 0
I20260608 10:08:08.995949  9097 catalog_manager.cc:1549] Initializing in-progress tserver states...
I20260608 10:08:09.016085  8488 file_cache.cc:492] Constructed file cache file cache with capacity 419430
W20260608 10:08:09.023599  9111 instance_detector.cc:116] could not retrieve Azure instance metadata: Network error: curl error: HTTP response code said error: The requested URL returned error: 404
W20260608 10:08:09.024122  9110 instance_detector.cc:116] could not retrieve AWS instance metadata: Network error: curl error: HTTP response code said error: The requested URL returned error: 404
I20260608 10:08:09.026603  8488 server_base.cc:1061] running on GCE node
W20260608 10:08:09.027189  9113 instance_detector.cc:116] could not retrieve OpenStack instance metadata: Network error: curl error: HTTP response code said error: The requested URL returned error: 404
I20260608 10:08:09.028059  8488 hybrid_clock.cc:584] initializing the hybrid clock with 'system_unsync' time source
W20260608 10:08:09.028239  8488 system_unsync_time.cc:38] NTP support is disabled. Clock error bounds will not be accurate. This configuration is not suitable for distributed clusters.
I20260608 10:08:09.028370  8488 hybrid_clock.cc:648] HybridClock initialized: now 1780913289028354 us; error 0 us; skew 500 ppm
I20260608 10:08:09.028955  8488 server_base.cc:861] Flag tcmalloc_max_total_thread_cache_bytes is not working since tcmalloc is not enabled.
I20260608 10:08:09.031114  8488 webserver.cc:533] Webserver started at http://127.8.74.1:39243/ using document root <none> and password file <none>
I20260608 10:08:09.031584  8488 fs_manager.cc:362] Metadata directory not provided
I20260608 10:08:09.031744  8488 fs_manager.cc:368] Using write-ahead log directory (fs_wal_dir) as metadata directory
I20260608 10:08:09.031966  8488 server_base.cc:909] This appears to be a new deployment of Kudu; creating new FS layout
I20260608 10:08:09.033066  8488 fs_manager.cc:1068] Generated new instance metadata in path /tmp/dist-test-taskrj1Fgu/test-tmp/auto_rebalancer-test.0.AutoRebalancerTest.AutoRebalancingTurnOffAndOn.1780913283751378-8488-0/minicluster-data/ts-0-root/instance:
uuid: "1ea49eb367b44769b78837109e581273"
format_stamp: "Formatted at 2026-06-08 10:08:09 on dist-test-slave-t8l4"
I20260608 10:08:09.037606  8488 fs_manager.cc:696] Time spent creating directory manager: real 0.004s	user 0.001s	sys 0.003s
I20260608 10:08:09.040736  9118 log_block_manager.cc:4031] Time spent loading block containers with low live blocks: real 0.000s	user 0.000s	sys 0.000s
I20260608 10:08:09.041493  8488 fs_manager.cc:730] Time spent opening block manager: real 0.002s	user 0.002s	sys 0.001s
I20260608 10:08:09.041736  8488 fs_manager.cc:647] Opened local filesystem: /tmp/dist-test-taskrj1Fgu/test-tmp/auto_rebalancer-test.0.AutoRebalancerTest.AutoRebalancingTurnOffAndOn.1780913283751378-8488-0/minicluster-data/ts-0-root
uuid: "1ea49eb367b44769b78837109e581273"
format_stamp: "Formatted at 2026-06-08 10:08:09 on dist-test-slave-t8l4"
I20260608 10:08:09.042030  8488 fs_report.cc:389] FS layout report
--------------------
wal directory: /tmp/dist-test-taskrj1Fgu/test-tmp/auto_rebalancer-test.0.AutoRebalancerTest.AutoRebalancingTurnOffAndOn.1780913283751378-8488-0/minicluster-data/ts-0-root
metadata directory: /tmp/dist-test-taskrj1Fgu/test-tmp/auto_rebalancer-test.0.AutoRebalancerTest.AutoRebalancingTurnOffAndOn.1780913283751378-8488-0/minicluster-data/ts-0-root
1 data directories: /tmp/dist-test-taskrj1Fgu/test-tmp/auto_rebalancer-test.0.AutoRebalancerTest.AutoRebalancingTurnOffAndOn.1780913283751378-8488-0/minicluster-data/ts-0-root/data
Total live blocks: 0
Total live bytes: 0
Total live bytes (after alignment): 0
Total number of LBM containers: 0 (0 full)
Did not check for missing blocks
Did not check for orphaned blocks
Total full LBM containers with extra space: 0 (0 repaired)
Total full LBM container extra space in bytes: 0 (0 repaired)
Total incomplete LBM containers: 0 (0 repaired)
Total LBM partial records: 0 (0 repaired)
Total corrupted LBM metadata records in RocksDB: 0 (0 repaired)
I20260608 10:08:09.060905  8488 rpc_server.cc:225] running with OpenSSL 1.1.1  11 Sep 2018
I20260608 10:08:09.061997  8488 kserver.cc:163] Server-wide thread pool size limit: 3276
I20260608 10:08:09.063405  8488 txn_system_client.cc:432] TxnSystemClient initialization is disabled...
I20260608 10:08:09.065673  8488 ts_tablet_manager.cc:585] Loaded tablet metadata (0 total tablets, 0 live tablets)
I20260608 10:08:09.065897  8488 ts_tablet_manager.cc:531] Time spent load tablet metadata: real 0.000s	user 0.000s	sys 0.000s
I20260608 10:08:09.066156  8488 ts_tablet_manager.cc:616] Registered 0 tablets
I20260608 10:08:09.066330  8488 ts_tablet_manager.cc:595] Time spent register tablets: real 0.000s	user 0.000s	sys 0.000s
I20260608 10:08:09.102763  8488 rpc_server.cc:307] RPC server started. Bound to: 127.8.74.1:43427
I20260608 10:08:09.102859  9180 acceptor_pool.cc:272] collecting diagnostics on the listening RPC socket 127.8.74.1:43427 every 8 connection(s)
I20260608 10:08:09.107862  8488 file_cache.cc:492] Constructed file cache file cache with capacity 419430
W20260608 10:08:09.114462  9185 instance_detector.cc:116] could not retrieve AWS instance metadata: Network error: curl error: HTTP response code said error: The requested URL returned error: 404
W20260608 10:08:09.115513  9186 instance_detector.cc:116] could not retrieve Azure instance metadata: Network error: curl error: HTTP response code said error: The requested URL returned error: 404
W20260608 10:08:09.122710  9188 instance_detector.cc:116] could not retrieve OpenStack instance metadata: Network error: curl error: HTTP response code said error: The requested URL returned error: 404
I20260608 10:08:09.123165  9181 heartbeater.cc:344] Connected to a master server at 127.8.74.62:44731
I20260608 10:08:09.123466  8488 server_base.cc:1061] running on GCE node
I20260608 10:08:09.123566  9181 heartbeater.cc:461] Registering TS with master...
I20260608 10:08:09.124595  9181 heartbeater.cc:507] Master 127.8.74.62:44731 requested a full tablet report, sending...
I20260608 10:08:09.124800  8488 hybrid_clock.cc:584] initializing the hybrid clock with 'system_unsync' time source
W20260608 10:08:09.125075  8488 system_unsync_time.cc:38] NTP support is disabled. Clock error bounds will not be accurate. This configuration is not suitable for distributed clusters.
I20260608 10:08:09.125281  8488 hybrid_clock.cc:648] HybridClock initialized: now 1780913289125263 us; error 0 us; skew 500 ppm
I20260608 10:08:09.126094  8488 server_base.cc:861] Flag tcmalloc_max_total_thread_cache_bytes is not working since tcmalloc is not enabled.
I20260608 10:08:09.127067  9054 ts_manager.cc:194] Registered new tserver with Master: 1ea49eb367b44769b78837109e581273 (127.8.74.1:43427)
I20260608 10:08:09.128978  8488 webserver.cc:533] Webserver started at http://127.8.74.2:41831/ using document root <none> and password file <none>
I20260608 10:08:09.129693  8488 fs_manager.cc:362] Metadata directory not provided
I20260608 10:08:09.129609  9054 master_service.cc:502] Signed X509 certificate for tserver {username='slave'} at 127.0.0.1:34294
I20260608 10:08:09.130013  8488 fs_manager.cc:368] Using write-ahead log directory (fs_wal_dir) as metadata directory
I20260608 10:08:09.130359  8488 server_base.cc:909] This appears to be a new deployment of Kudu; creating new FS layout
I20260608 10:08:09.131635  8488 fs_manager.cc:1068] Generated new instance metadata in path /tmp/dist-test-taskrj1Fgu/test-tmp/auto_rebalancer-test.0.AutoRebalancerTest.AutoRebalancingTurnOffAndOn.1780913283751378-8488-0/minicluster-data/ts-1-root/instance:
uuid: "ab06c666a2814c868dd2042377972c20"
format_stamp: "Formatted at 2026-06-08 10:08:09 on dist-test-slave-t8l4"
I20260608 10:08:09.136037  8488 fs_manager.cc:696] Time spent creating directory manager: real 0.004s	user 0.004s	sys 0.002s
I20260608 10:08:09.139317  9193 log_block_manager.cc:4031] Time spent loading block containers with low live blocks: real 0.000s	user 0.000s	sys 0.000s
I20260608 10:08:09.140089  8488 fs_manager.cc:730] Time spent opening block manager: real 0.002s	user 0.002s	sys 0.000s
I20260608 10:08:09.140374  8488 fs_manager.cc:647] Opened local filesystem: /tmp/dist-test-taskrj1Fgu/test-tmp/auto_rebalancer-test.0.AutoRebalancerTest.AutoRebalancingTurnOffAndOn.1780913283751378-8488-0/minicluster-data/ts-1-root
uuid: "ab06c666a2814c868dd2042377972c20"
format_stamp: "Formatted at 2026-06-08 10:08:09 on dist-test-slave-t8l4"
I20260608 10:08:09.140653  8488 fs_report.cc:389] FS layout report
--------------------
wal directory: /tmp/dist-test-taskrj1Fgu/test-tmp/auto_rebalancer-test.0.AutoRebalancerTest.AutoRebalancingTurnOffAndOn.1780913283751378-8488-0/minicluster-data/ts-1-root
metadata directory: /tmp/dist-test-taskrj1Fgu/test-tmp/auto_rebalancer-test.0.AutoRebalancerTest.AutoRebalancingTurnOffAndOn.1780913283751378-8488-0/minicluster-data/ts-1-root
1 data directories: /tmp/dist-test-taskrj1Fgu/test-tmp/auto_rebalancer-test.0.AutoRebalancerTest.AutoRebalancingTurnOffAndOn.1780913283751378-8488-0/minicluster-data/ts-1-root/data
Total live blocks: 0
Total live bytes: 0
Total live bytes (after alignment): 0
Total number of LBM containers: 0 (0 full)
Did not check for missing blocks
Did not check for orphaned blocks
Total full LBM containers with extra space: 0 (0 repaired)
Total full LBM container extra space in bytes: 0 (0 repaired)
Total incomplete LBM containers: 0 (0 repaired)
Total LBM partial records: 0 (0 repaired)
Total corrupted LBM metadata records in RocksDB: 0 (0 repaired)
I20260608 10:08:09.164402  8488 rpc_server.cc:225] running with OpenSSL 1.1.1  11 Sep 2018
I20260608 10:08:09.165527  8488 kserver.cc:163] Server-wide thread pool size limit: 3276
I20260608 10:08:09.166908  8488 txn_system_client.cc:432] TxnSystemClient initialization is disabled...
I20260608 10:08:09.169176  8488 ts_tablet_manager.cc:585] Loaded tablet metadata (0 total tablets, 0 live tablets)
I20260608 10:08:09.169409  8488 ts_tablet_manager.cc:531] Time spent load tablet metadata: real 0.000s	user 0.000s	sys 0.000s
I20260608 10:08:09.169660  8488 ts_tablet_manager.cc:616] Registered 0 tablets
I20260608 10:08:09.169840  8488 ts_tablet_manager.cc:595] Time spent register tablets: real 0.000s	user 0.000s	sys 0.000s
I20260608 10:08:09.206986  8488 rpc_server.cc:307] RPC server started. Bound to: 127.8.74.2:42383
I20260608 10:08:09.207101  9255 acceptor_pool.cc:272] collecting diagnostics on the listening RPC socket 127.8.74.2:42383 every 8 connection(s)
I20260608 10:08:09.212103  8488 file_cache.cc:492] Constructed file cache file cache with capacity 419430
W20260608 10:08:09.219247  9259 instance_detector.cc:116] could not retrieve AWS instance metadata: Network error: curl error: HTTP response code said error: The requested URL returned error: 404
W20260608 10:08:09.220989  9260 instance_detector.cc:116] could not retrieve Azure instance metadata: Network error: curl error: HTTP response code said error: The requested URL returned error: 404
I20260608 10:08:09.222851  8488 server_base.cc:1061] running on GCE node
W20260608 10:08:09.223471  9262 instance_detector.cc:116] could not retrieve OpenStack instance metadata: Network error: curl error: HTTP response code said error: The requested URL returned error: 404
I20260608 10:08:09.223745  9256 heartbeater.cc:344] Connected to a master server at 127.8.74.62:44731
I20260608 10:08:09.224202  9256 heartbeater.cc:461] Registering TS with master...
I20260608 10:08:09.224537  8488 hybrid_clock.cc:584] initializing the hybrid clock with 'system_unsync' time source
W20260608 10:08:09.224838  8488 system_unsync_time.cc:38] NTP support is disabled. Clock error bounds will not be accurate. This configuration is not suitable for distributed clusters.
I20260608 10:08:09.225051  8488 hybrid_clock.cc:648] HybridClock initialized: now 1780913289225031 us; error 0 us; skew 500 ppm
I20260608 10:08:09.225117  9256 heartbeater.cc:507] Master 127.8.74.62:44731 requested a full tablet report, sending...
I20260608 10:08:09.225934  8488 server_base.cc:861] Flag tcmalloc_max_total_thread_cache_bytes is not working since tcmalloc is not enabled.
I20260608 10:08:09.227612  9054 ts_manager.cc:194] Registered new tserver with Master: ab06c666a2814c868dd2042377972c20 (127.8.74.2:42383)
I20260608 10:08:09.228658  8488 webserver.cc:533] Webserver started at http://127.8.74.3:42523/ using document root <none> and password file <none>
I20260608 10:08:09.229169  9054 master_service.cc:502] Signed X509 certificate for tserver {username='slave'} at 127.0.0.1:34310
I20260608 10:08:09.229257  8488 fs_manager.cc:362] Metadata directory not provided
I20260608 10:08:09.229624  8488 fs_manager.cc:368] Using write-ahead log directory (fs_wal_dir) as metadata directory
I20260608 10:08:09.229928  8488 server_base.cc:909] This appears to be a new deployment of Kudu; creating new FS layout
I20260608 10:08:09.231436  8488 fs_manager.cc:1068] Generated new instance metadata in path /tmp/dist-test-taskrj1Fgu/test-tmp/auto_rebalancer-test.0.AutoRebalancerTest.AutoRebalancingTurnOffAndOn.1780913283751378-8488-0/minicluster-data/ts-2-root/instance:
uuid: "3825e83234ce46c981b670efcb8d12fc"
format_stamp: "Formatted at 2026-06-08 10:08:09 on dist-test-slave-t8l4"
I20260608 10:08:09.236142  8488 fs_manager.cc:696] Time spent creating directory manager: real 0.004s	user 0.004s	sys 0.002s
I20260608 10:08:09.239406  9267 log_block_manager.cc:4031] Time spent loading block containers with low live blocks: real 0.000s	user 0.000s	sys 0.000s
I20260608 10:08:09.240166  8488 fs_manager.cc:730] Time spent opening block manager: real 0.002s	user 0.002s	sys 0.000s
I20260608 10:08:09.240440  8488 fs_manager.cc:647] Opened local filesystem: /tmp/dist-test-taskrj1Fgu/test-tmp/auto_rebalancer-test.0.AutoRebalancerTest.AutoRebalancingTurnOffAndOn.1780913283751378-8488-0/minicluster-data/ts-2-root
uuid: "3825e83234ce46c981b670efcb8d12fc"
format_stamp: "Formatted at 2026-06-08 10:08:09 on dist-test-slave-t8l4"
I20260608 10:08:09.240748  8488 fs_report.cc:389] FS layout report
--------------------
wal directory: /tmp/dist-test-taskrj1Fgu/test-tmp/auto_rebalancer-test.0.AutoRebalancerTest.AutoRebalancingTurnOffAndOn.1780913283751378-8488-0/minicluster-data/ts-2-root
metadata directory: /tmp/dist-test-taskrj1Fgu/test-tmp/auto_rebalancer-test.0.AutoRebalancerTest.AutoRebalancingTurnOffAndOn.1780913283751378-8488-0/minicluster-data/ts-2-root
1 data directories: /tmp/dist-test-taskrj1Fgu/test-tmp/auto_rebalancer-test.0.AutoRebalancerTest.AutoRebalancingTurnOffAndOn.1780913283751378-8488-0/minicluster-data/ts-2-root/data
Total live blocks: 0
Total live bytes: 0
Total live bytes (after alignment): 0
Total number of LBM containers: 0 (0 full)
Did not check for missing blocks
Did not check for orphaned blocks
Total full LBM containers with extra space: 0 (0 repaired)
Total full LBM container extra space in bytes: 0 (0 repaired)
Total incomplete LBM containers: 0 (0 repaired)
Total LBM partial records: 0 (0 repaired)
Total corrupted LBM metadata records in RocksDB: 0 (0 repaired)
I20260608 10:08:09.255692  8488 rpc_server.cc:225] running with OpenSSL 1.1.1  11 Sep 2018
I20260608 10:08:09.256892  8488 kserver.cc:163] Server-wide thread pool size limit: 3276
I20260608 10:08:09.258219  8488 txn_system_client.cc:432] TxnSystemClient initialization is disabled...
I20260608 10:08:09.260464  8488 ts_tablet_manager.cc:585] Loaded tablet metadata (0 total tablets, 0 live tablets)
I20260608 10:08:09.260668  8488 ts_tablet_manager.cc:531] Time spent load tablet metadata: real 0.000s	user 0.000s	sys 0.000s
I20260608 10:08:09.260967  8488 ts_tablet_manager.cc:616] Registered 0 tablets
I20260608 10:08:09.261132  8488 ts_tablet_manager.cc:595] Time spent register tablets: real 0.000s	user 0.000s	sys 0.000s
I20260608 10:08:09.297145  8488 rpc_server.cc:307] RPC server started. Bound to: 127.8.74.3:43497
I20260608 10:08:09.297261  9329 acceptor_pool.cc:272] collecting diagnostics on the listening RPC socket 127.8.74.3:43497 every 8 connection(s)
I20260608 10:08:09.310801  9330 heartbeater.cc:344] Connected to a master server at 127.8.74.62:44731
I20260608 10:08:09.311201  9330 heartbeater.cc:461] Registering TS with master...
I20260608 10:08:09.311914  9330 heartbeater.cc:507] Master 127.8.74.62:44731 requested a full tablet report, sending...
I20260608 10:08:09.313874  9054 ts_manager.cc:194] Registered new tserver with Master: 3825e83234ce46c981b670efcb8d12fc (127.8.74.3:43497)
I20260608 10:08:09.314031  8488 internal_mini_cluster.cc:371] 3 TS(s) registered with all masters after 0.013537003s
I20260608 10:08:09.315201  9054 master_service.cc:502] Signed X509 certificate for tserver {username='slave'} at 127.0.0.1:34322
I20260608 10:08:10.132400  9181 heartbeater.cc:499] Master 127.8.74.62:44731 was elected leader, sending a full tablet report...
I20260608 10:08:10.231953  9256 heartbeater.cc:499] Master 127.8.74.62:44731 was elected leader, sending a full tablet report...
I20260608 10:08:10.317896  9330 heartbeater.cc:499] Master 127.8.74.62:44731 was elected leader, sending a full tablet report...
I20260608 10:08:10.368289  9054 catalog_manager.cc:2282] Servicing CreateTable request from {username='slave'} at 127.0.0.1:34334:
name: "test-workload"
schema {
  columns {
    name: "key"
    type: INT32
    is_key: true
    is_nullable: false
    encoding: AUTO_ENCODING
    compression: DEFAULT_COMPRESSION
    cfile_block_size: 0
    immutable: false
  }
  columns {
    name: "int_val"
    type: INT32
    is_key: false
    is_nullable: false
    encoding: AUTO_ENCODING
    compression: DEFAULT_COMPRESSION
    cfile_block_size: 0
    immutable: false
  }
  columns {
    name: "string_val"
    type: STRING
    is_key: false
    is_nullable: true
    encoding: AUTO_ENCODING
    compression: DEFAULT_COMPRESSION
    cfile_block_size: 0
    immutable: false
  }
}
num_replicas: 3
split_rows_range_bounds {
  rows: "\004\001\000\377\377\377\017\004\001\000\376\377\377\037\004\001\000\375\377\377/\004\001\000\374\377\377?\004\001\000\373\377\377O\004\001\000\372\377\377_\004\001\000\371\377\377o""\004\001\000\377\377\377\017\004\001\000\376\377\377\037\004\001\000\375\377\377/\004\001\000\374\377\377?\004\001\000\373\377\377O\004\001\000\372\377\377_\004\001\000\371\377\377o"
  indirect_data: """"
}
partition_schema {
  range_schema {
    columns {
      name: "key"
    }
  }
}
W20260608 10:08:10.370792  9054 catalog_manager.cc:7076] The number of live tablet servers is not enough to re-replicate a tablet replica of the newly created table test-workload in case of a server failure: 4 tablet servers would be needed, 3 are available. Consider bringing up more tablet servers.
I20260608 10:08:10.434824  9221 tablet_service.cc:1511] Processing CreateTablet for tablet 4d4792925f684a0d81b7d078636a6c5b (DEFAULT_TABLE table=test-workload [id=a4b1355056794953839a70876a954ca2]), partition=RANGE (key) PARTITION VALUES < 268435455
I20260608 10:08:10.436334  9221 data_dirs.cc:400] Could only allocate 1 dirs of requested 3 for tablet 4d4792925f684a0d81b7d078636a6c5b. 1 dirs total, 0 dirs full, 0 dirs failed
I20260608 10:08:10.435891  9220 tablet_service.cc:1511] Processing CreateTablet for tablet d033c02e977042c0ba948d1dfff2d25b (DEFAULT_TABLE table=test-workload [id=a4b1355056794953839a70876a954ca2]), partition=RANGE (key) PARTITION 268435455 <= VALUES < 536870910
I20260608 10:08:10.437350  9220 data_dirs.cc:400] Could only allocate 1 dirs of requested 3 for tablet d033c02e977042c0ba948d1dfff2d25b. 1 dirs total, 0 dirs full, 0 dirs failed
I20260608 10:08:10.439985  9219 tablet_service.cc:1511] Processing CreateTablet for tablet fe7b9d3798ee47009f9a3071d0a07690 (DEFAULT_TABLE table=test-workload [id=a4b1355056794953839a70876a954ca2]), partition=RANGE (key) PARTITION 536870910 <= VALUES < 805306365
I20260608 10:08:10.441614  9219 data_dirs.cc:400] Could only allocate 1 dirs of requested 3 for tablet fe7b9d3798ee47009f9a3071d0a07690. 1 dirs total, 0 dirs full, 0 dirs failed
I20260608 10:08:10.444583  9218 tablet_service.cc:1511] Processing CreateTablet for tablet dfc710c833a04c1badbdc0580ff7ecc8 (DEFAULT_TABLE table=test-workload [id=a4b1355056794953839a70876a954ca2]), partition=RANGE (key) PARTITION 805306365 <= VALUES < 1073741820
I20260608 10:08:10.445977  9218 data_dirs.cc:400] Could only allocate 1 dirs of requested 3 for tablet dfc710c833a04c1badbdc0580ff7ecc8. 1 dirs total, 0 dirs full, 0 dirs failed
I20260608 10:08:10.449867  9217 tablet_service.cc:1511] Processing CreateTablet for tablet 596313c4e4fc4a4683134f594528887e (DEFAULT_TABLE table=test-workload [id=a4b1355056794953839a70876a954ca2]), partition=RANGE (key) PARTITION 1073741820 <= VALUES < 1342177275
I20260608 10:08:10.451180  9217 data_dirs.cc:400] Could only allocate 1 dirs of requested 3 for tablet 596313c4e4fc4a4683134f594528887e. 1 dirs total, 0 dirs full, 0 dirs failed
I20260608 10:08:10.453734  9216 tablet_service.cc:1511] Processing CreateTablet for tablet 4af8e21f70fb492abc5ecc91e874994c (DEFAULT_TABLE table=test-workload [id=a4b1355056794953839a70876a954ca2]), partition=RANGE (key) PARTITION 1342177275 <= VALUES < 1610612730
I20260608 10:08:10.455083  9216 data_dirs.cc:400] Could only allocate 1 dirs of requested 3 for tablet 4af8e21f70fb492abc5ecc91e874994c. 1 dirs total, 0 dirs full, 0 dirs failed
I20260608 10:08:10.458820  9215 tablet_service.cc:1511] Processing CreateTablet for tablet 34cb027c17354509919fe304f403ca88 (DEFAULT_TABLE table=test-workload [id=a4b1355056794953839a70876a954ca2]), partition=RANGE (key) PARTITION 1610612730 <= VALUES < 1879048185
I20260608 10:08:10.460168  9215 data_dirs.cc:400] Could only allocate 1 dirs of requested 3 for tablet 34cb027c17354509919fe304f403ca88. 1 dirs total, 0 dirs full, 0 dirs failed
I20260608 10:08:10.466084  9146 tablet_service.cc:1511] Processing CreateTablet for tablet 4d4792925f684a0d81b7d078636a6c5b (DEFAULT_TABLE table=test-workload [id=a4b1355056794953839a70876a954ca2]), partition=RANGE (key) PARTITION VALUES < 268435455
I20260608 10:08:10.467409  9350 tablet_bootstrap.cc:492] T fe7b9d3798ee47009f9a3071d0a07690 P ab06c666a2814c868dd2042377972c20: Bootstrap starting.
I20260608 10:08:10.468791  9145 tablet_service.cc:1511] Processing CreateTablet for tablet d033c02e977042c0ba948d1dfff2d25b (DEFAULT_TABLE table=test-workload [id=a4b1355056794953839a70876a954ca2]), partition=RANGE (key) PARTITION 268435455 <= VALUES < 536870910
I20260608 10:08:10.470553  9142 tablet_service.cc:1511] Processing CreateTablet for tablet 596313c4e4fc4a4683134f594528887e (DEFAULT_TABLE table=test-workload [id=a4b1355056794953839a70876a954ca2]), partition=RANGE (key) PARTITION 1073741820 <= VALUES < 1342177275
I20260608 10:08:10.471256  9144 tablet_service.cc:1511] Processing CreateTablet for tablet fe7b9d3798ee47009f9a3071d0a07690 (DEFAULT_TABLE table=test-workload [id=a4b1355056794953839a70876a954ca2]), partition=RANGE (key) PARTITION 536870910 <= VALUES < 805306365
I20260608 10:08:10.473913  9350 tablet_bootstrap.cc:654] T fe7b9d3798ee47009f9a3071d0a07690 P ab06c666a2814c868dd2042377972c20: Neither blocks nor log segments found. Creating new log.
I20260608 10:08:10.473673  9143 tablet_service.cc:1511] Processing CreateTablet for tablet dfc710c833a04c1badbdc0580ff7ecc8 (DEFAULT_TABLE table=test-workload [id=a4b1355056794953839a70876a954ca2]), partition=RANGE (key) PARTITION 805306365 <= VALUES < 1073741820
I20260608 10:08:10.473677  9141 tablet_service.cc:1511] Processing CreateTablet for tablet 4af8e21f70fb492abc5ecc91e874994c (DEFAULT_TABLE table=test-workload [id=a4b1355056794953839a70876a954ca2]), partition=RANGE (key) PARTITION 1342177275 <= VALUES < 1610612730
I20260608 10:08:10.475611  9140 tablet_service.cc:1511] Processing CreateTablet for tablet 34cb027c17354509919fe304f403ca88 (DEFAULT_TABLE table=test-workload [id=a4b1355056794953839a70876a954ca2]), partition=RANGE (key) PARTITION 1610612730 <= VALUES < 1879048185
I20260608 10:08:10.476423  9146 data_dirs.cc:400] Could only allocate 1 dirs of requested 3 for tablet 4d4792925f684a0d81b7d078636a6c5b. 1 dirs total, 0 dirs full, 0 dirs failed
I20260608 10:08:10.482563  9293 tablet_service.cc:1511] Processing CreateTablet for tablet fe7b9d3798ee47009f9a3071d0a07690 (DEFAULT_TABLE table=test-workload [id=a4b1355056794953839a70876a954ca2]), partition=RANGE (key) PARTITION 536870910 <= VALUES < 805306365
I20260608 10:08:10.483238  9294 tablet_service.cc:1511] Processing CreateTablet for tablet d033c02e977042c0ba948d1dfff2d25b (DEFAULT_TABLE table=test-workload [id=a4b1355056794953839a70876a954ca2]), partition=RANGE (key) PARTITION 268435455 <= VALUES < 536870910
I20260608 10:08:10.478708  9139 tablet_service.cc:1511] Processing CreateTablet for tablet f802addfd1d7429382c444b0e5957a37 (DEFAULT_TABLE table=test-workload [id=a4b1355056794953839a70876a954ca2]), partition=RANGE (key) PARTITION 1879048185 <= VALUES
I20260608 10:08:10.484000  9293 data_dirs.cc:400] Could only allocate 1 dirs of requested 3 for tablet fe7b9d3798ee47009f9a3071d0a07690. 1 dirs total, 0 dirs full, 0 dirs failed
I20260608 10:08:10.484622  9294 data_dirs.cc:400] Could only allocate 1 dirs of requested 3 for tablet d033c02e977042c0ba948d1dfff2d25b. 1 dirs total, 0 dirs full, 0 dirs failed
I20260608 10:08:10.484755  9139 data_dirs.cc:400] Could only allocate 1 dirs of requested 3 for tablet f802addfd1d7429382c444b0e5957a37. 1 dirs total, 0 dirs full, 0 dirs failed
I20260608 10:08:10.481379  9295 tablet_service.cc:1511] Processing CreateTablet for tablet 4d4792925f684a0d81b7d078636a6c5b (DEFAULT_TABLE table=test-workload [id=a4b1355056794953839a70876a954ca2]), partition=RANGE (key) PARTITION VALUES < 268435455
I20260608 10:08:10.485844  9295 data_dirs.cc:400] Could only allocate 1 dirs of requested 3 for tablet 4d4792925f684a0d81b7d078636a6c5b. 1 dirs total, 0 dirs full, 0 dirs failed
I20260608 10:08:10.489039  9140 data_dirs.cc:400] Could only allocate 1 dirs of requested 3 for tablet 34cb027c17354509919fe304f403ca88. 1 dirs total, 0 dirs full, 0 dirs failed
I20260608 10:08:10.490998  9219 tablet_service.cc:1511] Processing CreateTablet for tablet f802addfd1d7429382c444b0e5957a37 (DEFAULT_TABLE table=test-workload [id=a4b1355056794953839a70876a954ca2]), partition=RANGE (key) PARTITION 1879048185 <= VALUES
I20260608 10:08:10.493026  9142 data_dirs.cc:400] Could only allocate 1 dirs of requested 3 for tablet 596313c4e4fc4a4683134f594528887e. 1 dirs total, 0 dirs full, 0 dirs failed
I20260608 10:08:10.505407  9143 data_dirs.cc:400] Could only allocate 1 dirs of requested 3 for tablet dfc710c833a04c1badbdc0580ff7ecc8. 1 dirs total, 0 dirs full, 0 dirs failed
I20260608 10:08:10.509261  9141 data_dirs.cc:400] Could only allocate 1 dirs of requested 3 for tablet 4af8e21f70fb492abc5ecc91e874994c. 1 dirs total, 0 dirs full, 0 dirs failed
I20260608 10:08:10.509938  9144 data_dirs.cc:400] Could only allocate 1 dirs of requested 3 for tablet fe7b9d3798ee47009f9a3071d0a07690. 1 dirs total, 0 dirs full, 0 dirs failed
I20260608 10:08:10.513022  9219 data_dirs.cc:400] Could only allocate 1 dirs of requested 3 for tablet f802addfd1d7429382c444b0e5957a37. 1 dirs total, 0 dirs full, 0 dirs failed
I20260608 10:08:10.516618  9289 tablet_service.cc:1511] Processing CreateTablet for tablet 34cb027c17354509919fe304f403ca88 (DEFAULT_TABLE table=test-workload [id=a4b1355056794953839a70876a954ca2]), partition=RANGE (key) PARTITION 1610612730 <= VALUES < 1879048185
I20260608 10:08:10.516863  9291 tablet_service.cc:1511] Processing CreateTablet for tablet 596313c4e4fc4a4683134f594528887e (DEFAULT_TABLE table=test-workload [id=a4b1355056794953839a70876a954ca2]), partition=RANGE (key) PARTITION 1073741820 <= VALUES < 1342177275
I20260608 10:08:10.522197  9290 tablet_service.cc:1511] Processing CreateTablet for tablet 4af8e21f70fb492abc5ecc91e874994c (DEFAULT_TABLE table=test-workload [id=a4b1355056794953839a70876a954ca2]), partition=RANGE (key) PARTITION 1342177275 <= VALUES < 1610612730
I20260608 10:08:10.518751  9289 data_dirs.cc:400] Could only allocate 1 dirs of requested 3 for tablet 34cb027c17354509919fe304f403ca88. 1 dirs total, 0 dirs full, 0 dirs failed
I20260608 10:08:10.522511  9292 tablet_service.cc:1511] Processing CreateTablet for tablet dfc710c833a04c1badbdc0580ff7ecc8 (DEFAULT_TABLE table=test-workload [id=a4b1355056794953839a70876a954ca2]), partition=RANGE (key) PARTITION 805306365 <= VALUES < 1073741820
I20260608 10:08:10.522599  9288 tablet_service.cc:1511] Processing CreateTablet for tablet f802addfd1d7429382c444b0e5957a37 (DEFAULT_TABLE table=test-workload [id=a4b1355056794953839a70876a954ca2]), partition=RANGE (key) PARTITION 1879048185 <= VALUES
I20260608 10:08:10.524118  9145 data_dirs.cc:400] Could only allocate 1 dirs of requested 3 for tablet d033c02e977042c0ba948d1dfff2d25b. 1 dirs total, 0 dirs full, 0 dirs failed
I20260608 10:08:10.524298  9290 data_dirs.cc:400] Could only allocate 1 dirs of requested 3 for tablet 4af8e21f70fb492abc5ecc91e874994c. 1 dirs total, 0 dirs full, 0 dirs failed
I20260608 10:08:10.525635  9292 data_dirs.cc:400] Could only allocate 1 dirs of requested 3 for tablet dfc710c833a04c1badbdc0580ff7ecc8. 1 dirs total, 0 dirs full, 0 dirs failed
I20260608 10:08:10.530396  9288 data_dirs.cc:400] Could only allocate 1 dirs of requested 3 for tablet f802addfd1d7429382c444b0e5957a37. 1 dirs total, 0 dirs full, 0 dirs failed
I20260608 10:08:10.534690  9291 data_dirs.cc:400] Could only allocate 1 dirs of requested 3 for tablet 596313c4e4fc4a4683134f594528887e. 1 dirs total, 0 dirs full, 0 dirs failed
I20260608 10:08:10.540464  9351 tablet_bootstrap.cc:492] T f802addfd1d7429382c444b0e5957a37 P 1ea49eb367b44769b78837109e581273: Bootstrap starting.
I20260608 10:08:10.585618  9353 tablet_bootstrap.cc:492] T d033c02e977042c0ba948d1dfff2d25b P 3825e83234ce46c981b670efcb8d12fc: Bootstrap starting.
I20260608 10:08:10.592401  9350 tablet_bootstrap.cc:492] T fe7b9d3798ee47009f9a3071d0a07690 P ab06c666a2814c868dd2042377972c20: No bootstrap required, opened a new log
I20260608 10:08:10.592923  9350 ts_tablet_manager.cc:1403] T fe7b9d3798ee47009f9a3071d0a07690 P ab06c666a2814c868dd2042377972c20: Time spent bootstrapping tablet: real 0.126s	user 0.014s	sys 0.000s
I20260608 10:08:10.595518  9350 raft_consensus.cc:359] T fe7b9d3798ee47009f9a3071d0a07690 P ab06c666a2814c868dd2042377972c20 [term 0 FOLLOWER]: Replica starting. Triggering 0 pending ops. Active config: opid_index: -1 OBSOLETE_local: false peers { permanent_uuid: "1ea49eb367b44769b78837109e581273" member_type: VOTER last_known_addr { host: "127.8.74.1" port: 43427 } } peers { permanent_uuid: "ab06c666a2814c868dd2042377972c20" member_type: VOTER last_known_addr { host: "127.8.74.2" port: 42383 } } peers { permanent_uuid: "3825e83234ce46c981b670efcb8d12fc" member_type: VOTER last_known_addr { host: "127.8.74.3" port: 43497 } }
I20260608 10:08:10.596184  9350 raft_consensus.cc:385] T fe7b9d3798ee47009f9a3071d0a07690 P ab06c666a2814c868dd2042377972c20 [term 0 FOLLOWER]: Consensus starting up: Expiring failure detector timer to make a prompt election more likely
I20260608 10:08:10.596401  9350 raft_consensus.cc:740] T fe7b9d3798ee47009f9a3071d0a07690 P ab06c666a2814c868dd2042377972c20 [term 0 FOLLOWER]: Becoming Follower/Learner. State: Replica: ab06c666a2814c868dd2042377972c20, State: Initialized, Role: FOLLOWER
I20260608 10:08:10.598598  9350 consensus_queue.cc:260] T fe7b9d3798ee47009f9a3071d0a07690 P ab06c666a2814c868dd2042377972c20 [NON_LEADER]: Queue going to NON_LEADER mode. State: All replicated index: 0, Majority replicated index: 0, Committed index: 0, Last appended: 0.0, Last appended by leader: 0, Current term: 0, Majority size: -1, State: 0, Mode: NON_LEADER, active raft config: opid_index: -1 OBSOLETE_local: false peers { permanent_uuid: "1ea49eb367b44769b78837109e581273" member_type: VOTER last_known_addr { host: "127.8.74.1" port: 43427 } } peers { permanent_uuid: "ab06c666a2814c868dd2042377972c20" member_type: VOTER last_known_addr { host: "127.8.74.2" port: 42383 } } peers { permanent_uuid: "3825e83234ce46c981b670efcb8d12fc" member_type: VOTER last_known_addr { host: "127.8.74.3" port: 43497 } }
I20260608 10:08:10.623806  9351 tablet_bootstrap.cc:654] T f802addfd1d7429382c444b0e5957a37 P 1ea49eb367b44769b78837109e581273: Neither blocks nor log segments found. Creating new log.
I20260608 10:08:10.635447  9350 ts_tablet_manager.cc:1434] T fe7b9d3798ee47009f9a3071d0a07690 P ab06c666a2814c868dd2042377972c20: Time spent starting tablet: real 0.042s	user 0.017s	sys 0.018s
I20260608 10:08:10.636360  9353 tablet_bootstrap.cc:654] T d033c02e977042c0ba948d1dfff2d25b P 3825e83234ce46c981b670efcb8d12fc: Neither blocks nor log segments found. Creating new log.
I20260608 10:08:10.637049  9350 tablet_bootstrap.cc:492] T 596313c4e4fc4a4683134f594528887e P ab06c666a2814c868dd2042377972c20: Bootstrap starting.
I20260608 10:08:10.645567  9350 tablet_bootstrap.cc:654] T 596313c4e4fc4a4683134f594528887e P ab06c666a2814c868dd2042377972c20: Neither blocks nor log segments found. Creating new log.
I20260608 10:08:10.653182  9351 tablet_bootstrap.cc:492] T f802addfd1d7429382c444b0e5957a37 P 1ea49eb367b44769b78837109e581273: No bootstrap required, opened a new log
I20260608 10:08:10.653663  9351 ts_tablet_manager.cc:1403] T f802addfd1d7429382c444b0e5957a37 P 1ea49eb367b44769b78837109e581273: Time spent bootstrapping tablet: real 0.114s	user 0.010s	sys 0.013s
I20260608 10:08:10.655032  9353 tablet_bootstrap.cc:492] T d033c02e977042c0ba948d1dfff2d25b P 3825e83234ce46c981b670efcb8d12fc: No bootstrap required, opened a new log
I20260608 10:08:10.655570  9353 ts_tablet_manager.cc:1403] T d033c02e977042c0ba948d1dfff2d25b P 3825e83234ce46c981b670efcb8d12fc: Time spent bootstrapping tablet: real 0.070s	user 0.016s	sys 0.002s
I20260608 10:08:10.656510  9351 raft_consensus.cc:359] T f802addfd1d7429382c444b0e5957a37 P 1ea49eb367b44769b78837109e581273 [term 0 FOLLOWER]: Replica starting. Triggering 0 pending ops. Active config: opid_index: -1 OBSOLETE_local: false peers { permanent_uuid: "1ea49eb367b44769b78837109e581273" member_type: VOTER last_known_addr { host: "127.8.74.1" port: 43427 } } peers { permanent_uuid: "ab06c666a2814c868dd2042377972c20" member_type: VOTER last_known_addr { host: "127.8.74.2" port: 42383 } } peers { permanent_uuid: "3825e83234ce46c981b670efcb8d12fc" member_type: VOTER last_known_addr { host: "127.8.74.3" port: 43497 } }
I20260608 10:08:10.657289  9351 raft_consensus.cc:385] T f802addfd1d7429382c444b0e5957a37 P 1ea49eb367b44769b78837109e581273 [term 0 FOLLOWER]: Consensus starting up: Expiring failure detector timer to make a prompt election more likely
I20260608 10:08:10.657600  9351 raft_consensus.cc:740] T f802addfd1d7429382c444b0e5957a37 P 1ea49eb367b44769b78837109e581273 [term 0 FOLLOWER]: Becoming Follower/Learner. State: Replica: 1ea49eb367b44769b78837109e581273, State: Initialized, Role: FOLLOWER
I20260608 10:08:10.658429  9351 consensus_queue.cc:260] T f802addfd1d7429382c444b0e5957a37 P 1ea49eb367b44769b78837109e581273 [NON_LEADER]: Queue going to NON_LEADER mode. State: All replicated index: 0, Majority replicated index: 0, Committed index: 0, Last appended: 0.0, Last appended by leader: 0, Current term: 0, Majority size: -1, State: 0, Mode: NON_LEADER, active raft config: opid_index: -1 OBSOLETE_local: false peers { permanent_uuid: "1ea49eb367b44769b78837109e581273" member_type: VOTER last_known_addr { host: "127.8.74.1" port: 43427 } } peers { permanent_uuid: "ab06c666a2814c868dd2042377972c20" member_type: VOTER last_known_addr { host: "127.8.74.2" port: 42383 } } peers { permanent_uuid: "3825e83234ce46c981b670efcb8d12fc" member_type: VOTER last_known_addr { host: "127.8.74.3" port: 43497 } }
I20260608 10:08:10.660765  9353 raft_consensus.cc:359] T d033c02e977042c0ba948d1dfff2d25b P 3825e83234ce46c981b670efcb8d12fc [term 0 FOLLOWER]: Replica starting. Triggering 0 pending ops. Active config: opid_index: -1 OBSOLETE_local: false peers { permanent_uuid: "1ea49eb367b44769b78837109e581273" member_type: VOTER last_known_addr { host: "127.8.74.1" port: 43427 } } peers { permanent_uuid: "ab06c666a2814c868dd2042377972c20" member_type: VOTER last_known_addr { host: "127.8.74.2" port: 42383 } } peers { permanent_uuid: "3825e83234ce46c981b670efcb8d12fc" member_type: VOTER last_known_addr { host: "127.8.74.3" port: 43497 } }
I20260608 10:08:10.661470  9351 ts_tablet_manager.cc:1434] T f802addfd1d7429382c444b0e5957a37 P 1ea49eb367b44769b78837109e581273: Time spent starting tablet: real 0.007s	user 0.005s	sys 0.003s
I20260608 10:08:10.661566  9353 raft_consensus.cc:385] T d033c02e977042c0ba948d1dfff2d25b P 3825e83234ce46c981b670efcb8d12fc [term 0 FOLLOWER]: Consensus starting up: Expiring failure detector timer to make a prompt election more likely
I20260608 10:08:10.661926  9350 tablet_bootstrap.cc:492] T 596313c4e4fc4a4683134f594528887e P ab06c666a2814c868dd2042377972c20: No bootstrap required, opened a new log
I20260608 10:08:10.662076  9353 raft_consensus.cc:740] T d033c02e977042c0ba948d1dfff2d25b P 3825e83234ce46c981b670efcb8d12fc [term 0 FOLLOWER]: Becoming Follower/Learner. State: Replica: 3825e83234ce46c981b670efcb8d12fc, State: Initialized, Role: FOLLOWER
I20260608 10:08:10.662484  9350 ts_tablet_manager.cc:1403] T 596313c4e4fc4a4683134f594528887e P ab06c666a2814c868dd2042377972c20: Time spent bootstrapping tablet: real 0.026s	user 0.008s	sys 0.009s
I20260608 10:08:10.662536  9351 tablet_bootstrap.cc:492] T fe7b9d3798ee47009f9a3071d0a07690 P 1ea49eb367b44769b78837109e581273: Bootstrap starting.
I20260608 10:08:10.663233  9353 consensus_queue.cc:260] T d033c02e977042c0ba948d1dfff2d25b P 3825e83234ce46c981b670efcb8d12fc [NON_LEADER]: Queue going to NON_LEADER mode. State: All replicated index: 0, Majority replicated index: 0, Committed index: 0, Last appended: 0.0, Last appended by leader: 0, Current term: 0, Majority size: -1, State: 0, Mode: NON_LEADER, active raft config: opid_index: -1 OBSOLETE_local: false peers { permanent_uuid: "1ea49eb367b44769b78837109e581273" member_type: VOTER last_known_addr { host: "127.8.74.1" port: 43427 } } peers { permanent_uuid: "ab06c666a2814c868dd2042377972c20" member_type: VOTER last_known_addr { host: "127.8.74.2" port: 42383 } } peers { permanent_uuid: "3825e83234ce46c981b670efcb8d12fc" member_type: VOTER last_known_addr { host: "127.8.74.3" port: 43497 } }
I20260608 10:08:10.665531  9350 raft_consensus.cc:359] T 596313c4e4fc4a4683134f594528887e P ab06c666a2814c868dd2042377972c20 [term 0 FOLLOWER]: Replica starting. Triggering 0 pending ops. Active config: opid_index: -1 OBSOLETE_local: false peers { permanent_uuid: "1ea49eb367b44769b78837109e581273" member_type: VOTER last_known_addr { host: "127.8.74.1" port: 43427 } } peers { permanent_uuid: "ab06c666a2814c868dd2042377972c20" member_type: VOTER last_known_addr { host: "127.8.74.2" port: 42383 } } peers { permanent_uuid: "3825e83234ce46c981b670efcb8d12fc" member_type: VOTER last_known_addr { host: "127.8.74.3" port: 43497 } }
I20260608 10:08:10.666249  9350 raft_consensus.cc:385] T 596313c4e4fc4a4683134f594528887e P ab06c666a2814c868dd2042377972c20 [term 0 FOLLOWER]: Consensus starting up: Expiring failure detector timer to make a prompt election more likely
I20260608 10:08:10.666570  9350 raft_consensus.cc:740] T 596313c4e4fc4a4683134f594528887e P ab06c666a2814c868dd2042377972c20 [term 0 FOLLOWER]: Becoming Follower/Learner. State: Replica: ab06c666a2814c868dd2042377972c20, State: Initialized, Role: FOLLOWER
I20260608 10:08:10.667342  9350 consensus_queue.cc:260] T 596313c4e4fc4a4683134f594528887e P ab06c666a2814c868dd2042377972c20 [NON_LEADER]: Queue going to NON_LEADER mode. State: All replicated index: 0, Majority replicated index: 0, Committed index: 0, Last appended: 0.0, Last appended by leader: 0, Current term: 0, Majority size: -1, State: 0, Mode: NON_LEADER, active raft config: opid_index: -1 OBSOLETE_local: false peers { permanent_uuid: "1ea49eb367b44769b78837109e581273" member_type: VOTER last_known_addr { host: "127.8.74.1" port: 43427 } } peers { permanent_uuid: "ab06c666a2814c868dd2042377972c20" member_type: VOTER last_known_addr { host: "127.8.74.2" port: 42383 } } peers { permanent_uuid: "3825e83234ce46c981b670efcb8d12fc" member_type: VOTER last_known_addr { host: "127.8.74.3" port: 43497 } }
