I20260608 10:10:05.611171 24195 tablet_service.cc:1511] Processing CreateTablet for tablet 84c20cc87fb7473185e3dd97782c8a15 (DEFAULT_TABLE table=test-workload [id=adfed6ebf72a4a5ca6f4fa842500beb9]), partition=RANGE (key) PARTITION 1610612730 <= VALUES < 1789569700
I20260608 10:10:05.618811 24124 tablet_service.cc:1511] Processing CreateTablet for tablet 75a95f03f7be4dada865089ad959ed16 (DEFAULT_TABLE table=test-workload [id=adfed6ebf72a4a5ca6f4fa842500beb9]), partition=RANGE (key) PARTITION 1073741820 <= VALUES < 1252698790
I20260608 10:10:05.621970 24123 tablet_service.cc:1511] Processing CreateTablet for tablet aea4a94102314d85bbf4d525771ae85e (DEFAULT_TABLE table=test-workload [id=adfed6ebf72a4a5ca6f4fa842500beb9]), partition=RANGE (key) PARTITION 1252698790 <= VALUES < 1431655760
I20260608 10:10:05.625100 24122 tablet_service.cc:1511] Processing CreateTablet for tablet 8e073e7305b84a168a13d24198087044 (DEFAULT_TABLE table=test-workload [id=adfed6ebf72a4a5ca6f4fa842500beb9]), partition=RANGE (key) PARTITION 1431655760 <= VALUES < 1610612730
I20260608 10:10:05.628103 24121 tablet_service.cc:1511] Processing CreateTablet for tablet 84c20cc87fb7473185e3dd97782c8a15 (DEFAULT_TABLE table=test-workload [id=adfed6ebf72a4a5ca6f4fa842500beb9]), partition=RANGE (key) PARTITION 1610612730 <= VALUES < 1789569700
I20260608 10:10:05.629573 24124 data_dirs.cc:400] Could only allocate 1 dirs of requested 3 for tablet 75a95f03f7be4dada865089ad959ed16. 1 dirs total, 0 dirs full, 0 dirs failed
I20260608 10:10:05.630438 24122 data_dirs.cc:400] Could only allocate 1 dirs of requested 3 for tablet 8e073e7305b84a168a13d24198087044. 1 dirs total, 0 dirs full, 0 dirs failed
I20260608 10:10:05.631107 24121 data_dirs.cc:400] Could only allocate 1 dirs of requested 3 for tablet 84c20cc87fb7473185e3dd97782c8a15. 1 dirs total, 0 dirs full, 0 dirs failed
I20260608 10:10:05.631744 24123 data_dirs.cc:400] Could only allocate 1 dirs of requested 3 for tablet aea4a94102314d85bbf4d525771ae85e. 1 dirs total, 0 dirs full, 0 dirs failed
I20260608 10:10:05.632606 24125 data_dirs.cc:400] Could only allocate 1 dirs of requested 3 for tablet 470255209c39430e93cf5a9c0b8ac08d. 1 dirs total, 0 dirs full, 0 dirs failed
I20260608 10:10:05.592483 24047 data_dirs.cc:400] Could only allocate 1 dirs of requested 3 for tablet 8e073e7305b84a168a13d24198087044. 1 dirs total, 0 dirs full, 0 dirs failed
I20260608 10:10:05.636526 24048 data_dirs.cc:400] Could only allocate 1 dirs of requested 3 for tablet aea4a94102314d85bbf4d525771ae85e. 1 dirs total, 0 dirs full, 0 dirs failed
I20260608 10:10:05.637715 24052 data_dirs.cc:400] Could only allocate 1 dirs of requested 3 for tablet 35cc54dba9174489a721ac460830a0b4. 1 dirs total, 0 dirs full, 0 dirs failed
I20260608 10:10:05.638823 24049 data_dirs.cc:400] Could only allocate 1 dirs of requested 3 for tablet 75a95f03f7be4dada865089ad959ed16. 1 dirs total, 0 dirs full, 0 dirs failed
I20260608 10:10:05.599980 24199 data_dirs.cc:400] Could only allocate 1 dirs of requested 3 for tablet 470255209c39430e93cf5a9c0b8ac08d. 1 dirs total, 0 dirs full, 0 dirs failed
I20260608 10:10:05.640477 24198 data_dirs.cc:400] Could only allocate 1 dirs of requested 3 for tablet 75a95f03f7be4dada865089ad959ed16. 1 dirs total, 0 dirs full, 0 dirs failed
I20260608 10:10:05.641631 24195 data_dirs.cc:400] Could only allocate 1 dirs of requested 3 for tablet 84c20cc87fb7473185e3dd97782c8a15. 1 dirs total, 0 dirs full, 0 dirs failed
I20260608 10:10:05.640491 24055 tablet_service.cc:1511] Processing CreateTablet for tablet 5c5d6400042d4b7784a30fa43586ce32 (DEFAULT_TABLE table=test-workload [id=adfed6ebf72a4a5ca6f4fa842500beb9]), partition=RANGE (key) PARTITION 1789569700 <= VALUES < 1968526670
I20260608 10:10:05.642655 24055 data_dirs.cc:400] Could only allocate 1 dirs of requested 3 for tablet 5c5d6400042d4b7784a30fa43586ce32. 1 dirs total, 0 dirs full, 0 dirs failed
I20260608 10:10:05.642675 24196 data_dirs.cc:400] Could only allocate 1 dirs of requested 3 for tablet 8e073e7305b84a168a13d24198087044. 1 dirs total, 0 dirs full, 0 dirs failed
I20260608 10:10:05.643823 24197 data_dirs.cc:400] Could only allocate 1 dirs of requested 3 for tablet aea4a94102314d85bbf4d525771ae85e. 1 dirs total, 0 dirs full, 0 dirs failed
I20260608 10:10:05.657037 24053 data_dirs.cc:400] Could only allocate 1 dirs of requested 3 for tablet a1d03b31298943c6978bcef721329f79. 1 dirs total, 0 dirs full, 0 dirs failed
I20260608 10:10:05.673756 24200 tablet_service.cc:1511] Processing CreateTablet for tablet 5c5d6400042d4b7784a30fa43586ce32 (DEFAULT_TABLE table=test-workload [id=adfed6ebf72a4a5ca6f4fa842500beb9]), partition=RANGE (key) PARTITION 1789569700 <= VALUES < 1968526670
I20260608 10:10:05.675237 24200 data_dirs.cc:400] Could only allocate 1 dirs of requested 3 for tablet 5c5d6400042d4b7784a30fa43586ce32. 1 dirs total, 0 dirs full, 0 dirs failed
I20260608 10:10:05.681337 24260 tablet_bootstrap.cc:492] T 84c20cc87fb7473185e3dd97782c8a15 P c87090dae7cd4d3e998b98386abdeddb: Bootstrap starting.
I20260608 10:10:05.689757 24046 tablet_service.cc:1511] Processing CreateTablet for tablet da2aedfa5a874d82ae09e118e1473f84 (DEFAULT_TABLE table=test-workload [id=adfed6ebf72a4a5ca6f4fa842500beb9]), partition=RANGE (key) PARTITION 1968526670 <= VALUES
I20260608 10:10:05.691243 24046 data_dirs.cc:400] Could only allocate 1 dirs of requested 3 for tablet da2aedfa5a874d82ae09e118e1473f84. 1 dirs total, 0 dirs full, 0 dirs failed
I20260608 10:10:05.703459 24259 tablet_bootstrap.cc:492] T a1d03b31298943c6978bcef721329f79 P b2d0b3865d5e42afb976f525f76f3eea: Bootstrap starting.
I20260608 10:10:05.721755 24259 tablet_bootstrap.cc:654] T a1d03b31298943c6978bcef721329f79 P b2d0b3865d5e42afb976f525f76f3eea: Neither blocks nor log segments found. Creating new log.
I20260608 10:10:05.727963 24202 tablet_service.cc:1511] Processing CreateTablet for tablet da2aedfa5a874d82ae09e118e1473f84 (DEFAULT_TABLE table=test-workload [id=adfed6ebf72a4a5ca6f4fa842500beb9]), partition=RANGE (key) PARTITION 1968526670 <= VALUES
I20260608 10:10:05.737743 24202 data_dirs.cc:400] Could only allocate 1 dirs of requested 3 for tablet da2aedfa5a874d82ae09e118e1473f84. 1 dirs total, 0 dirs full, 0 dirs failed
I20260608 10:10:05.774518 24262 tablet_bootstrap.cc:492] T ba68f01988ea4db2b62a8e3b98588d0c P efcc6f9092724c88aacc6921fa1a40d2: Bootstrap starting.
I20260608 10:10:05.791039 24122 tablet_service.cc:1511] Processing CreateTablet for tablet da2aedfa5a874d82ae09e118e1473f84 (DEFAULT_TABLE table=test-workload [id=adfed6ebf72a4a5ca6f4fa842500beb9]), partition=RANGE (key) PARTITION 1968526670 <= VALUES
I20260608 10:10:05.792447 24122 data_dirs.cc:400] Could only allocate 1 dirs of requested 3 for tablet da2aedfa5a874d82ae09e118e1473f84. 1 dirs total, 0 dirs full, 0 dirs failed
I20260608 10:10:05.797071 24128 tablet_service.cc:1511] Processing CreateTablet for tablet 5c5d6400042d4b7784a30fa43586ce32 (DEFAULT_TABLE table=test-workload [id=adfed6ebf72a4a5ca6f4fa842500beb9]), partition=RANGE (key) PARTITION 1789569700 <= VALUES < 1968526670
I20260608 10:10:05.798545 24128 data_dirs.cc:400] Could only allocate 1 dirs of requested 3 for tablet 5c5d6400042d4b7784a30fa43586ce32. 1 dirs total, 0 dirs full, 0 dirs failed
I20260608 10:10:05.798615 24260 tablet_bootstrap.cc:654] T 84c20cc87fb7473185e3dd97782c8a15 P c87090dae7cd4d3e998b98386abdeddb: Neither blocks nor log segments found. Creating new log.
I20260608 10:10:05.809290 24259 tablet_bootstrap.cc:492] T a1d03b31298943c6978bcef721329f79 P b2d0b3865d5e42afb976f525f76f3eea: No bootstrap required, opened a new log
I20260608 10:10:05.809839 24259 ts_tablet_manager.cc:1403] T a1d03b31298943c6978bcef721329f79 P b2d0b3865d5e42afb976f525f76f3eea: Time spent bootstrapping tablet: real 0.107s	user 0.015s	sys 0.009s
I20260608 10:10:05.813045 24259 raft_consensus.cc:359] T a1d03b31298943c6978bcef721329f79 P b2d0b3865d5e42afb976f525f76f3eea [term 0 FOLLOWER]: Replica starting. Triggering 0 pending ops. Active config: opid_index: -1 OBSOLETE_local: false peers { permanent_uuid: "c87090dae7cd4d3e998b98386abdeddb" member_type: VOTER last_known_addr { host: "127.19.12.129" port: 41557 } } peers { permanent_uuid: "efcc6f9092724c88aacc6921fa1a40d2" member_type: VOTER last_known_addr { host: "127.19.12.130" port: 36011 } } peers { permanent_uuid: "b2d0b3865d5e42afb976f525f76f3eea" member_type: VOTER last_known_addr { host: "127.19.12.131" port: 36579 } }
I20260608 10:10:05.813829 24259 raft_consensus.cc:385] T a1d03b31298943c6978bcef721329f79 P b2d0b3865d5e42afb976f525f76f3eea [term 0 FOLLOWER]: Consensus starting up: Expiring failure detector timer to make a prompt election more likely
I20260608 10:10:05.814132 24259 raft_consensus.cc:740] T a1d03b31298943c6978bcef721329f79 P b2d0b3865d5e42afb976f525f76f3eea [term 0 FOLLOWER]: Becoming Follower/Learner. State: Replica: b2d0b3865d5e42afb976f525f76f3eea, State: Initialized, Role: FOLLOWER
I20260608 10:10:05.814939 24259 consensus_queue.cc:260] T a1d03b31298943c6978bcef721329f79 P b2d0b3865d5e42afb976f525f76f3eea [NON_LEADER]: Queue going to NON_LEADER mode. State: All replicated index: 0, Majority replicated index: 0, Committed index: 0, Last appended: 0.0, Last appended by leader: 0, Current term: 0, Majority size: -1, State: 0, Mode: NON_LEADER, active raft config: opid_index: -1 OBSOLETE_local: false peers { permanent_uuid: "c87090dae7cd4d3e998b98386abdeddb" member_type: VOTER last_known_addr { host: "127.19.12.129" port: 41557 } } peers { permanent_uuid: "efcc6f9092724c88aacc6921fa1a40d2" member_type: VOTER last_known_addr { host: "127.19.12.130" port: 36011 } } peers { permanent_uuid: "b2d0b3865d5e42afb976f525f76f3eea" member_type: VOTER last_known_addr { host: "127.19.12.131" port: 36579 } }
I20260608 10:10:05.820672 24262 tablet_bootstrap.cc:654] T ba68f01988ea4db2b62a8e3b98588d0c P efcc6f9092724c88aacc6921fa1a40d2: Neither blocks nor log segments found. Creating new log.
I20260608 10:10:05.840166 24260 tablet_bootstrap.cc:492] T 84c20cc87fb7473185e3dd97782c8a15 P c87090dae7cd4d3e998b98386abdeddb: No bootstrap required, opened a new log
I20260608 10:10:05.840880 24260 ts_tablet_manager.cc:1403] T 84c20cc87fb7473185e3dd97782c8a15 P c87090dae7cd4d3e998b98386abdeddb: Time spent bootstrapping tablet: real 0.160s	user 0.011s	sys 0.012s
I20260608 10:10:05.843333 24262 tablet_bootstrap.cc:492] T ba68f01988ea4db2b62a8e3b98588d0c P efcc6f9092724c88aacc6921fa1a40d2: No bootstrap required, opened a new log
I20260608 10:10:05.844013 24262 ts_tablet_manager.cc:1403] T ba68f01988ea4db2b62a8e3b98588d0c P efcc6f9092724c88aacc6921fa1a40d2: Time spent bootstrapping tablet: real 0.070s	user 0.006s	sys 0.008s
I20260608 10:10:05.845772 24259 ts_tablet_manager.cc:1434] T a1d03b31298943c6978bcef721329f79 P b2d0b3865d5e42afb976f525f76f3eea: Time spent starting tablet: real 0.036s	user 0.019s	sys 0.000s
I20260608 10:10:05.847196 24262 raft_consensus.cc:359] T ba68f01988ea4db2b62a8e3b98588d0c P efcc6f9092724c88aacc6921fa1a40d2 [term 0 FOLLOWER]: Replica starting. Triggering 0 pending ops. Active config: opid_index: -1 OBSOLETE_local: false peers { permanent_uuid: "c87090dae7cd4d3e998b98386abdeddb" member_type: VOTER last_known_addr { host: "127.19.12.129" port: 41557 } } peers { permanent_uuid: "b2d0b3865d5e42afb976f525f76f3eea" member_type: VOTER last_known_addr { host: "127.19.12.131" port: 36579 } } peers { permanent_uuid: "efcc6f9092724c88aacc6921fa1a40d2" member_type: VOTER last_known_addr { host: "127.19.12.130" port: 36011 } }
I20260608 10:10:05.847963 24262 raft_consensus.cc:385] T ba68f01988ea4db2b62a8e3b98588d0c P efcc6f9092724c88aacc6921fa1a40d2 [term 0 FOLLOWER]: Consensus starting up: Expiring failure detector timer to make a prompt election more likely
I20260608 10:10:05.848543 24262 raft_consensus.cc:740] T ba68f01988ea4db2b62a8e3b98588d0c P efcc6f9092724c88aacc6921fa1a40d2 [term 0 FOLLOWER]: Becoming Follower/Learner. State: Replica: efcc6f9092724c88aacc6921fa1a40d2, State: Initialized, Role: FOLLOWER
I20260608 10:10:05.847945 24260 raft_consensus.cc:359] T 84c20cc87fb7473185e3dd97782c8a15 P c87090dae7cd4d3e998b98386abdeddb [term 0 FOLLOWER]: Replica starting. Triggering 0 pending ops. Active config: opid_index: -1 OBSOLETE_local: false peers { permanent_uuid: "c87090dae7cd4d3e998b98386abdeddb" member_type: VOTER last_known_addr { host: "127.19.12.129" port: 41557 } } peers { permanent_uuid: "efcc6f9092724c88aacc6921fa1a40d2" member_type: VOTER last_known_addr { host: "127.19.12.130" port: 36011 } } peers { permanent_uuid: "b2d0b3865d5e42afb976f525f76f3eea" member_type: VOTER last_known_addr { host: "127.19.12.131" port: 36579 } }
I20260608 10:10:05.849057 24260 raft_consensus.cc:385] T 84c20cc87fb7473185e3dd97782c8a15 P c87090dae7cd4d3e998b98386abdeddb [term 0 FOLLOWER]: Consensus starting up: Expiring failure detector timer to make a prompt election more likely
I20260608 10:10:05.849447 24260 raft_consensus.cc:740] T 84c20cc87fb7473185e3dd97782c8a15 P c87090dae7cd4d3e998b98386abdeddb [term 0 FOLLOWER]: Becoming Follower/Learner. State: Replica: c87090dae7cd4d3e998b98386abdeddb, State: Initialized, Role: FOLLOWER
I20260608 10:10:05.849334 24262 consensus_queue.cc:260] T ba68f01988ea4db2b62a8e3b98588d0c P efcc6f9092724c88aacc6921fa1a40d2 [NON_LEADER]: Queue going to NON_LEADER mode. State: All replicated index: 0, Majority replicated index: 0, Committed index: 0, Last appended: 0.0, Last appended by leader: 0, Current term: 0, Majority size: -1, State: 0, Mode: NON_LEADER, active raft config: opid_index: -1 OBSOLETE_local: false peers { permanent_uuid: "c87090dae7cd4d3e998b98386abdeddb" member_type: VOTER last_known_addr { host: "127.19.12.129" port: 41557 } } peers { permanent_uuid: "b2d0b3865d5e42afb976f525f76f3eea" member_type: VOTER last_known_addr { host: "127.19.12.131" port: 36579 } } peers { permanent_uuid: "efcc6f9092724c88aacc6921fa1a40d2" member_type: VOTER last_known_addr { host: "127.19.12.130" port: 36011 } }
I20260608 10:10:05.850514 24260 consensus_queue.cc:260] T 84c20cc87fb7473185e3dd97782c8a15 P c87090dae7cd4d3e998b98386abdeddb [NON_LEADER]: Queue going to NON_LEADER mode. State: All replicated index: 0, Majority replicated index: 0, Committed index: 0, Last appended: 0.0, Last appended by leader: 0, Current term: 0, Majority size: -1, State: 0, Mode: NON_LEADER, active raft config: opid_index: -1 OBSOLETE_local: false peers { permanent_uuid: "c87090dae7cd4d3e998b98386abdeddb" member_type: VOTER last_known_addr { host: "127.19.12.129" port: 41557 } } peers { permanent_uuid: "efcc6f9092724c88aacc6921fa1a40d2" member_type: VOTER last_known_addr { host: "127.19.12.130" port: 36011 } } peers { permanent_uuid: "b2d0b3865d5e42afb976f525f76f3eea" member_type: VOTER last_known_addr { host: "127.19.12.131" port: 36579 } }
I20260608 10:10:05.852559 24262 ts_tablet_manager.cc:1434] T ba68f01988ea4db2b62a8e3b98588d0c P efcc6f9092724c88aacc6921fa1a40d2: Time spent starting tablet: real 0.008s	user 0.008s	sys 0.000s
I20260608 10:10:05.854841 24262 tablet_bootstrap.cc:492] T 8e073e7305b84a168a13d24198087044 P efcc6f9092724c88aacc6921fa1a40d2: Bootstrap starting.
I20260608 10:10:05.858484 24260 ts_tablet_manager.cc:1434] T 84c20cc87fb7473185e3dd97782c8a15 P c87090dae7cd4d3e998b98386abdeddb: Time spent starting tablet: real 0.015s	user 0.004s	sys 0.004s
I20260608 10:10:05.859812 24260 tablet_bootstrap.cc:492] T ba68f01988ea4db2b62a8e3b98588d0c P c87090dae7cd4d3e998b98386abdeddb: Bootstrap starting.
I20260608 10:10:05.861907 24262 tablet_bootstrap.cc:654] T 8e073e7305b84a168a13d24198087044 P efcc6f9092724c88aacc6921fa1a40d2: Neither blocks nor log segments found. Creating new log.
I20260608 10:10:05.869699 24262 tablet_bootstrap.cc:492] T 8e073e7305b84a168a13d24198087044 P efcc6f9092724c88aacc6921fa1a40d2: No bootstrap required, opened a new log
I20260608 10:10:05.870297 24262 ts_tablet_manager.cc:1403] T 8e073e7305b84a168a13d24198087044 P efcc6f9092724c88aacc6921fa1a40d2: Time spent bootstrapping tablet: real 0.017s	user 0.011s	sys 0.002s
I20260608 10:10:05.873611 24262 raft_consensus.cc:359] T 8e073e7305b84a168a13d24198087044 P efcc6f9092724c88aacc6921fa1a40d2 [term 0 FOLLOWER]: Replica starting. Triggering 0 pending ops. Active config: opid_index: -1 OBSOLETE_local: false peers { permanent_uuid: "c87090dae7cd4d3e998b98386abdeddb" member_type: VOTER last_known_addr { host: "127.19.12.129" port: 41557 } } peers { permanent_uuid: "efcc6f9092724c88aacc6921fa1a40d2" member_type: VOTER last_known_addr { host: "127.19.12.130" port: 36011 } } peers { permanent_uuid: "b2d0b3865d5e42afb976f525f76f3eea" member_type: VOTER last_known_addr { host: "127.19.12.131" port: 36579 } }
I20260608 10:10:05.874419 24262 raft_consensus.cc:385] T 8e073e7305b84a168a13d24198087044 P efcc6f9092724c88aacc6921fa1a40d2 [term 0 FOLLOWER]: Consensus starting up: Expiring failure detector timer to make a prompt election more likely
I20260608 10:10:05.874786 24262 raft_consensus.cc:740] T 8e073e7305b84a168a13d24198087044 P efcc6f9092724c88aacc6921fa1a40d2 [term 0 FOLLOWER]: Becoming Follower/Learner. State: Replica: efcc6f9092724c88aacc6921fa1a40d2, State: Initialized, Role: FOLLOWER
I20260608 10:10:05.875763 24262 consensus_queue.cc:260] T 8e073e7305b84a168a13d24198087044 P efcc6f9092724c88aacc6921fa1a40d2 [NON_LEADER]: Queue going to NON_LEADER mode. State: All replicated index: 0, Majority replicated index: 0, Committed index: 0, Last appended: 0.0, Last appended by leader: 0, Current term: 0, Majority size: -1, State: 0, Mode: NON_LEADER, active raft config: opid_index: -1 OBSOLETE_local: false peers { permanent_uuid: "c87090dae7cd4d3e998b98386abdeddb" member_type: VOTER last_known_addr { host: "127.19.12.129" port: 41557 } } peers { permanent_uuid: "efcc6f9092724c88aacc6921fa1a40d2" member_type: VOTER last_known_addr { host: "127.19.12.130" port: 36011 } } peers { permanent_uuid: "b2d0b3865d5e42afb976f525f76f3eea" member_type: VOTER last_known_addr { host: "127.19.12.131" port: 36579 } }
I20260608 10:10:05.878029 24259 tablet_bootstrap.cc:492] T 48f865cd3f734439b20ba36140740d5c P b2d0b3865d5e42afb976f525f76f3eea: Bootstrap starting.
I20260608 10:10:05.878160 24262 ts_tablet_manager.cc:1434] T 8e073e7305b84a168a13d24198087044 P efcc6f9092724c88aacc6921fa1a40d2: Time spent starting tablet: real 0.008s	user 0.006s	sys 0.000s
I20260608 10:10:05.879297 24262 tablet_bootstrap.cc:492] T a1d03b31298943c6978bcef721329f79 P efcc6f9092724c88aacc6921fa1a40d2: Bootstrap starting.
I20260608 10:10:05.885988 24259 tablet_bootstrap.cc:654] T 48f865cd3f734439b20ba36140740d5c P b2d0b3865d5e42afb976f525f76f3eea: Neither blocks nor log segments found. Creating new log.
I20260608 10:10:05.886509 24262 tablet_bootstrap.cc:654] T a1d03b31298943c6978bcef721329f79 P efcc6f9092724c88aacc6921fa1a40d2: Neither blocks nor log segments found. Creating new log.
I20260608 10:10:05.887948 24260 tablet_bootstrap.cc:654] T ba68f01988ea4db2b62a8e3b98588d0c P c87090dae7cd4d3e998b98386abdeddb: Neither blocks nor log segments found. Creating new log.
I20260608 10:10:05.892480 24262 tablet_bootstrap.cc:492] T a1d03b31298943c6978bcef721329f79 P efcc6f9092724c88aacc6921fa1a40d2: No bootstrap required, opened a new log
I20260608 10:10:05.893069 24262 ts_tablet_manager.cc:1403] T a1d03b31298943c6978bcef721329f79 P efcc6f9092724c88aacc6921fa1a40d2: Time spent bootstrapping tablet: real 0.014s	user 0.013s	sys 0.000s
I20260608 10:10:05.894240 24260 tablet_bootstrap.cc:492] T ba68f01988ea4db2b62a8e3b98588d0c P c87090dae7cd4d3e998b98386abdeddb: No bootstrap required, opened a new log
I20260608 10:10:05.894731 24260 ts_tablet_manager.cc:1403] T ba68f01988ea4db2b62a8e3b98588d0c P c87090dae7cd4d3e998b98386abdeddb: Time spent bootstrapping tablet: real 0.035s	user 0.012s	sys 0.000s
I20260608 10:10:05.896467 24259 tablet_bootstrap.cc:492] T 48f865cd3f734439b20ba36140740d5c P b2d0b3865d5e42afb976f525f76f3eea: No bootstrap required, opened a new log
I20260608 10:10:05.897033 24259 ts_tablet_manager.cc:1403] T 48f865cd3f734439b20ba36140740d5c P b2d0b3865d5e42afb976f525f76f3eea: Time spent bootstrapping tablet: real 0.019s	user 0.013s	sys 0.000s
I20260608 10:10:05.897212 24262 raft_consensus.cc:359] T a1d03b31298943c6978bcef721329f79 P efcc6f9092724c88aacc6921fa1a40d2 [term 0 FOLLOWER]: Replica starting. Triggering 0 pending ops. Active config: opid_index: -1 OBSOLETE_local: false peers { permanent_uuid: "c87090dae7cd4d3e998b98386abdeddb" member_type: VOTER last_known_addr { host: "127.19.12.129" port: 41557 } } peers { permanent_uuid: "efcc6f9092724c88aacc6921fa1a40d2" member_type: VOTER last_known_addr { host: "127.19.12.130" port: 36011 } } peers { permanent_uuid: "b2d0b3865d5e42afb976f525f76f3eea" member_type: VOTER last_known_addr { host: "127.19.12.131" port: 36579 } }
I20260608 10:10:05.898000 24262 raft_consensus.cc:385] T a1d03b31298943c6978bcef721329f79 P efcc6f9092724c88aacc6921fa1a40d2 [term 0 FOLLOWER]: Consensus starting up: Expiring failure detector timer to make a prompt election more likely
I20260608 10:10:05.897946 24260 raft_consensus.cc:359] T ba68f01988ea4db2b62a8e3b98588d0c P c87090dae7cd4d3e998b98386abdeddb [term 0 FOLLOWER]: Replica starting. Triggering 0 pending ops. Active config: opid_index: -1 OBSOLETE_local: false peers { permanent_uuid: "c87090dae7cd4d3e998b98386abdeddb" member_type: VOTER last_known_addr { host: "127.19.12.129" port: 41557 } } peers { permanent_uuid: "b2d0b3865d5e42afb976f525f76f3eea" member_type: VOTER last_known_addr { host: "127.19.12.131" port: 36579 } } peers { permanent_uuid: "efcc6f9092724c88aacc6921fa1a40d2" member_type: VOTER last_known_addr { host: "127.19.12.130" port: 36011 } }
I20260608 10:10:05.898502 24262 raft_consensus.cc:740] T a1d03b31298943c6978bcef721329f79 P efcc6f9092724c88aacc6921fa1a40d2 [term 0 FOLLOWER]: Becoming Follower/Learner. State: Replica: efcc6f9092724c88aacc6921fa1a40d2, State: Initialized, Role: FOLLOWER
I20260608 10:10:05.898892 24260 raft_consensus.cc:385] T ba68f01988ea4db2b62a8e3b98588d0c P c87090dae7cd4d3e998b98386abdeddb [term 0 FOLLOWER]: Consensus starting up: Expiring failure detector timer to make a prompt election more likely
I20260608 10:10:05.899236 24260 raft_consensus.cc:740] T ba68f01988ea4db2b62a8e3b98588d0c P c87090dae7cd4d3e998b98386abdeddb [term 0 FOLLOWER]: Becoming Follower/Learner. State: Replica: c87090dae7cd4d3e998b98386abdeddb, State: Initialized, Role: FOLLOWER
I20260608 10:10:05.899603 24262 consensus_queue.cc:260] T a1d03b31298943c6978bcef721329f79 P efcc6f9092724c88aacc6921fa1a40d2 [NON_LEADER]: Queue going to NON_LEADER mode. State: All replicated index: 0, Majority replicated index: 0, Committed index: 0, Last appended: 0.0, Last appended by leader: 0, Current term: 0, Majority size: -1, State: 0, Mode: NON_LEADER, active raft config: opid_index: -1 OBSOLETE_local: false peers { permanent_uuid: "c87090dae7cd4d3e998b98386abdeddb" member_type: VOTER last_known_addr { host: "127.19.12.129" port: 41557 } } peers { permanent_uuid: "efcc6f9092724c88aacc6921fa1a40d2" member_type: VOTER last_known_addr { host: "127.19.12.130" port: 36011 } } peers { permanent_uuid: "b2d0b3865d5e42afb976f525f76f3eea" member_type: VOTER last_known_addr { host: "127.19.12.131" port: 36579 } }
I20260608 10:10:05.900168 24260 consensus_queue.cc:260] T ba68f01988ea4db2b62a8e3b98588d0c P c87090dae7cd4d3e998b98386abdeddb [NON_LEADER]: Queue going to NON_LEADER mode. State: All replicated index: 0, Majority replicated index: 0, Committed index: 0, Last appended: 0.0, Last appended by leader: 0, Current term: 0, Majority size: -1, State: 0, Mode: NON_LEADER, active raft config: opid_index: -1 OBSOLETE_local: false peers { permanent_uuid: "c87090dae7cd4d3e998b98386abdeddb" member_type: VOTER last_known_addr { host: "127.19.12.129" port: 41557 } } peers { permanent_uuid: "b2d0b3865d5e42afb976f525f76f3eea" member_type: VOTER last_known_addr { host: "127.19.12.131" port: 36579 } } peers { permanent_uuid: "efcc6f9092724c88aacc6921fa1a40d2" member_type: VOTER last_known_addr { host: "127.19.12.130" port: 36011 } }
I20260608 10:10:05.900714 24259 raft_consensus.cc:359] T 48f865cd3f734439b20ba36140740d5c P b2d0b3865d5e42afb976f525f76f3eea [term 0 FOLLOWER]: Replica starting. Triggering 0 pending ops. Active config: opid_index: -1 OBSOLETE_local: false peers { permanent_uuid: "c87090dae7cd4d3e998b98386abdeddb" member_type: VOTER last_known_addr { host: "127.19.12.129" port: 41557 } } peers { permanent_uuid: "efcc6f9092724c88aacc6921fa1a40d2" member_type: VOTER last_known_addr { host: "127.19.12.130" port: 36011 } } peers { permanent_uuid: "b2d0b3865d5e42afb976f525f76f3eea" member_type: VOTER last_known_addr { host: "127.19.12.131" port: 36579 } }
I20260608 10:10:05.901588 24259 raft_consensus.cc:385] T 48f865cd3f734439b20ba36140740d5c P b2d0b3865d5e42afb976f525f76f3eea [term 0 FOLLOWER]: Consensus starting up: Expiring failure detector timer to make a prompt election more likely
I20260608 10:10:05.901932 24259 raft_consensus.cc:740] T 48f865cd3f734439b20ba36140740d5c P b2d0b3865d5e42afb976f525f76f3eea [term 0 FOLLOWER]: Becoming Follower/Learner. State: Replica: b2d0b3865d5e42afb976f525f76f3eea, State: Initialized, Role: FOLLOWER
I20260608 10:10:05.902084 24262 ts_tablet_manager.cc:1434] T a1d03b31298943c6978bcef721329f79 P efcc6f9092724c88aacc6921fa1a40d2: Time spent starting tablet: real 0.009s	user 0.007s	sys 0.000s
I20260608 10:10:05.903249 24262 tablet_bootstrap.cc:492] T 84c20cc87fb7473185e3dd97782c8a15 P efcc6f9092724c88aacc6921fa1a40d2: Bootstrap starting.
I20260608 10:10:05.905866 24259 consensus_queue.cc:260] T 48f865cd3f734439b20ba36140740d5c P b2d0b3865d5e42afb976f525f76f3eea [NON_LEADER]: Queue going to NON_LEADER mode. State: All replicated index: 0, Majority replicated index: 0, Committed index: 0, Last appended: 0.0, Last appended by leader: 0, Current term: 0, Majority size: -1, State: 0, Mode: NON_LEADER, active raft config: opid_index: -1 OBSOLETE_local: false peers { permanent_uuid: "c87090dae7cd4d3e998b98386abdeddb" member_type: VOTER last_known_addr { host: "127.19.12.129" port: 41557 } } peers { permanent_uuid: "efcc6f9092724c88aacc6921fa1a40d2" member_type: VOTER last_known_addr { host: "127.19.12.130" port: 36011 } } peers { permanent_uuid: "b2d0b3865d5e42afb976f525f76f3eea" member_type: VOTER last_known_addr { host: "127.19.12.131" port: 36579 } }
I20260608 10:10:05.911129 24260 ts_tablet_manager.cc:1434] T ba68f01988ea4db2b62a8e3b98588d0c P c87090dae7cd4d3e998b98386abdeddb: Time spent starting tablet: real 0.016s	user 0.008s	sys 0.001s
I20260608 10:10:05.912262 24260 tablet_bootstrap.cc:492] T 5c5d6400042d4b7784a30fa43586ce32 P c87090dae7cd4d3e998b98386abdeddb: Bootstrap starting.
I20260608 10:10:05.912747 24259 ts_tablet_manager.cc:1434] T 48f865cd3f734439b20ba36140740d5c P b2d0b3865d5e42afb976f525f76f3eea: Time spent starting tablet: real 0.015s	user 0.007s	sys 0.000s
I20260608 10:10:05.914271 24259 tablet_bootstrap.cc:492] T ba68f01988ea4db2b62a8e3b98588d0c P b2d0b3865d5e42afb976f525f76f3eea: Bootstrap starting.
I20260608 10:10:05.919260 24260 tablet_bootstrap.cc:654] T 5c5d6400042d4b7784a30fa43586ce32 P c87090dae7cd4d3e998b98386abdeddb: Neither blocks nor log segments found. Creating new log.
I20260608 10:10:05.910105 24262 tablet_bootstrap.cc:654] T 84c20cc87fb7473185e3dd97782c8a15 P efcc6f9092724c88aacc6921fa1a40d2: Neither blocks nor log segments found. Creating new log.
I20260608 10:10:05.921204 24259 tablet_bootstrap.cc:654] T ba68f01988ea4db2b62a8e3b98588d0c P b2d0b3865d5e42afb976f525f76f3eea: Neither blocks nor log segments found. Creating new log.
I20260608 10:10:05.930135 24262 tablet_bootstrap.cc:492] T 84c20cc87fb7473185e3dd97782c8a15 P efcc6f9092724c88aacc6921fa1a40d2: No bootstrap required, opened a new log
I20260608 10:10:05.930732 24262 ts_tablet_manager.cc:1403] T 84c20cc87fb7473185e3dd97782c8a15 P efcc6f9092724c88aacc6921fa1a40d2: Time spent bootstrapping tablet: real 0.028s	user 0.014s	sys 0.000s
W20260608 10:10:05.932469 24011 auto_rebalancer.cc:259] Could not retrieve cluster info: Service unavailable: Tablet not running
I20260608 10:10:05.934000 24262 raft_consensus.cc:359] T 84c20cc87fb7473185e3dd97782c8a15 P efcc6f9092724c88aacc6921fa1a40d2 [term 0 FOLLOWER]: Replica starting. Triggering 0 pending ops. Active config: opid_index: -1 OBSOLETE_local: false peers { permanent_uuid: "c87090dae7cd4d3e998b98386abdeddb" member_type: VOTER last_known_addr { host: "127.19.12.129" port: 41557 } } peers { permanent_uuid: "efcc6f9092724c88aacc6921fa1a40d2" member_type: VOTER last_known_addr { host: "127.19.12.130" port: 36011 } } peers { permanent_uuid: "b2d0b3865d5e42afb976f525f76f3eea" member_type: VOTER last_known_addr { host: "127.19.12.131" port: 36579 } }
I20260608 10:10:05.934810 24262 raft_consensus.cc:385] T 84c20cc87fb7473185e3dd97782c8a15 P efcc6f9092724c88aacc6921fa1a40d2 [term 0 FOLLOWER]: Consensus starting up: Expiring failure detector timer to make a prompt election more likely
I20260608 10:10:05.935164 24262 raft_consensus.cc:740] T 84c20cc87fb7473185e3dd97782c8a15 P efcc6f9092724c88aacc6921fa1a40d2 [term 0 FOLLOWER]: Becoming Follower/Learner. State: Replica: efcc6f9092724c88aacc6921fa1a40d2, State: Initialized, Role: FOLLOWER
I20260608 10:10:05.936204 24262 consensus_queue.cc:260] T 84c20cc87fb7473185e3dd97782c8a15 P efcc6f9092724c88aacc6921fa1a40d2 [NON_LEADER]: Queue going to NON_LEADER mode. State: All replicated index: 0, Majority replicated index: 0, Committed index: 0, Last appended: 0.0, Last appended by leader: 0, Current term: 0, Majority size: -1, State: 0, Mode: NON_LEADER, active raft config: opid_index: -1 OBSOLETE_local: false peers { permanent_uuid: "c87090dae7cd4d3e998b98386abdeddb" member_type: VOTER last_known_addr { host: "127.19.12.129" port: 41557 } } peers { permanent_uuid: "efcc6f9092724c88aacc6921fa1a40d2" member_type: VOTER last_known_addr { host: "127.19.12.130" port: 36011 } } peers { permanent_uuid: "b2d0b3865d5e42afb976f525f76f3eea" member_type: VOTER last_known_addr { host: "127.19.12.131" port: 36579 } }
I20260608 10:10:05.938527 24262 ts_tablet_manager.cc:1434] T 84c20cc87fb7473185e3dd97782c8a15 P efcc6f9092724c88aacc6921fa1a40d2: Time spent starting tablet: real 0.007s	user 0.006s	sys 0.000s
I20260608 10:10:05.938596 24260 tablet_bootstrap.cc:492] T 5c5d6400042d4b7784a30fa43586ce32 P c87090dae7cd4d3e998b98386abdeddb: No bootstrap required, opened a new log
I20260608 10:10:05.939215 24260 ts_tablet_manager.cc:1403] T 5c5d6400042d4b7784a30fa43586ce32 P c87090dae7cd4d3e998b98386abdeddb: Time spent bootstrapping tablet: real 0.027s	user 0.009s	sys 0.012s
I20260608 10:10:05.939524 24259 tablet_bootstrap.cc:492] T ba68f01988ea4db2b62a8e3b98588d0c P b2d0b3865d5e42afb976f525f76f3eea: No bootstrap required, opened a new log
I20260608 10:10:05.939863 24262 tablet_bootstrap.cc:492] T 35cc54dba9174489a721ac460830a0b4 P efcc6f9092724c88aacc6921fa1a40d2: Bootstrap starting.
I20260608 10:10:05.940021 24259 ts_tablet_manager.cc:1403] T ba68f01988ea4db2b62a8e3b98588d0c P b2d0b3865d5e42afb976f525f76f3eea: Time spent bootstrapping tablet: real 0.026s	user 0.013s	sys 0.000s
I20260608 10:10:05.942306 24260 raft_consensus.cc:359] T 5c5d6400042d4b7784a30fa43586ce32 P c87090dae7cd4d3e998b98386abdeddb [term 0 FOLLOWER]: Replica starting. Triggering 0 pending ops. Active config: opid_index: -1 OBSOLETE_local: false peers { permanent_uuid: "c87090dae7cd4d3e998b98386abdeddb" member_type: VOTER last_known_addr { host: "127.19.12.129" port: 41557 } } peers { permanent_uuid: "efcc6f9092724c88aacc6921fa1a40d2" member_type: VOTER last_known_addr { host: "127.19.12.130" port: 36011 } } peers { permanent_uuid: "b2d0b3865d5e42afb976f525f76f3eea" member_type: VOTER last_known_addr { host: "127.19.12.131" port: 36579 } }
I20260608 10:10:05.943064 24260 raft_consensus.cc:385] T 5c5d6400042d4b7784a30fa43586ce32 P c87090dae7cd4d3e998b98386abdeddb [term 0 FOLLOWER]: Consensus starting up: Expiring failure detector timer to make a prompt election more likely
I20260608 10:10:05.943372 24260 raft_consensus.cc:740] T 5c5d6400042d4b7784a30fa43586ce32 P c87090dae7cd4d3e998b98386abdeddb [term 0 FOLLOWER]: Becoming Follower/Learner. State: Replica: c87090dae7cd4d3e998b98386abdeddb, State: Initialized, Role: FOLLOWER
I20260608 10:10:05.943385 24259 raft_consensus.cc:359] T ba68f01988ea4db2b62a8e3b98588d0c P b2d0b3865d5e42afb976f525f76f3eea [term 0 FOLLOWER]: Replica starting. Triggering 0 pending ops. Active config: opid_index: -1 OBSOLETE_local: false peers { permanent_uuid: "c87090dae7cd4d3e998b98386abdeddb" member_type: VOTER last_known_addr { host: "127.19.12.129" port: 41557 } } peers { permanent_uuid: "b2d0b3865d5e42afb976f525f76f3eea" member_type: VOTER last_known_addr { host: "127.19.12.131" port: 36579 } } peers { permanent_uuid: "efcc6f9092724c88aacc6921fa1a40d2" member_type: VOTER last_known_addr { host: "127.19.12.130" port: 36011 } }
I20260608 10:10:05.944301 24259 raft_consensus.cc:385] T ba68f01988ea4db2b62a8e3b98588d0c P b2d0b3865d5e42afb976f525f76f3eea [term 0 FOLLOWER]: Consensus starting up: Expiring failure detector timer to make a prompt election more likely
I20260608 10:10:05.944618 24259 raft_consensus.cc:740] T ba68f01988ea4db2b62a8e3b98588d0c P b2d0b3865d5e42afb976f525f76f3eea [term 0 FOLLOWER]: Becoming Follower/Learner. State: Replica: b2d0b3865d5e42afb976f525f76f3eea, State: Initialized, Role: FOLLOWER
I20260608 10:10:05.944536 24260 consensus_queue.cc:260] T 5c5d6400042d4b7784a30fa43586ce32 P c87090dae7cd4d3e998b98386abdeddb [NON_LEADER]: Queue going to NON_LEADER mode. State: All replicated index: 0, Majority replicated index: 0, Committed index: 0, Last appended: 0.0, Last appended by leader: 0, Current term: 0, Majority size: -1, State: 0, Mode: NON_LEADER, active raft config: opid_index: -1 OBSOLETE_local: false peers { permanent_uuid: "c87090dae7cd4d3e998b98386abdeddb" member_type: VOTER last_known_addr { host: "127.19.12.129" port: 41557 } } peers { permanent_uuid: "efcc6f9092724c88aacc6921fa1a40d2" member_type: VOTER last_known_addr { host: "127.19.12.130" port: 36011 } } peers { permanent_uuid: "b2d0b3865d5e42afb976f525f76f3eea" member_type: VOTER last_known_addr { host: "127.19.12.131" port: 36579 } }
I20260608 10:10:05.945722 24259 consensus_queue.cc:260] T ba68f01988ea4db2b62a8e3b98588d0c P b2d0b3865d5e42afb976f525f76f3eea [NON_LEADER]: Queue going to NON_LEADER mode. State: All replicated index: 0, Majority replicated index: 0, Committed index: 0, Last appended: 0.0, Last appended by leader: 0, Current term: 0, Majority size: -1, State: 0, Mode: NON_LEADER, active raft config: opid_index: -1 OBSOLETE_local: false peers { permanent_uuid: "c87090dae7cd4d3e998b98386abdeddb" member_type: VOTER last_known_addr { host: "127.19.12.129" port: 41557 } } peers { permanent_uuid: "b2d0b3865d5e42afb976f525f76f3eea" member_type: VOTER last_known_addr { host: "127.19.12.131" port: 36579 } } peers { permanent_uuid: "efcc6f9092724c88aacc6921fa1a40d2" member_type: VOTER last_known_addr { host: "127.19.12.130" port: 36011 } }
I20260608 10:10:05.947830 24262 tablet_bootstrap.cc:654] T 35cc54dba9174489a721ac460830a0b4 P efcc6f9092724c88aacc6921fa1a40d2: Neither blocks nor log segments found. Creating new log.
I20260608 10:10:05.954715 24259 ts_tablet_manager.cc:1434] T ba68f01988ea4db2b62a8e3b98588d0c P b2d0b3865d5e42afb976f525f76f3eea: Time spent starting tablet: real 0.014s	user 0.006s	sys 0.000s
I20260608 10:10:05.955919 24259 tablet_bootstrap.cc:492] T 35cc54dba9174489a721ac460830a0b4 P b2d0b3865d5e42afb976f525f76f3eea: Bootstrap starting.
I20260608 10:10:05.957159 24267 raft_consensus.cc:493] T ba68f01988ea4db2b62a8e3b98588d0c P c87090dae7cd4d3e998b98386abdeddb [term 0 FOLLOWER]: Starting pre-election (no leader contacted us within the election timeout)
I20260608 10:10:05.959914 24262 tablet_bootstrap.cc:492] T 35cc54dba9174489a721ac460830a0b4 P efcc6f9092724c88aacc6921fa1a40d2: No bootstrap required, opened a new log
I20260608 10:10:05.957755 24267 raft_consensus.cc:515] T ba68f01988ea4db2b62a8e3b98588d0c P c87090dae7cd4d3e998b98386abdeddb [term 0 FOLLOWER]: Starting pre-election with config: opid_index: -1 OBSOLETE_local: false peers { permanent_uuid: "c87090dae7cd4d3e998b98386abdeddb" member_type: VOTER last_known_addr { host: "127.19.12.129" port: 41557 } } peers { permanent_uuid: "b2d0b3865d5e42afb976f525f76f3eea" member_type: VOTER last_known_addr { host: "127.19.12.131" port: 36579 } } peers { permanent_uuid: "efcc6f9092724c88aacc6921fa1a40d2" member_type: VOTER last_known_addr { host: "127.19.12.130" port: 36011 } }
I20260608 10:10:05.963519 24267 leader_election.cc:290] T ba68f01988ea4db2b62a8e3b98588d0c P c87090dae7cd4d3e998b98386abdeddb [CANDIDATE]: Term 1 pre-election: Requested pre-vote from peers b2d0b3865d5e42afb976f525f76f3eea (127.19.12.131:36579), efcc6f9092724c88aacc6921fa1a40d2 (127.19.12.130:36011)
I20260608 10:10:05.964417 24262 ts_tablet_manager.cc:1403] T 35cc54dba9174489a721ac460830a0b4 P efcc6f9092724c88aacc6921fa1a40d2: Time spent bootstrapping tablet: real 0.025s	user 0.009s	sys 0.009s
I20260608 10:10:05.966133 24265 raft_consensus.cc:493] T a1d03b31298943c6978bcef721329f79 P b2d0b3865d5e42afb976f525f76f3eea [term 0 FOLLOWER]: Starting pre-election (no leader contacted us within the election timeout)
I20260608 10:10:05.966707 24265 raft_consensus.cc:515] T a1d03b31298943c6978bcef721329f79 P b2d0b3865d5e42afb976f525f76f3eea [term 0 FOLLOWER]: Starting pre-election with config: opid_index: -1 OBSOLETE_local: false peers { permanent_uuid: "c87090dae7cd4d3e998b98386abdeddb" member_type: VOTER last_known_addr { host: "127.19.12.129" port: 41557 } } peers { permanent_uuid: "efcc6f9092724c88aacc6921fa1a40d2" member_type: VOTER last_known_addr { host: "127.19.12.130" port: 36011 } } peers { permanent_uuid: "b2d0b3865d5e42afb976f525f76f3eea" member_type: VOTER last_known_addr { host: "127.19.12.131" port: 36579 } }
I20260608 10:10:05.968688 24262 raft_consensus.cc:359] T 35cc54dba9174489a721ac460830a0b4 P efcc6f9092724c88aacc6921fa1a40d2 [term 0 FOLLOWER]: Replica starting. Triggering 0 pending ops. Active config: opid_index: -1 OBSOLETE_local: false peers { permanent_uuid: "c87090dae7cd4d3e998b98386abdeddb" member_type: VOTER last_known_addr { host: "127.19.12.129" port: 41557 } } peers { permanent_uuid: "efcc6f9092724c88aacc6921fa1a40d2" member_type: VOTER last_known_addr { host: "127.19.12.130" port: 36011 } } peers { permanent_uuid: "b2d0b3865d5e42afb976f525f76f3eea" member_type: VOTER last_known_addr { host: "127.19.12.131" port: 36579 } }
I20260608 10:10:05.970319 24262 raft_consensus.cc:385] T 35cc54dba9174489a721ac460830a0b4 P efcc6f9092724c88aacc6921fa1a40d2 [term 0 FOLLOWER]: Consensus starting up: Expiring failure detector timer to make a prompt election more likely
I20260608 10:10:05.970683 24262 raft_consensus.cc:740] T 35cc54dba9174489a721ac460830a0b4 P efcc6f9092724c88aacc6921fa1a40d2 [term 0 FOLLOWER]: Becoming Follower/Learner. State: Replica: efcc6f9092724c88aacc6921fa1a40d2, State: Initialized, Role: FOLLOWER
I20260608 10:10:05.969954 24260 ts_tablet_manager.cc:1434] T 5c5d6400042d4b7784a30fa43586ce32 P c87090dae7cd4d3e998b98386abdeddb: Time spent starting tablet: real 0.030s	user 0.006s	sys 0.002s
I20260608 10:10:05.971637 24259 tablet_bootstrap.cc:654] T 35cc54dba9174489a721ac460830a0b4 P b2d0b3865d5e42afb976f525f76f3eea: Neither blocks nor log segments found. Creating new log.
I20260608 10:10:05.972426 24260 tablet_bootstrap.cc:492] T 48f865cd3f734439b20ba36140740d5c P c87090dae7cd4d3e998b98386abdeddb: Bootstrap starting.
I20260608 10:10:05.979897 24260 tablet_bootstrap.cc:654] T 48f865cd3f734439b20ba36140740d5c P c87090dae7cd4d3e998b98386abdeddb: Neither blocks nor log segments found. Creating new log.
I20260608 10:10:05.980922 24266 raft_consensus.cc:493] T ba68f01988ea4db2b62a8e3b98588d0c P efcc6f9092724c88aacc6921fa1a40d2 [term 0 FOLLOWER]: Starting pre-election (no leader contacted us within the election timeout)
I20260608 10:10:05.985929 24259 tablet_bootstrap.cc:492] T 35cc54dba9174489a721ac460830a0b4 P b2d0b3865d5e42afb976f525f76f3eea: No bootstrap required, opened a new log
I20260608 10:10:05.981400 24262 consensus_queue.cc:260] T 35cc54dba9174489a721ac460830a0b4 P efcc6f9092724c88aacc6921fa1a40d2 [NON_LEADER]: Queue going to NON_LEADER mode. State: All replicated index: 0, Majority replicated index: 0, Committed index: 0, Last appended: 0.0, Last appended by leader: 0, Current term: 0, Majority size: -1, State: 0, Mode: NON_LEADER, active raft config: opid_index: -1 OBSOLETE_local: false peers { permanent_uuid: "c87090dae7cd4d3e998b98386abdeddb" member_type: VOTER last_known_addr { host: "127.19.12.129" port: 41557 } } peers { permanent_uuid: "efcc6f9092724c88aacc6921fa1a40d2" member_type: VOTER last_known_addr { host: "127.19.12.130" port: 36011 } } peers { permanent_uuid: "b2d0b3865d5e42afb976f525f76f3eea" member_type: VOTER last_known_addr { host: "127.19.12.131" port: 36579 } }
I20260608 10:10:05.994652 24266 raft_consensus.cc:515] T ba68f01988ea4db2b62a8e3b98588d0c P efcc6f9092724c88aacc6921fa1a40d2 [term 0 FOLLOWER]: Starting pre-election with config: opid_index: -1 OBSOLETE_local: false peers { permanent_uuid: "c87090dae7cd4d3e998b98386abdeddb" member_type: VOTER last_known_addr { host: "127.19.12.129" port: 41557 } } peers { permanent_uuid: "b2d0b3865d5e42afb976f525f76f3eea" member_type: VOTER last_known_addr { host: "127.19.12.131" port: 36579 } } peers { permanent_uuid: "efcc6f9092724c88aacc6921fa1a40d2" member_type: VOTER last_known_addr { host: "127.19.12.130" port: 36011 } }
I20260608 10:10:05.988957 24280 raft_consensus.cc:493] T ba68f01988ea4db2b62a8e3b98588d0c P b2d0b3865d5e42afb976f525f76f3eea [term 0 FOLLOWER]: Starting pre-election (no leader contacted us within the election timeout)
I20260608 10:10:05.996277 24265 leader_election.cc:290] T a1d03b31298943c6978bcef721329f79 P b2d0b3865d5e42afb976f525f76f3eea [CANDIDATE]: Term 1 pre-election: Requested pre-vote from peers c87090dae7cd4d3e998b98386abdeddb (127.19.12.129:41557), efcc6f9092724c88aacc6921fa1a40d2 (127.19.12.130:36011)
I20260608 10:10:05.995909 24280 raft_consensus.cc:515] T ba68f01988ea4db2b62a8e3b98588d0c P b2d0b3865d5e42afb976f525f76f3eea [term 0 FOLLOWER]: Starting pre-election with config: opid_index: -1 OBSOLETE_local: false peers { permanent_uuid: "c87090dae7cd4d3e998b98386abdeddb" member_type: VOTER last_known_addr { host: "127.19.12.129" port: 41557 } } peers { permanent_uuid: "b2d0b3865d5e42afb976f525f76f3eea" member_type: VOTER last_known_addr { host: "127.19.12.131" port: 36579 } } peers { permanent_uuid: "efcc6f9092724c88aacc6921fa1a40d2" member_type: VOTER last_known_addr { host: "127.19.12.130" port: 36011 } }
I20260608 10:10:05.998063 24266 leader_election.cc:290] T ba68f01988ea4db2b62a8e3b98588d0c P efcc6f9092724c88aacc6921fa1a40d2 [CANDIDATE]: Term 1 pre-election: Requested pre-vote from peers c87090dae7cd4d3e998b98386abdeddb (127.19.12.129:41557), b2d0b3865d5e42afb976f525f76f3eea (127.19.12.131:36579)
I20260608 10:10:05.998651 24266 raft_consensus.cc:493] T 35cc54dba9174489a721ac460830a0b4 P efcc6f9092724c88aacc6921fa1a40d2 [term 0 FOLLOWER]: Starting pre-election (no leader contacted us within the election timeout)
I20260608 10:10:05.999106 24266 raft_consensus.cc:515] T 35cc54dba9174489a721ac460830a0b4 P efcc6f9092724c88aacc6921fa1a40d2 [term 0 FOLLOWER]: Starting pre-election with config: opid_index: -1 OBSOLETE_local: false peers { permanent_uuid: "c87090dae7cd4d3e998b98386abdeddb" member_type: VOTER last_known_addr { host: "127.19.12.129" port: 41557 } } peers { permanent_uuid: "efcc6f9092724c88aacc6921fa1a40d2" member_type: VOTER last_known_addr { host: "127.19.12.130" port: 36011 } } peers { permanent_uuid: "b2d0b3865d5e42afb976f525f76f3eea" member_type: VOTER last_known_addr { host: "127.19.12.131" port: 36579 } }
I20260608 10:10:06.000942 24280 leader_election.cc:290] T ba68f01988ea4db2b62a8e3b98588d0c P b2d0b3865d5e42afb976f525f76f3eea [CANDIDATE]: Term 1 pre-election: Requested pre-vote from peers c87090dae7cd4d3e998b98386abdeddb (127.19.12.129:41557), efcc6f9092724c88aacc6921fa1a40d2 (127.19.12.130:36011)
I20260608 10:10:06.001451 24266 leader_election.cc:290] T 35cc54dba9174489a721ac460830a0b4 P efcc6f9092724c88aacc6921fa1a40d2 [CANDIDATE]: Term 1 pre-election: Requested pre-vote from peers c87090dae7cd4d3e998b98386abdeddb (127.19.12.129:41557), b2d0b3865d5e42afb976f525f76f3eea (127.19.12.131:36579)
I20260608 10:10:05.995373 24259 ts_tablet_manager.cc:1403] T 35cc54dba9174489a721ac460830a0b4 P b2d0b3865d5e42afb976f525f76f3eea: Time spent bootstrapping tablet: real 0.040s	user 0.010s	sys 0.003s
I20260608 10:10:06.005640 24259 raft_consensus.cc:359] T 35cc54dba9174489a721ac460830a0b4 P b2d0b3865d5e42afb976f525f76f3eea [term 0 FOLLOWER]: Replica starting. Triggering 0 pending ops. Active config: opid_index: -1 OBSOLETE_local: false peers { permanent_uuid: "c87090dae7cd4d3e998b98386abdeddb" member_type: VOTER last_known_addr { host: "127.19.12.129" port: 41557 } } peers { permanent_uuid: "efcc6f9092724c88aacc6921fa1a40d2" member_type: VOTER last_known_addr { host: "127.19.12.130" port: 36011 } } peers { permanent_uuid: "b2d0b3865d5e42afb976f525f76f3eea" member_type: VOTER last_known_addr { host: "127.19.12.131" port: 36579 } }
I20260608 10:10:06.008848 24259 raft_consensus.cc:385] T 35cc54dba9174489a721ac460830a0b4 P b2d0b3865d5e42afb976f525f76f3eea [term 0 FOLLOWER]: Consensus starting up: Expiring failure detector timer to make a prompt election more likely
I20260608 10:10:06.009258 24259 raft_consensus.cc:740] T 35cc54dba9174489a721ac460830a0b4 P b2d0b3865d5e42afb976f525f76f3eea [term 0 FOLLOWER]: Becoming Follower/Learner. State: Replica: b2d0b3865d5e42afb976f525f76f3eea, State: Initialized, Role: FOLLOWER
I20260608 10:10:06.010177 24259 consensus_queue.cc:260] T 35cc54dba9174489a721ac460830a0b4 P b2d0b3865d5e42afb976f525f76f3eea [NON_LEADER]: Queue going to NON_LEADER mode. State: All replicated index: 0, Majority replicated index: 0, Committed index: 0, Last appended: 0.0, Last appended by leader: 0, Current term: 0, Majority size: -1, State: 0, Mode: NON_LEADER, active raft config: opid_index: -1 OBSOLETE_local: false peers { permanent_uuid: "c87090dae7cd4d3e998b98386abdeddb" member_type: VOTER last_known_addr { host: "127.19.12.129" port: 41557 } } peers { permanent_uuid: "efcc6f9092724c88aacc6921fa1a40d2" member_type: VOTER last_known_addr { host: "127.19.12.130" port: 36011 } } peers { permanent_uuid: "b2d0b3865d5e42afb976f525f76f3eea" member_type: VOTER last_known_addr { host: "127.19.12.131" port: 36579 } }
I20260608 10:10:06.016446 24259 ts_tablet_manager.cc:1434] T 35cc54dba9174489a721ac460830a0b4 P b2d0b3865d5e42afb976f525f76f3eea: Time spent starting tablet: real 0.014s	user 0.007s	sys 0.000s
I20260608 10:10:06.019857 24259 tablet_bootstrap.cc:492] T 38b18c88599e4ce8902c431ce2b99239 P b2d0b3865d5e42afb976f525f76f3eea: Bootstrap starting.
I20260608 10:10:06.027100 24260 tablet_bootstrap.cc:492] T 48f865cd3f734439b20ba36140740d5c P c87090dae7cd4d3e998b98386abdeddb: No bootstrap required, opened a new log
I20260608 10:10:06.033188 24260 ts_tablet_manager.cc:1403] T 48f865cd3f734439b20ba36140740d5c P c87090dae7cd4d3e998b98386abdeddb: Time spent bootstrapping tablet: real 0.061s	user 0.012s	sys 0.001s
I20260608 10:10:06.034978 24214 tablet_service.cc:1917] Received RequestConsensusVote() RPC: tablet_id: "ba68f01988ea4db2b62a8e3b98588d0c" candidate_uuid: "c87090dae7cd4d3e998b98386abdeddb" candidate_term: 1 candidate_status { last_received { term: 0 index: 0 } } ignore_live_leader: false dest_uuid: "b2d0b3865d5e42afb976f525f76f3eea" is_pre_election: true
I20260608 10:10:06.035418 24065 tablet_service.cc:1917] Received RequestConsensusVote() RPC: tablet_id: "a1d03b31298943c6978bcef721329f79" candidate_uuid: "b2d0b3865d5e42afb976f525f76f3eea" candidate_term: 1 candidate_status { last_received { term: 0 index: 0 } } ignore_live_leader: false dest_uuid: "c87090dae7cd4d3e998b98386abdeddb" is_pre_election: true
I20260608 10:10:06.036721 24064 tablet_service.cc:1917] Received RequestConsensusVote() RPC: tablet_id: "ba68f01988ea4db2b62a8e3b98588d0c" candidate_uuid: "b2d0b3865d5e42afb976f525f76f3eea" candidate_term: 1 candidate_status { last_received { term: 0 index: 0 } } ignore_live_leader: false dest_uuid: "c87090dae7cd4d3e998b98386abdeddb" is_pre_election: true
I20260608 10:10:06.037417 24064 raft_consensus.cc:2468] T ba68f01988ea4db2b62a8e3b98588d0c P c87090dae7cd4d3e998b98386abdeddb [term 0 FOLLOWER]: Leader pre-election vote request: Granting yes vote for candidate b2d0b3865d5e42afb976f525f76f3eea in term 0.
I20260608 10:10:06.035833 24214 raft_consensus.cc:2468] T ba68f01988ea4db2b62a8e3b98588d0c P b2d0b3865d5e42afb976f525f76f3eea [term 0 FOLLOWER]: Leader pre-election vote request: Granting yes vote for candidate c87090dae7cd4d3e998b98386abdeddb in term 0.
I20260608 10:10:06.039784 24140 tablet_service.cc:1917] Received RequestConsensusVote() RPC: tablet_id: "ba68f01988ea4db2b62a8e3b98588d0c" candidate_uuid: "c87090dae7cd4d3e998b98386abdeddb" candidate_term: 1 candidate_status { last_received { term: 0 index: 0 } } ignore_live_leader: false dest_uuid: "efcc6f9092724c88aacc6921fa1a40d2" is_pre_election: true
I20260608 10:10:06.041450 24140 raft_consensus.cc:2468] T ba68f01988ea4db2b62a8e3b98588d0c P efcc6f9092724c88aacc6921fa1a40d2 [term 0 FOLLOWER]: Leader pre-election vote request: Granting yes vote for candidate c87090dae7cd4d3e998b98386abdeddb in term 0.
W20260608 10:10:06.039212 24179 leader_election.cc:343] T a1d03b31298943c6978bcef721329f79 P b2d0b3865d5e42afb976f525f76f3eea [CANDIDATE]: Term 1 pre-election: Tablet error from VoteRequest() call to peer c87090dae7cd4d3e998b98386abdeddb (127.19.12.129:41557): Illegal state: must be running to vote when last-logged opid is not known
