W20260608 10:10:06.203816 24103 leader_election.cc:343] T 84c20cc87fb7473185e3dd97782c8a15 P efcc6f9092724c88aacc6921fa1a40d2 [CANDIDATE]: Term 1 election: Tablet error from VoteRequest() call to peer b2d0b3865d5e42afb976f525f76f3eea (127.19.12.131:36579): Illegal state: must be running to vote when last-logged opid is not known
I20260608 10:10:06.204860 24265 raft_consensus.cc:493] T 48f865cd3f734439b20ba36140740d5c P b2d0b3865d5e42afb976f525f76f3eea [term 0 FOLLOWER]: Starting pre-election (no leader contacted us within the election timeout)
I20260608 10:10:06.204978 24103 leader_election.cc:304] T 35cc54dba9174489a721ac460830a0b4 P efcc6f9092724c88aacc6921fa1a40d2 [CANDIDATE]: Term 1 election: Election decided. Result: candidate won. Election summary: received 3 responses out of 3 voters: 2 yes votes; 1 no votes. yes voters: b2d0b3865d5e42afb976f525f76f3eea, efcc6f9092724c88aacc6921fa1a40d2; no voters: c87090dae7cd4d3e998b98386abdeddb
I20260608 10:10:06.202299 24280 raft_consensus.cc:515] T 38b18c88599e4ce8902c431ce2b99239 P b2d0b3865d5e42afb976f525f76f3eea [term 1 FOLLOWER]: Starting leader election with config: opid_index: -1 OBSOLETE_local: false peers { permanent_uuid: "c87090dae7cd4d3e998b98386abdeddb" member_type: VOTER last_known_addr { host: "127.19.12.129" port: 41557 } } peers { permanent_uuid: "efcc6f9092724c88aacc6921fa1a40d2" member_type: VOTER last_known_addr { host: "127.19.12.130" port: 36011 } } peers { permanent_uuid: "b2d0b3865d5e42afb976f525f76f3eea" member_type: VOTER last_known_addr { host: "127.19.12.131" port: 36579 } }
I20260608 10:10:06.205528 24265 raft_consensus.cc:515] T 48f865cd3f734439b20ba36140740d5c P b2d0b3865d5e42afb976f525f76f3eea [term 0 FOLLOWER]: Starting pre-election with config: opid_index: -1 OBSOLETE_local: false peers { permanent_uuid: "c87090dae7cd4d3e998b98386abdeddb" member_type: VOTER last_known_addr { host: "127.19.12.129" port: 41557 } } peers { permanent_uuid: "efcc6f9092724c88aacc6921fa1a40d2" member_type: VOTER last_known_addr { host: "127.19.12.130" port: 36011 } } peers { permanent_uuid: "b2d0b3865d5e42afb976f525f76f3eea" member_type: VOTER last_known_addr { host: "127.19.12.131" port: 36579 } }
I20260608 10:10:06.205891 24266 raft_consensus.cc:2804] T 35cc54dba9174489a721ac460830a0b4 P efcc6f9092724c88aacc6921fa1a40d2 [term 1 FOLLOWER]: Leader election won for term 1
I20260608 10:10:06.215122 24266 raft_consensus.cc:697] T 35cc54dba9174489a721ac460830a0b4 P efcc6f9092724c88aacc6921fa1a40d2 [term 1 LEADER]: Becoming Leader. State: Replica: efcc6f9092724c88aacc6921fa1a40d2, State: Running, Role: LEADER
I20260608 10:10:06.216220 24266 consensus_queue.cc:237] T 35cc54dba9174489a721ac460830a0b4 P efcc6f9092724c88aacc6921fa1a40d2 [LEADER]: Queue going to LEADER mode. State: All replicated index: 0, Majority replicated index: 0, Committed index: 0, Last appended: 0.0, Last appended by leader: 0, Current term: 1, Majority size: 2, State: 0, Mode: LEADER, active raft config: opid_index: -1 OBSOLETE_local: false peers { permanent_uuid: "c87090dae7cd4d3e998b98386abdeddb" member_type: VOTER last_known_addr { host: "127.19.12.129" port: 41557 } } peers { permanent_uuid: "efcc6f9092724c88aacc6921fa1a40d2" member_type: VOTER last_known_addr { host: "127.19.12.130" port: 36011 } } peers { permanent_uuid: "b2d0b3865d5e42afb976f525f76f3eea" member_type: VOTER last_known_addr { host: "127.19.12.131" port: 36579 } }
I20260608 10:10:06.219229 24064 tablet_service.cc:1917] Received RequestConsensusVote() RPC: tablet_id: "38b18c88599e4ce8902c431ce2b99239" candidate_uuid: "b2d0b3865d5e42afb976f525f76f3eea" candidate_term: 1 candidate_status { last_received { term: 0 index: 0 } } ignore_live_leader: false dest_uuid: "c87090dae7cd4d3e998b98386abdeddb"
W20260608 10:10:06.224468 24179 leader_election.cc:343] T 38b18c88599e4ce8902c431ce2b99239 P b2d0b3865d5e42afb976f525f76f3eea [CANDIDATE]: Term 1 election: Tablet error from VoteRequest() call to peer c87090dae7cd4d3e998b98386abdeddb (127.19.12.129:41557): Illegal state: must be running to vote when last-logged opid is not known
I20260608 10:10:06.220378 24280 leader_election.cc:290] T 38b18c88599e4ce8902c431ce2b99239 P b2d0b3865d5e42afb976f525f76f3eea [CANDIDATE]: Term 1 election: Requested vote from peers c87090dae7cd4d3e998b98386abdeddb (127.19.12.129:41557), efcc6f9092724c88aacc6921fa1a40d2 (127.19.12.130:36011)
I20260608 10:10:06.219276 24138 tablet_service.cc:1917] Received RequestConsensusVote() RPC: tablet_id: "38b18c88599e4ce8902c431ce2b99239" candidate_uuid: "b2d0b3865d5e42afb976f525f76f3eea" candidate_term: 1 candidate_status { last_received { term: 0 index: 0 } } ignore_live_leader: false dest_uuid: "efcc6f9092724c88aacc6921fa1a40d2"
I20260608 10:10:06.228092 24138 raft_consensus.cc:3060] T 38b18c88599e4ce8902c431ce2b99239 P efcc6f9092724c88aacc6921fa1a40d2 [term 0 FOLLOWER]: Advancing to term 1
I20260608 10:10:06.229329 24265 leader_election.cc:290] T 48f865cd3f734439b20ba36140740d5c P b2d0b3865d5e42afb976f525f76f3eea [CANDIDATE]: Term 1 pre-election: Requested pre-vote from peers c87090dae7cd4d3e998b98386abdeddb (127.19.12.129:41557), efcc6f9092724c88aacc6921fa1a40d2 (127.19.12.130:36011)
I20260608 10:10:06.231230 24262 tablet_bootstrap.cc:654] T 75a95f03f7be4dada865089ad959ed16 P efcc6f9092724c88aacc6921fa1a40d2: Neither blocks nor log segments found. Creating new log.
I20260608 10:10:06.232951 24140 tablet_service.cc:1917] Received RequestConsensusVote() RPC: tablet_id: "48f865cd3f734439b20ba36140740d5c" candidate_uuid: "b2d0b3865d5e42afb976f525f76f3eea" candidate_term: 1 candidate_status { last_received { term: 0 index: 0 } } ignore_live_leader: false dest_uuid: "efcc6f9092724c88aacc6921fa1a40d2" is_pre_election: true
I20260608 10:10:06.234510 24064 tablet_service.cc:1917] Received RequestConsensusVote() RPC: tablet_id: "48f865cd3f734439b20ba36140740d5c" candidate_uuid: "b2d0b3865d5e42afb976f525f76f3eea" candidate_term: 1 candidate_status { last_received { term: 0 index: 0 } } ignore_live_leader: false dest_uuid: "c87090dae7cd4d3e998b98386abdeddb" is_pre_election: true
I20260608 10:10:06.235630 24064 raft_consensus.cc:2468] T 48f865cd3f734439b20ba36140740d5c P c87090dae7cd4d3e998b98386abdeddb [term 0 FOLLOWER]: Leader pre-election vote request: Granting yes vote for candidate b2d0b3865d5e42afb976f525f76f3eea in term 0.
W20260608 10:10:06.237710 24178 leader_election.cc:343] T 48f865cd3f734439b20ba36140740d5c P b2d0b3865d5e42afb976f525f76f3eea [CANDIDATE]: Term 1 pre-election: Tablet error from VoteRequest() call to peer efcc6f9092724c88aacc6921fa1a40d2 (127.19.12.130:36011): Illegal state: must be running to vote when last-logged opid is not known
I20260608 10:10:06.238741 24179 leader_election.cc:304] T 48f865cd3f734439b20ba36140740d5c P b2d0b3865d5e42afb976f525f76f3eea [CANDIDATE]: Term 1 pre-election: Election decided. Result: candidate won. Election summary: received 3 responses out of 3 voters: 2 yes votes; 1 no votes. yes voters: b2d0b3865d5e42afb976f525f76f3eea, c87090dae7cd4d3e998b98386abdeddb; no voters: efcc6f9092724c88aacc6921fa1a40d2
I20260608 10:10:06.240216 24265 raft_consensus.cc:2804] T 48f865cd3f734439b20ba36140740d5c P b2d0b3865d5e42afb976f525f76f3eea [term 0 FOLLOWER]: Leader pre-election won for term 1
I20260608 10:10:06.240630 24265 raft_consensus.cc:493] T 48f865cd3f734439b20ba36140740d5c P b2d0b3865d5e42afb976f525f76f3eea [term 0 FOLLOWER]: Starting leader election (no leader contacted us within the election timeout)
I20260608 10:10:06.240960 24265 raft_consensus.cc:3060] T 48f865cd3f734439b20ba36140740d5c P b2d0b3865d5e42afb976f525f76f3eea [term 0 FOLLOWER]: Advancing to term 1
I20260608 10:10:06.243177 24138 raft_consensus.cc:2468] T 38b18c88599e4ce8902c431ce2b99239 P efcc6f9092724c88aacc6921fa1a40d2 [term 1 FOLLOWER]: Leader election vote request: Granting yes vote for candidate b2d0b3865d5e42afb976f525f76f3eea in term 1.
I20260608 10:10:06.247813 24260 tablet_bootstrap.cc:492] T 35cc54dba9174489a721ac460830a0b4 P c87090dae7cd4d3e998b98386abdeddb: No bootstrap required, opened a new log
I20260608 10:10:06.248467 24260 ts_tablet_manager.cc:1403] T 35cc54dba9174489a721ac460830a0b4 P c87090dae7cd4d3e998b98386abdeddb: Time spent bootstrapping tablet: real 0.152s	user 0.010s	sys 0.006s
I20260608 10:10:06.250223 24178 leader_election.cc:304] T 38b18c88599e4ce8902c431ce2b99239 P b2d0b3865d5e42afb976f525f76f3eea [CANDIDATE]: Term 1 election: Election decided. Result: candidate won. Election summary: received 3 responses out of 3 voters: 2 yes votes; 1 no votes. yes voters: b2d0b3865d5e42afb976f525f76f3eea, efcc6f9092724c88aacc6921fa1a40d2; no voters: c87090dae7cd4d3e998b98386abdeddb
I20260608 10:10:06.251767 24298 raft_consensus.cc:2804] T 38b18c88599e4ce8902c431ce2b99239 P b2d0b3865d5e42afb976f525f76f3eea [term 1 FOLLOWER]: Leader election won for term 1
I20260608 10:10:06.252317 24298 raft_consensus.cc:697] T 38b18c88599e4ce8902c431ce2b99239 P b2d0b3865d5e42afb976f525f76f3eea [term 1 LEADER]: Becoming Leader. State: Replica: b2d0b3865d5e42afb976f525f76f3eea, State: Running, Role: LEADER
I20260608 10:10:06.252211 24260 raft_consensus.cc:359] T 35cc54dba9174489a721ac460830a0b4 P c87090dae7cd4d3e998b98386abdeddb [term 0 FOLLOWER]: Replica starting. Triggering 0 pending ops. Active config: opid_index: -1 OBSOLETE_local: false peers { permanent_uuid: "c87090dae7cd4d3e998b98386abdeddb" member_type: VOTER last_known_addr { host: "127.19.12.129" port: 41557 } } peers { permanent_uuid: "efcc6f9092724c88aacc6921fa1a40d2" member_type: VOTER last_known_addr { host: "127.19.12.130" port: 36011 } } peers { permanent_uuid: "b2d0b3865d5e42afb976f525f76f3eea" member_type: VOTER last_known_addr { host: "127.19.12.131" port: 36579 } }
I20260608 10:10:06.253010 24260 raft_consensus.cc:385] T 35cc54dba9174489a721ac460830a0b4 P c87090dae7cd4d3e998b98386abdeddb [term 0 FOLLOWER]: Consensus starting up: Expiring failure detector timer to make a prompt election more likely
I20260608 10:10:06.253310 24260 raft_consensus.cc:740] T 35cc54dba9174489a721ac460830a0b4 P c87090dae7cd4d3e998b98386abdeddb [term 0 FOLLOWER]: Becoming Follower/Learner. State: Replica: c87090dae7cd4d3e998b98386abdeddb, State: Initialized, Role: FOLLOWER
I20260608 10:10:06.253278 24298 consensus_queue.cc:237] T 38b18c88599e4ce8902c431ce2b99239 P b2d0b3865d5e42afb976f525f76f3eea [LEADER]: Queue going to LEADER mode. State: All replicated index: 0, Majority replicated index: 0, Committed index: 0, Last appended: 0.0, Last appended by leader: 0, Current term: 1, Majority size: 2, State: 0, Mode: LEADER, active raft config: opid_index: -1 OBSOLETE_local: false peers { permanent_uuid: "c87090dae7cd4d3e998b98386abdeddb" member_type: VOTER last_known_addr { host: "127.19.12.129" port: 41557 } } peers { permanent_uuid: "efcc6f9092724c88aacc6921fa1a40d2" member_type: VOTER last_known_addr { host: "127.19.12.130" port: 36011 } } peers { permanent_uuid: "b2d0b3865d5e42afb976f525f76f3eea" member_type: VOTER last_known_addr { host: "127.19.12.131" port: 36579 } }
I20260608 10:10:06.254377 24260 consensus_queue.cc:260] T 35cc54dba9174489a721ac460830a0b4 P c87090dae7cd4d3e998b98386abdeddb [NON_LEADER]: Queue going to NON_LEADER mode. State: All replicated index: 0, Majority replicated index: 0, Committed index: 0, Last appended: 0.0, Last appended by leader: 0, Current term: 0, Majority size: -1, State: 0, Mode: NON_LEADER, active raft config: opid_index: -1 OBSOLETE_local: false peers { permanent_uuid: "c87090dae7cd4d3e998b98386abdeddb" member_type: VOTER last_known_addr { host: "127.19.12.129" port: 41557 } } peers { permanent_uuid: "efcc6f9092724c88aacc6921fa1a40d2" member_type: VOTER last_known_addr { host: "127.19.12.130" port: 36011 } } peers { permanent_uuid: "b2d0b3865d5e42afb976f525f76f3eea" member_type: VOTER last_known_addr { host: "127.19.12.131" port: 36579 } }
I20260608 10:10:06.257189 24260 ts_tablet_manager.cc:1434] T 35cc54dba9174489a721ac460830a0b4 P c87090dae7cd4d3e998b98386abdeddb: Time spent starting tablet: real 0.008s	user 0.006s	sys 0.001s
I20260608 10:10:06.259877 24259 ts_tablet_manager.cc:1434] T 8e073e7305b84a168a13d24198087044 P b2d0b3865d5e42afb976f525f76f3eea: Time spent starting tablet: real 0.074s	user 0.027s	sys 0.019s
I20260608 10:10:06.257793 24265 raft_consensus.cc:515] T 48f865cd3f734439b20ba36140740d5c P b2d0b3865d5e42afb976f525f76f3eea [term 1 FOLLOWER]: Starting leader election with config: opid_index: -1 OBSOLETE_local: false peers { permanent_uuid: "c87090dae7cd4d3e998b98386abdeddb" member_type: VOTER last_known_addr { host: "127.19.12.129" port: 41557 } } peers { permanent_uuid: "efcc6f9092724c88aacc6921fa1a40d2" member_type: VOTER last_known_addr { host: "127.19.12.130" port: 36011 } } peers { permanent_uuid: "b2d0b3865d5e42afb976f525f76f3eea" member_type: VOTER last_known_addr { host: "127.19.12.131" port: 36579 } }
I20260608 10:10:06.260782 23961 catalog_manager.cc:5696] T a1d03b31298943c6978bcef721329f79 P b2d0b3865d5e42afb976f525f76f3eea reported cstate change: term changed from 0 to 1, leader changed from <none> to b2d0b3865d5e42afb976f525f76f3eea (127.19.12.131). New cstate: current_term: 1 leader_uuid: "b2d0b3865d5e42afb976f525f76f3eea" committed_config { opid_index: -1 OBSOLETE_local: false peers { permanent_uuid: "c87090dae7cd4d3e998b98386abdeddb" member_type: VOTER last_known_addr { host: "127.19.12.129" port: 41557 } health_report { overall_health: UNKNOWN } } peers { permanent_uuid: "efcc6f9092724c88aacc6921fa1a40d2" member_type: VOTER last_known_addr { host: "127.19.12.130" port: 36011 } health_report { overall_health: UNKNOWN } } peers { permanent_uuid: "b2d0b3865d5e42afb976f525f76f3eea" member_type: VOTER last_known_addr { host: "127.19.12.131" port: 36579 } health_report { overall_health: HEALTHY } } }
I20260608 10:10:06.258328 24260 tablet_bootstrap.cc:492] T da2aedfa5a874d82ae09e118e1473f84 P c87090dae7cd4d3e998b98386abdeddb: Bootstrap starting.
I20260608 10:10:06.262943 24259 tablet_bootstrap.cc:492] T da2aedfa5a874d82ae09e118e1473f84 P b2d0b3865d5e42afb976f525f76f3eea: Bootstrap starting.
I20260608 10:10:06.262444 23960 catalog_manager.cc:5696] T 84c20cc87fb7473185e3dd97782c8a15 P efcc6f9092724c88aacc6921fa1a40d2 reported cstate change: term changed from 0 to 1, leader changed from <none> to efcc6f9092724c88aacc6921fa1a40d2 (127.19.12.130). New cstate: current_term: 1 leader_uuid: "efcc6f9092724c88aacc6921fa1a40d2" committed_config { opid_index: -1 OBSOLETE_local: false peers { permanent_uuid: "c87090dae7cd4d3e998b98386abdeddb" member_type: VOTER last_known_addr { host: "127.19.12.129" port: 41557 } health_report { overall_health: UNKNOWN } } peers { permanent_uuid: "efcc6f9092724c88aacc6921fa1a40d2" member_type: VOTER last_known_addr { host: "127.19.12.130" port: 36011 } health_report { overall_health: HEALTHY } } peers { permanent_uuid: "b2d0b3865d5e42afb976f525f76f3eea" member_type: VOTER last_known_addr { host: "127.19.12.131" port: 36579 } health_report { overall_health: UNKNOWN } } }
I20260608 10:10:06.269040 24265 leader_election.cc:290] T 48f865cd3f734439b20ba36140740d5c P b2d0b3865d5e42afb976f525f76f3eea [CANDIDATE]: Term 1 election: Requested vote from peers c87090dae7cd4d3e998b98386abdeddb (127.19.12.129:41557), efcc6f9092724c88aacc6921fa1a40d2 (127.19.12.130:36011)
I20260608 10:10:06.271469 24259 tablet_bootstrap.cc:654] T da2aedfa5a874d82ae09e118e1473f84 P b2d0b3865d5e42afb976f525f76f3eea: Neither blocks nor log segments found. Creating new log.
I20260608 10:10:06.272354 24064 tablet_service.cc:1917] Received RequestConsensusVote() RPC: tablet_id: "48f865cd3f734439b20ba36140740d5c" candidate_uuid: "b2d0b3865d5e42afb976f525f76f3eea" candidate_term: 1 candidate_status { last_received { term: 0 index: 0 } } ignore_live_leader: false dest_uuid: "c87090dae7cd4d3e998b98386abdeddb"
I20260608 10:10:06.273306 24064 raft_consensus.cc:3060] T 48f865cd3f734439b20ba36140740d5c P c87090dae7cd4d3e998b98386abdeddb [term 0 FOLLOWER]: Advancing to term 1
I20260608 10:10:06.274444 24138 tablet_service.cc:1917] Received RequestConsensusVote() RPC: tablet_id: "48f865cd3f734439b20ba36140740d5c" candidate_uuid: "b2d0b3865d5e42afb976f525f76f3eea" candidate_term: 1 candidate_status { last_received { term: 0 index: 0 } } ignore_live_leader: false dest_uuid: "efcc6f9092724c88aacc6921fa1a40d2"
W20260608 10:10:06.276584 24178 leader_election.cc:343] T 48f865cd3f734439b20ba36140740d5c P b2d0b3865d5e42afb976f525f76f3eea [CANDIDATE]: Term 1 election: Tablet error from VoteRequest() call to peer efcc6f9092724c88aacc6921fa1a40d2 (127.19.12.130:36011): Illegal state: must be running to vote when last-logged opid is not known
I20260608 10:10:06.282840 24262 tablet_bootstrap.cc:492] T 75a95f03f7be4dada865089ad959ed16 P efcc6f9092724c88aacc6921fa1a40d2: No bootstrap required, opened a new log
I20260608 10:10:06.283596 24262 ts_tablet_manager.cc:1403] T 75a95f03f7be4dada865089ad959ed16 P efcc6f9092724c88aacc6921fa1a40d2: Time spent bootstrapping tablet: real 0.088s	user 0.012s	sys 0.015s
I20260608 10:10:06.284045 24064 raft_consensus.cc:2468] T 48f865cd3f734439b20ba36140740d5c P c87090dae7cd4d3e998b98386abdeddb [term 1 FOLLOWER]: Leader election vote request: Granting yes vote for candidate b2d0b3865d5e42afb976f525f76f3eea in term 1.
I20260608 10:10:06.288383 24179 leader_election.cc:304] T 48f865cd3f734439b20ba36140740d5c P b2d0b3865d5e42afb976f525f76f3eea [CANDIDATE]: Term 1 election: Election decided. Result: candidate won. Election summary: received 3 responses out of 3 voters: 2 yes votes; 1 no votes. yes voters: b2d0b3865d5e42afb976f525f76f3eea, c87090dae7cd4d3e998b98386abdeddb; no voters: efcc6f9092724c88aacc6921fa1a40d2
I20260608 10:10:06.289888 24265 raft_consensus.cc:2804] T 48f865cd3f734439b20ba36140740d5c P b2d0b3865d5e42afb976f525f76f3eea [term 1 FOLLOWER]: Leader election won for term 1
I20260608 10:10:06.290388 24265 raft_consensus.cc:697] T 48f865cd3f734439b20ba36140740d5c P b2d0b3865d5e42afb976f525f76f3eea [term 1 LEADER]: Becoming Leader. State: Replica: b2d0b3865d5e42afb976f525f76f3eea, State: Running, Role: LEADER
I20260608 10:10:06.291023 24260 tablet_bootstrap.cc:654] T da2aedfa5a874d82ae09e118e1473f84 P c87090dae7cd4d3e998b98386abdeddb: Neither blocks nor log segments found. Creating new log.
I20260608 10:10:06.291287 24265 consensus_queue.cc:237] T 48f865cd3f734439b20ba36140740d5c P b2d0b3865d5e42afb976f525f76f3eea [LEADER]: Queue going to LEADER mode. State: All replicated index: 0, Majority replicated index: 0, Committed index: 0, Last appended: 0.0, Last appended by leader: 0, Current term: 1, Majority size: 2, State: 0, Mode: LEADER, active raft config: opid_index: -1 OBSOLETE_local: false peers { permanent_uuid: "c87090dae7cd4d3e998b98386abdeddb" member_type: VOTER last_known_addr { host: "127.19.12.129" port: 41557 } } peers { permanent_uuid: "efcc6f9092724c88aacc6921fa1a40d2" member_type: VOTER last_known_addr { host: "127.19.12.130" port: 36011 } } peers { permanent_uuid: "b2d0b3865d5e42afb976f525f76f3eea" member_type: VOTER last_known_addr { host: "127.19.12.131" port: 36579 } }
I20260608 10:10:06.288514 24259 tablet_bootstrap.cc:492] T da2aedfa5a874d82ae09e118e1473f84 P b2d0b3865d5e42afb976f525f76f3eea: No bootstrap required, opened a new log
I20260608 10:10:06.292492 24259 ts_tablet_manager.cc:1403] T da2aedfa5a874d82ae09e118e1473f84 P b2d0b3865d5e42afb976f525f76f3eea: Time spent bootstrapping tablet: real 0.032s	user 0.017s	sys 0.000s
I20260608 10:10:06.290364 24262 raft_consensus.cc:359] T 75a95f03f7be4dada865089ad959ed16 P efcc6f9092724c88aacc6921fa1a40d2 [term 0 FOLLOWER]: Replica starting. Triggering 0 pending ops. Active config: opid_index: -1 OBSOLETE_local: false peers { permanent_uuid: "c87090dae7cd4d3e998b98386abdeddb" member_type: VOTER last_known_addr { host: "127.19.12.129" port: 41557 } } peers { permanent_uuid: "efcc6f9092724c88aacc6921fa1a40d2" member_type: VOTER last_known_addr { host: "127.19.12.130" port: 36011 } } peers { permanent_uuid: "b2d0b3865d5e42afb976f525f76f3eea" member_type: VOTER last_known_addr { host: "127.19.12.131" port: 36579 } }
I20260608 10:10:06.295850 24262 raft_consensus.cc:385] T 75a95f03f7be4dada865089ad959ed16 P efcc6f9092724c88aacc6921fa1a40d2 [term 0 FOLLOWER]: Consensus starting up: Expiring failure detector timer to make a prompt election more likely
I20260608 10:10:06.296221 24262 raft_consensus.cc:740] T 75a95f03f7be4dada865089ad959ed16 P efcc6f9092724c88aacc6921fa1a40d2 [term 0 FOLLOWER]: Becoming Follower/Learner. State: Replica: efcc6f9092724c88aacc6921fa1a40d2, State: Initialized, Role: FOLLOWER
I20260608 10:10:06.295727 24259 raft_consensus.cc:359] T da2aedfa5a874d82ae09e118e1473f84 P b2d0b3865d5e42afb976f525f76f3eea [term 0 FOLLOWER]: Replica starting. Triggering 0 pending ops. Active config: opid_index: -1 OBSOLETE_local: false peers { permanent_uuid: "c87090dae7cd4d3e998b98386abdeddb" member_type: VOTER last_known_addr { host: "127.19.12.129" port: 41557 } } peers { permanent_uuid: "efcc6f9092724c88aacc6921fa1a40d2" member_type: VOTER last_known_addr { host: "127.19.12.130" port: 36011 } } peers { permanent_uuid: "b2d0b3865d5e42afb976f525f76f3eea" member_type: VOTER last_known_addr { host: "127.19.12.131" port: 36579 } }
I20260608 10:10:06.298604 24262 consensus_queue.cc:260] T 75a95f03f7be4dada865089ad959ed16 P efcc6f9092724c88aacc6921fa1a40d2 [NON_LEADER]: Queue going to NON_LEADER mode. State: All replicated index: 0, Majority replicated index: 0, Committed index: 0, Last appended: 0.0, Last appended by leader: 0, Current term: 0, Majority size: -1, State: 0, Mode: NON_LEADER, active raft config: opid_index: -1 OBSOLETE_local: false peers { permanent_uuid: "c87090dae7cd4d3e998b98386abdeddb" member_type: VOTER last_known_addr { host: "127.19.12.129" port: 41557 } } peers { permanent_uuid: "efcc6f9092724c88aacc6921fa1a40d2" member_type: VOTER last_known_addr { host: "127.19.12.130" port: 36011 } } peers { permanent_uuid: "b2d0b3865d5e42afb976f525f76f3eea" member_type: VOTER last_known_addr { host: "127.19.12.131" port: 36579 } }
I20260608 10:10:06.299084 24259 raft_consensus.cc:385] T da2aedfa5a874d82ae09e118e1473f84 P b2d0b3865d5e42afb976f525f76f3eea [term 0 FOLLOWER]: Consensus starting up: Expiring failure detector timer to make a prompt election more likely
I20260608 10:10:06.299420 24259 raft_consensus.cc:740] T da2aedfa5a874d82ae09e118e1473f84 P b2d0b3865d5e42afb976f525f76f3eea [term 0 FOLLOWER]: Becoming Follower/Learner. State: Replica: b2d0b3865d5e42afb976f525f76f3eea, State: Initialized, Role: FOLLOWER
I20260608 10:10:06.300349 24259 consensus_queue.cc:260] T da2aedfa5a874d82ae09e118e1473f84 P b2d0b3865d5e42afb976f525f76f3eea [NON_LEADER]: Queue going to NON_LEADER mode. State: All replicated index: 0, Majority replicated index: 0, Committed index: 0, Last appended: 0.0, Last appended by leader: 0, Current term: 0, Majority size: -1, State: 0, Mode: NON_LEADER, active raft config: opid_index: -1 OBSOLETE_local: false peers { permanent_uuid: "c87090dae7cd4d3e998b98386abdeddb" member_type: VOTER last_known_addr { host: "127.19.12.129" port: 41557 } } peers { permanent_uuid: "efcc6f9092724c88aacc6921fa1a40d2" member_type: VOTER last_known_addr { host: "127.19.12.130" port: 36011 } } peers { permanent_uuid: "b2d0b3865d5e42afb976f525f76f3eea" member_type: VOTER last_known_addr { host: "127.19.12.131" port: 36579 } }
I20260608 10:10:06.302594 24259 ts_tablet_manager.cc:1434] T da2aedfa5a874d82ae09e118e1473f84 P b2d0b3865d5e42afb976f525f76f3eea: Time spent starting tablet: real 0.010s	user 0.005s	sys 0.000s
I20260608 10:10:06.302666 24262 ts_tablet_manager.cc:1434] T 75a95f03f7be4dada865089ad959ed16 P efcc6f9092724c88aacc6921fa1a40d2: Time spent starting tablet: real 0.018s	user 0.005s	sys 0.001s
I20260608 10:10:06.303637 24259 tablet_bootstrap.cc:492] T 5c5d6400042d4b7784a30fa43586ce32 P b2d0b3865d5e42afb976f525f76f3eea: Bootstrap starting.
I20260608 10:10:06.303640 24262 tablet_bootstrap.cc:492] T 48f865cd3f734439b20ba36140740d5c P efcc6f9092724c88aacc6921fa1a40d2: Bootstrap starting.
I20260608 10:10:06.308460 23960 catalog_manager.cc:5696] T 35cc54dba9174489a721ac460830a0b4 P efcc6f9092724c88aacc6921fa1a40d2 reported cstate change: term changed from 0 to 1, leader changed from <none> to efcc6f9092724c88aacc6921fa1a40d2 (127.19.12.130). New cstate: current_term: 1 leader_uuid: "efcc6f9092724c88aacc6921fa1a40d2" committed_config { opid_index: -1 OBSOLETE_local: false peers { permanent_uuid: "c87090dae7cd4d3e998b98386abdeddb" member_type: VOTER last_known_addr { host: "127.19.12.129" port: 41557 } health_report { overall_health: UNKNOWN } } peers { permanent_uuid: "efcc6f9092724c88aacc6921fa1a40d2" member_type: VOTER last_known_addr { host: "127.19.12.130" port: 36011 } health_report { overall_health: HEALTHY } } peers { permanent_uuid: "b2d0b3865d5e42afb976f525f76f3eea" member_type: VOTER last_known_addr { host: "127.19.12.131" port: 36579 } health_report { overall_health: UNKNOWN } } }
I20260608 10:10:06.310596 24259 tablet_bootstrap.cc:654] T 5c5d6400042d4b7784a30fa43586ce32 P b2d0b3865d5e42afb976f525f76f3eea: Neither blocks nor log segments found. Creating new log.
I20260608 10:10:06.317401 24262 tablet_bootstrap.cc:654] T 48f865cd3f734439b20ba36140740d5c P efcc6f9092724c88aacc6921fa1a40d2: Neither blocks nor log segments found. Creating new log.
I20260608 10:10:06.330510 23960 catalog_manager.cc:5696] T 48f865cd3f734439b20ba36140740d5c P b2d0b3865d5e42afb976f525f76f3eea reported cstate change: term changed from 0 to 1, leader changed from <none> to b2d0b3865d5e42afb976f525f76f3eea (127.19.12.131). New cstate: current_term: 1 leader_uuid: "b2d0b3865d5e42afb976f525f76f3eea" committed_config { opid_index: -1 OBSOLETE_local: false peers { permanent_uuid: "c87090dae7cd4d3e998b98386abdeddb" member_type: VOTER last_known_addr { host: "127.19.12.129" port: 41557 } health_report { overall_health: UNKNOWN } } peers { permanent_uuid: "efcc6f9092724c88aacc6921fa1a40d2" member_type: VOTER last_known_addr { host: "127.19.12.130" port: 36011 } health_report { overall_health: UNKNOWN } } peers { permanent_uuid: "b2d0b3865d5e42afb976f525f76f3eea" member_type: VOTER last_known_addr { host: "127.19.12.131" port: 36579 } health_report { overall_health: HEALTHY } } }
I20260608 10:10:06.335116 23960 catalog_manager.cc:5696] T 38b18c88599e4ce8902c431ce2b99239 P b2d0b3865d5e42afb976f525f76f3eea reported cstate change: term changed from 0 to 1, leader changed from <none> to b2d0b3865d5e42afb976f525f76f3eea (127.19.12.131). New cstate: current_term: 1 leader_uuid: "b2d0b3865d5e42afb976f525f76f3eea" committed_config { opid_index: -1 OBSOLETE_local: false peers { permanent_uuid: "c87090dae7cd4d3e998b98386abdeddb" member_type: VOTER last_known_addr { host: "127.19.12.129" port: 41557 } health_report { overall_health: UNKNOWN } } peers { permanent_uuid: "efcc6f9092724c88aacc6921fa1a40d2" member_type: VOTER last_known_addr { host: "127.19.12.130" port: 36011 } health_report { overall_health: UNKNOWN } } peers { permanent_uuid: "b2d0b3865d5e42afb976f525f76f3eea" member_type: VOTER last_known_addr { host: "127.19.12.131" port: 36579 } health_report { overall_health: HEALTHY } } }
I20260608 10:10:06.337097 24260 tablet_bootstrap.cc:492] T da2aedfa5a874d82ae09e118e1473f84 P c87090dae7cd4d3e998b98386abdeddb: No bootstrap required, opened a new log
I20260608 10:10:06.337754 24260 ts_tablet_manager.cc:1403] T da2aedfa5a874d82ae09e118e1473f84 P c87090dae7cd4d3e998b98386abdeddb: Time spent bootstrapping tablet: real 0.080s	user 0.024s	sys 0.009s
I20260608 10:10:06.341902 24260 raft_consensus.cc:359] T da2aedfa5a874d82ae09e118e1473f84 P c87090dae7cd4d3e998b98386abdeddb [term 0 FOLLOWER]: Replica starting. Triggering 0 pending ops. Active config: opid_index: -1 OBSOLETE_local: false peers { permanent_uuid: "c87090dae7cd4d3e998b98386abdeddb" member_type: VOTER last_known_addr { host: "127.19.12.129" port: 41557 } } peers { permanent_uuid: "efcc6f9092724c88aacc6921fa1a40d2" member_type: VOTER last_known_addr { host: "127.19.12.130" port: 36011 } } peers { permanent_uuid: "b2d0b3865d5e42afb976f525f76f3eea" member_type: VOTER last_known_addr { host: "127.19.12.131" port: 36579 } }
I20260608 10:10:06.342785 24260 raft_consensus.cc:385] T da2aedfa5a874d82ae09e118e1473f84 P c87090dae7cd4d3e998b98386abdeddb [term 0 FOLLOWER]: Consensus starting up: Expiring failure detector timer to make a prompt election more likely
I20260608 10:10:06.343143 24260 raft_consensus.cc:740] T da2aedfa5a874d82ae09e118e1473f84 P c87090dae7cd4d3e998b98386abdeddb [term 0 FOLLOWER]: Becoming Follower/Learner. State: Replica: c87090dae7cd4d3e998b98386abdeddb, State: Initialized, Role: FOLLOWER
I20260608 10:10:06.344072 24260 consensus_queue.cc:260] T da2aedfa5a874d82ae09e118e1473f84 P c87090dae7cd4d3e998b98386abdeddb [NON_LEADER]: Queue going to NON_LEADER mode. State: All replicated index: 0, Majority replicated index: 0, Committed index: 0, Last appended: 0.0, Last appended by leader: 0, Current term: 0, Majority size: -1, State: 0, Mode: NON_LEADER, active raft config: opid_index: -1 OBSOLETE_local: false peers { permanent_uuid: "c87090dae7cd4d3e998b98386abdeddb" member_type: VOTER last_known_addr { host: "127.19.12.129" port: 41557 } } peers { permanent_uuid: "efcc6f9092724c88aacc6921fa1a40d2" member_type: VOTER last_known_addr { host: "127.19.12.130" port: 36011 } } peers { permanent_uuid: "b2d0b3865d5e42afb976f525f76f3eea" member_type: VOTER last_known_addr { host: "127.19.12.131" port: 36579 } }
I20260608 10:10:06.346833 24260 ts_tablet_manager.cc:1434] T da2aedfa5a874d82ae09e118e1473f84 P c87090dae7cd4d3e998b98386abdeddb: Time spent starting tablet: real 0.009s	user 0.007s	sys 0.000s
I20260608 10:10:06.348054 24260 tablet_bootstrap.cc:492] T 470255209c39430e93cf5a9c0b8ac08d P c87090dae7cd4d3e998b98386abdeddb: Bootstrap starting.
I20260608 10:10:06.354030 24259 tablet_bootstrap.cc:492] T 5c5d6400042d4b7784a30fa43586ce32 P b2d0b3865d5e42afb976f525f76f3eea: No bootstrap required, opened a new log
I20260608 10:10:06.354547 24259 ts_tablet_manager.cc:1403] T 5c5d6400042d4b7784a30fa43586ce32 P b2d0b3865d5e42afb976f525f76f3eea: Time spent bootstrapping tablet: real 0.051s	user 0.014s	sys 0.031s
I20260608 10:10:06.355029 24260 tablet_bootstrap.cc:654] T 470255209c39430e93cf5a9c0b8ac08d P c87090dae7cd4d3e998b98386abdeddb: Neither blocks nor log segments found. Creating new log.
I20260608 10:10:06.356738 24262 tablet_bootstrap.cc:492] T 48f865cd3f734439b20ba36140740d5c P efcc6f9092724c88aacc6921fa1a40d2: No bootstrap required, opened a new log
I20260608 10:10:06.357237 24262 ts_tablet_manager.cc:1403] T 48f865cd3f734439b20ba36140740d5c P efcc6f9092724c88aacc6921fa1a40d2: Time spent bootstrapping tablet: real 0.054s	user 0.015s	sys 0.021s
I20260608 10:10:06.357633 24259 raft_consensus.cc:359] T 5c5d6400042d4b7784a30fa43586ce32 P b2d0b3865d5e42afb976f525f76f3eea [term 0 FOLLOWER]: Replica starting. Triggering 0 pending ops. Active config: opid_index: -1 OBSOLETE_local: false peers { permanent_uuid: "c87090dae7cd4d3e998b98386abdeddb" member_type: VOTER last_known_addr { host: "127.19.12.129" port: 41557 } } peers { permanent_uuid: "efcc6f9092724c88aacc6921fa1a40d2" member_type: VOTER last_known_addr { host: "127.19.12.130" port: 36011 } } peers { permanent_uuid: "b2d0b3865d5e42afb976f525f76f3eea" member_type: VOTER last_known_addr { host: "127.19.12.131" port: 36579 } }
I20260608 10:10:06.358345 24259 raft_consensus.cc:385] T 5c5d6400042d4b7784a30fa43586ce32 P b2d0b3865d5e42afb976f525f76f3eea [term 0 FOLLOWER]: Consensus starting up: Expiring failure detector timer to make a prompt election more likely
I20260608 10:10:06.358629 24259 raft_consensus.cc:740] T 5c5d6400042d4b7784a30fa43586ce32 P b2d0b3865d5e42afb976f525f76f3eea [term 0 FOLLOWER]: Becoming Follower/Learner. State: Replica: b2d0b3865d5e42afb976f525f76f3eea, State: Initialized, Role: FOLLOWER
I20260608 10:10:06.359441 24259 consensus_queue.cc:260] T 5c5d6400042d4b7784a30fa43586ce32 P b2d0b3865d5e42afb976f525f76f3eea [NON_LEADER]: Queue going to NON_LEADER mode. State: All replicated index: 0, Majority replicated index: 0, Committed index: 0, Last appended: 0.0, Last appended by leader: 0, Current term: 0, Majority size: -1, State: 0, Mode: NON_LEADER, active raft config: opid_index: -1 OBSOLETE_local: false peers { permanent_uuid: "c87090dae7cd4d3e998b98386abdeddb" member_type: VOTER last_known_addr { host: "127.19.12.129" port: 41557 } } peers { permanent_uuid: "efcc6f9092724c88aacc6921fa1a40d2" member_type: VOTER last_known_addr { host: "127.19.12.130" port: 36011 } } peers { permanent_uuid: "b2d0b3865d5e42afb976f525f76f3eea" member_type: VOTER last_known_addr { host: "127.19.12.131" port: 36579 } }
I20260608 10:10:06.360069 24262 raft_consensus.cc:359] T 48f865cd3f734439b20ba36140740d5c P efcc6f9092724c88aacc6921fa1a40d2 [term 0 FOLLOWER]: Replica starting. Triggering 0 pending ops. Active config: opid_index: -1 OBSOLETE_local: false peers { permanent_uuid: "c87090dae7cd4d3e998b98386abdeddb" member_type: VOTER last_known_addr { host: "127.19.12.129" port: 41557 } } peers { permanent_uuid: "efcc6f9092724c88aacc6921fa1a40d2" member_type: VOTER last_known_addr { host: "127.19.12.130" port: 36011 } } peers { permanent_uuid: "b2d0b3865d5e42afb976f525f76f3eea" member_type: VOTER last_known_addr { host: "127.19.12.131" port: 36579 } }
I20260608 10:10:06.360785 24262 raft_consensus.cc:385] T 48f865cd3f734439b20ba36140740d5c P efcc6f9092724c88aacc6921fa1a40d2 [term 0 FOLLOWER]: Consensus starting up: Expiring failure detector timer to make a prompt election more likely
I20260608 10:10:06.361065 24262 raft_consensus.cc:740] T 48f865cd3f734439b20ba36140740d5c P efcc6f9092724c88aacc6921fa1a40d2 [term 0 FOLLOWER]: Becoming Follower/Learner. State: Replica: efcc6f9092724c88aacc6921fa1a40d2, State: Initialized, Role: FOLLOWER
I20260608 10:10:06.361791 24262 consensus_queue.cc:260] T 48f865cd3f734439b20ba36140740d5c P efcc6f9092724c88aacc6921fa1a40d2 [NON_LEADER]: Queue going to NON_LEADER mode. State: All replicated index: 0, Majority replicated index: 0, Committed index: 0, Last appended: 0.0, Last appended by leader: 0, Current term: 0, Majority size: -1, State: 0, Mode: NON_LEADER, active raft config: opid_index: -1 OBSOLETE_local: false peers { permanent_uuid: "c87090dae7cd4d3e998b98386abdeddb" member_type: VOTER last_known_addr { host: "127.19.12.129" port: 41557 } } peers { permanent_uuid: "efcc6f9092724c88aacc6921fa1a40d2" member_type: VOTER last_known_addr { host: "127.19.12.130" port: 36011 } } peers { permanent_uuid: "b2d0b3865d5e42afb976f525f76f3eea" member_type: VOTER last_known_addr { host: "127.19.12.131" port: 36579 } }
I20260608 10:10:06.362193 24259 ts_tablet_manager.cc:1434] T 5c5d6400042d4b7784a30fa43586ce32 P b2d0b3865d5e42afb976f525f76f3eea: Time spent starting tablet: real 0.007s	user 0.006s	sys 0.000s
I20260608 10:10:06.363344 24259 tablet_bootstrap.cc:492] T 84c20cc87fb7473185e3dd97782c8a15 P b2d0b3865d5e42afb976f525f76f3eea: Bootstrap starting.
I20260608 10:10:06.367427 24262 ts_tablet_manager.cc:1434] T 48f865cd3f734439b20ba36140740d5c P efcc6f9092724c88aacc6921fa1a40d2: Time spent starting tablet: real 0.010s	user 0.007s	sys 0.000s
I20260608 10:10:06.368556 24262 tablet_bootstrap.cc:492] T 470255209c39430e93cf5a9c0b8ac08d P efcc6f9092724c88aacc6921fa1a40d2: Bootstrap starting.
I20260608 10:10:06.369375 24259 tablet_bootstrap.cc:654] T 84c20cc87fb7473185e3dd97782c8a15 P b2d0b3865d5e42afb976f525f76f3eea: Neither blocks nor log segments found. Creating new log.
I20260608 10:10:06.374414 24262 tablet_bootstrap.cc:654] T 470255209c39430e93cf5a9c0b8ac08d P efcc6f9092724c88aacc6921fa1a40d2: Neither blocks nor log segments found. Creating new log.
I20260608 10:10:06.380967 24262 tablet_bootstrap.cc:492] T 470255209c39430e93cf5a9c0b8ac08d P efcc6f9092724c88aacc6921fa1a40d2: No bootstrap required, opened a new log
I20260608 10:10:06.381389 24262 ts_tablet_manager.cc:1403] T 470255209c39430e93cf5a9c0b8ac08d P efcc6f9092724c88aacc6921fa1a40d2: Time spent bootstrapping tablet: real 0.013s	user 0.007s	sys 0.004s
I20260608 10:10:06.383725 24262 raft_consensus.cc:359] T 470255209c39430e93cf5a9c0b8ac08d P efcc6f9092724c88aacc6921fa1a40d2 [term 0 FOLLOWER]: Replica starting. Triggering 0 pending ops. Active config: opid_index: -1 OBSOLETE_local: false peers { permanent_uuid: "c87090dae7cd4d3e998b98386abdeddb" member_type: VOTER last_known_addr { host: "127.19.12.129" port: 41557 } } peers { permanent_uuid: "efcc6f9092724c88aacc6921fa1a40d2" member_type: VOTER last_known_addr { host: "127.19.12.130" port: 36011 } } peers { permanent_uuid: "b2d0b3865d5e42afb976f525f76f3eea" member_type: VOTER last_known_addr { host: "127.19.12.131" port: 36579 } }
I20260608 10:10:06.384428 24262 raft_consensus.cc:385] T 470255209c39430e93cf5a9c0b8ac08d P efcc6f9092724c88aacc6921fa1a40d2 [term 0 FOLLOWER]: Consensus starting up: Expiring failure detector timer to make a prompt election more likely
I20260608 10:10:06.384702 24262 raft_consensus.cc:740] T 470255209c39430e93cf5a9c0b8ac08d P efcc6f9092724c88aacc6921fa1a40d2 [term 0 FOLLOWER]: Becoming Follower/Learner. State: Replica: efcc6f9092724c88aacc6921fa1a40d2, State: Initialized, Role: FOLLOWER
I20260608 10:10:06.384940 24260 tablet_bootstrap.cc:492] T 470255209c39430e93cf5a9c0b8ac08d P c87090dae7cd4d3e998b98386abdeddb: No bootstrap required, opened a new log
I20260608 10:10:06.385438 24260 ts_tablet_manager.cc:1403] T 470255209c39430e93cf5a9c0b8ac08d P c87090dae7cd4d3e998b98386abdeddb: Time spent bootstrapping tablet: real 0.038s	user 0.009s	sys 0.008s
I20260608 10:10:06.385533 24259 tablet_bootstrap.cc:492] T 84c20cc87fb7473185e3dd97782c8a15 P b2d0b3865d5e42afb976f525f76f3eea: No bootstrap required, opened a new log
I20260608 10:10:06.385519 24262 consensus_queue.cc:260] T 470255209c39430e93cf5a9c0b8ac08d P efcc6f9092724c88aacc6921fa1a40d2 [NON_LEADER]: Queue going to NON_LEADER mode. State: All replicated index: 0, Majority replicated index: 0, Committed index: 0, Last appended: 0.0, Last appended by leader: 0, Current term: 0, Majority size: -1, State: 0, Mode: NON_LEADER, active raft config: opid_index: -1 OBSOLETE_local: false peers { permanent_uuid: "c87090dae7cd4d3e998b98386abdeddb" member_type: VOTER last_known_addr { host: "127.19.12.129" port: 41557 } } peers { permanent_uuid: "efcc6f9092724c88aacc6921fa1a40d2" member_type: VOTER last_known_addr { host: "127.19.12.130" port: 36011 } } peers { permanent_uuid: "b2d0b3865d5e42afb976f525f76f3eea" member_type: VOTER last_known_addr { host: "127.19.12.131" port: 36579 } }
I20260608 10:10:06.386176 24259 ts_tablet_manager.cc:1403] T 84c20cc87fb7473185e3dd97782c8a15 P b2d0b3865d5e42afb976f525f76f3eea: Time spent bootstrapping tablet: real 0.023s	user 0.014s	sys 0.008s
I20260608 10:10:06.387844 24262 ts_tablet_manager.cc:1434] T 470255209c39430e93cf5a9c0b8ac08d P efcc6f9092724c88aacc6921fa1a40d2: Time spent starting tablet: real 0.006s	user 0.005s	sys 0.000s
I20260608 10:10:06.388316 24260 raft_consensus.cc:359] T 470255209c39430e93cf5a9c0b8ac08d P c87090dae7cd4d3e998b98386abdeddb [term 0 FOLLOWER]: Replica starting. Triggering 0 pending ops. Active config: opid_index: -1 OBSOLETE_local: false peers { permanent_uuid: "c87090dae7cd4d3e998b98386abdeddb" member_type: VOTER last_known_addr { host: "127.19.12.129" port: 41557 } } peers { permanent_uuid: "efcc6f9092724c88aacc6921fa1a40d2" member_type: VOTER last_known_addr { host: "127.19.12.130" port: 36011 } } peers { permanent_uuid: "b2d0b3865d5e42afb976f525f76f3eea" member_type: VOTER last_known_addr { host: "127.19.12.131" port: 36579 } }
I20260608 10:10:06.389058 24260 raft_consensus.cc:385] T 470255209c39430e93cf5a9c0b8ac08d P c87090dae7cd4d3e998b98386abdeddb [term 0 FOLLOWER]: Consensus starting up: Expiring failure detector timer to make a prompt election more likely
I20260608 10:10:06.389281 24267 raft_consensus.cc:493] T 35cc54dba9174489a721ac460830a0b4 P c87090dae7cd4d3e998b98386abdeddb [term 0 FOLLOWER]: Starting pre-election (no leader contacted us within the election timeout)
I20260608 10:10:06.389359 24260 raft_consensus.cc:740] T 470255209c39430e93cf5a9c0b8ac08d P c87090dae7cd4d3e998b98386abdeddb [term 0 FOLLOWER]: Becoming Follower/Learner. State: Replica: c87090dae7cd4d3e998b98386abdeddb, State: Initialized, Role: FOLLOWER
I20260608 10:10:06.389217 24259 raft_consensus.cc:359] T 84c20cc87fb7473185e3dd97782c8a15 P b2d0b3865d5e42afb976f525f76f3eea [term 0 FOLLOWER]: Replica starting. Triggering 0 pending ops. Active config: opid_index: -1 OBSOLETE_local: false peers { permanent_uuid: "c87090dae7cd4d3e998b98386abdeddb" member_type: VOTER last_known_addr { host: "127.19.12.129" port: 41557 } } peers { permanent_uuid: "efcc6f9092724c88aacc6921fa1a40d2" member_type: VOTER last_known_addr { host: "127.19.12.130" port: 36011 } } peers { permanent_uuid: "b2d0b3865d5e42afb976f525f76f3eea" member_type: VOTER last_known_addr { host: "127.19.12.131" port: 36579 } }
I20260608 10:10:06.390219 24259 raft_consensus.cc:385] T 84c20cc87fb7473185e3dd97782c8a15 P b2d0b3865d5e42afb976f525f76f3eea [term 0 FOLLOWER]: Consensus starting up: Expiring failure detector timer to make a prompt election more likely
I20260608 10:10:06.390018 24267 raft_consensus.cc:515] T 35cc54dba9174489a721ac460830a0b4 P c87090dae7cd4d3e998b98386abdeddb [term 0 FOLLOWER]: Starting pre-election with config: opid_index: -1 OBSOLETE_local: false peers { permanent_uuid: "c87090dae7cd4d3e998b98386abdeddb" member_type: VOTER last_known_addr { host: "127.19.12.129" port: 41557 } } peers { permanent_uuid: "efcc6f9092724c88aacc6921fa1a40d2" member_type: VOTER last_known_addr { host: "127.19.12.130" port: 36011 } } peers { permanent_uuid: "b2d0b3865d5e42afb976f525f76f3eea" member_type: VOTER last_known_addr { host: "127.19.12.131" port: 36579 } }
I20260608 10:10:06.390545 24259 raft_consensus.cc:740] T 84c20cc87fb7473185e3dd97782c8a15 P b2d0b3865d5e42afb976f525f76f3eea [term 0 FOLLOWER]: Becoming Follower/Learner. State: Replica: b2d0b3865d5e42afb976f525f76f3eea, State: Initialized, Role: FOLLOWER
I20260608 10:10:06.390434 24260 consensus_queue.cc:260] T 470255209c39430e93cf5a9c0b8ac08d P c87090dae7cd4d3e998b98386abdeddb [NON_LEADER]: Queue going to NON_LEADER mode. State: All replicated index: 0, Majority replicated index: 0, Committed index: 0, Last appended: 0.0, Last appended by leader: 0, Current term: 0, Majority size: -1, State: 0, Mode: NON_LEADER, active raft config: opid_index: -1 OBSOLETE_local: false peers { permanent_uuid: "c87090dae7cd4d3e998b98386abdeddb" member_type: VOTER last_known_addr { host: "127.19.12.129" port: 41557 } } peers { permanent_uuid: "efcc6f9092724c88aacc6921fa1a40d2" member_type: VOTER last_known_addr { host: "127.19.12.130" port: 36011 } } peers { permanent_uuid: "b2d0b3865d5e42afb976f525f76f3eea" member_type: VOTER last_known_addr { host: "127.19.12.131" port: 36579 } }
I20260608 10:10:06.391418 24259 consensus_queue.cc:260] T 84c20cc87fb7473185e3dd97782c8a15 P b2d0b3865d5e42afb976f525f76f3eea [NON_LEADER]: Queue going to NON_LEADER mode. State: All replicated index: 0, Majority replicated index: 0, Committed index: 0, Last appended: 0.0, Last appended by leader: 0, Current term: 0, Majority size: -1, State: 0, Mode: NON_LEADER, active raft config: opid_index: -1 OBSOLETE_local: false peers { permanent_uuid: "c87090dae7cd4d3e998b98386abdeddb" member_type: VOTER last_known_addr { host: "127.19.12.129" port: 41557 } } peers { permanent_uuid: "efcc6f9092724c88aacc6921fa1a40d2" member_type: VOTER last_known_addr { host: "127.19.12.130" port: 36011 } } peers { permanent_uuid: "b2d0b3865d5e42afb976f525f76f3eea" member_type: VOTER last_known_addr { host: "127.19.12.131" port: 36579 } }
I20260608 10:10:06.393579 24213 tablet_service.cc:1917] Received RequestConsensusVote() RPC: tablet_id: "35cc54dba9174489a721ac460830a0b4" candidate_uuid: "c87090dae7cd4d3e998b98386abdeddb" candidate_term: 1 candidate_status { last_received { term: 0 index: 0 } } ignore_live_leader: false dest_uuid: "b2d0b3865d5e42afb976f525f76f3eea" is_pre_election: true
I20260608 10:10:06.394371 24213 raft_consensus.cc:2393] T 35cc54dba9174489a721ac460830a0b4 P b2d0b3865d5e42afb976f525f76f3eea [term 1 FOLLOWER]: Leader pre-election vote request: Denying vote to candidate c87090dae7cd4d3e998b98386abdeddb in current term 1: Already voted for candidate efcc6f9092724c88aacc6921fa1a40d2 in this term.
I20260608 10:10:06.394723 24259 ts_tablet_manager.cc:1434] T 84c20cc87fb7473185e3dd97782c8a15 P b2d0b3865d5e42afb976f525f76f3eea: Time spent starting tablet: real 0.008s	user 0.004s	sys 0.003s
I20260608 10:10:06.395814 24260 ts_tablet_manager.cc:1434] T 470255209c39430e93cf5a9c0b8ac08d P c87090dae7cd4d3e998b98386abdeddb: Time spent starting tablet: real 0.010s	user 0.007s	sys 0.000s
I20260608 10:10:06.396104 24267 leader_election.cc:290] T 35cc54dba9174489a721ac460830a0b4 P c87090dae7cd4d3e998b98386abdeddb [CANDIDATE]: Term 1 pre-election: Requested pre-vote from peers efcc6f9092724c88aacc6921fa1a40d2 (127.19.12.130:36011), b2d0b3865d5e42afb976f525f76f3eea (127.19.12.131:36579)
I20260608 10:10:06.396689 24262 tablet_bootstrap.cc:492] T aea4a94102314d85bbf4d525771ae85e P efcc6f9092724c88aacc6921fa1a40d2: Bootstrap starting.
I20260608 10:10:06.396924 24260 tablet_bootstrap.cc:492] T 38b18c88599e4ce8902c431ce2b99239 P c87090dae7cd4d3e998b98386abdeddb: Bootstrap starting.
I20260608 10:10:06.398866 24259 tablet_bootstrap.cc:492] T aea4a94102314d85bbf4d525771ae85e P b2d0b3865d5e42afb976f525f76f3eea: Bootstrap starting.
I20260608 10:10:06.403833 24260 tablet_bootstrap.cc:654] T 38b18c88599e4ce8902c431ce2b99239 P c87090dae7cd4d3e998b98386abdeddb: Neither blocks nor log segments found. Creating new log.
I20260608 10:10:06.405495 24259 tablet_bootstrap.cc:654] T aea4a94102314d85bbf4d525771ae85e P b2d0b3865d5e42afb976f525f76f3eea: Neither blocks nor log segments found. Creating new log.
I20260608 10:10:06.408310 24262 tablet_bootstrap.cc:654] T aea4a94102314d85bbf4d525771ae85e P efcc6f9092724c88aacc6921fa1a40d2: Neither blocks nor log segments found. Creating new log.
I20260608 10:10:06.396396 24138 tablet_service.cc:1917] Received RequestConsensusVote() RPC: tablet_id: "35cc54dba9174489a721ac460830a0b4" candidate_uuid: "c87090dae7cd4d3e998b98386abdeddb" candidate_term: 1 candidate_status { last_received { term: 0 index: 0 } } ignore_live_leader: false dest_uuid: "efcc6f9092724c88aacc6921fa1a40d2" is_pre_election: true
I20260608 10:10:06.414398 24029 leader_election.cc:304] T 35cc54dba9174489a721ac460830a0b4 P c87090dae7cd4d3e998b98386abdeddb [CANDIDATE]: Term 1 pre-election: Election decided. Result: candidate lost. Election summary: received 3 responses out of 3 voters: 1 yes votes; 2 no votes. yes voters: c87090dae7cd4d3e998b98386abdeddb; no voters: b2d0b3865d5e42afb976f525f76f3eea, efcc6f9092724c88aacc6921fa1a40d2
I20260608 10:10:06.415668 24267 raft_consensus.cc:3060] T 35cc54dba9174489a721ac460830a0b4 P c87090dae7cd4d3e998b98386abdeddb [term 0 FOLLOWER]: Advancing to term 1
I20260608 10:10:06.416764 24260 tablet_bootstrap.cc:492] T 38b18c88599e4ce8902c431ce2b99239 P c87090dae7cd4d3e998b98386abdeddb: No bootstrap required, opened a new log
I20260608 10:10:06.417277 24260 ts_tablet_manager.cc:1403] T 38b18c88599e4ce8902c431ce2b99239 P c87090dae7cd4d3e998b98386abdeddb: Time spent bootstrapping tablet: real 0.021s	user 0.010s	sys 0.007s
I20260608 10:10:06.421422 24259 tablet_bootstrap.cc:492] T aea4a94102314d85bbf4d525771ae85e P b2d0b3865d5e42afb976f525f76f3eea: No bootstrap required, opened a new log
I20260608 10:10:06.422168 24259 ts_tablet_manager.cc:1403] T aea4a94102314d85bbf4d525771ae85e P b2d0b3865d5e42afb976f525f76f3eea: Time spent bootstrapping tablet: real 0.024s	user 0.022s	sys 0.000s
I20260608 10:10:06.421679 24260 raft_consensus.cc:359] T 38b18c88599e4ce8902c431ce2b99239 P c87090dae7cd4d3e998b98386abdeddb [term 0 FOLLOWER]: Replica starting. Triggering 0 pending ops. Active config: opid_index: -1 OBSOLETE_local: false peers { permanent_uuid: "c87090dae7cd4d3e998b98386abdeddb" member_type: VOTER last_known_addr { host: "127.19.12.129" port: 41557 } } peers { permanent_uuid: "efcc6f9092724c88aacc6921fa1a40d2" member_type: VOTER last_known_addr { host: "127.19.12.130" port: 36011 } } peers { permanent_uuid: "b2d0b3865d5e42afb976f525f76f3eea" member_type: VOTER last_known_addr { host: "127.19.12.131" port: 36579 } }
I20260608 10:10:06.423713 24260 raft_consensus.cc:385] T 38b18c88599e4ce8902c431ce2b99239 P c87090dae7cd4d3e998b98386abdeddb [term 0 FOLLOWER]: Consensus starting up: Expiring failure detector timer to make a prompt election more likely
I20260608 10:10:06.424001 24260 raft_consensus.cc:740] T 38b18c88599e4ce8902c431ce2b99239 P c87090dae7cd4d3e998b98386abdeddb [term 0 FOLLOWER]: Becoming Follower/Learner. State: Replica: c87090dae7cd4d3e998b98386abdeddb, State: Initialized, Role: FOLLOWER
I20260608 10:10:06.425220 24262 tablet_bootstrap.cc:492] T aea4a94102314d85bbf4d525771ae85e P efcc6f9092724c88aacc6921fa1a40d2: No bootstrap required, opened a new log
I20260608 10:10:06.424844 24260 consensus_queue.cc:260] T 38b18c88599e4ce8902c431ce2b99239 P c87090dae7cd4d3e998b98386abdeddb [NON_LEADER]: Queue going to NON_LEADER mode. State: All replicated index: 0, Majority replicated index: 0, Committed index: 0, Last appended: 0.0, Last appended by leader: 0, Current term: 0, Majority size: -1, State: 0, Mode: NON_LEADER, active raft config: opid_index: -1 OBSOLETE_local: false peers { permanent_uuid: "c87090dae7cd4d3e998b98386abdeddb" member_type: VOTER last_known_addr { host: "127.19.12.129" port: 41557 } } peers { permanent_uuid: "efcc6f9092724c88aacc6921fa1a40d2" member_type: VOTER last_known_addr { host: "127.19.12.130" port: 36011 } } peers { permanent_uuid: "b2d0b3865d5e42afb976f525f76f3eea" member_type: VOTER last_known_addr { host: "127.19.12.131" port: 36579 } }
