W20260608 10:08:03.149324 11892 instance_detector.cc:116] could not retrieve OpenStack instance metadata: Network error: curl error: HTTP response code said error: The requested URL returned error: 404
I20260608 10:08:03.149884 11340 server_base.cc:1061] running on GCE node
I20260608 10:08:03.150756 11340 hybrid_clock.cc:584] initializing the hybrid clock with 'system_unsync' time source
W20260608 10:08:03.150979 11340 system_unsync_time.cc:38] NTP support is disabled. Clock error bounds will not be accurate. This configuration is not suitable for distributed clusters.
I20260608 10:08:03.151165 11340 hybrid_clock.cc:648] HybridClock initialized: now 1780913283151137 us; error 0 us; skew 500 ppm
I20260608 10:08:03.151737 11340 server_base.cc:861] Flag tcmalloc_max_total_thread_cache_bytes is not working since tcmalloc is not enabled.
I20260608 10:08:03.155149 11340 webserver.cc:533] Webserver started at http://127.11.19.62:33787/ using document root <none> and password file <none>
I20260608 10:08:03.155663 11340 fs_manager.cc:362] Metadata directory not provided
I20260608 10:08:03.155885 11340 fs_manager.cc:368] Using write-ahead log directory (fs_wal_dir) as metadata directory
I20260608 10:08:03.156174 11340 server_base.cc:909] This appears to be a new deployment of Kudu; creating new FS layout
I20260608 10:08:03.157256 11340 fs_manager.cc:1068] Generated new instance metadata in path /tmp/dist-test-taskyDgZT1/test-tmp/auto_rebalancer-test.0.AutoRebalancerTest.AutoRebalancingTurnOffAndOn.1780913278097167-11340-0/minicluster-data/master-0-root/instance:
uuid: "5dceb11ba84e4810af6a44f00bf1036c"
format_stamp: "Formatted at 2026-06-08 10:08:03 on dist-test-slave-hmdn"
I20260608 10:08:03.161989 11340 fs_manager.cc:696] Time spent creating directory manager: real 0.004s	user 0.002s	sys 0.001s
I20260608 10:08:03.165349 11897 log_block_manager.cc:4031] Time spent loading block containers with low live blocks: real 0.000s	user 0.000s	sys 0.000s
I20260608 10:08:03.166180 11340 fs_manager.cc:730] Time spent opening block manager: real 0.002s	user 0.002s	sys 0.001s
I20260608 10:08:03.166474 11340 fs_manager.cc:647] Opened local filesystem: /tmp/dist-test-taskyDgZT1/test-tmp/auto_rebalancer-test.0.AutoRebalancerTest.AutoRebalancingTurnOffAndOn.1780913278097167-11340-0/minicluster-data/master-0-root
uuid: "5dceb11ba84e4810af6a44f00bf1036c"
format_stamp: "Formatted at 2026-06-08 10:08:03 on dist-test-slave-hmdn"
I20260608 10:08:03.166770 11340 fs_report.cc:389] FS layout report
--------------------
wal directory: /tmp/dist-test-taskyDgZT1/test-tmp/auto_rebalancer-test.0.AutoRebalancerTest.AutoRebalancingTurnOffAndOn.1780913278097167-11340-0/minicluster-data/master-0-root
metadata directory: /tmp/dist-test-taskyDgZT1/test-tmp/auto_rebalancer-test.0.AutoRebalancerTest.AutoRebalancingTurnOffAndOn.1780913278097167-11340-0/minicluster-data/master-0-root
1 data directories: /tmp/dist-test-taskyDgZT1/test-tmp/auto_rebalancer-test.0.AutoRebalancerTest.AutoRebalancingTurnOffAndOn.1780913278097167-11340-0/minicluster-data/master-0-root/data
Total live blocks: 0
Total live bytes: 0
Total live bytes (after alignment): 0
Total number of LBM containers: 0 (0 full)
Did not check for missing blocks
Did not check for orphaned blocks
Total full LBM containers with extra space: 0 (0 repaired)
Total full LBM container extra space in bytes: 0 (0 repaired)
Total incomplete LBM containers: 0 (0 repaired)
Total LBM partial records: 0 (0 repaired)
Total corrupted LBM metadata records in RocksDB: 0 (0 repaired)
I20260608 10:08:03.186996 11340 rpc_server.cc:225] running with OpenSSL 1.1.1  11 Sep 2018
I20260608 10:08:03.187983 11340 kserver.cc:163] Server-wide thread pool size limit: 3276
I20260608 10:08:03.224205 11340 rpc_server.cc:307] RPC server started. Bound to: 127.11.19.62:42243
I20260608 10:08:03.224313 11948 acceptor_pool.cc:272] collecting diagnostics on the listening RPC socket 127.11.19.62:42243 every 8 connection(s)
I20260608 10:08:03.228267 11949 data_dirs.cc:400] Could only allocate 1 dirs of requested 3 for tablet 00000000000000000000000000000000. 1 dirs total, 0 dirs full, 0 dirs failed
I20260608 10:08:03.237028 11949 tablet_bootstrap.cc:492] T 00000000000000000000000000000000 P 5dceb11ba84e4810af6a44f00bf1036c: Bootstrap starting.
I20260608 10:08:03.241199 11949 tablet_bootstrap.cc:654] T 00000000000000000000000000000000 P 5dceb11ba84e4810af6a44f00bf1036c: Neither blocks nor log segments found. Creating new log.
I20260608 10:08:03.245059 11949 tablet_bootstrap.cc:492] T 00000000000000000000000000000000 P 5dceb11ba84e4810af6a44f00bf1036c: No bootstrap required, opened a new log
I20260608 10:08:03.247574 11949 raft_consensus.cc:359] T 00000000000000000000000000000000 P 5dceb11ba84e4810af6a44f00bf1036c [term 0 FOLLOWER]: Replica starting. Triggering 0 pending ops. Active config: opid_index: -1 OBSOLETE_local: true peers { permanent_uuid: "5dceb11ba84e4810af6a44f00bf1036c" member_type: VOTER }
I20260608 10:08:03.247956 11949 raft_consensus.cc:385] T 00000000000000000000000000000000 P 5dceb11ba84e4810af6a44f00bf1036c [term 0 FOLLOWER]: Consensus starting up: Expiring failure detector timer to make a prompt election more likely
I20260608 10:08:03.248190 11949 raft_consensus.cc:740] T 00000000000000000000000000000000 P 5dceb11ba84e4810af6a44f00bf1036c [term 0 FOLLOWER]: Becoming Follower/Learner. State: Replica: 5dceb11ba84e4810af6a44f00bf1036c, State: Initialized, Role: FOLLOWER
I20260608 10:08:03.248813 11949 consensus_queue.cc:260] T 00000000000000000000000000000000 P 5dceb11ba84e4810af6a44f00bf1036c [NON_LEADER]: Queue going to NON_LEADER mode. State: All replicated index: 0, Majority replicated index: 0, Committed index: 0, Last appended: 0.0, Last appended by leader: 0, Current term: 0, Majority size: -1, State: 0, Mode: NON_LEADER, active raft config: opid_index: -1 OBSOLETE_local: true peers { permanent_uuid: "5dceb11ba84e4810af6a44f00bf1036c" member_type: VOTER }
I20260608 10:08:03.249274 11949 raft_consensus.cc:399] T 00000000000000000000000000000000 P 5dceb11ba84e4810af6a44f00bf1036c [term 0 FOLLOWER]: Only one voter in the Raft config. Triggering election immediately
I20260608 10:08:03.249526 11949 raft_consensus.cc:493] T 00000000000000000000000000000000 P 5dceb11ba84e4810af6a44f00bf1036c [term 0 FOLLOWER]: Starting leader election (initial election of a single-replica configuration)
I20260608 10:08:03.249831 11949 raft_consensus.cc:3060] T 00000000000000000000000000000000 P 5dceb11ba84e4810af6a44f00bf1036c [term 0 FOLLOWER]: Advancing to term 1
I20260608 10:08:03.253696 11949 raft_consensus.cc:515] T 00000000000000000000000000000000 P 5dceb11ba84e4810af6a44f00bf1036c [term 1 FOLLOWER]: Starting leader election with config: opid_index: -1 OBSOLETE_local: true peers { permanent_uuid: "5dceb11ba84e4810af6a44f00bf1036c" member_type: VOTER }
I20260608 10:08:03.254186 11949 leader_election.cc:304] T 00000000000000000000000000000000 P 5dceb11ba84e4810af6a44f00bf1036c [CANDIDATE]: Term 1 election: Election decided. Result: candidate won. Election summary: received 1 responses out of 1 voters: 1 yes votes; 0 no votes. yes voters: 5dceb11ba84e4810af6a44f00bf1036c; no voters: 
I20260608 10:08:03.255318 11949 leader_election.cc:290] T 00000000000000000000000000000000 P 5dceb11ba84e4810af6a44f00bf1036c [CANDIDATE]: Term 1 election: Requested vote from peers 
I20260608 10:08:03.255755 11952 raft_consensus.cc:2804] T 00000000000000000000000000000000 P 5dceb11ba84e4810af6a44f00bf1036c [term 1 FOLLOWER]: Leader election won for term 1
I20260608 10:08:03.257144 11952 raft_consensus.cc:697] T 00000000000000000000000000000000 P 5dceb11ba84e4810af6a44f00bf1036c [term 1 LEADER]: Becoming Leader. State: Replica: 5dceb11ba84e4810af6a44f00bf1036c, State: Running, Role: LEADER
I20260608 10:08:03.257844 11952 consensus_queue.cc:237] T 00000000000000000000000000000000 P 5dceb11ba84e4810af6a44f00bf1036c [LEADER]: Queue going to LEADER mode. State: All replicated index: 0, Majority replicated index: 0, Committed index: 0, Last appended: 0.0, Last appended by leader: 0, Current term: 1, Majority size: 1, State: 0, Mode: LEADER, active raft config: opid_index: -1 OBSOLETE_local: true peers { permanent_uuid: "5dceb11ba84e4810af6a44f00bf1036c" member_type: VOTER }
I20260608 10:08:03.258424 11949 sys_catalog.cc:565] T 00000000000000000000000000000000 P 5dceb11ba84e4810af6a44f00bf1036c [sys.catalog]: configured and running, proceeding with master startup.
I20260608 10:08:03.260965 11954 sys_catalog.cc:455] T 00000000000000000000000000000000 P 5dceb11ba84e4810af6a44f00bf1036c [sys.catalog]: SysCatalogTable state changed. Reason: New leader 5dceb11ba84e4810af6a44f00bf1036c. Latest consensus state: current_term: 1 leader_uuid: "5dceb11ba84e4810af6a44f00bf1036c" committed_config { opid_index: -1 OBSOLETE_local: true peers { permanent_uuid: "5dceb11ba84e4810af6a44f00bf1036c" member_type: VOTER } }
I20260608 10:08:03.261057 11953 sys_catalog.cc:455] T 00000000000000000000000000000000 P 5dceb11ba84e4810af6a44f00bf1036c [sys.catalog]: SysCatalogTable state changed. Reason: RaftConsensus started. Latest consensus state: current_term: 1 leader_uuid: "5dceb11ba84e4810af6a44f00bf1036c" committed_config { opid_index: -1 OBSOLETE_local: true peers { permanent_uuid: "5dceb11ba84e4810af6a44f00bf1036c" member_type: VOTER } }
I20260608 10:08:03.261857 11954 sys_catalog.cc:458] T 00000000000000000000000000000000 P 5dceb11ba84e4810af6a44f00bf1036c [sys.catalog]: This master's current role is: LEADER
I20260608 10:08:03.261946 11953 sys_catalog.cc:458] T 00000000000000000000000000000000 P 5dceb11ba84e4810af6a44f00bf1036c [sys.catalog]: This master's current role is: LEADER
I20260608 10:08:03.265031 11958 catalog_manager.cc:1510] Loading table and tablet metadata into memory...
I20260608 10:08:03.270710 11958 catalog_manager.cc:1519] Initializing Kudu cluster ID...
I20260608 10:08:03.274609 11340 internal_mini_cluster.cc:184] Waiting to initialize catalog manager on master 0
I20260608 10:08:03.279531 11958 catalog_manager.cc:1382] Generated new cluster ID: 70abfdd24b82403e9eae8dee98fa00a3
I20260608 10:08:03.279808 11958 catalog_manager.cc:1530] Initializing Kudu internal certificate authority...
I20260608 10:08:03.294723 11958 catalog_manager.cc:1405] Generated new certificate authority record
I20260608 10:08:03.295883 11958 catalog_manager.cc:1539] Loading token signing keys...
I20260608 10:08:03.308475 11958 catalog_manager.cc:6069] T 00000000000000000000000000000000 P 5dceb11ba84e4810af6a44f00bf1036c: Generated new TSK 0
I20260608 10:08:03.309033 11958 catalog_manager.cc:1549] Initializing in-progress tserver states...
I20260608 10:08:03.340946 11340 file_cache.cc:492] Constructed file cache file cache with capacity 419430
W20260608 10:08:03.346546 11970 instance_detector.cc:116] could not retrieve AWS instance metadata: Network error: curl error: HTTP response code said error: The requested URL returned error: 404
W20260608 10:08:03.348565 11971 instance_detector.cc:116] could not retrieve Azure instance metadata: Network error: curl error: HTTP response code said error: The requested URL returned error: 404
W20260608 10:08:03.348933 11973 instance_detector.cc:116] could not retrieve OpenStack instance metadata: Network error: curl error: HTTP response code said error: The requested URL returned error: 404
I20260608 10:08:03.349540 11340 server_base.cc:1061] running on GCE node
I20260608 10:08:03.350657 11340 hybrid_clock.cc:584] initializing the hybrid clock with 'system_unsync' time source
W20260608 10:08:03.350836 11340 system_unsync_time.cc:38] NTP support is disabled. Clock error bounds will not be accurate. This configuration is not suitable for distributed clusters.
I20260608 10:08:03.350976 11340 hybrid_clock.cc:648] HybridClock initialized: now 1780913283350958 us; error 0 us; skew 500 ppm
I20260608 10:08:03.351461 11340 server_base.cc:861] Flag tcmalloc_max_total_thread_cache_bytes is not working since tcmalloc is not enabled.
I20260608 10:08:03.353737 11340 webserver.cc:533] Webserver started at http://127.11.19.1:35209/ using document root <none> and password file <none>
I20260608 10:08:03.354193 11340 fs_manager.cc:362] Metadata directory not provided
I20260608 10:08:03.354346 11340 fs_manager.cc:368] Using write-ahead log directory (fs_wal_dir) as metadata directory
I20260608 10:08:03.354554 11340 server_base.cc:909] This appears to be a new deployment of Kudu; creating new FS layout
I20260608 10:08:03.355605 11340 fs_manager.cc:1068] Generated new instance metadata in path /tmp/dist-test-taskyDgZT1/test-tmp/auto_rebalancer-test.0.AutoRebalancerTest.AutoRebalancingTurnOffAndOn.1780913278097167-11340-0/minicluster-data/ts-0-root/instance:
uuid: "95d509df183848b7a131c486ad60e010"
format_stamp: "Formatted at 2026-06-08 10:08:03 on dist-test-slave-hmdn"
I20260608 10:08:03.359963 11340 fs_manager.cc:696] Time spent creating directory manager: real 0.004s	user 0.005s	sys 0.001s
I20260608 10:08:03.363247 11978 log_block_manager.cc:4031] Time spent loading block containers with low live blocks: real 0.000s	user 0.000s	sys 0.000s
I20260608 10:08:03.364144 11340 fs_manager.cc:730] Time spent opening block manager: real 0.002s	user 0.001s	sys 0.000s
I20260608 10:08:03.364401 11340 fs_manager.cc:647] Opened local filesystem: /tmp/dist-test-taskyDgZT1/test-tmp/auto_rebalancer-test.0.AutoRebalancerTest.AutoRebalancingTurnOffAndOn.1780913278097167-11340-0/minicluster-data/ts-0-root
uuid: "95d509df183848b7a131c486ad60e010"
format_stamp: "Formatted at 2026-06-08 10:08:03 on dist-test-slave-hmdn"
I20260608 10:08:03.364657 11340 fs_report.cc:389] FS layout report
--------------------
wal directory: /tmp/dist-test-taskyDgZT1/test-tmp/auto_rebalancer-test.0.AutoRebalancerTest.AutoRebalancingTurnOffAndOn.1780913278097167-11340-0/minicluster-data/ts-0-root
metadata directory: /tmp/dist-test-taskyDgZT1/test-tmp/auto_rebalancer-test.0.AutoRebalancerTest.AutoRebalancingTurnOffAndOn.1780913278097167-11340-0/minicluster-data/ts-0-root
1 data directories: /tmp/dist-test-taskyDgZT1/test-tmp/auto_rebalancer-test.0.AutoRebalancerTest.AutoRebalancingTurnOffAndOn.1780913278097167-11340-0/minicluster-data/ts-0-root/data
Total live blocks: 0
Total live bytes: 0
Total live bytes (after alignment): 0
Total number of LBM containers: 0 (0 full)
Did not check for missing blocks
Did not check for orphaned blocks
Total full LBM containers with extra space: 0 (0 repaired)
Total full LBM container extra space in bytes: 0 (0 repaired)
Total incomplete LBM containers: 0 (0 repaired)
Total LBM partial records: 0 (0 repaired)
Total corrupted LBM metadata records in RocksDB: 0 (0 repaired)
I20260608 10:08:03.386981 11340 rpc_server.cc:225] running with OpenSSL 1.1.1  11 Sep 2018
I20260608 10:08:03.387854 11340 kserver.cc:163] Server-wide thread pool size limit: 3276
I20260608 10:08:03.389161 11340 txn_system_client.cc:432] TxnSystemClient initialization is disabled...
I20260608 10:08:03.391400 11340 ts_tablet_manager.cc:585] Loaded tablet metadata (0 total tablets, 0 live tablets)
I20260608 10:08:03.391592 11340 ts_tablet_manager.cc:531] Time spent load tablet metadata: real 0.000s	user 0.000s	sys 0.000s
I20260608 10:08:03.391896 11340 ts_tablet_manager.cc:616] Registered 0 tablets
I20260608 10:08:03.392071 11340 ts_tablet_manager.cc:595] Time spent register tablets: real 0.000s	user 0.000s	sys 0.000s
I20260608 10:08:03.429898 11340 rpc_server.cc:307] RPC server started. Bound to: 127.11.19.1:40815
I20260608 10:08:03.430003 12041 acceptor_pool.cc:272] collecting diagnostics on the listening RPC socket 127.11.19.1:40815 every 8 connection(s)
I20260608 10:08:03.435041 11340 file_cache.cc:492] Constructed file cache file cache with capacity 419430
W20260608 10:08:03.442406 12046 instance_detector.cc:116] could not retrieve AWS instance metadata: Network error: curl error: HTTP response code said error: The requested URL returned error: 404
W20260608 10:08:03.443183 12047 instance_detector.cc:116] could not retrieve Azure instance metadata: Network error: curl error: HTTP response code said error: The requested URL returned error: 404
W20260608 10:08:03.446662 12049 instance_detector.cc:116] could not retrieve OpenStack instance metadata: Network error: curl error: HTTP response code said error: The requested URL returned error: 404
I20260608 10:08:03.446763 11340 server_base.cc:1061] running on GCE node
I20260608 10:08:03.448153 12042 heartbeater.cc:344] Connected to a master server at 127.11.19.62:42243
I20260608 10:08:03.448431 11340 hybrid_clock.cc:584] initializing the hybrid clock with 'system_unsync' time source
I20260608 10:08:03.448576 12042 heartbeater.cc:461] Registering TS with master...
W20260608 10:08:03.448750 11340 system_unsync_time.cc:38] NTP support is disabled. Clock error bounds will not be accurate. This configuration is not suitable for distributed clusters.
I20260608 10:08:03.448984 11340 hybrid_clock.cc:648] HybridClock initialized: now 1780913283448967 us; error 0 us; skew 500 ppm
I20260608 10:08:03.449522 12042 heartbeater.cc:507] Master 127.11.19.62:42243 requested a full tablet report, sending...
I20260608 10:08:03.449867 11340 server_base.cc:861] Flag tcmalloc_max_total_thread_cache_bytes is not working since tcmalloc is not enabled.
I20260608 10:08:03.452008 11914 ts_manager.cc:194] Registered new tserver with Master: 95d509df183848b7a131c486ad60e010 (127.11.19.1:40815)
I20260608 10:08:03.452608 11340 webserver.cc:533] Webserver started at http://127.11.19.2:39785/ using document root <none> and password file <none>
I20260608 10:08:03.453158 11340 fs_manager.cc:362] Metadata directory not provided
I20260608 10:08:03.453378 11340 fs_manager.cc:368] Using write-ahead log directory (fs_wal_dir) as metadata directory
I20260608 10:08:03.453691 11340 server_base.cc:909] This appears to be a new deployment of Kudu; creating new FS layout
I20260608 10:08:03.454074 11914 master_service.cc:502] Signed X509 certificate for tserver {username='slave'} at 127.0.0.1:51230
I20260608 10:08:03.454856 11340 fs_manager.cc:1068] Generated new instance metadata in path /tmp/dist-test-taskyDgZT1/test-tmp/auto_rebalancer-test.0.AutoRebalancerTest.AutoRebalancingTurnOffAndOn.1780913278097167-11340-0/minicluster-data/ts-1-root/instance:
uuid: "474511b045614a4288022c6d09e38958"
format_stamp: "Formatted at 2026-06-08 10:08:03 on dist-test-slave-hmdn"
I20260608 10:08:03.459960 11340 fs_manager.cc:696] Time spent creating directory manager: real 0.004s	user 0.004s	sys 0.001s
I20260608 10:08:03.463315 12054 log_block_manager.cc:4031] Time spent loading block containers with low live blocks: real 0.000s	user 0.000s	sys 0.000s
I20260608 10:08:03.464095 11340 fs_manager.cc:730] Time spent opening block manager: real 0.002s	user 0.001s	sys 0.000s
I20260608 10:08:03.464386 11340 fs_manager.cc:647] Opened local filesystem: /tmp/dist-test-taskyDgZT1/test-tmp/auto_rebalancer-test.0.AutoRebalancerTest.AutoRebalancingTurnOffAndOn.1780913278097167-11340-0/minicluster-data/ts-1-root
uuid: "474511b045614a4288022c6d09e38958"
format_stamp: "Formatted at 2026-06-08 10:08:03 on dist-test-slave-hmdn"
I20260608 10:08:03.464659 11340 fs_report.cc:389] FS layout report
--------------------
wal directory: /tmp/dist-test-taskyDgZT1/test-tmp/auto_rebalancer-test.0.AutoRebalancerTest.AutoRebalancingTurnOffAndOn.1780913278097167-11340-0/minicluster-data/ts-1-root
metadata directory: /tmp/dist-test-taskyDgZT1/test-tmp/auto_rebalancer-test.0.AutoRebalancerTest.AutoRebalancingTurnOffAndOn.1780913278097167-11340-0/minicluster-data/ts-1-root
1 data directories: /tmp/dist-test-taskyDgZT1/test-tmp/auto_rebalancer-test.0.AutoRebalancerTest.AutoRebalancingTurnOffAndOn.1780913278097167-11340-0/minicluster-data/ts-1-root/data
Total live blocks: 0
Total live bytes: 0
Total live bytes (after alignment): 0
Total number of LBM containers: 0 (0 full)
Did not check for missing blocks
Did not check for orphaned blocks
Total full LBM containers with extra space: 0 (0 repaired)
Total full LBM container extra space in bytes: 0 (0 repaired)
Total incomplete LBM containers: 0 (0 repaired)
Total LBM partial records: 0 (0 repaired)
Total corrupted LBM metadata records in RocksDB: 0 (0 repaired)
I20260608 10:08:03.487901 11340 rpc_server.cc:225] running with OpenSSL 1.1.1  11 Sep 2018
I20260608 10:08:03.488953 11340 kserver.cc:163] Server-wide thread pool size limit: 3276
I20260608 10:08:03.490375 11340 txn_system_client.cc:432] TxnSystemClient initialization is disabled...
I20260608 10:08:03.492614 11340 ts_tablet_manager.cc:585] Loaded tablet metadata (0 total tablets, 0 live tablets)
I20260608 10:08:03.492825 11340 ts_tablet_manager.cc:531] Time spent load tablet metadata: real 0.000s	user 0.000s	sys 0.000s
I20260608 10:08:03.493109 11340 ts_tablet_manager.cc:616] Registered 0 tablets
I20260608 10:08:03.493288 11340 ts_tablet_manager.cc:595] Time spent register tablets: real 0.000s	user 0.000s	sys 0.000s
I20260608 10:08:03.529933 11340 rpc_server.cc:307] RPC server started. Bound to: 127.11.19.2:39055
I20260608 10:08:03.530046 12116 acceptor_pool.cc:272] collecting diagnostics on the listening RPC socket 127.11.19.2:39055 every 8 connection(s)
I20260608 10:08:03.534826 11340 file_cache.cc:492] Constructed file cache file cache with capacity 419430
W20260608 10:08:03.541666 12120 instance_detector.cc:116] could not retrieve AWS instance metadata: Network error: curl error: HTTP response code said error: The requested URL returned error: 404
W20260608 10:08:03.543314 12121 instance_detector.cc:116] could not retrieve Azure instance metadata: Network error: curl error: HTTP response code said error: The requested URL returned error: 404
I20260608 10:08:03.546260 11340 server_base.cc:1061] running on GCE node
I20260608 10:08:03.546890 12117 heartbeater.cc:344] Connected to a master server at 127.11.19.62:42243
I20260608 10:08:03.547199 12117 heartbeater.cc:461] Registering TS with master...
W20260608 10:08:03.547680 12123 instance_detector.cc:116] could not retrieve OpenStack instance metadata: Network error: curl error: HTTP response code said error: The requested URL returned error: 404
I20260608 10:08:03.547981 12117 heartbeater.cc:507] Master 127.11.19.62:42243 requested a full tablet report, sending...
I20260608 10:08:03.548702 11340 hybrid_clock.cc:584] initializing the hybrid clock with 'system_unsync' time source
W20260608 10:08:03.548985 11340 system_unsync_time.cc:38] NTP support is disabled. Clock error bounds will not be accurate. This configuration is not suitable for distributed clusters.
I20260608 10:08:03.549192 11340 hybrid_clock.cc:648] HybridClock initialized: now 1780913283549169 us; error 0 us; skew 500 ppm
I20260608 10:08:03.549885 11340 server_base.cc:861] Flag tcmalloc_max_total_thread_cache_bytes is not working since tcmalloc is not enabled.
I20260608 10:08:03.550299 11914 ts_manager.cc:194] Registered new tserver with Master: 474511b045614a4288022c6d09e38958 (127.11.19.2:39055)
I20260608 10:08:03.551812 11914 master_service.cc:502] Signed X509 certificate for tserver {username='slave'} at 127.0.0.1:51240
I20260608 10:08:03.552364 11340 webserver.cc:533] Webserver started at http://127.11.19.3:37465/ using document root <none> and password file <none>
I20260608 10:08:03.553092 11340 fs_manager.cc:362] Metadata directory not provided
I20260608 10:08:03.553323 11340 fs_manager.cc:368] Using write-ahead log directory (fs_wal_dir) as metadata directory
I20260608 10:08:03.553642 11340 server_base.cc:909] This appears to be a new deployment of Kudu; creating new FS layout
I20260608 10:08:03.554688 11340 fs_manager.cc:1068] Generated new instance metadata in path /tmp/dist-test-taskyDgZT1/test-tmp/auto_rebalancer-test.0.AutoRebalancerTest.AutoRebalancingTurnOffAndOn.1780913278097167-11340-0/minicluster-data/ts-2-root/instance:
uuid: "c7c4d51eb7704adead2693e676d129bd"
format_stamp: "Formatted at 2026-06-08 10:08:03 on dist-test-slave-hmdn"
I20260608 10:08:03.558864 11340 fs_manager.cc:696] Time spent creating directory manager: real 0.004s	user 0.005s	sys 0.000s
I20260608 10:08:03.562156 12128 log_block_manager.cc:4031] Time spent loading block containers with low live blocks: real 0.000s	user 0.000s	sys 0.000s
I20260608 10:08:03.562932 11340 fs_manager.cc:730] Time spent opening block manager: real 0.002s	user 0.003s	sys 0.000s
I20260608 10:08:03.563228 11340 fs_manager.cc:647] Opened local filesystem: /tmp/dist-test-taskyDgZT1/test-tmp/auto_rebalancer-test.0.AutoRebalancerTest.AutoRebalancingTurnOffAndOn.1780913278097167-11340-0/minicluster-data/ts-2-root
uuid: "c7c4d51eb7704adead2693e676d129bd"
format_stamp: "Formatted at 2026-06-08 10:08:03 on dist-test-slave-hmdn"
I20260608 10:08:03.563519 11340 fs_report.cc:389] FS layout report
--------------------
wal directory: /tmp/dist-test-taskyDgZT1/test-tmp/auto_rebalancer-test.0.AutoRebalancerTest.AutoRebalancingTurnOffAndOn.1780913278097167-11340-0/minicluster-data/ts-2-root
metadata directory: /tmp/dist-test-taskyDgZT1/test-tmp/auto_rebalancer-test.0.AutoRebalancerTest.AutoRebalancingTurnOffAndOn.1780913278097167-11340-0/minicluster-data/ts-2-root
1 data directories: /tmp/dist-test-taskyDgZT1/test-tmp/auto_rebalancer-test.0.AutoRebalancerTest.AutoRebalancingTurnOffAndOn.1780913278097167-11340-0/minicluster-data/ts-2-root/data
Total live blocks: 0
Total live bytes: 0
Total live bytes (after alignment): 0
Total number of LBM containers: 0 (0 full)
Did not check for missing blocks
Did not check for orphaned blocks
Total full LBM containers with extra space: 0 (0 repaired)
Total full LBM container extra space in bytes: 0 (0 repaired)
Total incomplete LBM containers: 0 (0 repaired)
Total LBM partial records: 0 (0 repaired)
Total corrupted LBM metadata records in RocksDB: 0 (0 repaired)
I20260608 10:08:03.584592 11340 rpc_server.cc:225] running with OpenSSL 1.1.1  11 Sep 2018
I20260608 10:08:03.585705 11340 kserver.cc:163] Server-wide thread pool size limit: 3276
I20260608 10:08:03.587097 11340 txn_system_client.cc:432] TxnSystemClient initialization is disabled...
I20260608 10:08:03.589282 11340 ts_tablet_manager.cc:585] Loaded tablet metadata (0 total tablets, 0 live tablets)
I20260608 10:08:03.589533 11340 ts_tablet_manager.cc:531] Time spent load tablet metadata: real 0.000s	user 0.001s	sys 0.000s
I20260608 10:08:03.589811 11340 ts_tablet_manager.cc:616] Registered 0 tablets
I20260608 10:08:03.590006 11340 ts_tablet_manager.cc:595] Time spent register tablets: real 0.000s	user 0.000s	sys 0.000s
I20260608 10:08:03.625950 11340 rpc_server.cc:307] RPC server started. Bound to: 127.11.19.3:36285
I20260608 10:08:03.626080 12190 acceptor_pool.cc:272] collecting diagnostics on the listening RPC socket 127.11.19.3:36285 every 8 connection(s)
I20260608 10:08:03.639675 12191 heartbeater.cc:344] Connected to a master server at 127.11.19.62:42243
I20260608 10:08:03.640038 12191 heartbeater.cc:461] Registering TS with master...
I20260608 10:08:03.640739 12191 heartbeater.cc:507] Master 127.11.19.62:42243 requested a full tablet report, sending...
I20260608 10:08:03.642789 11914 ts_manager.cc:194] Registered new tserver with Master: c7c4d51eb7704adead2693e676d129bd (127.11.19.3:36285)
I20260608 10:08:03.643011 11340 internal_mini_cluster.cc:371] 3 TS(s) registered with all masters after 0.013809964s
I20260608 10:08:03.644596 11914 master_service.cc:502] Signed X509 certificate for tserver {username='slave'} at 127.0.0.1:51254
I20260608 10:08:04.456960 12042 heartbeater.cc:499] Master 127.11.19.62:42243 was elected leader, sending a full tablet report...
I20260608 10:08:04.554479 12117 heartbeater.cc:499] Master 127.11.19.62:42243 was elected leader, sending a full tablet report...
I20260608 10:08:04.647111 12191 heartbeater.cc:499] Master 127.11.19.62:42243 was elected leader, sending a full tablet report...
I20260608 10:08:04.698096 11914 catalog_manager.cc:2282] Servicing CreateTable request from {username='slave'} at 127.0.0.1:58300:
name: "test-workload"
schema {
  columns {
    name: "key"
    type: INT32
    is_key: true
    is_nullable: false
    encoding: AUTO_ENCODING
    compression: DEFAULT_COMPRESSION
    cfile_block_size: 0
    immutable: false
  }
  columns {
    name: "int_val"
    type: INT32
    is_key: false
    is_nullable: false
    encoding: AUTO_ENCODING
    compression: DEFAULT_COMPRESSION
    cfile_block_size: 0
    immutable: false
  }
  columns {
    name: "string_val"
    type: STRING
    is_key: false
    is_nullable: true
    encoding: AUTO_ENCODING
    compression: DEFAULT_COMPRESSION
    cfile_block_size: 0
    immutable: false
  }
}
num_replicas: 3
split_rows_range_bounds {
  rows: "\004\001\000\377\377\377\017\004\001\000\376\377\377\037\004\001\000\375\377\377/\004\001\000\374\377\377?\004\001\000\373\377\377O\004\001\000\372\377\377_\004\001\000\371\377\377o""\004\001\000\377\377\377\017\004\001\000\376\377\377\037\004\001\000\375\377\377/\004\001\000\374\377\377?\004\001\000\373\377\377O\004\001\000\372\377\377_\004\001\000\371\377\377o"
  indirect_data: """"
}
partition_schema {
  range_schema {
    columns {
      name: "key"
    }
  }
}
W20260608 10:08:04.700569 11914 catalog_manager.cc:7076] The number of live tablet servers is not enough to re-replicate a tablet replica of the newly created table test-workload in case of a server failure: 4 tablet servers would be needed, 3 are available. Consider bringing up more tablet servers.
I20260608 10:08:04.772362 12156 tablet_service.cc:1511] Processing CreateTablet for tablet e029d0edbcdb484092420b110e87ba62 (DEFAULT_TABLE table=test-workload [id=f183329bda1a438989ab4227e35901f3]), partition=RANGE (key) PARTITION VALUES < 268435455
I20260608 10:08:04.773866 12156 data_dirs.cc:400] Could only allocate 1 dirs of requested 3 for tablet e029d0edbcdb484092420b110e87ba62. 1 dirs total, 0 dirs full, 0 dirs failed
I20260608 10:08:04.774351 12155 tablet_service.cc:1511] Processing CreateTablet for tablet c0e66042b43642fbb0dc2ec04f90cc45 (DEFAULT_TABLE table=test-workload [id=f183329bda1a438989ab4227e35901f3]), partition=RANGE (key) PARTITION 268435455 <= VALUES < 536870910
I20260608 10:08:04.775784 12155 data_dirs.cc:400] Could only allocate 1 dirs of requested 3 for tablet c0e66042b43642fbb0dc2ec04f90cc45. 1 dirs total, 0 dirs full, 0 dirs failed
I20260608 10:08:04.775749 12154 tablet_service.cc:1511] Processing CreateTablet for tablet 3b17bfd905eb4497bfc678f90743f862 (DEFAULT_TABLE table=test-workload [id=f183329bda1a438989ab4227e35901f3]), partition=RANGE (key) PARTITION 536870910 <= VALUES < 805306365
I20260608 10:08:04.777215 12154 data_dirs.cc:400] Could only allocate 1 dirs of requested 3 for tablet 3b17bfd905eb4497bfc678f90743f862. 1 dirs total, 0 dirs full, 0 dirs failed
I20260608 10:08:04.780048 12153 tablet_service.cc:1511] Processing CreateTablet for tablet ccc2bf2b72f1467da15518c8048780a1 (DEFAULT_TABLE table=test-workload [id=f183329bda1a438989ab4227e35901f3]), partition=RANGE (key) PARTITION 805306365 <= VALUES < 1073741820
I20260608 10:08:04.781424 12153 data_dirs.cc:400] Could only allocate 1 dirs of requested 3 for tablet ccc2bf2b72f1467da15518c8048780a1. 1 dirs total, 0 dirs full, 0 dirs failed
I20260608 10:08:04.784909 12152 tablet_service.cc:1511] Processing CreateTablet for tablet 4c1ba428afc541d2a84aea0b00b385f4 (DEFAULT_TABLE table=test-workload [id=f183329bda1a438989ab4227e35901f3]), partition=RANGE (key) PARTITION 1073741820 <= VALUES < 1342177275
I20260608 10:08:04.786237 12152 data_dirs.cc:400] Could only allocate 1 dirs of requested 3 for tablet 4c1ba428afc541d2a84aea0b00b385f4. 1 dirs total, 0 dirs full, 0 dirs failed
I20260608 10:08:04.795122 12081 tablet_service.cc:1511] Processing CreateTablet for tablet c0e66042b43642fbb0dc2ec04f90cc45 (DEFAULT_TABLE table=test-workload [id=f183329bda1a438989ab4227e35901f3]), partition=RANGE (key) PARTITION 268435455 <= VALUES < 536870910
I20260608 10:08:04.796693 12081 data_dirs.cc:400] Could only allocate 1 dirs of requested 3 for tablet c0e66042b43642fbb0dc2ec04f90cc45. 1 dirs total, 0 dirs full, 0 dirs failed
I20260608 10:08:04.802999 12077 tablet_service.cc:1511] Processing CreateTablet for tablet cb445065de70453587fb222199d11cd2 (DEFAULT_TABLE table=test-workload [id=f183329bda1a438989ab4227e35901f3]), partition=RANGE (key) PARTITION 1342177275 <= VALUES < 1610612730
I20260608 10:08:04.798185 12080 tablet_service.cc:1511] Processing CreateTablet for tablet 3b17bfd905eb4497bfc678f90743f862 (DEFAULT_TABLE table=test-workload [id=f183329bda1a438989ab4227e35901f3]), partition=RANGE (key) PARTITION 536870910 <= VALUES < 805306365
I20260608 10:08:04.799292 12082 tablet_service.cc:1511] Processing CreateTablet for tablet e029d0edbcdb484092420b110e87ba62 (DEFAULT_TABLE table=test-workload [id=f183329bda1a438989ab4227e35901f3]), partition=RANGE (key) PARTITION VALUES < 268435455
I20260608 10:08:04.804464 12077 data_dirs.cc:400] Could only allocate 1 dirs of requested 3 for tablet cb445065de70453587fb222199d11cd2. 1 dirs total, 0 dirs full, 0 dirs failed
I20260608 10:08:04.805238 12082 data_dirs.cc:400] Could only allocate 1 dirs of requested 3 for tablet e029d0edbcdb484092420b110e87ba62. 1 dirs total, 0 dirs full, 0 dirs failed
I20260608 10:08:04.800036 12079 tablet_service.cc:1511] Processing CreateTablet for tablet ccc2bf2b72f1467da15518c8048780a1 (DEFAULT_TABLE table=test-workload [id=f183329bda1a438989ab4227e35901f3]), partition=RANGE (key) PARTITION 805306365 <= VALUES < 1073741820
I20260608 10:08:04.806268 12079 data_dirs.cc:400] Could only allocate 1 dirs of requested 3 for tablet ccc2bf2b72f1467da15518c8048780a1. 1 dirs total, 0 dirs full, 0 dirs failed
I20260608 10:08:04.809156 12151 tablet_service.cc:1511] Processing CreateTablet for tablet 9788eed991694efc962df863c65bc9e5 (DEFAULT_TABLE table=test-workload [id=f183329bda1a438989ab4227e35901f3]), partition=RANGE (key) PARTITION 1610612730 <= VALUES < 1879048185
I20260608 10:08:04.810623 12151 data_dirs.cc:400] Could only allocate 1 dirs of requested 3 for tablet 9788eed991694efc962df863c65bc9e5. 1 dirs total, 0 dirs full, 0 dirs failed
I20260608 10:08:04.810762 12076 tablet_service.cc:1511] Processing CreateTablet for tablet 9788eed991694efc962df863c65bc9e5 (DEFAULT_TABLE table=test-workload [id=f183329bda1a438989ab4227e35901f3]), partition=RANGE (key) PARTITION 1610612730 <= VALUES < 1879048185
I20260608 10:08:04.812080 12076 data_dirs.cc:400] Could only allocate 1 dirs of requested 3 for tablet 9788eed991694efc962df863c65bc9e5. 1 dirs total, 0 dirs full, 0 dirs failed
I20260608 10:08:04.814505 12150 tablet_service.cc:1511] Processing CreateTablet for tablet ded7e58bbe9045cc8797080e2d4076eb (DEFAULT_TABLE table=test-workload [id=f183329bda1a438989ab4227e35901f3]), partition=RANGE (key) PARTITION 1879048185 <= VALUES
I20260608 10:08:04.816057 12150 data_dirs.cc:400] Could only allocate 1 dirs of requested 3 for tablet ded7e58bbe9045cc8797080e2d4076eb. 1 dirs total, 0 dirs full, 0 dirs failed
I20260608 10:08:04.816479 12080 data_dirs.cc:400] Could only allocate 1 dirs of requested 3 for tablet 3b17bfd905eb4497bfc678f90743f862. 1 dirs total, 0 dirs full, 0 dirs failed
I20260608 10:08:04.808946 12156 tablet_service.cc:1511] Processing CreateTablet for tablet cb445065de70453587fb222199d11cd2 (DEFAULT_TABLE table=test-workload [id=f183329bda1a438989ab4227e35901f3]), partition=RANGE (key) PARTITION 1342177275 <= VALUES < 1610612730
I20260608 10:08:04.818356 12156 data_dirs.cc:400] Could only allocate 1 dirs of requested 3 for tablet cb445065de70453587fb222199d11cd2. 1 dirs total, 0 dirs full, 0 dirs failed
I20260608 10:08:04.802249 12078 tablet_service.cc:1511] Processing CreateTablet for tablet 4c1ba428afc541d2a84aea0b00b385f4 (DEFAULT_TABLE table=test-workload [id=f183329bda1a438989ab4227e35901f3]), partition=RANGE (key) PARTITION 1073741820 <= VALUES < 1342177275
I20260608 10:08:04.822294 12078 data_dirs.cc:400] Could only allocate 1 dirs of requested 3 for tablet 4c1ba428afc541d2a84aea0b00b385f4. 1 dirs total, 0 dirs full, 0 dirs failed
I20260608 10:08:04.814469 12075 tablet_service.cc:1511] Processing CreateTablet for tablet ded7e58bbe9045cc8797080e2d4076eb (DEFAULT_TABLE table=test-workload [id=f183329bda1a438989ab4227e35901f3]), partition=RANGE (key) PARTITION 1879048185 <= VALUES
I20260608 10:08:04.826393 12075 data_dirs.cc:400] Could only allocate 1 dirs of requested 3 for tablet ded7e58bbe9045cc8797080e2d4076eb. 1 dirs total, 0 dirs full, 0 dirs failed
I20260608 10:08:04.882164 12211 tablet_bootstrap.cc:492] T 3b17bfd905eb4497bfc678f90743f862 P c7c4d51eb7704adead2693e676d129bd: Bootstrap starting.
I20260608 10:08:04.885275 12007 tablet_service.cc:1511] Processing CreateTablet for tablet e029d0edbcdb484092420b110e87ba62 (DEFAULT_TABLE table=test-workload [id=f183329bda1a438989ab4227e35901f3]), partition=RANGE (key) PARTITION VALUES < 268435455
I20260608 10:08:04.886773 12007 data_dirs.cc:400] Could only allocate 1 dirs of requested 3 for tablet e029d0edbcdb484092420b110e87ba62. 1 dirs total, 0 dirs full, 0 dirs failed
I20260608 10:08:04.887914 11999 tablet_service.cc:1511] Processing CreateTablet for tablet ded7e58bbe9045cc8797080e2d4076eb (DEFAULT_TABLE table=test-workload [id=f183329bda1a438989ab4227e35901f3]), partition=RANGE (key) PARTITION 1879048185 <= VALUES
I20260608 10:08:04.882164 12212 tablet_bootstrap.cc:492] T cb445065de70453587fb222199d11cd2 P 474511b045614a4288022c6d09e38958: Bootstrap starting.
I20260608 10:08:04.889262 11999 data_dirs.cc:400] Could only allocate 1 dirs of requested 3 for tablet ded7e58bbe9045cc8797080e2d4076eb. 1 dirs total, 0 dirs full, 0 dirs failed
I20260608 10:08:04.890929 12005 tablet_service.cc:1511] Processing CreateTablet for tablet c0e66042b43642fbb0dc2ec04f90cc45 (DEFAULT_TABLE table=test-workload [id=f183329bda1a438989ab4227e35901f3]), partition=RANGE (key) PARTITION 268435455 <= VALUES < 536870910
I20260608 10:08:04.890815 12000 tablet_service.cc:1511] Processing CreateTablet for tablet 9788eed991694efc962df863c65bc9e5 (DEFAULT_TABLE table=test-workload [id=f183329bda1a438989ab4227e35901f3]), partition=RANGE (key) PARTITION 1610612730 <= VALUES < 1879048185
I20260608 10:08:04.892392 12005 data_dirs.cc:400] Could only allocate 1 dirs of requested 3 for tablet c0e66042b43642fbb0dc2ec04f90cc45. 1 dirs total, 0 dirs full, 0 dirs failed
I20260608 10:08:04.893059 12000 data_dirs.cc:400] Could only allocate 1 dirs of requested 3 for tablet 9788eed991694efc962df863c65bc9e5. 1 dirs total, 0 dirs full, 0 dirs failed
I20260608 10:08:04.894708 12004 tablet_service.cc:1511] Processing CreateTablet for tablet 3b17bfd905eb4497bfc678f90743f862 (DEFAULT_TABLE table=test-workload [id=f183329bda1a438989ab4227e35901f3]), partition=RANGE (key) PARTITION 536870910 <= VALUES < 805306365
I20260608 10:08:04.895964 12212 tablet_bootstrap.cc:654] T cb445065de70453587fb222199d11cd2 P 474511b045614a4288022c6d09e38958: Neither blocks nor log segments found. Creating new log.
I20260608 10:08:04.896061 12004 data_dirs.cc:400] Could only allocate 1 dirs of requested 3 for tablet 3b17bfd905eb4497bfc678f90743f862. 1 dirs total, 0 dirs full, 0 dirs failed
I20260608 10:08:04.898993 12003 tablet_service.cc:1511] Processing CreateTablet for tablet ccc2bf2b72f1467da15518c8048780a1 (DEFAULT_TABLE table=test-workload [id=f183329bda1a438989ab4227e35901f3]), partition=RANGE (key) PARTITION 805306365 <= VALUES < 1073741820
I20260608 10:08:04.900655 12003 data_dirs.cc:400] Could only allocate 1 dirs of requested 3 for tablet ccc2bf2b72f1467da15518c8048780a1. 1 dirs total, 0 dirs full, 0 dirs failed
I20260608 10:08:04.902946 12211 tablet_bootstrap.cc:654] T 3b17bfd905eb4497bfc678f90743f862 P c7c4d51eb7704adead2693e676d129bd: Neither blocks nor log segments found. Creating new log.
I20260608 10:08:04.902765 12002 tablet_service.cc:1511] Processing CreateTablet for tablet 4c1ba428afc541d2a84aea0b00b385f4 (DEFAULT_TABLE table=test-workload [id=f183329bda1a438989ab4227e35901f3]), partition=RANGE (key) PARTITION 1073741820 <= VALUES < 1342177275
I20260608 10:08:04.904132 12002 data_dirs.cc:400] Could only allocate 1 dirs of requested 3 for tablet 4c1ba428afc541d2a84aea0b00b385f4. 1 dirs total, 0 dirs full, 0 dirs failed
I20260608 10:08:04.909106 12001 tablet_service.cc:1511] Processing CreateTablet for tablet cb445065de70453587fb222199d11cd2 (DEFAULT_TABLE table=test-workload [id=f183329bda1a438989ab4227e35901f3]), partition=RANGE (key) PARTITION 1342177275 <= VALUES < 1610612730
I20260608 10:08:04.910473 12001 data_dirs.cc:400] Could only allocate 1 dirs of requested 3 for tablet cb445065de70453587fb222199d11cd2. 1 dirs total, 0 dirs full, 0 dirs failed
I20260608 10:08:04.914767 12215 tablet_bootstrap.cc:492] T e029d0edbcdb484092420b110e87ba62 P 95d509df183848b7a131c486ad60e010: Bootstrap starting.
I20260608 10:08:04.917933 12211 tablet_bootstrap.cc:492] T 3b17bfd905eb4497bfc678f90743f862 P c7c4d51eb7704adead2693e676d129bd: No bootstrap required, opened a new log
I20260608 10:08:04.918445 12211 ts_tablet_manager.cc:1403] T 3b17bfd905eb4497bfc678f90743f862 P c7c4d51eb7704adead2693e676d129bd: Time spent bootstrapping tablet: real 0.037s	user 0.006s	sys 0.007s
I20260608 10:08:04.928073 12211 raft_consensus.cc:359] T 3b17bfd905eb4497bfc678f90743f862 P c7c4d51eb7704adead2693e676d129bd [term 0 FOLLOWER]: Replica starting. Triggering 0 pending ops. Active config: opid_index: -1 OBSOLETE_local: false peers { permanent_uuid: "95d509df183848b7a131c486ad60e010" member_type: VOTER last_known_addr { host: "127.11.19.1" port: 40815 } } peers { permanent_uuid: "474511b045614a4288022c6d09e38958" member_type: VOTER last_known_addr { host: "127.11.19.2" port: 39055 } } peers { permanent_uuid: "c7c4d51eb7704adead2693e676d129bd" member_type: VOTER last_known_addr { host: "127.11.19.3" port: 36285 } }
I20260608 10:08:04.928812 12211 raft_consensus.cc:385] T 3b17bfd905eb4497bfc678f90743f862 P c7c4d51eb7704adead2693e676d129bd [term 0 FOLLOWER]: Consensus starting up: Expiring failure detector timer to make a prompt election more likely
I20260608 10:08:04.929114 12211 raft_consensus.cc:740] T 3b17bfd905eb4497bfc678f90743f862 P c7c4d51eb7704adead2693e676d129bd [term 0 FOLLOWER]: Becoming Follower/Learner. State: Replica: c7c4d51eb7704adead2693e676d129bd, State: Initialized, Role: FOLLOWER
I20260608 10:08:04.930063 12211 consensus_queue.cc:260] T 3b17bfd905eb4497bfc678f90743f862 P c7c4d51eb7704adead2693e676d129bd [NON_LEADER]: Queue going to NON_LEADER mode. State: All replicated index: 0, Majority replicated index: 0, Committed index: 0, Last appended: 0.0, Last appended by leader: 0, Current term: 0, Majority size: -1, State: 0, Mode: NON_LEADER, active raft config: opid_index: -1 OBSOLETE_local: false peers { permanent_uuid: "95d509df183848b7a131c486ad60e010" member_type: VOTER last_known_addr { host: "127.11.19.1" port: 40815 } } peers { permanent_uuid: "474511b045614a4288022c6d09e38958" member_type: VOTER last_known_addr { host: "127.11.19.2" port: 39055 } } peers { permanent_uuid: "c7c4d51eb7704adead2693e676d129bd" member_type: VOTER last_known_addr { host: "127.11.19.3" port: 36285 } }
I20260608 10:08:04.932358 12215 tablet_bootstrap.cc:654] T e029d0edbcdb484092420b110e87ba62 P 95d509df183848b7a131c486ad60e010: Neither blocks nor log segments found. Creating new log.
I20260608 10:08:04.938300 12211 ts_tablet_manager.cc:1434] T 3b17bfd905eb4497bfc678f90743f862 P c7c4d51eb7704adead2693e676d129bd: Time spent starting tablet: real 0.019s	user 0.005s	sys 0.002s
I20260608 10:08:04.938717 12212 tablet_bootstrap.cc:492] T cb445065de70453587fb222199d11cd2 P 474511b045614a4288022c6d09e38958: No bootstrap required, opened a new log
I20260608 10:08:04.939177 12212 ts_tablet_manager.cc:1403] T cb445065de70453587fb222199d11cd2 P 474511b045614a4288022c6d09e38958: Time spent bootstrapping tablet: real 0.057s	user 0.005s	sys 0.009s
I20260608 10:08:04.939386 12211 tablet_bootstrap.cc:492] T e029d0edbcdb484092420b110e87ba62 P c7c4d51eb7704adead2693e676d129bd: Bootstrap starting.
I20260608 10:08:04.942232 12212 raft_consensus.cc:359] T cb445065de70453587fb222199d11cd2 P 474511b045614a4288022c6d09e38958 [term 0 FOLLOWER]: Replica starting. Triggering 0 pending ops. Active config: opid_index: -1 OBSOLETE_local: false peers { permanent_uuid: "95d509df183848b7a131c486ad60e010" member_type: VOTER last_known_addr { host: "127.11.19.1" port: 40815 } } peers { permanent_uuid: "474511b045614a4288022c6d09e38958" member_type: VOTER last_known_addr { host: "127.11.19.2" port: 39055 } } peers { permanent_uuid: "c7c4d51eb7704adead2693e676d129bd" member_type: VOTER last_known_addr { host: "127.11.19.3" port: 36285 } }
I20260608 10:08:04.943046 12212 raft_consensus.cc:385] T cb445065de70453587fb222199d11cd2 P 474511b045614a4288022c6d09e38958 [term 0 FOLLOWER]: Consensus starting up: Expiring failure detector timer to make a prompt election more likely
I20260608 10:08:04.943396 12212 raft_consensus.cc:740] T cb445065de70453587fb222199d11cd2 P 474511b045614a4288022c6d09e38958 [term 0 FOLLOWER]: Becoming Follower/Learner. State: Replica: 474511b045614a4288022c6d09e38958, State: Initialized, Role: FOLLOWER
I20260608 10:08:04.944464 12212 consensus_queue.cc:260] T cb445065de70453587fb222199d11cd2 P 474511b045614a4288022c6d09e38958 [NON_LEADER]: Queue going to NON_LEADER mode. State: All replicated index: 0, Majority replicated index: 0, Committed index: 0, Last appended: 0.0, Last appended by leader: 0, Current term: 0, Majority size: -1, State: 0, Mode: NON_LEADER, active raft config: opid_index: -1 OBSOLETE_local: false peers { permanent_uuid: "95d509df183848b7a131c486ad60e010" member_type: VOTER last_known_addr { host: "127.11.19.1" port: 40815 } } peers { permanent_uuid: "474511b045614a4288022c6d09e38958" member_type: VOTER last_known_addr { host: "127.11.19.2" port: 39055 } } peers { permanent_uuid: "c7c4d51eb7704adead2693e676d129bd" member_type: VOTER last_known_addr { host: "127.11.19.3" port: 36285 } }
I20260608 10:08:04.950604 12211 tablet_bootstrap.cc:654] T e029d0edbcdb484092420b110e87ba62 P c7c4d51eb7704adead2693e676d129bd: Neither blocks nor log segments found. Creating new log.
I20260608 10:08:04.958583 12215 tablet_bootstrap.cc:492] T e029d0edbcdb484092420b110e87ba62 P 95d509df183848b7a131c486ad60e010: No bootstrap required, opened a new log
I20260608 10:08:04.959607 12215 ts_tablet_manager.cc:1403] T e029d0edbcdb484092420b110e87ba62 P 95d509df183848b7a131c486ad60e010: Time spent bootstrapping tablet: real 0.045s	user 0.007s	sys 0.012s
I20260608 10:08:04.961066 12212 ts_tablet_manager.cc:1434] T cb445065de70453587fb222199d11cd2 P 474511b045614a4288022c6d09e38958: Time spent starting tablet: real 0.022s	user 0.004s	sys 0.003s
I20260608 10:08:04.961736 12211 tablet_bootstrap.cc:492] T e029d0edbcdb484092420b110e87ba62 P c7c4d51eb7704adead2693e676d129bd: No bootstrap required, opened a new log
I20260608 10:08:04.962183 12212 tablet_bootstrap.cc:492] T 3b17bfd905eb4497bfc678f90743f862 P 474511b045614a4288022c6d09e38958: Bootstrap starting.
I20260608 10:08:04.962256 12211 ts_tablet_manager.cc:1403] T e029d0edbcdb484092420b110e87ba62 P c7c4d51eb7704adead2693e676d129bd: Time spent bootstrapping tablet: real 0.023s	user 0.006s	sys 0.006s
I20260608 10:08:04.965348 12211 raft_consensus.cc:359] T e029d0edbcdb484092420b110e87ba62 P c7c4d51eb7704adead2693e676d129bd [term 0 FOLLOWER]: Replica starting. Triggering 0 pending ops. Active config: opid_index: -1 OBSOLETE_local: false peers { permanent_uuid: "c7c4d51eb7704adead2693e676d129bd" member_type: VOTER last_known_addr { host: "127.11.19.3" port: 36285 } } peers { permanent_uuid: "95d509df183848b7a131c486ad60e010" member_type: VOTER last_known_addr { host: "127.11.19.1" port: 40815 } } peers { permanent_uuid: "474511b045614a4288022c6d09e38958" member_type: VOTER last_known_addr { host: "127.11.19.2" port: 39055 } }
I20260608 10:08:04.966125 12211 raft_consensus.cc:385] T e029d0edbcdb484092420b110e87ba62 P c7c4d51eb7704adead2693e676d129bd [term 0 FOLLOWER]: Consensus starting up: Expiring failure detector timer to make a prompt election more likely
I20260608 10:08:04.962833 12215 raft_consensus.cc:359] T e029d0edbcdb484092420b110e87ba62 P 95d509df183848b7a131c486ad60e010 [term 0 FOLLOWER]: Replica starting. Triggering 0 pending ops. Active config: opid_index: -1 OBSOLETE_local: false peers { permanent_uuid: "c7c4d51eb7704adead2693e676d129bd" member_type: VOTER last_known_addr { host: "127.11.19.3" port: 36285 } } peers { permanent_uuid: "95d509df183848b7a131c486ad60e010" member_type: VOTER last_known_addr { host: "127.11.19.1" port: 40815 } } peers { permanent_uuid: "474511b045614a4288022c6d09e38958" member_type: VOTER last_known_addr { host: "127.11.19.2" port: 39055 } }
I20260608 10:08:04.966477 12211 raft_consensus.cc:740] T e029d0edbcdb484092420b110e87ba62 P c7c4d51eb7704adead2693e676d129bd [term 0 FOLLOWER]: Becoming Follower/Learner. State: Replica: c7c4d51eb7704adead2693e676d129bd, State: Initialized, Role: FOLLOWER
I20260608 10:08:04.966995 12215 raft_consensus.cc:385] T e029d0edbcdb484092420b110e87ba62 P 95d509df183848b7a131c486ad60e010 [term 0 FOLLOWER]: Consensus starting up: Expiring failure detector timer to make a prompt election more likely
I20260608 10:08:04.967509 12215 raft_consensus.cc:740] T e029d0edbcdb484092420b110e87ba62 P 95d509df183848b7a131c486ad60e010 [term 0 FOLLOWER]: Becoming Follower/Learner. State: Replica: 95d509df183848b7a131c486ad60e010, State: Initialized, Role: FOLLOWER
