I20260608 10:07:47.761741  9749 tablet_service.cc:1917] Received RequestConsensusVote() RPC: tablet_id: "d729b2de5027480ca8ebeca4da30dcc2" candidate_uuid: "6cf8200d17f84b048e1f3d490b504b5a" candidate_term: 1 candidate_status { last_received { term: 0 index: 0 } } ignore_live_leader: false dest_uuid: "ce8658bc14964203ad8d25899580fe62"
W20260608 10:07:47.761976  9637 leader_election.cc:343] T d729b2de5027480ca8ebeca4da30dcc2 P 6cf8200d17f84b048e1f3d490b504b5a [CANDIDATE]: Term 1 election: Tablet error from VoteRequest() call to peer f03afde077e5438388541e512281e2d7 (127.8.182.1:45051): Illegal state: must be running to vote when last-logged opid is not known
I20260608 10:07:47.760864  9795 consensus_queue.cc:260] T eed5cf524e4e489e84266eb4a19d9277 P f03afde077e5438388541e512281e2d7 [NON_LEADER]: Queue going to NON_LEADER mode. State: All replicated index: 0, Majority replicated index: 0, Committed index: 0, Last appended: 0.0, Last appended by leader: 0, Current term: 0, Majority size: -1, State: 0, Mode: NON_LEADER, active raft config: opid_index: -1 OBSOLETE_local: false peers { permanent_uuid: "f03afde077e5438388541e512281e2d7" member_type: VOTER last_known_addr { host: "127.8.182.1" port: 45051 } } peers { permanent_uuid: "6cf8200d17f84b048e1f3d490b504b5a" member_type: VOTER last_known_addr { host: "127.8.182.2" port: 35769 } } peers { permanent_uuid: "ce8658bc14964203ad8d25899580fe62" member_type: VOTER last_known_addr { host: "127.8.182.3" port: 42481 } }
I20260608 10:07:47.760360  9801 ts_tablet_manager.cc:1434] T b56ca1f6829f49418eb62ef25e7eb772 P ce8658bc14964203ad8d25899580fe62: Time spent starting tablet: real 0.033s	user 0.008s	sys 0.000s
I20260608 10:07:47.762418  9674 tablet_service.cc:1917] Received RequestConsensusVote() RPC: tablet_id: "60fbe0dfa51e46b8b7c3d4c6ac62fbe2" candidate_uuid: "f03afde077e5438388541e512281e2d7" candidate_term: 1 candidate_status { last_received { term: 0 index: 0 } } ignore_live_leader: false dest_uuid: "6cf8200d17f84b048e1f3d490b504b5a" is_pre_election: true
I20260608 10:07:47.763660  9749 raft_consensus.cc:3060] T d729b2de5027480ca8ebeca4da30dcc2 P ce8658bc14964203ad8d25899580fe62 [term 0 FOLLOWER]: Advancing to term 1
I20260608 10:07:47.764496  9748 tablet_service.cc:1917] Received RequestConsensusVote() RPC: tablet_id: "60fbe0dfa51e46b8b7c3d4c6ac62fbe2" candidate_uuid: "f03afde077e5438388541e512281e2d7" candidate_term: 1 candidate_status { last_received { term: 0 index: 0 } } ignore_live_leader: false dest_uuid: "ce8658bc14964203ad8d25899580fe62" is_pre_election: true
W20260608 10:07:47.770156  9564 leader_election.cc:343] T 60fbe0dfa51e46b8b7c3d4c6ac62fbe2 P f03afde077e5438388541e512281e2d7 [CANDIDATE]: Term 1 pre-election: Tablet error from VoteRequest() call to peer ce8658bc14964203ad8d25899580fe62 (127.8.182.3:42481): Illegal state: must be running to vote when last-logged opid is not known
I20260608 10:07:47.770155  9821 raft_consensus.cc:697] T 3df8ee45c5294e5e8ac473197ebee83a P 6cf8200d17f84b048e1f3d490b504b5a [term 1 LEADER]: Becoming Leader. State: Replica: 6cf8200d17f84b048e1f3d490b504b5a, State: Running, Role: LEADER
I20260608 10:07:47.771163  9821 consensus_queue.cc:237] T 3df8ee45c5294e5e8ac473197ebee83a P 6cf8200d17f84b048e1f3d490b504b5a [LEADER]: Queue going to LEADER mode. State: All replicated index: 0, Majority replicated index: 0, Committed index: 0, Last appended: 0.0, Last appended by leader: 0, Current term: 1, Majority size: 2, State: 0, Mode: LEADER, active raft config: opid_index: -1 OBSOLETE_local: false peers { permanent_uuid: "f03afde077e5438388541e512281e2d7" member_type: VOTER last_known_addr { host: "127.8.182.1" port: 45051 } } peers { permanent_uuid: "6cf8200d17f84b048e1f3d490b504b5a" member_type: VOTER last_known_addr { host: "127.8.182.2" port: 35769 } } peers { permanent_uuid: "ce8658bc14964203ad8d25899580fe62" member_type: VOTER last_known_addr { host: "127.8.182.3" port: 42481 } }
I20260608 10:07:47.771576  9748 tablet_service.cc:1917] Received RequestConsensusVote() RPC: tablet_id: "9202193739664e88b143005f5367ef7d" candidate_uuid: "6cf8200d17f84b048e1f3d490b504b5a" candidate_term: 1 candidate_status { last_received { term: 0 index: 0 } } ignore_live_leader: false dest_uuid: "ce8658bc14964203ad8d25899580fe62"
I20260608 10:07:47.775000  9550 auto_leader_rebalancer.cc:140] leader rebalance for table test-workload
W20260608 10:07:47.777581  9564 leader_election.cc:343] T 60fbe0dfa51e46b8b7c3d4c6ac62fbe2 P f03afde077e5438388541e512281e2d7 [CANDIDATE]: Term 1 pre-election: Tablet error from VoteRequest() call to peer 6cf8200d17f84b048e1f3d490b504b5a (127.8.182.2:35769): Illegal state: must be running to vote when last-logged opid is not known
I20260608 10:07:47.778645  9807 raft_consensus.cc:493] T b56ca1f6829f49418eb62ef25e7eb772 P ce8658bc14964203ad8d25899580fe62 [term 0 FOLLOWER]: Starting pre-election (no leader contacted us within the election timeout)
I20260608 10:07:47.772578  9813 leader_election.cc:290] T 9202193739664e88b143005f5367ef7d P 6cf8200d17f84b048e1f3d490b504b5a [CANDIDATE]: Term 1 election: Requested vote from peers f03afde077e5438388541e512281e2d7 (127.8.182.1:45051), ce8658bc14964203ad8d25899580fe62 (127.8.182.3:42481)
W20260608 10:07:47.772819  9544 auto_rebalancer.cc:259] Could not retrieve cluster info: Service unavailable: Tablet not running
I20260608 10:07:47.780361  9599 tablet_service.cc:1917] Received RequestConsensusVote() RPC: tablet_id: "9202193739664e88b143005f5367ef7d" candidate_uuid: "6cf8200d17f84b048e1f3d490b504b5a" candidate_term: 1 candidate_status { last_received { term: 0 index: 0 } } ignore_live_leader: false dest_uuid: "f03afde077e5438388541e512281e2d7"
I20260608 10:07:47.776772  9801 tablet_bootstrap.cc:492] T 1ef952ddd62c484ba5a41d155efef093 P ce8658bc14964203ad8d25899580fe62: Bootstrap starting.
I20260608 10:07:47.781526  9599 raft_consensus.cc:3060] T 9202193739664e88b143005f5367ef7d P f03afde077e5438388541e512281e2d7 [term 0 FOLLOWER]: Advancing to term 1
I20260608 10:07:47.781445  9807 raft_consensus.cc:515] T b56ca1f6829f49418eb62ef25e7eb772 P ce8658bc14964203ad8d25899580fe62 [term 0 FOLLOWER]: Starting pre-election with config: opid_index: -1 OBSOLETE_local: false peers { permanent_uuid: "f03afde077e5438388541e512281e2d7" member_type: VOTER last_known_addr { host: "127.8.182.1" port: 45051 } } peers { permanent_uuid: "6cf8200d17f84b048e1f3d490b504b5a" member_type: VOTER last_known_addr { host: "127.8.182.2" port: 35769 } } peers { permanent_uuid: "ce8658bc14964203ad8d25899580fe62" member_type: VOTER last_known_addr { host: "127.8.182.3" port: 42481 } }
I20260608 10:07:47.783777  9807 leader_election.cc:290] T b56ca1f6829f49418eb62ef25e7eb772 P ce8658bc14964203ad8d25899580fe62 [CANDIDATE]: Term 1 pre-election: Requested pre-vote from peers f03afde077e5438388541e512281e2d7 (127.8.182.1:45051), 6cf8200d17f84b048e1f3d490b504b5a (127.8.182.2:35769)
I20260608 10:07:47.784727  9564 leader_election.cc:304] T 60fbe0dfa51e46b8b7c3d4c6ac62fbe2 P f03afde077e5438388541e512281e2d7 [CANDIDATE]: Term 1 pre-election: Election decided. Result: candidate lost. Election summary: received 3 responses out of 3 voters: 1 yes votes; 2 no votes. yes voters: f03afde077e5438388541e512281e2d7; no voters: 6cf8200d17f84b048e1f3d490b504b5a, ce8658bc14964203ad8d25899580fe62
W20260608 10:07:47.788009  9550 auto_leader_rebalancer.cc:460] the master instance isn't leader: Service unavailable: Tablet not running
W20260608 10:07:47.789471  9639 leader_election.cc:343] T 9202193739664e88b143005f5367ef7d P 6cf8200d17f84b048e1f3d490b504b5a [CANDIDATE]: Term 1 election: Tablet error from VoteRequest() call to peer ce8658bc14964203ad8d25899580fe62 (127.8.182.3:42481): Illegal state: must be running to vote when last-logged opid is not known
I20260608 10:07:47.791425  9796 tablet_bootstrap.cc:492] T eed5cf524e4e489e84266eb4a19d9277 P 6cf8200d17f84b048e1f3d490b504b5a: No bootstrap required, opened a new log
I20260608 10:07:47.791721  9800 raft_consensus.cc:2749] T 60fbe0dfa51e46b8b7c3d4c6ac62fbe2 P f03afde077e5438388541e512281e2d7 [term 0 FOLLOWER]: Leader pre-election lost for term 1. Reason: could not achieve majority
I20260608 10:07:47.791990  9796 ts_tablet_manager.cc:1403] T eed5cf524e4e489e84266eb4a19d9277 P 6cf8200d17f84b048e1f3d490b504b5a: Time spent bootstrapping tablet: real 0.148s	user 0.022s	sys 0.007s
I20260608 10:07:47.792937  9598 tablet_service.cc:1917] Received RequestConsensusVote() RPC: tablet_id: "b56ca1f6829f49418eb62ef25e7eb772" candidate_uuid: "ce8658bc14964203ad8d25899580fe62" candidate_term: 1 candidate_status { last_received { term: 0 index: 0 } } ignore_live_leader: false dest_uuid: "f03afde077e5438388541e512281e2d7" is_pre_election: true
I20260608 10:07:47.793715  9598 raft_consensus.cc:2468] T b56ca1f6829f49418eb62ef25e7eb772 P f03afde077e5438388541e512281e2d7 [term 0 FOLLOWER]: Leader pre-election vote request: Granting yes vote for candidate ce8658bc14964203ad8d25899580fe62 in term 0.
I20260608 10:07:47.795217  9796 raft_consensus.cc:359] T eed5cf524e4e489e84266eb4a19d9277 P 6cf8200d17f84b048e1f3d490b504b5a [term 0 FOLLOWER]: Replica starting. Triggering 0 pending ops. Active config: opid_index: -1 OBSOLETE_local: false peers { permanent_uuid: "f03afde077e5438388541e512281e2d7" member_type: VOTER last_known_addr { host: "127.8.182.1" port: 45051 } } peers { permanent_uuid: "6cf8200d17f84b048e1f3d490b504b5a" member_type: VOTER last_known_addr { host: "127.8.182.2" port: 35769 } } peers { permanent_uuid: "ce8658bc14964203ad8d25899580fe62" member_type: VOTER last_known_addr { host: "127.8.182.3" port: 42481 } }
I20260608 10:07:47.795495  9713 leader_election.cc:304] T b56ca1f6829f49418eb62ef25e7eb772 P ce8658bc14964203ad8d25899580fe62 [CANDIDATE]: Term 1 pre-election: Election decided. Result: candidate won. Election summary: received 2 responses out of 3 voters: 2 yes votes; 0 no votes. yes voters: ce8658bc14964203ad8d25899580fe62, f03afde077e5438388541e512281e2d7; no voters: 
I20260608 10:07:47.796007  9796 raft_consensus.cc:385] T eed5cf524e4e489e84266eb4a19d9277 P 6cf8200d17f84b048e1f3d490b504b5a [term 0 FOLLOWER]: Consensus starting up: Expiring failure detector timer to make a prompt election more likely
I20260608 10:07:47.796465  9796 raft_consensus.cc:740] T eed5cf524e4e489e84266eb4a19d9277 P 6cf8200d17f84b048e1f3d490b504b5a [term 0 FOLLOWER]: Becoming Follower/Learner. State: Replica: 6cf8200d17f84b048e1f3d490b504b5a, State: Initialized, Role: FOLLOWER
I20260608 10:07:47.796830  9807 raft_consensus.cc:2804] T b56ca1f6829f49418eb62ef25e7eb772 P ce8658bc14964203ad8d25899580fe62 [term 0 FOLLOWER]: Leader pre-election won for term 1
I20260608 10:07:47.797158  9807 raft_consensus.cc:493] T b56ca1f6829f49418eb62ef25e7eb772 P ce8658bc14964203ad8d25899580fe62 [term 0 FOLLOWER]: Starting leader election (no leader contacted us within the election timeout)
I20260608 10:07:47.797516  9807 raft_consensus.cc:3060] T b56ca1f6829f49418eb62ef25e7eb772 P ce8658bc14964203ad8d25899580fe62 [term 0 FOLLOWER]: Advancing to term 1
I20260608 10:07:47.797428  9796 consensus_queue.cc:260] T eed5cf524e4e489e84266eb4a19d9277 P 6cf8200d17f84b048e1f3d490b504b5a [NON_LEADER]: Queue going to NON_LEADER mode. State: All replicated index: 0, Majority replicated index: 0, Committed index: 0, Last appended: 0.0, Last appended by leader: 0, Current term: 0, Majority size: -1, State: 0, Mode: NON_LEADER, active raft config: opid_index: -1 OBSOLETE_local: false peers { permanent_uuid: "f03afde077e5438388541e512281e2d7" member_type: VOTER last_known_addr { host: "127.8.182.1" port: 45051 } } peers { permanent_uuid: "6cf8200d17f84b048e1f3d490b504b5a" member_type: VOTER last_known_addr { host: "127.8.182.2" port: 35769 } } peers { permanent_uuid: "ce8658bc14964203ad8d25899580fe62" member_type: VOTER last_known_addr { host: "127.8.182.3" port: 42481 } }
I20260608 10:07:47.800159  9826 raft_consensus.cc:493] T b56ca1f6829f49418eb62ef25e7eb772 P 6cf8200d17f84b048e1f3d490b504b5a [term 0 FOLLOWER]: Starting pre-election (no leader contacted us within the election timeout)
I20260608 10:07:47.800463  9796 ts_tablet_manager.cc:1434] T eed5cf524e4e489e84266eb4a19d9277 P 6cf8200d17f84b048e1f3d490b504b5a: Time spent starting tablet: real 0.008s	user 0.007s	sys 0.000s
I20260608 10:07:47.800711  9826 raft_consensus.cc:515] T b56ca1f6829f49418eb62ef25e7eb772 P 6cf8200d17f84b048e1f3d490b504b5a [term 0 FOLLOWER]: Starting pre-election with config: opid_index: -1 OBSOLETE_local: false peers { permanent_uuid: "f03afde077e5438388541e512281e2d7" member_type: VOTER last_known_addr { host: "127.8.182.1" port: 45051 } } peers { permanent_uuid: "6cf8200d17f84b048e1f3d490b504b5a" member_type: VOTER last_known_addr { host: "127.8.182.2" port: 35769 } } peers { permanent_uuid: "ce8658bc14964203ad8d25899580fe62" member_type: VOTER last_known_addr { host: "127.8.182.3" port: 42481 } }
I20260608 10:07:47.801666  9796 tablet_bootstrap.cc:492] T 60fbe0dfa51e46b8b7c3d4c6ac62fbe2 P 6cf8200d17f84b048e1f3d490b504b5a: Bootstrap starting.
I20260608 10:07:47.802577  9599 raft_consensus.cc:2468] T 9202193739664e88b143005f5367ef7d P f03afde077e5438388541e512281e2d7 [term 1 FOLLOWER]: Leader election vote request: Granting yes vote for candidate 6cf8200d17f84b048e1f3d490b504b5a in term 1.
I20260608 10:07:47.803160  9749 raft_consensus.cc:2468] T d729b2de5027480ca8ebeca4da30dcc2 P ce8658bc14964203ad8d25899580fe62 [term 1 FOLLOWER]: Leader election vote request: Granting yes vote for candidate 6cf8200d17f84b048e1f3d490b504b5a in term 1.
I20260608 10:07:47.803889  9637 leader_election.cc:304] T 9202193739664e88b143005f5367ef7d P 6cf8200d17f84b048e1f3d490b504b5a [CANDIDATE]: Term 1 election: Election decided. Result: candidate won. Election summary: received 3 responses out of 3 voters: 2 yes votes; 1 no votes. yes voters: 6cf8200d17f84b048e1f3d490b504b5a, f03afde077e5438388541e512281e2d7; no voters: ce8658bc14964203ad8d25899580fe62
I20260608 10:07:47.804754  9813 raft_consensus.cc:2804] T 9202193739664e88b143005f5367ef7d P 6cf8200d17f84b048e1f3d490b504b5a [term 1 FOLLOWER]: Leader election won for term 1
I20260608 10:07:47.804631  9639 leader_election.cc:304] T d729b2de5027480ca8ebeca4da30dcc2 P 6cf8200d17f84b048e1f3d490b504b5a [CANDIDATE]: Term 1 election: Election decided. Result: candidate won. Election summary: received 3 responses out of 3 voters: 2 yes votes; 1 no votes. yes voters: 6cf8200d17f84b048e1f3d490b504b5a, ce8658bc14964203ad8d25899580fe62; no voters: f03afde077e5438388541e512281e2d7
I20260608 10:07:47.805894  9813 raft_consensus.cc:697] T 9202193739664e88b143005f5367ef7d P 6cf8200d17f84b048e1f3d490b504b5a [term 1 LEADER]: Becoming Leader. State: Replica: 6cf8200d17f84b048e1f3d490b504b5a, State: Running, Role: LEADER
I20260608 10:07:47.807178  9813 consensus_queue.cc:237] T 9202193739664e88b143005f5367ef7d P 6cf8200d17f84b048e1f3d490b504b5a [LEADER]: Queue going to LEADER mode. State: All replicated index: 0, Majority replicated index: 0, Committed index: 0, Last appended: 0.0, Last appended by leader: 0, Current term: 1, Majority size: 2, State: 0, Mode: LEADER, active raft config: opid_index: -1 OBSOLETE_local: false peers { permanent_uuid: "f03afde077e5438388541e512281e2d7" member_type: VOTER last_known_addr { host: "127.8.182.1" port: 45051 } } peers { permanent_uuid: "6cf8200d17f84b048e1f3d490b504b5a" member_type: VOTER last_known_addr { host: "127.8.182.2" port: 35769 } } peers { permanent_uuid: "ce8658bc14964203ad8d25899580fe62" member_type: VOTER last_known_addr { host: "127.8.182.3" port: 42481 } }
I20260608 10:07:47.808518  9801 tablet_bootstrap.cc:654] T 1ef952ddd62c484ba5a41d155efef093 P ce8658bc14964203ad8d25899580fe62: Neither blocks nor log segments found. Creating new log.
I20260608 10:07:47.810031  9827 raft_consensus.cc:2804] T d729b2de5027480ca8ebeca4da30dcc2 P 6cf8200d17f84b048e1f3d490b504b5a [term 1 FOLLOWER]: Leader election won for term 1
I20260608 10:07:47.810623  9827 raft_consensus.cc:697] T d729b2de5027480ca8ebeca4da30dcc2 P 6cf8200d17f84b048e1f3d490b504b5a [term 1 LEADER]: Becoming Leader. State: Replica: 6cf8200d17f84b048e1f3d490b504b5a, State: Running, Role: LEADER
I20260608 10:07:47.811275  9807 raft_consensus.cc:515] T b56ca1f6829f49418eb62ef25e7eb772 P ce8658bc14964203ad8d25899580fe62 [term 1 FOLLOWER]: Starting leader election with config: opid_index: -1 OBSOLETE_local: false peers { permanent_uuid: "f03afde077e5438388541e512281e2d7" member_type: VOTER last_known_addr { host: "127.8.182.1" port: 45051 } } peers { permanent_uuid: "6cf8200d17f84b048e1f3d490b504b5a" member_type: VOTER last_known_addr { host: "127.8.182.2" port: 35769 } } peers { permanent_uuid: "ce8658bc14964203ad8d25899580fe62" member_type: VOTER last_known_addr { host: "127.8.182.3" port: 42481 } }
I20260608 10:07:47.812566  9674 tablet_service.cc:1917] Received RequestConsensusVote() RPC: tablet_id: "eed5cf524e4e489e84266eb4a19d9277" candidate_uuid: "ce8658bc14964203ad8d25899580fe62" candidate_term: 1 candidate_status { last_received { term: 0 index: 0 } } ignore_live_leader: false dest_uuid: "6cf8200d17f84b048e1f3d490b504b5a" is_pre_election: true
I20260608 10:07:47.813244  9674 raft_consensus.cc:2468] T eed5cf524e4e489e84266eb4a19d9277 P 6cf8200d17f84b048e1f3d490b504b5a [term 0 FOLLOWER]: Leader pre-election vote request: Granting yes vote for candidate ce8658bc14964203ad8d25899580fe62 in term 0.
I20260608 10:07:47.811473  9827 consensus_queue.cc:237] T d729b2de5027480ca8ebeca4da30dcc2 P 6cf8200d17f84b048e1f3d490b504b5a [LEADER]: Queue going to LEADER mode. State: All replicated index: 0, Majority replicated index: 0, Committed index: 0, Last appended: 0.0, Last appended by leader: 0, Current term: 1, Majority size: 2, State: 0, Mode: LEADER, active raft config: opid_index: -1 OBSOLETE_local: false peers { permanent_uuid: "f03afde077e5438388541e512281e2d7" member_type: VOTER last_known_addr { host: "127.8.182.1" port: 45051 } } peers { permanent_uuid: "6cf8200d17f84b048e1f3d490b504b5a" member_type: VOTER last_known_addr { host: "127.8.182.2" port: 35769 } } peers { permanent_uuid: "ce8658bc14964203ad8d25899580fe62" member_type: VOTER last_known_addr { host: "127.8.182.3" port: 42481 } }
I20260608 10:07:47.815742  9673 tablet_service.cc:1917] Received RequestConsensusVote() RPC: tablet_id: "b56ca1f6829f49418eb62ef25e7eb772" candidate_uuid: "ce8658bc14964203ad8d25899580fe62" candidate_term: 1 candidate_status { last_received { term: 0 index: 0 } } ignore_live_leader: false dest_uuid: "6cf8200d17f84b048e1f3d490b504b5a" is_pre_election: true
I20260608 10:07:47.817857  9715 leader_election.cc:304] T eed5cf524e4e489e84266eb4a19d9277 P ce8658bc14964203ad8d25899580fe62 [CANDIDATE]: Term 1 pre-election: Election decided. Result: candidate won. Election summary: received 3 responses out of 3 voters: 2 yes votes; 1 no votes. yes voters: 6cf8200d17f84b048e1f3d490b504b5a, ce8658bc14964203ad8d25899580fe62; no voters: f03afde077e5438388541e512281e2d7
I20260608 10:07:47.817284  9673 raft_consensus.cc:2468] T b56ca1f6829f49418eb62ef25e7eb772 P 6cf8200d17f84b048e1f3d490b504b5a [term 0 FOLLOWER]: Leader pre-election vote request: Granting yes vote for candidate ce8658bc14964203ad8d25899580fe62 in term 0.
I20260608 10:07:47.821993  9800 raft_consensus.cc:493] T e984bd44886a4d198745b6e990c8f52e P f03afde077e5438388541e512281e2d7 [term 0 FOLLOWER]: Starting pre-election (no leader contacted us within the election timeout)
I20260608 10:07:47.822312  9599 tablet_service.cc:1917] Received RequestConsensusVote() RPC: tablet_id: "b56ca1f6829f49418eb62ef25e7eb772" candidate_uuid: "ce8658bc14964203ad8d25899580fe62" candidate_term: 1 candidate_status { last_received { term: 0 index: 0 } } ignore_live_leader: false dest_uuid: "f03afde077e5438388541e512281e2d7"
I20260608 10:07:47.822477  9800 raft_consensus.cc:515] T e984bd44886a4d198745b6e990c8f52e P f03afde077e5438388541e512281e2d7 [term 0 FOLLOWER]: Starting pre-election with config: opid_index: -1 OBSOLETE_local: false peers { permanent_uuid: "f03afde077e5438388541e512281e2d7" member_type: VOTER last_known_addr { host: "127.8.182.1" port: 45051 } } peers { permanent_uuid: "6cf8200d17f84b048e1f3d490b504b5a" member_type: VOTER last_known_addr { host: "127.8.182.2" port: 35769 } } peers { permanent_uuid: "ce8658bc14964203ad8d25899580fe62" member_type: VOTER last_known_addr { host: "127.8.182.3" port: 42481 } }
I20260608 10:07:47.822906  9599 raft_consensus.cc:3060] T b56ca1f6829f49418eb62ef25e7eb772 P f03afde077e5438388541e512281e2d7 [term 0 FOLLOWER]: Advancing to term 1
I20260608 10:07:47.819360  9494 catalog_manager.cc:5696] T 3df8ee45c5294e5e8ac473197ebee83a P 6cf8200d17f84b048e1f3d490b504b5a reported cstate change: term changed from 0 to 1, leader changed from <none> to 6cf8200d17f84b048e1f3d490b504b5a (127.8.182.2). New cstate: current_term: 1 leader_uuid: "6cf8200d17f84b048e1f3d490b504b5a" committed_config { opid_index: -1 OBSOLETE_local: false peers { permanent_uuid: "f03afde077e5438388541e512281e2d7" member_type: VOTER last_known_addr { host: "127.8.182.1" port: 45051 } health_report { overall_health: UNKNOWN } } peers { permanent_uuid: "6cf8200d17f84b048e1f3d490b504b5a" member_type: VOTER last_known_addr { host: "127.8.182.2" port: 35769 } health_report { overall_health: HEALTHY } } peers { permanent_uuid: "ce8658bc14964203ad8d25899580fe62" member_type: VOTER last_known_addr { host: "127.8.182.3" port: 42481 } health_report { overall_health: UNKNOWN } } }
I20260608 10:07:47.824616  9800 leader_election.cc:290] T e984bd44886a4d198745b6e990c8f52e P f03afde077e5438388541e512281e2d7 [CANDIDATE]: Term 1 pre-election: Requested pre-vote from peers 6cf8200d17f84b048e1f3d490b504b5a (127.8.182.2:35769), ce8658bc14964203ad8d25899580fe62 (127.8.182.3:42481)
I20260608 10:07:47.825652  9749 tablet_service.cc:1917] Received RequestConsensusVote() RPC: tablet_id: "b56ca1f6829f49418eb62ef25e7eb772" candidate_uuid: "6cf8200d17f84b048e1f3d490b504b5a" candidate_term: 1 candidate_status { last_received { term: 0 index: 0 } } ignore_live_leader: false dest_uuid: "ce8658bc14964203ad8d25899580fe62" is_pre_election: true
I20260608 10:07:47.826297  9598 tablet_service.cc:1917] Received RequestConsensusVote() RPC: tablet_id: "b56ca1f6829f49418eb62ef25e7eb772" candidate_uuid: "6cf8200d17f84b048e1f3d490b504b5a" candidate_term: 1 candidate_status { last_received { term: 0 index: 0 } } ignore_live_leader: false dest_uuid: "f03afde077e5438388541e512281e2d7" is_pre_election: true
I20260608 10:07:47.826826  9749 raft_consensus.cc:2393] T b56ca1f6829f49418eb62ef25e7eb772 P ce8658bc14964203ad8d25899580fe62 [term 1 FOLLOWER]: Leader pre-election vote request: Denying vote to candidate 6cf8200d17f84b048e1f3d490b504b5a in current term 1: Already voted for candidate ce8658bc14964203ad8d25899580fe62 in this term.
I20260608 10:07:47.828318  9639 leader_election.cc:304] T b56ca1f6829f49418eb62ef25e7eb772 P 6cf8200d17f84b048e1f3d490b504b5a [CANDIDATE]: Term 1 pre-election: Election decided. Result: candidate lost. Election summary: received 3 responses out of 3 voters: 1 yes votes; 2 no votes. yes voters: 6cf8200d17f84b048e1f3d490b504b5a; no voters: ce8658bc14964203ad8d25899580fe62, f03afde077e5438388541e512281e2d7
I20260608 10:07:47.828728  9807 leader_election.cc:290] T b56ca1f6829f49418eb62ef25e7eb772 P ce8658bc14964203ad8d25899580fe62 [CANDIDATE]: Term 1 election: Requested vote from peers f03afde077e5438388541e512281e2d7 (127.8.182.1:45051), 6cf8200d17f84b048e1f3d490b504b5a (127.8.182.2:35769)
I20260608 10:07:47.829303  9821 raft_consensus.cc:3060] T b56ca1f6829f49418eb62ef25e7eb772 P 6cf8200d17f84b048e1f3d490b504b5a [term 0 FOLLOWER]: Advancing to term 1
I20260608 10:07:47.829409  9673 tablet_service.cc:1917] Received RequestConsensusVote() RPC: tablet_id: "e984bd44886a4d198745b6e990c8f52e" candidate_uuid: "f03afde077e5438388541e512281e2d7" candidate_term: 1 candidate_status { last_received { term: 0 index: 0 } } ignore_live_leader: false dest_uuid: "6cf8200d17f84b048e1f3d490b504b5a" is_pre_election: true
I20260608 10:07:47.830307  9673 raft_consensus.cc:2468] T e984bd44886a4d198745b6e990c8f52e P 6cf8200d17f84b048e1f3d490b504b5a [term 0 FOLLOWER]: Leader pre-election vote request: Granting yes vote for candidate f03afde077e5438388541e512281e2d7 in term 0.
I20260608 10:07:47.832257  9564 leader_election.cc:304] T e984bd44886a4d198745b6e990c8f52e P f03afde077e5438388541e512281e2d7 [CANDIDATE]: Term 1 pre-election: Election decided. Result: candidate won. Election summary: received 2 responses out of 3 voters: 2 yes votes; 0 no votes. yes voters: 6cf8200d17f84b048e1f3d490b504b5a, f03afde077e5438388541e512281e2d7; no voters: 
I20260608 10:07:47.833276  9800 raft_consensus.cc:2804] T e984bd44886a4d198745b6e990c8f52e P f03afde077e5438388541e512281e2d7 [term 0 FOLLOWER]: Leader pre-election won for term 1
I20260608 10:07:47.834897  9800 raft_consensus.cc:493] T e984bd44886a4d198745b6e990c8f52e P f03afde077e5438388541e512281e2d7 [term 0 FOLLOWER]: Starting leader election (no leader contacted us within the election timeout)
I20260608 10:07:47.835235  9800 raft_consensus.cc:3060] T e984bd44886a4d198745b6e990c8f52e P f03afde077e5438388541e512281e2d7 [term 0 FOLLOWER]: Advancing to term 1
I20260608 10:07:47.829667  9795 ts_tablet_manager.cc:1434] T eed5cf524e4e489e84266eb4a19d9277 P f03afde077e5438388541e512281e2d7: Time spent starting tablet: real 0.111s	user 0.009s	sys 0.000s
I20260608 10:07:47.837297  9795 tablet_bootstrap.cc:492] T d729b2de5027480ca8ebeca4da30dcc2 P f03afde077e5438388541e512281e2d7: Bootstrap starting.
I20260608 10:07:47.838744  9821 raft_consensus.cc:2749] T b56ca1f6829f49418eb62ef25e7eb772 P 6cf8200d17f84b048e1f3d490b504b5a [term 1 FOLLOWER]: Leader pre-election lost for term 1. Reason: could not achieve majority
I20260608 10:07:47.829310  9807 raft_consensus.cc:2804] T eed5cf524e4e489e84266eb4a19d9277 P ce8658bc14964203ad8d25899580fe62 [term 0 FOLLOWER]: Leader pre-election won for term 1
I20260608 10:07:47.831684  9826 leader_election.cc:290] T b56ca1f6829f49418eb62ef25e7eb772 P 6cf8200d17f84b048e1f3d490b504b5a [CANDIDATE]: Term 1 pre-election: Requested pre-vote from peers f03afde077e5438388541e512281e2d7 (127.8.182.1:45051), ce8658bc14964203ad8d25899580fe62 (127.8.182.3:42481)
I20260608 10:07:47.840217  9807 raft_consensus.cc:493] T eed5cf524e4e489e84266eb4a19d9277 P ce8658bc14964203ad8d25899580fe62 [term 0 FOLLOWER]: Starting leader election (no leader contacted us within the election timeout)
I20260608 10:07:47.846201  9807 raft_consensus.cc:3060] T eed5cf524e4e489e84266eb4a19d9277 P ce8658bc14964203ad8d25899580fe62 [term 0 FOLLOWER]: Advancing to term 1
I20260608 10:07:47.850929  9673 tablet_service.cc:1917] Received RequestConsensusVote() RPC: tablet_id: "b56ca1f6829f49418eb62ef25e7eb772" candidate_uuid: "ce8658bc14964203ad8d25899580fe62" candidate_term: 1 candidate_status { last_received { term: 0 index: 0 } } ignore_live_leader: false dest_uuid: "6cf8200d17f84b048e1f3d490b504b5a"
I20260608 10:07:47.858369  9749 tablet_service.cc:1917] Received RequestConsensusVote() RPC: tablet_id: "e984bd44886a4d198745b6e990c8f52e" candidate_uuid: "f03afde077e5438388541e512281e2d7" candidate_term: 1 candidate_status { last_received { term: 0 index: 0 } } ignore_live_leader: false dest_uuid: "ce8658bc14964203ad8d25899580fe62" is_pre_election: true
I20260608 10:07:47.858283  9807 raft_consensus.cc:515] T eed5cf524e4e489e84266eb4a19d9277 P ce8658bc14964203ad8d25899580fe62 [term 1 FOLLOWER]: Starting leader election with config: opid_index: -1 OBSOLETE_local: false peers { permanent_uuid: "f03afde077e5438388541e512281e2d7" member_type: VOTER last_known_addr { host: "127.8.182.1" port: 45051 } } peers { permanent_uuid: "6cf8200d17f84b048e1f3d490b504b5a" member_type: VOTER last_known_addr { host: "127.8.182.2" port: 35769 } } peers { permanent_uuid: "ce8658bc14964203ad8d25899580fe62" member_type: VOTER last_known_addr { host: "127.8.182.3" port: 42481 } }
I20260608 10:07:47.860688  9800 raft_consensus.cc:515] T e984bd44886a4d198745b6e990c8f52e P f03afde077e5438388541e512281e2d7 [term 1 FOLLOWER]: Starting leader election with config: opid_index: -1 OBSOLETE_local: false peers { permanent_uuid: "f03afde077e5438388541e512281e2d7" member_type: VOTER last_known_addr { host: "127.8.182.1" port: 45051 } } peers { permanent_uuid: "6cf8200d17f84b048e1f3d490b504b5a" member_type: VOTER last_known_addr { host: "127.8.182.2" port: 35769 } } peers { permanent_uuid: "ce8658bc14964203ad8d25899580fe62" member_type: VOTER last_known_addr { host: "127.8.182.3" port: 42481 } }
I20260608 10:07:47.862861  9800 leader_election.cc:290] T e984bd44886a4d198745b6e990c8f52e P f03afde077e5438388541e512281e2d7 [CANDIDATE]: Term 1 election: Requested vote from peers 6cf8200d17f84b048e1f3d490b504b5a (127.8.182.2:35769), ce8658bc14964203ad8d25899580fe62 (127.8.182.3:42481)
I20260608 10:07:47.863065  9807 leader_election.cc:290] T eed5cf524e4e489e84266eb4a19d9277 P ce8658bc14964203ad8d25899580fe62 [CANDIDATE]: Term 1 election: Requested vote from peers f03afde077e5438388541e512281e2d7 (127.8.182.1:45051), 6cf8200d17f84b048e1f3d490b504b5a (127.8.182.2:35769)
I20260608 10:07:47.864418  9598 tablet_service.cc:1917] Received RequestConsensusVote() RPC: tablet_id: "eed5cf524e4e489e84266eb4a19d9277" candidate_uuid: "ce8658bc14964203ad8d25899580fe62" candidate_term: 1 candidate_status { last_received { term: 0 index: 0 } } ignore_live_leader: false dest_uuid: "f03afde077e5438388541e512281e2d7"
I20260608 10:07:47.865324  9598 raft_consensus.cc:3060] T eed5cf524e4e489e84266eb4a19d9277 P f03afde077e5438388541e512281e2d7 [term 0 FOLLOWER]: Advancing to term 1
I20260608 10:07:47.864418  9674 tablet_service.cc:1917] Received RequestConsensusVote() RPC: tablet_id: "e984bd44886a4d198745b6e990c8f52e" candidate_uuid: "f03afde077e5438388541e512281e2d7" candidate_term: 1 candidate_status { last_received { term: 0 index: 0 } } ignore_live_leader: false dest_uuid: "6cf8200d17f84b048e1f3d490b504b5a"
I20260608 10:07:47.862331  9795 tablet_bootstrap.cc:654] T d729b2de5027480ca8ebeca4da30dcc2 P f03afde077e5438388541e512281e2d7: Neither blocks nor log segments found. Creating new log.
I20260608 10:07:47.866520  9674 raft_consensus.cc:3060] T e984bd44886a4d198745b6e990c8f52e P 6cf8200d17f84b048e1f3d490b504b5a [term 0 FOLLOWER]: Advancing to term 1
I20260608 10:07:47.864379  9673 raft_consensus.cc:2468] T b56ca1f6829f49418eb62ef25e7eb772 P 6cf8200d17f84b048e1f3d490b504b5a [term 1 FOLLOWER]: Leader election vote request: Granting yes vote for candidate ce8658bc14964203ad8d25899580fe62 in term 1.
I20260608 10:07:47.867887  9749 tablet_service.cc:1917] Received RequestConsensusVote() RPC: tablet_id: "e984bd44886a4d198745b6e990c8f52e" candidate_uuid: "f03afde077e5438388541e512281e2d7" candidate_term: 1 candidate_status { last_received { term: 0 index: 0 } } ignore_live_leader: false dest_uuid: "ce8658bc14964203ad8d25899580fe62"
W20260608 10:07:47.868498  9564 leader_election.cc:343] T e984bd44886a4d198745b6e990c8f52e P f03afde077e5438388541e512281e2d7 [CANDIDATE]: Term 1 pre-election: Tablet error from VoteRequest() call to peer ce8658bc14964203ad8d25899580fe62 (127.8.182.3:42481): Illegal state: must be running to vote when last-logged opid is not known
I20260608 10:07:47.868309  9599 raft_consensus.cc:2468] T b56ca1f6829f49418eb62ef25e7eb772 P f03afde077e5438388541e512281e2d7 [term 1 FOLLOWER]: Leader election vote request: Granting yes vote for candidate ce8658bc14964203ad8d25899580fe62 in term 1.
I20260608 10:07:47.870126  9672 tablet_service.cc:1917] Received RequestConsensusVote() RPC: tablet_id: "eed5cf524e4e489e84266eb4a19d9277" candidate_uuid: "ce8658bc14964203ad8d25899580fe62" candidate_term: 1 candidate_status { last_received { term: 0 index: 0 } } ignore_live_leader: false dest_uuid: "6cf8200d17f84b048e1f3d490b504b5a"
I20260608 10:07:47.872195  9672 raft_consensus.cc:3060] T eed5cf524e4e489e84266eb4a19d9277 P 6cf8200d17f84b048e1f3d490b504b5a [term 0 FOLLOWER]: Advancing to term 1
I20260608 10:07:47.872219  9715 leader_election.cc:304] T b56ca1f6829f49418eb62ef25e7eb772 P ce8658bc14964203ad8d25899580fe62 [CANDIDATE]: Term 1 election: Election decided. Result: candidate won. Election summary: received 2 responses out of 3 voters: 2 yes votes; 0 no votes. yes voters: 6cf8200d17f84b048e1f3d490b504b5a, ce8658bc14964203ad8d25899580fe62; no voters: 
W20260608 10:07:47.872920  9564 leader_election.cc:343] T e984bd44886a4d198745b6e990c8f52e P f03afde077e5438388541e512281e2d7 [CANDIDATE]: Term 1 election: Tablet error from VoteRequest() call to peer ce8658bc14964203ad8d25899580fe62 (127.8.182.3:42481): Illegal state: must be running to vote when last-logged opid is not known
I20260608 10:07:47.873520  9807 raft_consensus.cc:2804] T b56ca1f6829f49418eb62ef25e7eb772 P ce8658bc14964203ad8d25899580fe62 [term 1 FOLLOWER]: Leader election won for term 1
I20260608 10:07:47.874295  9807 raft_consensus.cc:697] T b56ca1f6829f49418eb62ef25e7eb772 P ce8658bc14964203ad8d25899580fe62 [term 1 LEADER]: Becoming Leader. State: Replica: ce8658bc14964203ad8d25899580fe62, State: Running, Role: LEADER
I20260608 10:07:47.875056  9807 consensus_queue.cc:237] T b56ca1f6829f49418eb62ef25e7eb772 P ce8658bc14964203ad8d25899580fe62 [LEADER]: Queue going to LEADER mode. State: All replicated index: 0, Majority replicated index: 0, Committed index: 0, Last appended: 0.0, Last appended by leader: 0, Current term: 1, Majority size: 2, State: 0, Mode: LEADER, active raft config: opid_index: -1 OBSOLETE_local: false peers { permanent_uuid: "f03afde077e5438388541e512281e2d7" member_type: VOTER last_known_addr { host: "127.8.182.1" port: 45051 } } peers { permanent_uuid: "6cf8200d17f84b048e1f3d490b504b5a" member_type: VOTER last_known_addr { host: "127.8.182.2" port: 35769 } } peers { permanent_uuid: "ce8658bc14964203ad8d25899580fe62" member_type: VOTER last_known_addr { host: "127.8.182.3" port: 42481 } }
I20260608 10:07:47.877918  9598 raft_consensus.cc:2468] T eed5cf524e4e489e84266eb4a19d9277 P f03afde077e5438388541e512281e2d7 [term 1 FOLLOWER]: Leader election vote request: Granting yes vote for candidate ce8658bc14964203ad8d25899580fe62 in term 1.
I20260608 10:07:47.881397  9674 raft_consensus.cc:2468] T e984bd44886a4d198745b6e990c8f52e P 6cf8200d17f84b048e1f3d490b504b5a [term 1 FOLLOWER]: Leader election vote request: Granting yes vote for candidate f03afde077e5438388541e512281e2d7 in term 1.
I20260608 10:07:47.882544  9713 leader_election.cc:304] T eed5cf524e4e489e84266eb4a19d9277 P ce8658bc14964203ad8d25899580fe62 [CANDIDATE]: Term 1 election: Election decided. Result: candidate won. Election summary: received 2 responses out of 3 voters: 2 yes votes; 0 no votes. yes voters: ce8658bc14964203ad8d25899580fe62, f03afde077e5438388541e512281e2d7; no voters: 
I20260608 10:07:47.882704  9564 leader_election.cc:304] T e984bd44886a4d198745b6e990c8f52e P f03afde077e5438388541e512281e2d7 [CANDIDATE]: Term 1 election: Election decided. Result: candidate won. Election summary: received 3 responses out of 3 voters: 2 yes votes; 1 no votes. yes voters: 6cf8200d17f84b048e1f3d490b504b5a, f03afde077e5438388541e512281e2d7; no voters: ce8658bc14964203ad8d25899580fe62
I20260608 10:07:47.879794  9672 raft_consensus.cc:2468] T eed5cf524e4e489e84266eb4a19d9277 P 6cf8200d17f84b048e1f3d490b504b5a [term 1 FOLLOWER]: Leader election vote request: Granting yes vote for candidate ce8658bc14964203ad8d25899580fe62 in term 1.
I20260608 10:07:47.883659  9800 raft_consensus.cc:2804] T e984bd44886a4d198745b6e990c8f52e P f03afde077e5438388541e512281e2d7 [term 1 FOLLOWER]: Leader election won for term 1
I20260608 10:07:47.883756  9830 raft_consensus.cc:2804] T eed5cf524e4e489e84266eb4a19d9277 P ce8658bc14964203ad8d25899580fe62 [term 1 FOLLOWER]: Leader election won for term 1
I20260608 10:07:47.884964  9796 tablet_bootstrap.cc:654] T 60fbe0dfa51e46b8b7c3d4c6ac62fbe2 P 6cf8200d17f84b048e1f3d490b504b5a: Neither blocks nor log segments found. Creating new log.
I20260608 10:07:47.896519  9830 raft_consensus.cc:697] T eed5cf524e4e489e84266eb4a19d9277 P ce8658bc14964203ad8d25899580fe62 [term 1 LEADER]: Becoming Leader. State: Replica: ce8658bc14964203ad8d25899580fe62, State: Running, Role: LEADER
I20260608 10:07:47.904577  9830 consensus_queue.cc:237] T eed5cf524e4e489e84266eb4a19d9277 P ce8658bc14964203ad8d25899580fe62 [LEADER]: Queue going to LEADER mode. State: All replicated index: 0, Majority replicated index: 0, Committed index: 0, Last appended: 0.0, Last appended by leader: 0, Current term: 1, Majority size: 2, State: 0, Mode: LEADER, active raft config: opid_index: -1 OBSOLETE_local: false peers { permanent_uuid: "f03afde077e5438388541e512281e2d7" member_type: VOTER last_known_addr { host: "127.8.182.1" port: 45051 } } peers { permanent_uuid: "6cf8200d17f84b048e1f3d490b504b5a" member_type: VOTER last_known_addr { host: "127.8.182.2" port: 35769 } } peers { permanent_uuid: "ce8658bc14964203ad8d25899580fe62" member_type: VOTER last_known_addr { host: "127.8.182.3" port: 42481 } }
I20260608 10:07:47.909659  9795 tablet_bootstrap.cc:492] T d729b2de5027480ca8ebeca4da30dcc2 P f03afde077e5438388541e512281e2d7: No bootstrap required, opened a new log
I20260608 10:07:47.910143  9795 ts_tablet_manager.cc:1403] T d729b2de5027480ca8ebeca4da30dcc2 P f03afde077e5438388541e512281e2d7: Time spent bootstrapping tablet: real 0.073s	user 0.014s	sys 0.000s
I20260608 10:07:47.910492  9801 tablet_bootstrap.cc:492] T 1ef952ddd62c484ba5a41d155efef093 P ce8658bc14964203ad8d25899580fe62: No bootstrap required, opened a new log
I20260608 10:07:47.915421  9795 raft_consensus.cc:359] T d729b2de5027480ca8ebeca4da30dcc2 P f03afde077e5438388541e512281e2d7 [term 0 FOLLOWER]: Replica starting. Triggering 0 pending ops. Active config: opid_index: -1 OBSOLETE_local: false peers { permanent_uuid: "f03afde077e5438388541e512281e2d7" member_type: VOTER last_known_addr { host: "127.8.182.1" port: 45051 } } peers { permanent_uuid: "6cf8200d17f84b048e1f3d490b504b5a" member_type: VOTER last_known_addr { host: "127.8.182.2" port: 35769 } } peers { permanent_uuid: "ce8658bc14964203ad8d25899580fe62" member_type: VOTER last_known_addr { host: "127.8.182.3" port: 42481 } }
I20260608 10:07:47.914964  9496 catalog_manager.cc:5696] T b56ca1f6829f49418eb62ef25e7eb772 P ce8658bc14964203ad8d25899580fe62 reported cstate change: term changed from 0 to 1, leader changed from <none> to ce8658bc14964203ad8d25899580fe62 (127.8.182.3). New cstate: current_term: 1 leader_uuid: "ce8658bc14964203ad8d25899580fe62" committed_config { opid_index: -1 OBSOLETE_local: false peers { permanent_uuid: "f03afde077e5438388541e512281e2d7" member_type: VOTER last_known_addr { host: "127.8.182.1" port: 45051 } health_report { overall_health: UNKNOWN } } peers { permanent_uuid: "6cf8200d17f84b048e1f3d490b504b5a" member_type: VOTER last_known_addr { host: "127.8.182.2" port: 35769 } health_report { overall_health: UNKNOWN } } peers { permanent_uuid: "ce8658bc14964203ad8d25899580fe62" member_type: VOTER last_known_addr { host: "127.8.182.3" port: 42481 } health_report { overall_health: HEALTHY } } }
I20260608 10:07:47.916173  9795 raft_consensus.cc:385] T d729b2de5027480ca8ebeca4da30dcc2 P f03afde077e5438388541e512281e2d7 [term 0 FOLLOWER]: Consensus starting up: Expiring failure detector timer to make a prompt election more likely
I20260608 10:07:47.916524  9795 raft_consensus.cc:740] T d729b2de5027480ca8ebeca4da30dcc2 P f03afde077e5438388541e512281e2d7 [term 0 FOLLOWER]: Becoming Follower/Learner. State: Replica: f03afde077e5438388541e512281e2d7, State: Initialized, Role: FOLLOWER
I20260608 10:07:47.918534  9796 tablet_bootstrap.cc:492] T 60fbe0dfa51e46b8b7c3d4c6ac62fbe2 P 6cf8200d17f84b048e1f3d490b504b5a: No bootstrap required, opened a new log
I20260608 10:07:47.919874  9796 ts_tablet_manager.cc:1403] T 60fbe0dfa51e46b8b7c3d4c6ac62fbe2 P 6cf8200d17f84b048e1f3d490b504b5a: Time spent bootstrapping tablet: real 0.118s	user 0.004s	sys 0.012s
I20260608 10:07:47.920776  9795 consensus_queue.cc:260] T d729b2de5027480ca8ebeca4da30dcc2 P f03afde077e5438388541e512281e2d7 [NON_LEADER]: Queue going to NON_LEADER mode. State: All replicated index: 0, Majority replicated index: 0, Committed index: 0, Last appended: 0.0, Last appended by leader: 0, Current term: 0, Majority size: -1, State: 0, Mode: NON_LEADER, active raft config: opid_index: -1 OBSOLETE_local: false peers { permanent_uuid: "f03afde077e5438388541e512281e2d7" member_type: VOTER last_known_addr { host: "127.8.182.1" port: 45051 } } peers { permanent_uuid: "6cf8200d17f84b048e1f3d490b504b5a" member_type: VOTER last_known_addr { host: "127.8.182.2" port: 35769 } } peers { permanent_uuid: "ce8658bc14964203ad8d25899580fe62" member_type: VOTER last_known_addr { host: "127.8.182.3" port: 42481 } }
I20260608 10:07:47.923619  9800 raft_consensus.cc:697] T e984bd44886a4d198745b6e990c8f52e P f03afde077e5438388541e512281e2d7 [term 1 LEADER]: Becoming Leader. State: Replica: f03afde077e5438388541e512281e2d7, State: Running, Role: LEADER
I20260608 10:07:47.924499  9800 consensus_queue.cc:237] T e984bd44886a4d198745b6e990c8f52e P f03afde077e5438388541e512281e2d7 [LEADER]: Queue going to LEADER mode. State: All replicated index: 0, Majority replicated index: 0, Committed index: 0, Last appended: 0.0, Last appended by leader: 0, Current term: 1, Majority size: 2, State: 0, Mode: LEADER, active raft config: opid_index: -1 OBSOLETE_local: false peers { permanent_uuid: "f03afde077e5438388541e512281e2d7" member_type: VOTER last_known_addr { host: "127.8.182.1" port: 45051 } } peers { permanent_uuid: "6cf8200d17f84b048e1f3d490b504b5a" member_type: VOTER last_known_addr { host: "127.8.182.2" port: 35769 } } peers { permanent_uuid: "ce8658bc14964203ad8d25899580fe62" member_type: VOTER last_known_addr { host: "127.8.182.3" port: 42481 } }
I20260608 10:07:47.923028  9801 ts_tablet_manager.cc:1403] T 1ef952ddd62c484ba5a41d155efef093 P ce8658bc14964203ad8d25899580fe62: Time spent bootstrapping tablet: real 0.153s	user 0.020s	sys 0.001s
I20260608 10:07:47.929543  9801 raft_consensus.cc:359] T 1ef952ddd62c484ba5a41d155efef093 P ce8658bc14964203ad8d25899580fe62 [term 0 FOLLOWER]: Replica starting. Triggering 0 pending ops. Active config: opid_index: -1 OBSOLETE_local: false peers { permanent_uuid: "f03afde077e5438388541e512281e2d7" member_type: VOTER last_known_addr { host: "127.8.182.1" port: 45051 } } peers { permanent_uuid: "6cf8200d17f84b048e1f3d490b504b5a" member_type: VOTER last_known_addr { host: "127.8.182.2" port: 35769 } } peers { permanent_uuid: "ce8658bc14964203ad8d25899580fe62" member_type: VOTER last_known_addr { host: "127.8.182.3" port: 42481 } }
I20260608 10:07:47.930089  9801 raft_consensus.cc:385] T 1ef952ddd62c484ba5a41d155efef093 P ce8658bc14964203ad8d25899580fe62 [term 0 FOLLOWER]: Consensus starting up: Expiring failure detector timer to make a prompt election more likely
I20260608 10:07:47.930333  9801 raft_consensus.cc:740] T 1ef952ddd62c484ba5a41d155efef093 P ce8658bc14964203ad8d25899580fe62 [term 0 FOLLOWER]: Becoming Follower/Learner. State: Replica: ce8658bc14964203ad8d25899580fe62, State: Initialized, Role: FOLLOWER
I20260608 10:07:47.929908  9795 ts_tablet_manager.cc:1434] T d729b2de5027480ca8ebeca4da30dcc2 P f03afde077e5438388541e512281e2d7: Time spent starting tablet: real 0.019s	user 0.009s	sys 0.000s
I20260608 10:07:47.931068  9801 consensus_queue.cc:260] T 1ef952ddd62c484ba5a41d155efef093 P ce8658bc14964203ad8d25899580fe62 [NON_LEADER]: Queue going to NON_LEADER mode. State: All replicated index: 0, Majority replicated index: 0, Committed index: 0, Last appended: 0.0, Last appended by leader: 0, Current term: 0, Majority size: -1, State: 0, Mode: NON_LEADER, active raft config: opid_index: -1 OBSOLETE_local: false peers { permanent_uuid: "f03afde077e5438388541e512281e2d7" member_type: VOTER last_known_addr { host: "127.8.182.1" port: 45051 } } peers { permanent_uuid: "6cf8200d17f84b048e1f3d490b504b5a" member_type: VOTER last_known_addr { host: "127.8.182.2" port: 35769 } } peers { permanent_uuid: "ce8658bc14964203ad8d25899580fe62" member_type: VOTER last_known_addr { host: "127.8.182.3" port: 42481 } }
I20260608 10:07:47.933022  9801 ts_tablet_manager.cc:1434] T 1ef952ddd62c484ba5a41d155efef093 P ce8658bc14964203ad8d25899580fe62: Time spent starting tablet: real 0.007s	user 0.003s	sys 0.003s
I20260608 10:07:47.933858  9796 raft_consensus.cc:359] T 60fbe0dfa51e46b8b7c3d4c6ac62fbe2 P 6cf8200d17f84b048e1f3d490b504b5a [term 0 FOLLOWER]: Replica starting. Triggering 0 pending ops. Active config: opid_index: -1 OBSOLETE_local: false peers { permanent_uuid: "f03afde077e5438388541e512281e2d7" member_type: VOTER last_known_addr { host: "127.8.182.1" port: 45051 } } peers { permanent_uuid: "6cf8200d17f84b048e1f3d490b504b5a" member_type: VOTER last_known_addr { host: "127.8.182.2" port: 35769 } } peers { permanent_uuid: "ce8658bc14964203ad8d25899580fe62" member_type: VOTER last_known_addr { host: "127.8.182.3" port: 42481 } }
I20260608 10:07:47.934648  9796 raft_consensus.cc:385] T 60fbe0dfa51e46b8b7c3d4c6ac62fbe2 P 6cf8200d17f84b048e1f3d490b504b5a [term 0 FOLLOWER]: Consensus starting up: Expiring failure detector timer to make a prompt election more likely
I20260608 10:07:47.934957  9796 raft_consensus.cc:740] T 60fbe0dfa51e46b8b7c3d4c6ac62fbe2 P 6cf8200d17f84b048e1f3d490b504b5a [term 0 FOLLOWER]: Becoming Follower/Learner. State: Replica: 6cf8200d17f84b048e1f3d490b504b5a, State: Initialized, Role: FOLLOWER
I20260608 10:07:47.933979  9801 tablet_bootstrap.cc:492] T 3df8ee45c5294e5e8ac473197ebee83a P ce8658bc14964203ad8d25899580fe62: Bootstrap starting.
I20260608 10:07:47.941767  9796 consensus_queue.cc:260] T 60fbe0dfa51e46b8b7c3d4c6ac62fbe2 P 6cf8200d17f84b048e1f3d490b504b5a [NON_LEADER]: Queue going to NON_LEADER mode. State: All replicated index: 0, Majority replicated index: 0, Committed index: 0, Last appended: 0.0, Last appended by leader: 0, Current term: 0, Majority size: -1, State: 0, Mode: NON_LEADER, active raft config: opid_index: -1 OBSOLETE_local: false peers { permanent_uuid: "f03afde077e5438388541e512281e2d7" member_type: VOTER last_known_addr { host: "127.8.182.1" port: 45051 } } peers { permanent_uuid: "6cf8200d17f84b048e1f3d490b504b5a" member_type: VOTER last_known_addr { host: "127.8.182.2" port: 35769 } } peers { permanent_uuid: "ce8658bc14964203ad8d25899580fe62" member_type: VOTER last_known_addr { host: "127.8.182.3" port: 42481 } }
I20260608 10:07:47.944790  9796 ts_tablet_manager.cc:1434] T 60fbe0dfa51e46b8b7c3d4c6ac62fbe2 P 6cf8200d17f84b048e1f3d490b504b5a: Time spent starting tablet: real 0.025s	user 0.005s	sys 0.003s
I20260608 10:07:47.946063  9801 tablet_bootstrap.cc:654] T 3df8ee45c5294e5e8ac473197ebee83a P ce8658bc14964203ad8d25899580fe62: Neither blocks nor log segments found. Creating new log.
I20260608 10:07:47.947156  9796 tablet_bootstrap.cc:492] T 1ef952ddd62c484ba5a41d155efef093 P 6cf8200d17f84b048e1f3d490b504b5a: Bootstrap starting.
I20260608 10:07:47.947546  9495 catalog_manager.cc:5696] T e984bd44886a4d198745b6e990c8f52e P f03afde077e5438388541e512281e2d7 reported cstate change: term changed from 0 to 1, leader changed from <none> to f03afde077e5438388541e512281e2d7 (127.8.182.1). New cstate: current_term: 1 leader_uuid: "f03afde077e5438388541e512281e2d7" committed_config { opid_index: -1 OBSOLETE_local: false peers { permanent_uuid: "f03afde077e5438388541e512281e2d7" member_type: VOTER last_known_addr { host: "127.8.182.1" port: 45051 } health_report { overall_health: HEALTHY } } peers { permanent_uuid: "6cf8200d17f84b048e1f3d490b504b5a" member_type: VOTER last_known_addr { host: "127.8.182.2" port: 35769 } health_report { overall_health: UNKNOWN } } peers { permanent_uuid: "ce8658bc14964203ad8d25899580fe62" member_type: VOTER last_known_addr { host: "127.8.182.3" port: 42481 } health_report { overall_health: UNKNOWN } } }
I20260608 10:07:47.950637  9496 catalog_manager.cc:5696] T eed5cf524e4e489e84266eb4a19d9277 P ce8658bc14964203ad8d25899580fe62 reported cstate change: term changed from 0 to 1, leader changed from <none> to ce8658bc14964203ad8d25899580fe62 (127.8.182.3). New cstate: current_term: 1 leader_uuid: "ce8658bc14964203ad8d25899580fe62" committed_config { opid_index: -1 OBSOLETE_local: false peers { permanent_uuid: "f03afde077e5438388541e512281e2d7" member_type: VOTER last_known_addr { host: "127.8.182.1" port: 45051 } health_report { overall_health: UNKNOWN } } peers { permanent_uuid: "6cf8200d17f84b048e1f3d490b504b5a" member_type: VOTER last_known_addr { host: "127.8.182.2" port: 35769 } health_report { overall_health: UNKNOWN } } peers { permanent_uuid: "ce8658bc14964203ad8d25899580fe62" member_type: VOTER last_known_addr { host: "127.8.182.3" port: 42481 } health_report { overall_health: HEALTHY } } }
I20260608 10:07:47.954680  9796 tablet_bootstrap.cc:654] T 1ef952ddd62c484ba5a41d155efef093 P 6cf8200d17f84b048e1f3d490b504b5a: Neither blocks nor log segments found. Creating new log.
I20260608 10:07:47.956983  9801 tablet_bootstrap.cc:492] T 3df8ee45c5294e5e8ac473197ebee83a P ce8658bc14964203ad8d25899580fe62: No bootstrap required, opened a new log
I20260608 10:07:47.957515  9801 ts_tablet_manager.cc:1403] T 3df8ee45c5294e5e8ac473197ebee83a P ce8658bc14964203ad8d25899580fe62: Time spent bootstrapping tablet: real 0.024s	user 0.017s	sys 0.000s
I20260608 10:07:47.960749  9801 raft_consensus.cc:359] T 3df8ee45c5294e5e8ac473197ebee83a P ce8658bc14964203ad8d25899580fe62 [term 0 FOLLOWER]: Replica starting. Triggering 0 pending ops. Active config: opid_index: -1 OBSOLETE_local: false peers { permanent_uuid: "f03afde077e5438388541e512281e2d7" member_type: VOTER last_known_addr { host: "127.8.182.1" port: 45051 } } peers { permanent_uuid: "6cf8200d17f84b048e1f3d490b504b5a" member_type: VOTER last_known_addr { host: "127.8.182.2" port: 35769 } } peers { permanent_uuid: "ce8658bc14964203ad8d25899580fe62" member_type: VOTER last_known_addr { host: "127.8.182.3" port: 42481 } }
