I20260608 10:09:06.123858 12451 raft_consensus.cc:2955] T f7262c5804f544b6832a7b55ec44dd0c P 0498784e06924b20afca9828dde5a74a [term 1 LEADER]: Committing config change with OpId 1.2: config changed from index -1 to 2, NON_VOTER 77425c332ca54fd1ae69e56a90908dd0 (127.8.182.4) added. New config: { opid_index: 2 OBSOLETE_local: false peers { permanent_uuid: "0498784e06924b20afca9828dde5a74a" member_type: VOTER last_known_addr { host: "127.8.182.1" port: 39117 } } peers { permanent_uuid: "61c3527b47d64184ab11dbf10b1f7042" member_type: VOTER last_known_addr { host: "127.8.182.2" port: 36611 } } peers { permanent_uuid: "0b097d22c44e4e75a513cc8ddd088f9e" member_type: VOTER last_known_addr { host: "127.8.182.3" port: 39881 } attrs { replace: true } } peers { permanent_uuid: "77425c332ca54fd1ae69e56a90908dd0" member_type: NON_VOTER last_known_addr { host: "127.8.182.4" port: 32917 } attrs { promote: true } } }
I20260608 10:09:06.125733 12092 raft_consensus.cc:2955] T f7262c5804f544b6832a7b55ec44dd0c P 0b097d22c44e4e75a513cc8ddd088f9e [term 1 FOLLOWER]: Committing config change with OpId 1.2: config changed from index -1 to 2, NON_VOTER 77425c332ca54fd1ae69e56a90908dd0 (127.8.182.4) added. New config: { opid_index: 2 OBSOLETE_local: false peers { permanent_uuid: "0498784e06924b20afca9828dde5a74a" member_type: VOTER last_known_addr { host: "127.8.182.1" port: 39117 } } peers { permanent_uuid: "61c3527b47d64184ab11dbf10b1f7042" member_type: VOTER last_known_addr { host: "127.8.182.2" port: 36611 } } peers { permanent_uuid: "0b097d22c44e4e75a513cc8ddd088f9e" member_type: VOTER last_known_addr { host: "127.8.182.3" port: 39881 } attrs { replace: true } } peers { permanent_uuid: "77425c332ca54fd1ae69e56a90908dd0" member_type: NON_VOTER last_known_addr { host: "127.8.182.4" port: 32917 } attrs { promote: true } } }
I20260608 10:09:06.147951 11838 catalog_manager.cc:5696] T f7262c5804f544b6832a7b55ec44dd0c P 0b097d22c44e4e75a513cc8ddd088f9e reported cstate change: config changed from index -1 to 2, NON_VOTER 77425c332ca54fd1ae69e56a90908dd0 (127.8.182.4) added. New cstate: current_term: 1 leader_uuid: "0498784e06924b20afca9828dde5a74a" committed_config { opid_index: 2 OBSOLETE_local: false peers { permanent_uuid: "0498784e06924b20afca9828dde5a74a" member_type: VOTER last_known_addr { host: "127.8.182.1" port: 39117 } } peers { permanent_uuid: "61c3527b47d64184ab11dbf10b1f7042" member_type: VOTER last_known_addr { host: "127.8.182.2" port: 36611 } } peers { permanent_uuid: "0b097d22c44e4e75a513cc8ddd088f9e" member_type: VOTER last_known_addr { host: "127.8.182.3" port: 39881 } attrs { replace: true } } peers { permanent_uuid: "77425c332ca54fd1ae69e56a90908dd0" member_type: NON_VOTER last_known_addr { host: "127.8.182.4" port: 32917 } attrs { promote: true } } }
I20260608 10:09:06.153957 12018 raft_consensus.cc:2955] T f7262c5804f544b6832a7b55ec44dd0c P 61c3527b47d64184ab11dbf10b1f7042 [term 1 FOLLOWER]: Committing config change with OpId 1.2: config changed from index -1 to 2, NON_VOTER 77425c332ca54fd1ae69e56a90908dd0 (127.8.182.4) added. New config: { opid_index: 2 OBSOLETE_local: false peers { permanent_uuid: "0498784e06924b20afca9828dde5a74a" member_type: VOTER last_known_addr { host: "127.8.182.1" port: 39117 } } peers { permanent_uuid: "61c3527b47d64184ab11dbf10b1f7042" member_type: VOTER last_known_addr { host: "127.8.182.2" port: 36611 } } peers { permanent_uuid: "0b097d22c44e4e75a513cc8ddd088f9e" member_type: VOTER last_known_addr { host: "127.8.182.3" port: 39881 } attrs { replace: true } } peers { permanent_uuid: "77425c332ca54fd1ae69e56a90908dd0" member_type: NON_VOTER last_known_addr { host: "127.8.182.4" port: 32917 } attrs { promote: true } } }
I20260608 10:09:06.412707 12467 ts_tablet_manager.cc:933] T 884d73d27f7040bcabfe462a023c7125 P 61c3527b47d64184ab11dbf10b1f7042: Initiating tablet copy from peer 0b097d22c44e4e75a513cc8ddd088f9e (127.8.182.3:39881)
I20260608 10:09:06.414577 12467 tablet_copy_client.cc:323] T 884d73d27f7040bcabfe462a023c7125 P 61c3527b47d64184ab11dbf10b1f7042: tablet copy: Beginning tablet copy session from remote peer at address 127.8.182.3:39881
I20260608 10:09:06.416319 12103 tablet_copy_service.cc:140] P 0b097d22c44e4e75a513cc8ddd088f9e: Received BeginTabletCopySession request for tablet 884d73d27f7040bcabfe462a023c7125 from peer 61c3527b47d64184ab11dbf10b1f7042 ({username='slave'} at 127.0.0.1:40216)
I20260608 10:09:06.416914 12103 tablet_copy_service.cc:161] P 0b097d22c44e4e75a513cc8ddd088f9e: Beginning new tablet copy session on tablet 884d73d27f7040bcabfe462a023c7125 from peer 61c3527b47d64184ab11dbf10b1f7042 at {username='slave'} at 127.0.0.1:40216: session id = 61c3527b47d64184ab11dbf10b1f7042-884d73d27f7040bcabfe462a023c7125
I20260608 10:09:06.424873 12103 tablet_copy_source_session.cc:215] T 884d73d27f7040bcabfe462a023c7125 P 0b097d22c44e4e75a513cc8ddd088f9e: Tablet Copy: opened 0 blocks and 1 log segments
I20260608 10:09:06.428124 12467 data_dirs.cc:400] Could only allocate 1 dirs of requested 3 for tablet 884d73d27f7040bcabfe462a023c7125. 1 dirs total, 0 dirs full, 0 dirs failed
I20260608 10:09:06.440594 12467 tablet_copy_client.cc:806] T 884d73d27f7040bcabfe462a023c7125 P 61c3527b47d64184ab11dbf10b1f7042: tablet copy: Starting download of 0 data blocks...
I20260608 10:09:06.441126 12467 tablet_copy_client.cc:670] T 884d73d27f7040bcabfe462a023c7125 P 61c3527b47d64184ab11dbf10b1f7042: tablet copy: Starting download of 1 WAL segments...
I20260608 10:09:06.444942 12467 tablet_copy_client.cc:538] T 884d73d27f7040bcabfe462a023c7125 P 61c3527b47d64184ab11dbf10b1f7042: tablet copy: Tablet Copy complete. Replacing tablet superblock.
I20260608 10:09:06.451841 12467 tablet_bootstrap.cc:492] T 884d73d27f7040bcabfe462a023c7125 P 61c3527b47d64184ab11dbf10b1f7042: Bootstrap starting.
I20260608 10:09:06.470878 12467 tablet_bootstrap.cc:492] T 884d73d27f7040bcabfe462a023c7125 P 61c3527b47d64184ab11dbf10b1f7042: Bootstrap replayed 1/1 log segments. Stats: ops{read=2 overwritten=0 applied=2 ignored=0} inserts{seen=0 ignored=0} mutations{seen=0 ignored=0} orphaned_commits=0. Pending: 0 replicates
I20260608 10:09:06.471799 12467 tablet_bootstrap.cc:492] T 884d73d27f7040bcabfe462a023c7125 P 61c3527b47d64184ab11dbf10b1f7042: Bootstrap complete.
I20260608 10:09:06.472424 12467 ts_tablet_manager.cc:1403] T 884d73d27f7040bcabfe462a023c7125 P 61c3527b47d64184ab11dbf10b1f7042: Time spent bootstrapping tablet: real 0.021s	user 0.019s	sys 0.004s
I20260608 10:09:06.474704 12467 raft_consensus.cc:359] T 884d73d27f7040bcabfe462a023c7125 P 61c3527b47d64184ab11dbf10b1f7042 [term 1 LEARNER]: Replica starting. Triggering 0 pending ops. Active config: opid_index: 2 OBSOLETE_local: false peers { permanent_uuid: "77425c332ca54fd1ae69e56a90908dd0" member_type: VOTER last_known_addr { host: "127.8.182.4" port: 32917 } attrs { replace: true } } peers { permanent_uuid: "0b097d22c44e4e75a513cc8ddd088f9e" member_type: VOTER last_known_addr { host: "127.8.182.3" port: 39881 } } peers { permanent_uuid: "0498784e06924b20afca9828dde5a74a" member_type: VOTER last_known_addr { host: "127.8.182.1" port: 39117 } } peers { permanent_uuid: "61c3527b47d64184ab11dbf10b1f7042" member_type: NON_VOTER last_known_addr { host: "127.8.182.2" port: 36611 } attrs { promote: true } }
I20260608 10:09:06.475286 12467 raft_consensus.cc:740] T 884d73d27f7040bcabfe462a023c7125 P 61c3527b47d64184ab11dbf10b1f7042 [term 1 LEARNER]: Becoming Follower/Learner. State: Replica: 61c3527b47d64184ab11dbf10b1f7042, State: Initialized, Role: LEARNER
I20260608 10:09:06.475813 12467 consensus_queue.cc:260] T 884d73d27f7040bcabfe462a023c7125 P 61c3527b47d64184ab11dbf10b1f7042 [NON_LEADER]: Queue going to NON_LEADER mode. State: All replicated index: 0, Majority replicated index: 0, Committed index: 2, Last appended: 1.2, Last appended by leader: 2, Current term: 0, Majority size: -1, State: 0, Mode: NON_LEADER, active raft config: opid_index: 2 OBSOLETE_local: false peers { permanent_uuid: "77425c332ca54fd1ae69e56a90908dd0" member_type: VOTER last_known_addr { host: "127.8.182.4" port: 32917 } attrs { replace: true } } peers { permanent_uuid: "0b097d22c44e4e75a513cc8ddd088f9e" member_type: VOTER last_known_addr { host: "127.8.182.3" port: 39881 } } peers { permanent_uuid: "0498784e06924b20afca9828dde5a74a" member_type: VOTER last_known_addr { host: "127.8.182.1" port: 39117 } } peers { permanent_uuid: "61c3527b47d64184ab11dbf10b1f7042" member_type: NON_VOTER last_known_addr { host: "127.8.182.2" port: 36611 } attrs { promote: true } }
I20260608 10:09:06.477895 12467 ts_tablet_manager.cc:1434] T 884d73d27f7040bcabfe462a023c7125 P 61c3527b47d64184ab11dbf10b1f7042: Time spent starting tablet: real 0.005s	user 0.005s	sys 0.000s
I20260608 10:09:06.479993 12103 tablet_copy_service.cc:342] P 0b097d22c44e4e75a513cc8ddd088f9e: Request end of tablet copy session 61c3527b47d64184ab11dbf10b1f7042-884d73d27f7040bcabfe462a023c7125 received from {username='slave'} at 127.0.0.1:40216
I20260608 10:09:06.480422 12103 tablet_copy_service.cc:434] P 0b097d22c44e4e75a513cc8ddd088f9e: ending tablet copy session 61c3527b47d64184ab11dbf10b1f7042-884d73d27f7040bcabfe462a023c7125 on tablet 884d73d27f7040bcabfe462a023c7125 with peer 61c3527b47d64184ab11dbf10b1f7042
I20260608 10:09:06.582017 12471 ts_tablet_manager.cc:933] T 47f8befea9cc4e2a8dfd7e88fcc4d10c P 77425c332ca54fd1ae69e56a90908dd0: Initiating tablet copy from peer 0b097d22c44e4e75a513cc8ddd088f9e (127.8.182.3:39881)
I20260608 10:09:06.583951 12471 tablet_copy_client.cc:323] T 47f8befea9cc4e2a8dfd7e88fcc4d10c P 77425c332ca54fd1ae69e56a90908dd0: tablet copy: Beginning tablet copy session from remote peer at address 127.8.182.3:39881
I20260608 10:09:06.585462 12103 tablet_copy_service.cc:140] P 0b097d22c44e4e75a513cc8ddd088f9e: Received BeginTabletCopySession request for tablet 47f8befea9cc4e2a8dfd7e88fcc4d10c from peer 77425c332ca54fd1ae69e56a90908dd0 ({username='slave'} at 127.0.0.1:40224)
I20260608 10:09:06.585904 12103 tablet_copy_service.cc:161] P 0b097d22c44e4e75a513cc8ddd088f9e: Beginning new tablet copy session on tablet 47f8befea9cc4e2a8dfd7e88fcc4d10c from peer 77425c332ca54fd1ae69e56a90908dd0 at {username='slave'} at 127.0.0.1:40224: session id = 77425c332ca54fd1ae69e56a90908dd0-47f8befea9cc4e2a8dfd7e88fcc4d10c
I20260608 10:09:06.590793 12103 tablet_copy_source_session.cc:215] T 47f8befea9cc4e2a8dfd7e88fcc4d10c P 0b097d22c44e4e75a513cc8ddd088f9e: Tablet Copy: opened 0 blocks and 1 log segments
I20260608 10:09:06.593446 12471 data_dirs.cc:400] Could only allocate 1 dirs of requested 3 for tablet 47f8befea9cc4e2a8dfd7e88fcc4d10c. 1 dirs total, 0 dirs full, 0 dirs failed
I20260608 10:09:06.605139 12471 tablet_copy_client.cc:806] T 47f8befea9cc4e2a8dfd7e88fcc4d10c P 77425c332ca54fd1ae69e56a90908dd0: tablet copy: Starting download of 0 data blocks...
I20260608 10:09:06.605665 12471 tablet_copy_client.cc:670] T 47f8befea9cc4e2a8dfd7e88fcc4d10c P 77425c332ca54fd1ae69e56a90908dd0: tablet copy: Starting download of 1 WAL segments...
I20260608 10:09:06.609073 12471 tablet_copy_client.cc:538] T 47f8befea9cc4e2a8dfd7e88fcc4d10c P 77425c332ca54fd1ae69e56a90908dd0: tablet copy: Tablet Copy complete. Replacing tablet superblock.
I20260608 10:09:06.614974 12471 tablet_bootstrap.cc:492] T 47f8befea9cc4e2a8dfd7e88fcc4d10c P 77425c332ca54fd1ae69e56a90908dd0: Bootstrap starting.
I20260608 10:09:06.636821 12471 tablet_bootstrap.cc:492] T 47f8befea9cc4e2a8dfd7e88fcc4d10c P 77425c332ca54fd1ae69e56a90908dd0: Bootstrap replayed 1/1 log segments. Stats: ops{read=3 overwritten=0 applied=3 ignored=0} inserts{seen=0 ignored=0} mutations{seen=0 ignored=0} orphaned_commits=0. Pending: 0 replicates
I20260608 10:09:06.637617 12471 tablet_bootstrap.cc:492] T 47f8befea9cc4e2a8dfd7e88fcc4d10c P 77425c332ca54fd1ae69e56a90908dd0: Bootstrap complete.
I20260608 10:09:06.638270 12471 ts_tablet_manager.cc:1403] T 47f8befea9cc4e2a8dfd7e88fcc4d10c P 77425c332ca54fd1ae69e56a90908dd0: Time spent bootstrapping tablet: real 0.023s	user 0.017s	sys 0.005s
I20260608 10:09:06.640730 12471 raft_consensus.cc:359] T 47f8befea9cc4e2a8dfd7e88fcc4d10c P 77425c332ca54fd1ae69e56a90908dd0 [term 2 LEARNER]: Replica starting. Triggering 0 pending ops. Active config: opid_index: 3 OBSOLETE_local: false peers { permanent_uuid: "0498784e06924b20afca9828dde5a74a" member_type: VOTER last_known_addr { host: "127.8.182.1" port: 39117 } } peers { permanent_uuid: "61c3527b47d64184ab11dbf10b1f7042" member_type: VOTER last_known_addr { host: "127.8.182.2" port: 36611 } attrs { replace: true } } peers { permanent_uuid: "0b097d22c44e4e75a513cc8ddd088f9e" member_type: VOTER last_known_addr { host: "127.8.182.3" port: 39881 } } peers { permanent_uuid: "77425c332ca54fd1ae69e56a90908dd0" member_type: NON_VOTER last_known_addr { host: "127.8.182.4" port: 32917 } attrs { promote: true } }
I20260608 10:09:06.641316 12471 raft_consensus.cc:740] T 47f8befea9cc4e2a8dfd7e88fcc4d10c P 77425c332ca54fd1ae69e56a90908dd0 [term 2 LEARNER]: Becoming Follower/Learner. State: Replica: 77425c332ca54fd1ae69e56a90908dd0, State: Initialized, Role: LEARNER
I20260608 10:09:06.641835 12471 consensus_queue.cc:260] T 47f8befea9cc4e2a8dfd7e88fcc4d10c P 77425c332ca54fd1ae69e56a90908dd0 [NON_LEADER]: Queue going to NON_LEADER mode. State: All replicated index: 0, Majority replicated index: 0, Committed index: 3, Last appended: 2.3, Last appended by leader: 3, Current term: 0, Majority size: -1, State: 0, Mode: NON_LEADER, active raft config: opid_index: 3 OBSOLETE_local: false peers { permanent_uuid: "0498784e06924b20afca9828dde5a74a" member_type: VOTER last_known_addr { host: "127.8.182.1" port: 39117 } } peers { permanent_uuid: "61c3527b47d64184ab11dbf10b1f7042" member_type: VOTER last_known_addr { host: "127.8.182.2" port: 36611 } attrs { replace: true } } peers { permanent_uuid: "0b097d22c44e4e75a513cc8ddd088f9e" member_type: VOTER last_known_addr { host: "127.8.182.3" port: 39881 } } peers { permanent_uuid: "77425c332ca54fd1ae69e56a90908dd0" member_type: NON_VOTER last_known_addr { host: "127.8.182.4" port: 32917 } attrs { promote: true } }
I20260608 10:09:06.643749 12471 ts_tablet_manager.cc:1434] T 47f8befea9cc4e2a8dfd7e88fcc4d10c P 77425c332ca54fd1ae69e56a90908dd0: Time spent starting tablet: real 0.005s	user 0.004s	sys 0.000s
I20260608 10:09:06.645946 12103 tablet_copy_service.cc:342] P 0b097d22c44e4e75a513cc8ddd088f9e: Request end of tablet copy session 77425c332ca54fd1ae69e56a90908dd0-47f8befea9cc4e2a8dfd7e88fcc4d10c received from {username='slave'} at 127.0.0.1:40224
I20260608 10:09:06.646397 12103 tablet_copy_service.cc:434] P 0b097d22c44e4e75a513cc8ddd088f9e: ending tablet copy session 77425c332ca54fd1ae69e56a90908dd0-47f8befea9cc4e2a8dfd7e88fcc4d10c on tablet 47f8befea9cc4e2a8dfd7e88fcc4d10c with peer 77425c332ca54fd1ae69e56a90908dd0
I20260608 10:09:06.681560 12474 ts_tablet_manager.cc:933] T 514c2fb0a47542dc889312d086cd5525 P 0b097d22c44e4e75a513cc8ddd088f9e: Initiating tablet copy from peer 61c3527b47d64184ab11dbf10b1f7042 (127.8.182.2:36611)
I20260608 10:09:06.683535 12474 tablet_copy_client.cc:323] T 514c2fb0a47542dc889312d086cd5525 P 0b097d22c44e4e75a513cc8ddd088f9e: tablet copy: Beginning tablet copy session from remote peer at address 127.8.182.2:36611
I20260608 10:09:06.685360 12029 tablet_copy_service.cc:140] P 61c3527b47d64184ab11dbf10b1f7042: Received BeginTabletCopySession request for tablet 514c2fb0a47542dc889312d086cd5525 from peer 0b097d22c44e4e75a513cc8ddd088f9e ({username='slave'} at 127.0.0.1:52718)
I20260608 10:09:06.685966 12029 tablet_copy_service.cc:161] P 61c3527b47d64184ab11dbf10b1f7042: Beginning new tablet copy session on tablet 514c2fb0a47542dc889312d086cd5525 from peer 0b097d22c44e4e75a513cc8ddd088f9e at {username='slave'} at 127.0.0.1:52718: session id = 0b097d22c44e4e75a513cc8ddd088f9e-514c2fb0a47542dc889312d086cd5525
I20260608 10:09:06.694660 12471 ts_tablet_manager.cc:933] T f7262c5804f544b6832a7b55ec44dd0c P 77425c332ca54fd1ae69e56a90908dd0: Initiating tablet copy from peer 0498784e06924b20afca9828dde5a74a (127.8.182.1:39117)
I20260608 10:09:06.694831 12029 tablet_copy_source_session.cc:215] T 514c2fb0a47542dc889312d086cd5525 P 61c3527b47d64184ab11dbf10b1f7042: Tablet Copy: opened 0 blocks and 1 log segments
I20260608 10:09:06.698298 12474 data_dirs.cc:400] Could only allocate 1 dirs of requested 3 for tablet 514c2fb0a47542dc889312d086cd5525. 1 dirs total, 0 dirs full, 0 dirs failed
I20260608 10:09:06.699694 12471 tablet_copy_client.cc:323] T f7262c5804f544b6832a7b55ec44dd0c P 77425c332ca54fd1ae69e56a90908dd0: tablet copy: Beginning tablet copy session from remote peer at address 127.8.182.1:39117
I20260608 10:09:06.701560 11954 tablet_copy_service.cc:140] P 0498784e06924b20afca9828dde5a74a: Received BeginTabletCopySession request for tablet f7262c5804f544b6832a7b55ec44dd0c from peer 77425c332ca54fd1ae69e56a90908dd0 ({username='slave'} at 127.0.0.1:49512)
I20260608 10:09:06.702092 11954 tablet_copy_service.cc:161] P 0498784e06924b20afca9828dde5a74a: Beginning new tablet copy session on tablet f7262c5804f544b6832a7b55ec44dd0c from peer 77425c332ca54fd1ae69e56a90908dd0 at {username='slave'} at 127.0.0.1:49512: session id = 77425c332ca54fd1ae69e56a90908dd0-f7262c5804f544b6832a7b55ec44dd0c
I20260608 10:09:06.707079 11954 tablet_copy_source_session.cc:215] T f7262c5804f544b6832a7b55ec44dd0c P 0498784e06924b20afca9828dde5a74a: Tablet Copy: opened 0 blocks and 1 log segments
I20260608 10:09:06.709594 12471 data_dirs.cc:400] Could only allocate 1 dirs of requested 3 for tablet f7262c5804f544b6832a7b55ec44dd0c. 1 dirs total, 0 dirs full, 0 dirs failed
I20260608 10:09:06.716511 12474 tablet_copy_client.cc:806] T 514c2fb0a47542dc889312d086cd5525 P 0b097d22c44e4e75a513cc8ddd088f9e: tablet copy: Starting download of 0 data blocks...
I20260608 10:09:06.717136 12474 tablet_copy_client.cc:670] T 514c2fb0a47542dc889312d086cd5525 P 0b097d22c44e4e75a513cc8ddd088f9e: tablet copy: Starting download of 1 WAL segments...
I20260608 10:09:06.721633 12474 tablet_copy_client.cc:538] T 514c2fb0a47542dc889312d086cd5525 P 0b097d22c44e4e75a513cc8ddd088f9e: tablet copy: Tablet Copy complete. Replacing tablet superblock.
I20260608 10:09:06.726166 12471 tablet_copy_client.cc:806] T f7262c5804f544b6832a7b55ec44dd0c P 77425c332ca54fd1ae69e56a90908dd0: tablet copy: Starting download of 0 data blocks...
I20260608 10:09:06.726727 12471 tablet_copy_client.cc:670] T f7262c5804f544b6832a7b55ec44dd0c P 77425c332ca54fd1ae69e56a90908dd0: tablet copy: Starting download of 1 WAL segments...
I20260608 10:09:06.729635 12474 tablet_bootstrap.cc:492] T 514c2fb0a47542dc889312d086cd5525 P 0b097d22c44e4e75a513cc8ddd088f9e: Bootstrap starting.
I20260608 10:09:06.730950 12471 tablet_copy_client.cc:538] T f7262c5804f544b6832a7b55ec44dd0c P 77425c332ca54fd1ae69e56a90908dd0: tablet copy: Tablet Copy complete. Replacing tablet superblock.
I20260608 10:09:06.739727 12471 tablet_bootstrap.cc:492] T f7262c5804f544b6832a7b55ec44dd0c P 77425c332ca54fd1ae69e56a90908dd0: Bootstrap starting.
I20260608 10:09:06.745821 12474 tablet_bootstrap.cc:492] T 514c2fb0a47542dc889312d086cd5525 P 0b097d22c44e4e75a513cc8ddd088f9e: Bootstrap replayed 1/1 log segments. Stats: ops{read=2 overwritten=0 applied=2 ignored=0} inserts{seen=0 ignored=0} mutations{seen=0 ignored=0} orphaned_commits=0. Pending: 0 replicates
I20260608 10:09:06.746541 12474 tablet_bootstrap.cc:492] T 514c2fb0a47542dc889312d086cd5525 P 0b097d22c44e4e75a513cc8ddd088f9e: Bootstrap complete.
I20260608 10:09:06.747133 12474 ts_tablet_manager.cc:1403] T 514c2fb0a47542dc889312d086cd5525 P 0b097d22c44e4e75a513cc8ddd088f9e: Time spent bootstrapping tablet: real 0.018s	user 0.008s	sys 0.010s
I20260608 10:09:06.749495 12474 raft_consensus.cc:359] T 514c2fb0a47542dc889312d086cd5525 P 0b097d22c44e4e75a513cc8ddd088f9e [term 1 LEARNER]: Replica starting. Triggering 0 pending ops. Active config: opid_index: 2 OBSOLETE_local: false peers { permanent_uuid: "0498784e06924b20afca9828dde5a74a" member_type: VOTER last_known_addr { host: "127.8.182.1" port: 39117 } } peers { permanent_uuid: "77425c332ca54fd1ae69e56a90908dd0" member_type: VOTER last_known_addr { host: "127.8.182.4" port: 32917 } attrs { replace: true } } peers { permanent_uuid: "61c3527b47d64184ab11dbf10b1f7042" member_type: VOTER last_known_addr { host: "127.8.182.2" port: 36611 } } peers { permanent_uuid: "0b097d22c44e4e75a513cc8ddd088f9e" member_type: NON_VOTER last_known_addr { host: "127.8.182.3" port: 39881 } attrs { promote: true } }
I20260608 10:09:06.750138 12474 raft_consensus.cc:740] T 514c2fb0a47542dc889312d086cd5525 P 0b097d22c44e4e75a513cc8ddd088f9e [term 1 LEARNER]: Becoming Follower/Learner. State: Replica: 0b097d22c44e4e75a513cc8ddd088f9e, State: Initialized, Role: LEARNER
I20260608 10:09:06.750713 12474 consensus_queue.cc:260] T 514c2fb0a47542dc889312d086cd5525 P 0b097d22c44e4e75a513cc8ddd088f9e [NON_LEADER]: Queue going to NON_LEADER mode. State: All replicated index: 0, Majority replicated index: 0, Committed index: 2, Last appended: 1.2, Last appended by leader: 2, Current term: 0, Majority size: -1, State: 0, Mode: NON_LEADER, active raft config: opid_index: 2 OBSOLETE_local: false peers { permanent_uuid: "0498784e06924b20afca9828dde5a74a" member_type: VOTER last_known_addr { host: "127.8.182.1" port: 39117 } } peers { permanent_uuid: "77425c332ca54fd1ae69e56a90908dd0" member_type: VOTER last_known_addr { host: "127.8.182.4" port: 32917 } attrs { replace: true } } peers { permanent_uuid: "61c3527b47d64184ab11dbf10b1f7042" member_type: VOTER last_known_addr { host: "127.8.182.2" port: 36611 } } peers { permanent_uuid: "0b097d22c44e4e75a513cc8ddd088f9e" member_type: NON_VOTER last_known_addr { host: "127.8.182.3" port: 39881 } attrs { promote: true } }
I20260608 10:09:06.752556 12474 ts_tablet_manager.cc:1434] T 514c2fb0a47542dc889312d086cd5525 P 0b097d22c44e4e75a513cc8ddd088f9e: Time spent starting tablet: real 0.005s	user 0.002s	sys 0.000s
I20260608 10:09:06.754739 12029 tablet_copy_service.cc:342] P 61c3527b47d64184ab11dbf10b1f7042: Request end of tablet copy session 0b097d22c44e4e75a513cc8ddd088f9e-514c2fb0a47542dc889312d086cd5525 received from {username='slave'} at 127.0.0.1:52718
I20260608 10:09:06.755179 12029 tablet_copy_service.cc:434] P 61c3527b47d64184ab11dbf10b1f7042: ending tablet copy session 0b097d22c44e4e75a513cc8ddd088f9e-514c2fb0a47542dc889312d086cd5525 on tablet 514c2fb0a47542dc889312d086cd5525 with peer 0b097d22c44e4e75a513cc8ddd088f9e
I20260608 10:09:06.763288 12471 tablet_bootstrap.cc:492] T f7262c5804f544b6832a7b55ec44dd0c P 77425c332ca54fd1ae69e56a90908dd0: Bootstrap replayed 1/1 log segments. Stats: ops{read=2 overwritten=0 applied=2 ignored=0} inserts{seen=0 ignored=0} mutations{seen=0 ignored=0} orphaned_commits=0. Pending: 0 replicates
I20260608 10:09:06.764183 12471 tablet_bootstrap.cc:492] T f7262c5804f544b6832a7b55ec44dd0c P 77425c332ca54fd1ae69e56a90908dd0: Bootstrap complete.
I20260608 10:09:06.764845 12471 ts_tablet_manager.cc:1403] T f7262c5804f544b6832a7b55ec44dd0c P 77425c332ca54fd1ae69e56a90908dd0: Time spent bootstrapping tablet: real 0.025s	user 0.017s	sys 0.008s
I20260608 10:09:06.768460 12471 raft_consensus.cc:359] T f7262c5804f544b6832a7b55ec44dd0c P 77425c332ca54fd1ae69e56a90908dd0 [term 1 LEARNER]: Replica starting. Triggering 0 pending ops. Active config: opid_index: 2 OBSOLETE_local: false peers { permanent_uuid: "0498784e06924b20afca9828dde5a74a" member_type: VOTER last_known_addr { host: "127.8.182.1" port: 39117 } } peers { permanent_uuid: "61c3527b47d64184ab11dbf10b1f7042" member_type: VOTER last_known_addr { host: "127.8.182.2" port: 36611 } } peers { permanent_uuid: "0b097d22c44e4e75a513cc8ddd088f9e" member_type: VOTER last_known_addr { host: "127.8.182.3" port: 39881 } attrs { replace: true } } peers { permanent_uuid: "77425c332ca54fd1ae69e56a90908dd0" member_type: NON_VOTER last_known_addr { host: "127.8.182.4" port: 32917 } attrs { promote: true } }
I20260608 10:09:06.769315 12471 raft_consensus.cc:740] T f7262c5804f544b6832a7b55ec44dd0c P 77425c332ca54fd1ae69e56a90908dd0 [term 1 LEARNER]: Becoming Follower/Learner. State: Replica: 77425c332ca54fd1ae69e56a90908dd0, State: Initialized, Role: LEARNER
I20260608 10:09:06.769841 12471 consensus_queue.cc:260] T f7262c5804f544b6832a7b55ec44dd0c P 77425c332ca54fd1ae69e56a90908dd0 [NON_LEADER]: Queue going to NON_LEADER mode. State: All replicated index: 0, Majority replicated index: 0, Committed index: 2, Last appended: 1.2, Last appended by leader: 2, Current term: 0, Majority size: -1, State: 0, Mode: NON_LEADER, active raft config: opid_index: 2 OBSOLETE_local: false peers { permanent_uuid: "0498784e06924b20afca9828dde5a74a" member_type: VOTER last_known_addr { host: "127.8.182.1" port: 39117 } } peers { permanent_uuid: "61c3527b47d64184ab11dbf10b1f7042" member_type: VOTER last_known_addr { host: "127.8.182.2" port: 36611 } } peers { permanent_uuid: "0b097d22c44e4e75a513cc8ddd088f9e" member_type: VOTER last_known_addr { host: "127.8.182.3" port: 39881 } attrs { replace: true } } peers { permanent_uuid: "77425c332ca54fd1ae69e56a90908dd0" member_type: NON_VOTER last_known_addr { host: "127.8.182.4" port: 32917 } attrs { promote: true } }
I20260608 10:09:06.771642 12471 ts_tablet_manager.cc:1434] T f7262c5804f544b6832a7b55ec44dd0c P 77425c332ca54fd1ae69e56a90908dd0: Time spent starting tablet: real 0.006s	user 0.004s	sys 0.000s
I20260608 10:09:06.773483 11954 tablet_copy_service.cc:342] P 0498784e06924b20afca9828dde5a74a: Request end of tablet copy session 77425c332ca54fd1ae69e56a90908dd0-f7262c5804f544b6832a7b55ec44dd0c received from {username='slave'} at 127.0.0.1:49512
I20260608 10:09:06.773838 11954 tablet_copy_service.cc:434] P 0498784e06924b20afca9828dde5a74a: ending tablet copy session 77425c332ca54fd1ae69e56a90908dd0-f7262c5804f544b6832a7b55ec44dd0c on tablet f7262c5804f544b6832a7b55ec44dd0c with peer 77425c332ca54fd1ae69e56a90908dd0
I20260608 10:09:06.924391 11895 auto_leader_rebalancer.cc:140] leader rebalance for table range_aware_rebalance_new_range
I20260608 10:09:06.955421 12092 tablet_service.cc:2072] Received LeaderStepDown RPC: tablet_id: "b4e0f2a9bdcf4df09880934fbc16f795"
dest_uuid: "0b097d22c44e4e75a513cc8ddd088f9e"
mode: GRACEFUL
new_leader_uuid: "61c3527b47d64184ab11dbf10b1f7042"
 from {username='slave'} at 127.0.0.1:54424
I20260608 10:09:06.955984 12092 raft_consensus.cc:606] T b4e0f2a9bdcf4df09880934fbc16f795 P 0b097d22c44e4e75a513cc8ddd088f9e [term 2 LEADER]: Received request to transfer leadership to TS 61c3527b47d64184ab11dbf10b1f7042
I20260608 10:09:06.957065 11895 auto_leader_rebalancer.cc:388] table: range_aware_rebalance_new_range, leader rebalance finish, leader transfer count: 1
I20260608 10:09:06.957653 11895 auto_leader_rebalancer.cc:451] All tables' leader rebalancing finished this round
I20260608 10:09:06.978224 12018 raft_consensus.cc:1217] T 884d73d27f7040bcabfe462a023c7125 P 61c3527b47d64184ab11dbf10b1f7042 [term 1 LEARNER]: Deduplicated request from leader. Original: 1.1->[1.2-1.2]   Dedup: 1.2->[]
I20260608 10:09:07.073493 12233 raft_consensus.cc:1217] T f7262c5804f544b6832a7b55ec44dd0c P 77425c332ca54fd1ae69e56a90908dd0 [term 1 LEARNER]: Deduplicated request from leader. Original: 1.1->[1.2-1.2]   Dedup: 1.2->[]
I20260608 10:09:07.121196 12233 raft_consensus.cc:1217] T 47f8befea9cc4e2a8dfd7e88fcc4d10c P 77425c332ca54fd1ae69e56a90908dd0 [term 2 LEARNER]: Deduplicated request from leader. Original: 2.2->[2.3-2.3]   Dedup: 2.3->[]
I20260608 10:09:07.168445 12092 raft_consensus.cc:1217] T 514c2fb0a47542dc889312d086cd5525 P 0b097d22c44e4e75a513cc8ddd088f9e [term 1 LEARNER]: Deduplicated request from leader. Original: 1.1->[1.2-1.2]   Dedup: 1.2->[]
I20260608 10:09:07.243703 12336 raft_consensus.cc:993] T b4e0f2a9bdcf4df09880934fbc16f795 P 0b097d22c44e4e75a513cc8ddd088f9e: : Instructing follower 61c3527b47d64184ab11dbf10b1f7042 to start an election
I20260608 10:09:07.244175 12481 raft_consensus.cc:1081] T b4e0f2a9bdcf4df09880934fbc16f795 P 0b097d22c44e4e75a513cc8ddd088f9e [term 2 LEADER]: Signalling peer 61c3527b47d64184ab11dbf10b1f7042 to start an election
I20260608 10:09:07.246241 12018 tablet_service.cc:2044] Received Run Leader Election RPC: tablet_id: "b4e0f2a9bdcf4df09880934fbc16f795"
dest_uuid: "61c3527b47d64184ab11dbf10b1f7042"
 from {username='slave'} at 127.0.0.1:52718
I20260608 10:09:07.246805 12018 raft_consensus.cc:493] T b4e0f2a9bdcf4df09880934fbc16f795 P 61c3527b47d64184ab11dbf10b1f7042 [term 2 FOLLOWER]: Starting forced leader election (received explicit request)
I20260608 10:09:07.247184 12018 raft_consensus.cc:3060] T b4e0f2a9bdcf4df09880934fbc16f795 P 61c3527b47d64184ab11dbf10b1f7042 [term 2 FOLLOWER]: Advancing to term 3
I20260608 10:09:07.253764 12018 raft_consensus.cc:515] T b4e0f2a9bdcf4df09880934fbc16f795 P 61c3527b47d64184ab11dbf10b1f7042 [term 3 FOLLOWER]: Starting forced leader election with config: opid_index: -1 OBSOLETE_local: false peers { permanent_uuid: "0b097d22c44e4e75a513cc8ddd088f9e" member_type: VOTER last_known_addr { host: "127.8.182.3" port: 39881 } } peers { permanent_uuid: "61c3527b47d64184ab11dbf10b1f7042" member_type: VOTER last_known_addr { host: "127.8.182.2" port: 36611 } } peers { permanent_uuid: "0498784e06924b20afca9828dde5a74a" member_type: VOTER last_known_addr { host: "127.8.182.1" port: 39117 } }
I20260608 10:09:07.255887 12018 leader_election.cc:290] T b4e0f2a9bdcf4df09880934fbc16f795 P 61c3527b47d64184ab11dbf10b1f7042 [CANDIDATE]: Term 3 election: Requested vote from peers 0b097d22c44e4e75a513cc8ddd088f9e (127.8.182.3:39881), 0498784e06924b20afca9828dde5a74a (127.8.182.1:39117)
I20260608 10:09:07.257061 12092 tablet_service.cc:1917] Received RequestConsensusVote() RPC: tablet_id: "b4e0f2a9bdcf4df09880934fbc16f795" candidate_uuid: "61c3527b47d64184ab11dbf10b1f7042" candidate_term: 3 candidate_status { last_received { term: 2 index: 2 } } ignore_live_leader: true dest_uuid: "0b097d22c44e4e75a513cc8ddd088f9e"
I20260608 10:09:07.257118 11943 tablet_service.cc:1917] Received RequestConsensusVote() RPC: tablet_id: "b4e0f2a9bdcf4df09880934fbc16f795" candidate_uuid: "61c3527b47d64184ab11dbf10b1f7042" candidate_term: 3 candidate_status { last_received { term: 2 index: 2 } } ignore_live_leader: true dest_uuid: "0498784e06924b20afca9828dde5a74a"
I20260608 10:09:07.258963 12092 raft_consensus.cc:3055] T b4e0f2a9bdcf4df09880934fbc16f795 P 0b097d22c44e4e75a513cc8ddd088f9e [term 2 LEADER]: Stepping down as leader of term 2
I20260608 10:09:07.259248 11943 raft_consensus.cc:3060] T b4e0f2a9bdcf4df09880934fbc16f795 P 0498784e06924b20afca9828dde5a74a [term 2 FOLLOWER]: Advancing to term 3
I20260608 10:09:07.259377 12092 raft_consensus.cc:740] T b4e0f2a9bdcf4df09880934fbc16f795 P 0b097d22c44e4e75a513cc8ddd088f9e [term 2 LEADER]: Becoming Follower/Learner. State: Replica: 0b097d22c44e4e75a513cc8ddd088f9e, State: Running, Role: LEADER
I20260608 10:09:07.260375 12092 consensus_queue.cc:260] T b4e0f2a9bdcf4df09880934fbc16f795 P 0b097d22c44e4e75a513cc8ddd088f9e [NON_LEADER]: Queue going to NON_LEADER mode. State: All replicated index: 0, Majority replicated index: 2, Committed index: 2, Last appended: 2.2, Last appended by leader: 2, Current term: 2, Majority size: -1, State: 0, Mode: NON_LEADER, active raft config: opid_index: -1 OBSOLETE_local: false peers { permanent_uuid: "0b097d22c44e4e75a513cc8ddd088f9e" member_type: VOTER last_known_addr { host: "127.8.182.3" port: 39881 } } peers { permanent_uuid: "61c3527b47d64184ab11dbf10b1f7042" member_type: VOTER last_known_addr { host: "127.8.182.2" port: 36611 } } peers { permanent_uuid: "0498784e06924b20afca9828dde5a74a" member_type: VOTER last_known_addr { host: "127.8.182.1" port: 39117 } }
I20260608 10:09:07.263087 12092 raft_consensus.cc:3060] T b4e0f2a9bdcf4df09880934fbc16f795 P 0b097d22c44e4e75a513cc8ddd088f9e [term 2 FOLLOWER]: Advancing to term 3
I20260608 10:09:07.266276 11943 raft_consensus.cc:2468] T b4e0f2a9bdcf4df09880934fbc16f795 P 0498784e06924b20afca9828dde5a74a [term 3 FOLLOWER]: Leader election vote request: Granting yes vote for candidate 61c3527b47d64184ab11dbf10b1f7042 in term 3.
I20260608 10:09:07.267294 11982 leader_election.cc:304] T b4e0f2a9bdcf4df09880934fbc16f795 P 61c3527b47d64184ab11dbf10b1f7042 [CANDIDATE]: Term 3 election: Election decided. Result: candidate won. Election summary: received 2 responses out of 3 voters: 2 yes votes; 0 no votes. yes voters: 0498784e06924b20afca9828dde5a74a, 61c3527b47d64184ab11dbf10b1f7042; no voters: 
I20260608 10:09:07.267998 12460 raft_consensus.cc:2804] T b4e0f2a9bdcf4df09880934fbc16f795 P 61c3527b47d64184ab11dbf10b1f7042 [term 3 FOLLOWER]: Leader election won for term 3
I20260608 10:09:07.268409 12460 raft_consensus.cc:697] T b4e0f2a9bdcf4df09880934fbc16f795 P 61c3527b47d64184ab11dbf10b1f7042 [term 3 LEADER]: Becoming Leader. State: Replica: 61c3527b47d64184ab11dbf10b1f7042, State: Running, Role: LEADER
I20260608 10:09:07.269285 12460 consensus_queue.cc:237] T b4e0f2a9bdcf4df09880934fbc16f795 P 61c3527b47d64184ab11dbf10b1f7042 [LEADER]: Queue going to LEADER mode. State: All replicated index: 0, Majority replicated index: 2, Committed index: 2, Last appended: 2.2, Last appended by leader: 2, Current term: 3, Majority size: 2, State: 0, Mode: LEADER, active raft config: opid_index: -1 OBSOLETE_local: false peers { permanent_uuid: "0b097d22c44e4e75a513cc8ddd088f9e" member_type: VOTER last_known_addr { host: "127.8.182.3" port: 39881 } } peers { permanent_uuid: "61c3527b47d64184ab11dbf10b1f7042" member_type: VOTER last_known_addr { host: "127.8.182.2" port: 36611 } } peers { permanent_uuid: "0498784e06924b20afca9828dde5a74a" member_type: VOTER last_known_addr { host: "127.8.182.1" port: 39117 } }
I20260608 10:09:07.269958 12092 raft_consensus.cc:2468] T b4e0f2a9bdcf4df09880934fbc16f795 P 0b097d22c44e4e75a513cc8ddd088f9e [term 3 FOLLOWER]: Leader election vote request: Granting yes vote for candidate 61c3527b47d64184ab11dbf10b1f7042 in term 3.
I20260608 10:09:07.277305 11838 catalog_manager.cc:5696] T b4e0f2a9bdcf4df09880934fbc16f795 P 61c3527b47d64184ab11dbf10b1f7042 reported cstate change: term changed from 2 to 3, leader changed from 0b097d22c44e4e75a513cc8ddd088f9e (127.8.182.3) to 61c3527b47d64184ab11dbf10b1f7042 (127.8.182.2). New cstate: current_term: 3 leader_uuid: "61c3527b47d64184ab11dbf10b1f7042" committed_config { opid_index: -1 OBSOLETE_local: false peers { permanent_uuid: "0b097d22c44e4e75a513cc8ddd088f9e" member_type: VOTER last_known_addr { host: "127.8.182.3" port: 39881 } health_report { overall_health: UNKNOWN } } peers { permanent_uuid: "61c3527b47d64184ab11dbf10b1f7042" member_type: VOTER last_known_addr { host: "127.8.182.2" port: 36611 } health_report { overall_health: HEALTHY } } peers { permanent_uuid: "0498784e06924b20afca9828dde5a74a" member_type: VOTER last_known_addr { host: "127.8.182.1" port: 39117 } health_report { overall_health: UNKNOWN } } }
I20260608 10:09:07.358662 12481 raft_consensus.cc:1064] T 884d73d27f7040bcabfe462a023c7125 P 0b097d22c44e4e75a513cc8ddd088f9e: attempting to promote NON_VOTER 61c3527b47d64184ab11dbf10b1f7042 to VOTER
I20260608 10:09:07.361325 12481 consensus_queue.cc:237] T 884d73d27f7040bcabfe462a023c7125 P 0b097d22c44e4e75a513cc8ddd088f9e [LEADER]: Queue going to LEADER mode. State: All replicated index: 0, Majority replicated index: 2, Committed index: 2, Last appended: 1.2, Last appended by leader: 0, Current term: 1, Majority size: 3, State: 0, Mode: LEADER, active raft config: opid_index: 3 OBSOLETE_local: false peers { permanent_uuid: "77425c332ca54fd1ae69e56a90908dd0" member_type: VOTER last_known_addr { host: "127.8.182.4" port: 32917 } attrs { replace: true } } peers { permanent_uuid: "0b097d22c44e4e75a513cc8ddd088f9e" member_type: VOTER last_known_addr { host: "127.8.182.3" port: 39881 } } peers { permanent_uuid: "0498784e06924b20afca9828dde5a74a" member_type: VOTER last_known_addr { host: "127.8.182.1" port: 39117 } } peers { permanent_uuid: "61c3527b47d64184ab11dbf10b1f7042" member_type: VOTER last_known_addr { host: "127.8.182.2" port: 36611 } attrs { promote: false } }
I20260608 10:09:07.369494 11943 raft_consensus.cc:1275] T 884d73d27f7040bcabfe462a023c7125 P 0498784e06924b20afca9828dde5a74a [term 1 FOLLOWER]: Refusing update from remote peer 0b097d22c44e4e75a513cc8ddd088f9e: Log matching property violated. Preceding OpId in replica: term: 1 index: 2. Preceding OpId from leader: term: 1 index: 3. (index mismatch)
I20260608 10:09:07.370332 12018 raft_consensus.cc:1275] T 884d73d27f7040bcabfe462a023c7125 P 61c3527b47d64184ab11dbf10b1f7042 [term 1 LEARNER]: Refusing update from remote peer 0b097d22c44e4e75a513cc8ddd088f9e: Log matching property violated. Preceding OpId in replica: term: 1 index: 2. Preceding OpId from leader: term: 1 index: 3. (index mismatch)
I20260608 10:09:07.370350 12233 raft_consensus.cc:1275] T 884d73d27f7040bcabfe462a023c7125 P 77425c332ca54fd1ae69e56a90908dd0 [term 1 FOLLOWER]: Refusing update from remote peer 0b097d22c44e4e75a513cc8ddd088f9e: Log matching property violated. Preceding OpId in replica: term: 1 index: 2. Preceding OpId from leader: term: 1 index: 3. (index mismatch)
I20260608 10:09:07.371234 12492 consensus_queue.cc:1048] T 884d73d27f7040bcabfe462a023c7125 P 0b097d22c44e4e75a513cc8ddd088f9e [LEADER]: Connected to new peer: Peer: permanent_uuid: "0498784e06924b20afca9828dde5a74a" member_type: VOTER last_known_addr { host: "127.8.182.1" port: 39117 }, Status: LMP_MISMATCH, Last received: 0.0, Next index: 3, Last known committed idx: 2, Time since last communication: 0.000s
I20260608 10:09:07.372143 12481 consensus_queue.cc:1048] T 884d73d27f7040bcabfe462a023c7125 P 0b097d22c44e4e75a513cc8ddd088f9e [LEADER]: Connected to new peer: Peer: permanent_uuid: "77425c332ca54fd1ae69e56a90908dd0" member_type: VOTER last_known_addr { host: "127.8.182.4" port: 32917 } attrs { replace: true }, Status: LMP_MISMATCH, Last received: 0.0, Next index: 3, Last known committed idx: 2, Time since last communication: 0.000s
I20260608 10:09:07.373067 12470 consensus_queue.cc:1048] T 884d73d27f7040bcabfe462a023c7125 P 0b097d22c44e4e75a513cc8ddd088f9e [LEADER]: Connected to new peer: Peer: permanent_uuid: "61c3527b47d64184ab11dbf10b1f7042" member_type: VOTER last_known_addr { host: "127.8.182.2" port: 36611 } attrs { promote: false }, Status: LMP_MISMATCH, Last received: 0.0, Next index: 3, Last known committed idx: 2, Time since last communication: 0.000s
I20260608 10:09:07.391364 12470 raft_consensus.cc:2955] T 884d73d27f7040bcabfe462a023c7125 P 0b097d22c44e4e75a513cc8ddd088f9e [term 1 LEADER]: Committing config change with OpId 1.3: config changed from index 2 to 3, 61c3527b47d64184ab11dbf10b1f7042 (127.8.182.2) changed from NON_VOTER to VOTER. New config: { opid_index: 3 OBSOLETE_local: false peers { permanent_uuid: "77425c332ca54fd1ae69e56a90908dd0" member_type: VOTER last_known_addr { host: "127.8.182.4" port: 32917 } attrs { replace: true } } peers { permanent_uuid: "0b097d22c44e4e75a513cc8ddd088f9e" member_type: VOTER last_known_addr { host: "127.8.182.3" port: 39881 } } peers { permanent_uuid: "0498784e06924b20afca9828dde5a74a" member_type: VOTER last_known_addr { host: "127.8.182.1" port: 39117 } } peers { permanent_uuid: "61c3527b47d64184ab11dbf10b1f7042" member_type: VOTER last_known_addr { host: "127.8.182.2" port: 36611 } attrs { promote: false } } }
I20260608 10:09:07.393199 12018 raft_consensus.cc:2955] T 884d73d27f7040bcabfe462a023c7125 P 61c3527b47d64184ab11dbf10b1f7042 [term 1 FOLLOWER]: Committing config change with OpId 1.3: config changed from index 2 to 3, 61c3527b47d64184ab11dbf10b1f7042 (127.8.182.2) changed from NON_VOTER to VOTER. New config: { opid_index: 3 OBSOLETE_local: false peers { permanent_uuid: "77425c332ca54fd1ae69e56a90908dd0" member_type: VOTER last_known_addr { host: "127.8.182.4" port: 32917 } attrs { replace: true } } peers { permanent_uuid: "0b097d22c44e4e75a513cc8ddd088f9e" member_type: VOTER last_known_addr { host: "127.8.182.3" port: 39881 } } peers { permanent_uuid: "0498784e06924b20afca9828dde5a74a" member_type: VOTER last_known_addr { host: "127.8.182.1" port: 39117 } } peers { permanent_uuid: "61c3527b47d64184ab11dbf10b1f7042" member_type: VOTER last_known_addr { host: "127.8.182.2" port: 36611 } attrs { promote: false } } }
I20260608 10:09:07.394793 12233 raft_consensus.cc:2955] T 884d73d27f7040bcabfe462a023c7125 P 77425c332ca54fd1ae69e56a90908dd0 [term 1 FOLLOWER]: Committing config change with OpId 1.3: config changed from index 2 to 3, 61c3527b47d64184ab11dbf10b1f7042 (127.8.182.2) changed from NON_VOTER to VOTER. New config: { opid_index: 3 OBSOLETE_local: false peers { permanent_uuid: "77425c332ca54fd1ae69e56a90908dd0" member_type: VOTER last_known_addr { host: "127.8.182.4" port: 32917 } attrs { replace: true } } peers { permanent_uuid: "0b097d22c44e4e75a513cc8ddd088f9e" member_type: VOTER last_known_addr { host: "127.8.182.3" port: 39881 } } peers { permanent_uuid: "0498784e06924b20afca9828dde5a74a" member_type: VOTER last_known_addr { host: "127.8.182.1" port: 39117 } } peers { permanent_uuid: "61c3527b47d64184ab11dbf10b1f7042" member_type: VOTER last_known_addr { host: "127.8.182.2" port: 36611 } attrs { promote: false } } }
I20260608 10:09:07.404160 11943 raft_consensus.cc:2955] T 884d73d27f7040bcabfe462a023c7125 P 0498784e06924b20afca9828dde5a74a [term 1 FOLLOWER]: Committing config change with OpId 1.3: config changed from index 2 to 3, 61c3527b47d64184ab11dbf10b1f7042 (127.8.182.2) changed from NON_VOTER to VOTER. New config: { opid_index: 3 OBSOLETE_local: false peers { permanent_uuid: "77425c332ca54fd1ae69e56a90908dd0" member_type: VOTER last_known_addr { host: "127.8.182.4" port: 32917 } attrs { replace: true } } peers { permanent_uuid: "0b097d22c44e4e75a513cc8ddd088f9e" member_type: VOTER last_known_addr { host: "127.8.182.3" port: 39881 } } peers { permanent_uuid: "0498784e06924b20afca9828dde5a74a" member_type: VOTER last_known_addr { host: "127.8.182.1" port: 39117 } } peers { permanent_uuid: "61c3527b47d64184ab11dbf10b1f7042" member_type: VOTER last_known_addr { host: "127.8.182.2" port: 36611 } attrs { promote: false } } }
I20260608 10:09:07.406643 11838 catalog_manager.cc:5696] T 884d73d27f7040bcabfe462a023c7125 P 61c3527b47d64184ab11dbf10b1f7042 reported cstate change: config changed from index 2 to 3, 61c3527b47d64184ab11dbf10b1f7042 (127.8.182.2) changed from NON_VOTER to VOTER. New cstate: current_term: 1 leader_uuid: "0b097d22c44e4e75a513cc8ddd088f9e" committed_config { opid_index: 3 OBSOLETE_local: false peers { permanent_uuid: "77425c332ca54fd1ae69e56a90908dd0" member_type: VOTER last_known_addr { host: "127.8.182.4" port: 32917 } attrs { replace: true } } peers { permanent_uuid: "0b097d22c44e4e75a513cc8ddd088f9e" member_type: VOTER last_known_addr { host: "127.8.182.3" port: 39881 } } peers { permanent_uuid: "0498784e06924b20afca9828dde5a74a" member_type: VOTER last_known_addr { host: "127.8.182.1" port: 39117 } } peers { permanent_uuid: "61c3527b47d64184ab11dbf10b1f7042" member_type: VOTER last_known_addr { host: "127.8.182.2" port: 36611 } attrs { promote: false } } }
I20260608 10:09:07.425784 12092 consensus_queue.cc:237] T 884d73d27f7040bcabfe462a023c7125 P 0b097d22c44e4e75a513cc8ddd088f9e [LEADER]: Queue going to LEADER mode. State: All replicated index: 0, Majority replicated index: 3, Committed index: 3, Last appended: 1.3, Last appended by leader: 0, Current term: 1, Majority size: 2, State: 0, Mode: LEADER, active raft config: opid_index: 4 OBSOLETE_local: false peers { permanent_uuid: "0b097d22c44e4e75a513cc8ddd088f9e" member_type: VOTER last_known_addr { host: "127.8.182.3" port: 39881 } } peers { permanent_uuid: "0498784e06924b20afca9828dde5a74a" member_type: VOTER last_known_addr { host: "127.8.182.1" port: 39117 } } peers { permanent_uuid: "61c3527b47d64184ab11dbf10b1f7042" member_type: VOTER last_known_addr { host: "127.8.182.2" port: 36611 } attrs { promote: false } }
I20260608 10:09:07.431303 12018 raft_consensus.cc:1275] T 884d73d27f7040bcabfe462a023c7125 P 61c3527b47d64184ab11dbf10b1f7042 [term 1 FOLLOWER]: Refusing update from remote peer 0b097d22c44e4e75a513cc8ddd088f9e: Log matching property violated. Preceding OpId in replica: term: 1 index: 3. Preceding OpId from leader: term: 1 index: 4. (index mismatch)
I20260608 10:09:07.432819 12470 consensus_queue.cc:1048] T 884d73d27f7040bcabfe462a023c7125 P 0b097d22c44e4e75a513cc8ddd088f9e [LEADER]: Connected to new peer: Peer: permanent_uuid: "61c3527b47d64184ab11dbf10b1f7042" member_type: VOTER last_known_addr { host: "127.8.182.2" port: 36611 } attrs { promote: false }, Status: LMP_MISMATCH, Last received: 0.0, Next index: 4, Last known committed idx: 3, Time since last communication: 0.000s
I20260608 10:09:07.433032 11943 raft_consensus.cc:1275] T 884d73d27f7040bcabfe462a023c7125 P 0498784e06924b20afca9828dde5a74a [term 1 FOLLOWER]: Refusing update from remote peer 0b097d22c44e4e75a513cc8ddd088f9e: Log matching property violated. Preceding OpId in replica: term: 1 index: 3. Preceding OpId from leader: term: 1 index: 4. (index mismatch)
I20260608 10:09:07.434687 12492 consensus_queue.cc:1048] T 884d73d27f7040bcabfe462a023c7125 P 0b097d22c44e4e75a513cc8ddd088f9e [LEADER]: Connected to new peer: Peer: permanent_uuid: "0498784e06924b20afca9828dde5a74a" member_type: VOTER last_known_addr { host: "127.8.182.1" port: 39117 }, Status: LMP_MISMATCH, Last received: 0.0, Next index: 4, Last known committed idx: 3, Time since last communication: 0.000s
I20260608 10:09:07.442473 12336 raft_consensus.cc:2955] T 884d73d27f7040bcabfe462a023c7125 P 0b097d22c44e4e75a513cc8ddd088f9e [term 1 LEADER]: Committing config change with OpId 1.4: config changed from index 3 to 4, VOTER 77425c332ca54fd1ae69e56a90908dd0 (127.8.182.4) evicted. New config: { opid_index: 4 OBSOLETE_local: false peers { permanent_uuid: "0b097d22c44e4e75a513cc8ddd088f9e" member_type: VOTER last_known_addr { host: "127.8.182.3" port: 39881 } } peers { permanent_uuid: "0498784e06924b20afca9828dde5a74a" member_type: VOTER last_known_addr { host: "127.8.182.1" port: 39117 } } peers { permanent_uuid: "61c3527b47d64184ab11dbf10b1f7042" member_type: VOTER last_known_addr { host: "127.8.182.2" port: 36611 } attrs { promote: false } } }
I20260608 10:09:07.448086 12018 raft_consensus.cc:2955] T 884d73d27f7040bcabfe462a023c7125 P 61c3527b47d64184ab11dbf10b1f7042 [term 1 FOLLOWER]: Committing config change with OpId 1.4: config changed from index 3 to 4, VOTER 77425c332ca54fd1ae69e56a90908dd0 (127.8.182.4) evicted. New config: { opid_index: 4 OBSOLETE_local: false peers { permanent_uuid: "0b097d22c44e4e75a513cc8ddd088f9e" member_type: VOTER last_known_addr { host: "127.8.182.3" port: 39881 } } peers { permanent_uuid: "0498784e06924b20afca9828dde5a74a" member_type: VOTER last_known_addr { host: "127.8.182.1" port: 39117 } } peers { permanent_uuid: "61c3527b47d64184ab11dbf10b1f7042" member_type: VOTER last_known_addr { host: "127.8.182.2" port: 36611 } attrs { promote: false } } }
I20260608 10:09:07.448951 11943 raft_consensus.cc:2955] T 884d73d27f7040bcabfe462a023c7125 P 0498784e06924b20afca9828dde5a74a [term 1 FOLLOWER]: Committing config change with OpId 1.4: config changed from index 3 to 4, VOTER 77425c332ca54fd1ae69e56a90908dd0 (127.8.182.4) evicted. New config: { opid_index: 4 OBSOLETE_local: false peers { permanent_uuid: "0b097d22c44e4e75a513cc8ddd088f9e" member_type: VOTER last_known_addr { host: "127.8.182.3" port: 39881 } } peers { permanent_uuid: "0498784e06924b20afca9828dde5a74a" member_type: VOTER last_known_addr { host: "127.8.182.1" port: 39117 } } peers { permanent_uuid: "61c3527b47d64184ab11dbf10b1f7042" member_type: VOTER last_known_addr { host: "127.8.182.2" port: 36611 } attrs { promote: false } } }
I20260608 10:09:07.454386 11826 catalog_manager.cc:5209] ChangeConfig:REMOVE_PEER RPC for tablet 884d73d27f7040bcabfe462a023c7125 with cas_config_opid_index 3: ChangeConfig:REMOVE_PEER succeeded (attempt 1)
I20260608 10:09:07.460294 11842 catalog_manager.cc:5696] T 884d73d27f7040bcabfe462a023c7125 P 0b097d22c44e4e75a513cc8ddd088f9e reported cstate change: config changed from index 3 to 4, VOTER 77425c332ca54fd1ae69e56a90908dd0 (127.8.182.4) evicted. New cstate: current_term: 1 leader_uuid: "0b097d22c44e4e75a513cc8ddd088f9e" committed_config { opid_index: 4 OBSOLETE_local: false peers { permanent_uuid: "0b097d22c44e4e75a513cc8ddd088f9e" member_type: VOTER last_known_addr { host: "127.8.182.3" port: 39881 } health_report { overall_health: HEALTHY } } peers { permanent_uuid: "0498784e06924b20afca9828dde5a74a" member_type: VOTER last_known_addr { host: "127.8.182.1" port: 39117 } health_report { overall_health: HEALTHY } } peers { permanent_uuid: "61c3527b47d64184ab11dbf10b1f7042" member_type: VOTER last_known_addr { host: "127.8.182.2" port: 36611 } attrs { promote: false } health_report { overall_health: HEALTHY } } }
I20260608 10:09:07.473624 12221 tablet_service.cc:1558] Processing DeleteTablet for tablet 884d73d27f7040bcabfe462a023c7125 with delete_type TABLET_DATA_TOMBSTONED (TS 77425c332ca54fd1ae69e56a90908dd0 not found in new config with opid_index 4) from {username='slave'} at 127.0.0.1:58940
I20260608 10:09:07.490016 12496 tablet_replica.cc:333] T 884d73d27f7040bcabfe462a023c7125 P 77425c332ca54fd1ae69e56a90908dd0: stopping tablet replica
I20260608 10:09:07.491219 12496 raft_consensus.cc:2243] T 884d73d27f7040bcabfe462a023c7125 P 77425c332ca54fd1ae69e56a90908dd0 [term 1 FOLLOWER]: Raft consensus shutting down.
I20260608 10:09:07.491869 12496 raft_consensus.cc:2272] T 884d73d27f7040bcabfe462a023c7125 P 77425c332ca54fd1ae69e56a90908dd0 [term 1 FOLLOWER]: Raft consensus is shut down!
I20260608 10:09:07.494526 12496 ts_tablet_manager.cc:1916] T 884d73d27f7040bcabfe462a023c7125 P 77425c332ca54fd1ae69e56a90908dd0: Deleting tablet data with delete state TABLET_DATA_TOMBSTONED
