I20260608 10:09:23.856145  8484 leader_election.cc:304] T 00000000000000000000000000000000 P 41861d4e55604f6b81d716a4b8a9afdb [CANDIDATE]: Term 1 election: Election decided. Result: candidate won. Election summary: received 1 responses out of 1 voters: 1 yes votes; 0 no votes. yes voters: 41861d4e55604f6b81d716a4b8a9afdb; no voters: 
I20260608 10:09:23.857208  8484 leader_election.cc:290] T 00000000000000000000000000000000 P 41861d4e55604f6b81d716a4b8a9afdb [CANDIDATE]: Term 1 election: Requested vote from peers 
I20260608 10:09:23.857654  8487 raft_consensus.cc:2804] T 00000000000000000000000000000000 P 41861d4e55604f6b81d716a4b8a9afdb [term 1 FOLLOWER]: Leader election won for term 1
I20260608 10:09:23.859052  8487 raft_consensus.cc:697] T 00000000000000000000000000000000 P 41861d4e55604f6b81d716a4b8a9afdb [term 1 LEADER]: Becoming Leader. State: Replica: 41861d4e55604f6b81d716a4b8a9afdb, State: Running, Role: LEADER
I20260608 10:09:23.859787  8487 consensus_queue.cc:237] T 00000000000000000000000000000000 P 41861d4e55604f6b81d716a4b8a9afdb [LEADER]: Queue going to LEADER mode. State: All replicated index: 0, Majority replicated index: 0, Committed index: 0, Last appended: 0.0, Last appended by leader: 0, Current term: 1, Majority size: 1, State: 0, Mode: LEADER, active raft config: opid_index: -1 OBSOLETE_local: true peers { permanent_uuid: "41861d4e55604f6b81d716a4b8a9afdb" member_type: VOTER }
I20260608 10:09:23.860388  8484 sys_catalog.cc:565] T 00000000000000000000000000000000 P 41861d4e55604f6b81d716a4b8a9afdb [sys.catalog]: configured and running, proceeding with master startup.
I20260608 10:09:23.864552  8488 sys_catalog.cc:455] T 00000000000000000000000000000000 P 41861d4e55604f6b81d716a4b8a9afdb [sys.catalog]: SysCatalogTable state changed. Reason: RaftConsensus started. Latest consensus state: current_term: 1 leader_uuid: "41861d4e55604f6b81d716a4b8a9afdb" committed_config { opid_index: -1 OBSOLETE_local: true peers { permanent_uuid: "41861d4e55604f6b81d716a4b8a9afdb" member_type: VOTER } }
I20260608 10:09:23.865902  8488 sys_catalog.cc:458] T 00000000000000000000000000000000 P 41861d4e55604f6b81d716a4b8a9afdb [sys.catalog]: This master's current role is: LEADER
I20260608 10:09:23.865363  8489 sys_catalog.cc:455] T 00000000000000000000000000000000 P 41861d4e55604f6b81d716a4b8a9afdb [sys.catalog]: SysCatalogTable state changed. Reason: New leader 41861d4e55604f6b81d716a4b8a9afdb. Latest consensus state: current_term: 1 leader_uuid: "41861d4e55604f6b81d716a4b8a9afdb" committed_config { opid_index: -1 OBSOLETE_local: true peers { permanent_uuid: "41861d4e55604f6b81d716a4b8a9afdb" member_type: VOTER } }
I20260608 10:09:23.867005  8489 sys_catalog.cc:458] T 00000000000000000000000000000000 P 41861d4e55604f6b81d716a4b8a9afdb [sys.catalog]: This master's current role is: LEADER
I20260608 10:09:23.868031  8496 catalog_manager.cc:1510] Loading table and tablet metadata into memory...
I20260608 10:09:23.872896  8496 catalog_manager.cc:1519] Initializing Kudu cluster ID...
I20260608 10:09:23.875046  4449 internal_mini_cluster.cc:184] Waiting to initialize catalog manager on master 0
I20260608 10:09:23.881225  8496 catalog_manager.cc:1382] Generated new cluster ID: fb36c6ccef9b4242b805af712bfb703a
I20260608 10:09:23.881482  8496 catalog_manager.cc:1530] Initializing Kudu internal certificate authority...
I20260608 10:09:23.911944  8496 catalog_manager.cc:1405] Generated new certificate authority record
I20260608 10:09:23.913120  8496 catalog_manager.cc:1539] Loading token signing keys...
I20260608 10:09:23.924737  8496 catalog_manager.cc:6069] T 00000000000000000000000000000000 P 41861d4e55604f6b81d716a4b8a9afdb: Generated new TSK 0
I20260608 10:09:23.925268  8496 catalog_manager.cc:1549] Initializing in-progress tserver states...
I20260608 10:09:23.940945  4449 file_cache.cc:492] Constructed file cache file cache with capacity 419430
W20260608 10:09:23.946871  8505 instance_detector.cc:116] could not retrieve AWS instance metadata: Network error: curl error: HTTP response code said error: The requested URL returned error: 404
W20260608 10:09:23.948035  8506 instance_detector.cc:116] could not retrieve Azure instance metadata: Network error: curl error: HTTP response code said error: The requested URL returned error: 404
I20260608 10:09:23.949731  4449 server_base.cc:1061] running on GCE node
W20260608 10:09:23.949683  8508 instance_detector.cc:116] could not retrieve OpenStack instance metadata: Network error: curl error: HTTP response code said error: The requested URL returned error: 404
I20260608 10:09:23.950783  4449 hybrid_clock.cc:584] initializing the hybrid clock with 'system_unsync' time source
W20260608 10:09:23.951069  4449 system_unsync_time.cc:38] NTP support is disabled. Clock error bounds will not be accurate. This configuration is not suitable for distributed clusters.
I20260608 10:09:23.951243  4449 hybrid_clock.cc:648] HybridClock initialized: now 1780913363951226 us; error 0 us; skew 500 ppm
I20260608 10:09:23.951839  4449 server_base.cc:861] Flag tcmalloc_max_total_thread_cache_bytes is not working since tcmalloc is not enabled.
I20260608 10:09:23.954017  4449 webserver.cc:533] Webserver started at http://127.4.88.65:36415/ using document root <none> and password file <none>
I20260608 10:09:23.954483  4449 fs_manager.cc:362] Metadata directory not provided
I20260608 10:09:23.954680  4449 fs_manager.cc:368] Using write-ahead log directory (fs_wal_dir) as metadata directory
I20260608 10:09:23.954978  4449 server_base.cc:909] This appears to be a new deployment of Kudu; creating new FS layout
I20260608 10:09:23.955982  4449 fs_manager.cc:1068] Generated new instance metadata in path /tmp/dist-test-taskouq36u/test-tmp/auto_rebalancer-test.0.AutoRebalancerTest.NoReplicaMovesIfCannotFixPlacementPolicy.1780913256101672-4449-0/minicluster-data/ts-0-root/instance:
uuid: "056e6f0edb574ed3ab69fc5b8c78f715"
format_stamp: "Formatted at 2026-06-08 10:09:23 on dist-test-slave-9r9v"
I20260608 10:09:23.959877  4449 fs_manager.cc:696] Time spent creating directory manager: real 0.003s	user 0.004s	sys 0.000s
I20260608 10:09:23.963231  8513 log_block_manager.cc:4031] Time spent loading block containers with low live blocks: real 0.000s	user 0.000s	sys 0.000s
I20260608 10:09:23.963886  4449 fs_manager.cc:730] Time spent opening block manager: real 0.002s	user 0.002s	sys 0.001s
I20260608 10:09:23.964155  4449 fs_manager.cc:647] Opened local filesystem: /tmp/dist-test-taskouq36u/test-tmp/auto_rebalancer-test.0.AutoRebalancerTest.NoReplicaMovesIfCannotFixPlacementPolicy.1780913256101672-4449-0/minicluster-data/ts-0-root
uuid: "056e6f0edb574ed3ab69fc5b8c78f715"
format_stamp: "Formatted at 2026-06-08 10:09:23 on dist-test-slave-9r9v"
I20260608 10:09:23.964388  4449 fs_report.cc:389] FS layout report
--------------------
wal directory: /tmp/dist-test-taskouq36u/test-tmp/auto_rebalancer-test.0.AutoRebalancerTest.NoReplicaMovesIfCannotFixPlacementPolicy.1780913256101672-4449-0/minicluster-data/ts-0-root
metadata directory: /tmp/dist-test-taskouq36u/test-tmp/auto_rebalancer-test.0.AutoRebalancerTest.NoReplicaMovesIfCannotFixPlacementPolicy.1780913256101672-4449-0/minicluster-data/ts-0-root
1 data directories: /tmp/dist-test-taskouq36u/test-tmp/auto_rebalancer-test.0.AutoRebalancerTest.NoReplicaMovesIfCannotFixPlacementPolicy.1780913256101672-4449-0/minicluster-data/ts-0-root/data
Total live blocks: 0
Total live bytes: 0
Total live bytes (after alignment): 0
Total number of LBM containers: 0 (0 full)
Did not check for missing blocks
Did not check for orphaned blocks
Total full LBM containers with extra space: 0 (0 repaired)
Total full LBM container extra space in bytes: 0 (0 repaired)
Total incomplete LBM containers: 0 (0 repaired)
Total LBM partial records: 0 (0 repaired)
Total corrupted LBM metadata records in RocksDB: 0 (0 repaired)
I20260608 10:09:23.980093  4449 rpc_server.cc:225] running with OpenSSL 1.1.1  11 Sep 2018
I20260608 10:09:23.981135  4449 kserver.cc:163] Server-wide thread pool size limit: 3276
I20260608 10:09:23.982547  4449 txn_system_client.cc:432] TxnSystemClient initialization is disabled...
I20260608 10:09:23.984795  4449 ts_tablet_manager.cc:585] Loaded tablet metadata (0 total tablets, 0 live tablets)
I20260608 10:09:23.985013  4449 ts_tablet_manager.cc:531] Time spent load tablet metadata: real 0.000s	user 0.000s	sys 0.000s
I20260608 10:09:23.985248  4449 ts_tablet_manager.cc:616] Registered 0 tablets
I20260608 10:09:23.985415  4449 ts_tablet_manager.cc:595] Time spent register tablets: real 0.000s	user 0.000s	sys 0.000s
I20260608 10:09:24.024253  4449 rpc_server.cc:307] RPC server started. Bound to: 127.4.88.65:45003
I20260608 10:09:24.024363  8575 acceptor_pool.cc:272] collecting diagnostics on the listening RPC socket 127.4.88.65:45003 every 8 connection(s)
I20260608 10:09:24.029474  4449 file_cache.cc:492] Constructed file cache file cache with capacity 419430
W20260608 10:09:24.038300  8581 instance_detector.cc:116] could not retrieve Azure instance metadata: Network error: curl error: HTTP response code said error: The requested URL returned error: 404
W20260608 10:09:24.038368  8580 instance_detector.cc:116] could not retrieve AWS instance metadata: Network error: curl error: HTTP response code said error: The requested URL returned error: 404
I20260608 10:09:24.040233  4449 server_base.cc:1061] running on GCE node
W20260608 10:09:24.040942  8583 instance_detector.cc:116] could not retrieve OpenStack instance metadata: Network error: curl error: HTTP response code said error: The requested URL returned error: 404
I20260608 10:09:24.042074  4449 hybrid_clock.cc:584] initializing the hybrid clock with 'system_unsync' time source
W20260608 10:09:24.042356  4449 system_unsync_time.cc:38] NTP support is disabled. Clock error bounds will not be accurate. This configuration is not suitable for distributed clusters.
I20260608 10:09:24.042588  4449 hybrid_clock.cc:648] HybridClock initialized: now 1780913364042568 us; error 0 us; skew 500 ppm
I20260608 10:09:24.043430  4449 server_base.cc:861] Flag tcmalloc_max_total_thread_cache_bytes is not working since tcmalloc is not enabled.
I20260608 10:09:24.044967  8576 heartbeater.cc:344] Connected to a master server at 127.4.88.126:46129
I20260608 10:09:24.045343  8576 heartbeater.cc:461] Registering TS with master...
I20260608 10:09:24.046198  8576 heartbeater.cc:507] Master 127.4.88.126:46129 requested a full tablet report, sending...
I20260608 10:09:24.046242  4449 webserver.cc:533] Webserver started at http://127.4.88.66:45991/ using document root <none> and password file <none>
I20260608 10:09:24.046818  4449 fs_manager.cc:362] Metadata directory not provided
I20260608 10:09:24.047106  4449 fs_manager.cc:368] Using write-ahead log directory (fs_wal_dir) as metadata directory
I20260608 10:09:24.047439  4449 server_base.cc:909] This appears to be a new deployment of Kudu; creating new FS layout
I20260608 10:09:24.048393  8449 ts_manager.cc:194] Registered new tserver with Master: 056e6f0edb574ed3ab69fc5b8c78f715 (127.4.88.65:45003)
I20260608 10:09:24.048766  4449 fs_manager.cc:1068] Generated new instance metadata in path /tmp/dist-test-taskouq36u/test-tmp/auto_rebalancer-test.0.AutoRebalancerTest.NoReplicaMovesIfCannotFixPlacementPolicy.1780913256101672-4449-0/minicluster-data/ts-1-root/instance:
uuid: "7404de8bc9bb4a80845fa77b68e6dfa1"
format_stamp: "Formatted at 2026-06-08 10:09:24 on dist-test-slave-9r9v"
I20260608 10:09:24.050269  8449 master_service.cc:502] Signed X509 certificate for tserver {username='slave'} at 127.0.0.1:52120
I20260608 10:09:24.053726  4449 fs_manager.cc:696] Time spent creating directory manager: real 0.004s	user 0.004s	sys 0.002s
I20260608 10:09:24.057170  8588 log_block_manager.cc:4031] Time spent loading block containers with low live blocks: real 0.000s	user 0.000s	sys 0.000s
I20260608 10:09:24.057833  4449 fs_manager.cc:730] Time spent opening block manager: real 0.002s	user 0.002s	sys 0.000s
I20260608 10:09:24.058141  4449 fs_manager.cc:647] Opened local filesystem: /tmp/dist-test-taskouq36u/test-tmp/auto_rebalancer-test.0.AutoRebalancerTest.NoReplicaMovesIfCannotFixPlacementPolicy.1780913256101672-4449-0/minicluster-data/ts-1-root
uuid: "7404de8bc9bb4a80845fa77b68e6dfa1"
format_stamp: "Formatted at 2026-06-08 10:09:24 on dist-test-slave-9r9v"
I20260608 10:09:24.058434  4449 fs_report.cc:389] FS layout report
--------------------
wal directory: /tmp/dist-test-taskouq36u/test-tmp/auto_rebalancer-test.0.AutoRebalancerTest.NoReplicaMovesIfCannotFixPlacementPolicy.1780913256101672-4449-0/minicluster-data/ts-1-root
metadata directory: /tmp/dist-test-taskouq36u/test-tmp/auto_rebalancer-test.0.AutoRebalancerTest.NoReplicaMovesIfCannotFixPlacementPolicy.1780913256101672-4449-0/minicluster-data/ts-1-root
1 data directories: /tmp/dist-test-taskouq36u/test-tmp/auto_rebalancer-test.0.AutoRebalancerTest.NoReplicaMovesIfCannotFixPlacementPolicy.1780913256101672-4449-0/minicluster-data/ts-1-root/data
Total live blocks: 0
Total live bytes: 0
Total live bytes (after alignment): 0
Total number of LBM containers: 0 (0 full)
Did not check for missing blocks
Did not check for orphaned blocks
Total full LBM containers with extra space: 0 (0 repaired)
Total full LBM container extra space in bytes: 0 (0 repaired)
Total incomplete LBM containers: 0 (0 repaired)
Total LBM partial records: 0 (0 repaired)
Total corrupted LBM metadata records in RocksDB: 0 (0 repaired)
I20260608 10:09:24.073014  4449 rpc_server.cc:225] running with OpenSSL 1.1.1  11 Sep 2018
I20260608 10:09:24.074337  4449 kserver.cc:163] Server-wide thread pool size limit: 3276
I20260608 10:09:24.075790  4449 txn_system_client.cc:432] TxnSystemClient initialization is disabled...
I20260608 10:09:24.077955  4449 ts_tablet_manager.cc:585] Loaded tablet metadata (0 total tablets, 0 live tablets)
I20260608 10:09:24.078112  4449 ts_tablet_manager.cc:531] Time spent load tablet metadata: real 0.000s	user 0.000s	sys 0.000s
I20260608 10:09:24.078403  4449 ts_tablet_manager.cc:616] Registered 0 tablets
I20260608 10:09:24.078568  4449 ts_tablet_manager.cc:595] Time spent register tablets: real 0.000s	user 0.000s	sys 0.000s
I20260608 10:09:24.117534  4449 rpc_server.cc:307] RPC server started. Bound to: 127.4.88.66:34547
I20260608 10:09:24.117635  8650 acceptor_pool.cc:272] collecting diagnostics on the listening RPC socket 127.4.88.66:34547 every 8 connection(s)
I20260608 10:09:24.122371  4449 file_cache.cc:492] Constructed file cache file cache with capacity 419430
W20260608 10:09:24.129855  8654 instance_detector.cc:116] could not retrieve AWS instance metadata: Network error: curl error: HTTP response code said error: The requested URL returned error: 404
W20260608 10:09:24.131239  8655 instance_detector.cc:116] could not retrieve Azure instance metadata: Network error: curl error: HTTP response code said error: The requested URL returned error: 404
W20260608 10:09:24.134266  8657 instance_detector.cc:116] could not retrieve OpenStack instance metadata: Network error: curl error: HTTP response code said error: The requested URL returned error: 404
I20260608 10:09:24.135349  8651 heartbeater.cc:344] Connected to a master server at 127.4.88.126:46129
I20260608 10:09:24.135421  4449 server_base.cc:1061] running on GCE node
I20260608 10:09:24.135903  8651 heartbeater.cc:461] Registering TS with master...
I20260608 10:09:24.136365  4449 hybrid_clock.cc:584] initializing the hybrid clock with 'system_unsync' time source
W20260608 10:09:24.136610  4449 system_unsync_time.cc:38] NTP support is disabled. Clock error bounds will not be accurate. This configuration is not suitable for distributed clusters.
I20260608 10:09:24.136785  4449 hybrid_clock.cc:648] HybridClock initialized: now 1780913364136768 us; error 0 us; skew 500 ppm
I20260608 10:09:24.136760  8651 heartbeater.cc:507] Master 127.4.88.126:46129 requested a full tablet report, sending...
I20260608 10:09:24.137595  4449 server_base.cc:861] Flag tcmalloc_max_total_thread_cache_bytes is not working since tcmalloc is not enabled.
I20260608 10:09:24.139228  8449 ts_manager.cc:194] Registered new tserver with Master: 7404de8bc9bb4a80845fa77b68e6dfa1 (127.4.88.66:34547)
I20260608 10:09:24.139997  4449 webserver.cc:533] Webserver started at http://127.4.88.67:44127/ using document root <none> and password file <none>
I20260608 10:09:24.140520  4449 fs_manager.cc:362] Metadata directory not provided
I20260608 10:09:24.140728  4449 fs_manager.cc:368] Using write-ahead log directory (fs_wal_dir) as metadata directory
I20260608 10:09:24.140793  8449 master_service.cc:502] Signed X509 certificate for tserver {username='slave'} at 127.0.0.1:52136
I20260608 10:09:24.140990  4449 server_base.cc:909] This appears to be a new deployment of Kudu; creating new FS layout
I20260608 10:09:24.142462  4449 fs_manager.cc:1068] Generated new instance metadata in path /tmp/dist-test-taskouq36u/test-tmp/auto_rebalancer-test.0.AutoRebalancerTest.NoReplicaMovesIfCannotFixPlacementPolicy.1780913256101672-4449-0/minicluster-data/ts-2-root/instance:
uuid: "eb5d938408564f8da431409051121b6e"
format_stamp: "Formatted at 2026-06-08 10:09:24 on dist-test-slave-9r9v"
I20260608 10:09:24.146919  4449 fs_manager.cc:696] Time spent creating directory manager: real 0.004s	user 0.000s	sys 0.003s
I20260608 10:09:24.150133  8662 log_block_manager.cc:4031] Time spent loading block containers with low live blocks: real 0.000s	user 0.000s	sys 0.000s
I20260608 10:09:24.150949  4449 fs_manager.cc:730] Time spent opening block manager: real 0.002s	user 0.003s	sys 0.000s
I20260608 10:09:24.151247  4449 fs_manager.cc:647] Opened local filesystem: /tmp/dist-test-taskouq36u/test-tmp/auto_rebalancer-test.0.AutoRebalancerTest.NoReplicaMovesIfCannotFixPlacementPolicy.1780913256101672-4449-0/minicluster-data/ts-2-root
uuid: "eb5d938408564f8da431409051121b6e"
format_stamp: "Formatted at 2026-06-08 10:09:24 on dist-test-slave-9r9v"
I20260608 10:09:24.151554  4449 fs_report.cc:389] FS layout report
--------------------
wal directory: /tmp/dist-test-taskouq36u/test-tmp/auto_rebalancer-test.0.AutoRebalancerTest.NoReplicaMovesIfCannotFixPlacementPolicy.1780913256101672-4449-0/minicluster-data/ts-2-root
metadata directory: /tmp/dist-test-taskouq36u/test-tmp/auto_rebalancer-test.0.AutoRebalancerTest.NoReplicaMovesIfCannotFixPlacementPolicy.1780913256101672-4449-0/minicluster-data/ts-2-root
1 data directories: /tmp/dist-test-taskouq36u/test-tmp/auto_rebalancer-test.0.AutoRebalancerTest.NoReplicaMovesIfCannotFixPlacementPolicy.1780913256101672-4449-0/minicluster-data/ts-2-root/data
Total live blocks: 0
Total live bytes: 0
Total live bytes (after alignment): 0
Total number of LBM containers: 0 (0 full)
Did not check for missing blocks
Did not check for orphaned blocks
Total full LBM containers with extra space: 0 (0 repaired)
Total full LBM container extra space in bytes: 0 (0 repaired)
Total incomplete LBM containers: 0 (0 repaired)
Total LBM partial records: 0 (0 repaired)
Total corrupted LBM metadata records in RocksDB: 0 (0 repaired)
I20260608 10:09:24.173586  4449 rpc_server.cc:225] running with OpenSSL 1.1.1  11 Sep 2018
I20260608 10:09:24.174778  4449 kserver.cc:163] Server-wide thread pool size limit: 3276
I20260608 10:09:24.176122  4449 txn_system_client.cc:432] TxnSystemClient initialization is disabled...
I20260608 10:09:24.178236  4449 ts_tablet_manager.cc:585] Loaded tablet metadata (0 total tablets, 0 live tablets)
I20260608 10:09:24.178443  4449 ts_tablet_manager.cc:531] Time spent load tablet metadata: real 0.000s	user 0.000s	sys 0.000s
I20260608 10:09:24.178678  4449 ts_tablet_manager.cc:616] Registered 0 tablets
I20260608 10:09:24.178848  4449 ts_tablet_manager.cc:595] Time spent register tablets: real 0.000s	user 0.000s	sys 0.000s
I20260608 10:09:24.216091  4449 rpc_server.cc:307] RPC server started. Bound to: 127.4.88.67:37819
I20260608 10:09:24.216198  8724 acceptor_pool.cc:272] collecting diagnostics on the listening RPC socket 127.4.88.67:37819 every 8 connection(s)
I20260608 10:09:24.230077  8725 heartbeater.cc:344] Connected to a master server at 127.4.88.126:46129
I20260608 10:09:24.230427  8725 heartbeater.cc:461] Registering TS with master...
I20260608 10:09:24.231086  8725 heartbeater.cc:507] Master 127.4.88.126:46129 requested a full tablet report, sending...
I20260608 10:09:24.232976  8449 ts_manager.cc:194] Registered new tserver with Master: eb5d938408564f8da431409051121b6e (127.4.88.67:37819)
I20260608 10:09:24.233065  4449 internal_mini_cluster.cc:371] 3 TS(s) registered with all masters after 0.013484692s
I20260608 10:09:24.234272  8449 master_service.cc:502] Signed X509 certificate for tserver {username='slave'} at 127.0.0.1:52144
I20260608 10:09:25.052943  8576 heartbeater.cc:499] Master 127.4.88.126:46129 was elected leader, sending a full tablet report...
I20260608 10:09:25.143525  8651 heartbeater.cc:499] Master 127.4.88.126:46129 was elected leader, sending a full tablet report...
I20260608 10:09:25.236881  8725 heartbeater.cc:499] Master 127.4.88.126:46129 was elected leader, sending a full tablet report...
I20260608 10:09:25.296909  8449 catalog_manager.cc:2282] Servicing CreateTable request from {username='slave'} at 127.0.0.1:52168:
name: "test-workload"
schema {
  columns {
    name: "key"
    type: INT32
    is_key: true
    is_nullable: false
    encoding: AUTO_ENCODING
    compression: DEFAULT_COMPRESSION
    cfile_block_size: 0
    immutable: false
  }
  columns {
    name: "int_val"
    type: INT32
    is_key: false
    is_nullable: false
    encoding: AUTO_ENCODING
    compression: DEFAULT_COMPRESSION
    cfile_block_size: 0
    immutable: false
  }
  columns {
    name: "string_val"
    type: STRING
    is_key: false
    is_nullable: true
    encoding: AUTO_ENCODING
    compression: DEFAULT_COMPRESSION
    cfile_block_size: 0
    immutable: false
  }
}
num_replicas: 3
split_rows_range_bounds {
}
partition_schema {
  range_schema {
    columns {
      name: "key"
    }
  }
}
W20260608 10:09:25.298638  8449 catalog_manager.cc:7076] The number of live tablet servers is not enough to re-replicate a tablet replica of the newly created table test-workload in case of a server failure: 4 tablet servers would be needed, 3 are available. Consider bringing up more tablet servers.
I20260608 10:09:25.340333  8541 tablet_service.cc:1511] Processing CreateTablet for tablet 5ac82ac2791c43e5b1fb3a466f054d6f (DEFAULT_TABLE table=test-workload [id=eab99535c02b47ae855bd43074530438]), partition=RANGE (key) PARTITION UNBOUNDED
I20260608 10:09:25.341703  8541 data_dirs.cc:400] Could only allocate 1 dirs of requested 3 for tablet 5ac82ac2791c43e5b1fb3a466f054d6f. 1 dirs total, 0 dirs full, 0 dirs failed
I20260608 10:09:25.346925  8616 tablet_service.cc:1511] Processing CreateTablet for tablet 5ac82ac2791c43e5b1fb3a466f054d6f (DEFAULT_TABLE table=test-workload [id=eab99535c02b47ae855bd43074530438]), partition=RANGE (key) PARTITION UNBOUNDED
I20260608 10:09:25.347165  8690 tablet_service.cc:1511] Processing CreateTablet for tablet 5ac82ac2791c43e5b1fb3a466f054d6f (DEFAULT_TABLE table=test-workload [id=eab99535c02b47ae855bd43074530438]), partition=RANGE (key) PARTITION UNBOUNDED
I20260608 10:09:25.348232  8616 data_dirs.cc:400] Could only allocate 1 dirs of requested 3 for tablet 5ac82ac2791c43e5b1fb3a466f054d6f. 1 dirs total, 0 dirs full, 0 dirs failed
I20260608 10:09:25.348263  8690 data_dirs.cc:400] Could only allocate 1 dirs of requested 3 for tablet 5ac82ac2791c43e5b1fb3a466f054d6f. 1 dirs total, 0 dirs full, 0 dirs failed
I20260608 10:09:25.358901  8746 tablet_bootstrap.cc:492] T 5ac82ac2791c43e5b1fb3a466f054d6f P 056e6f0edb574ed3ab69fc5b8c78f715: Bootstrap starting.
I20260608 10:09:25.361577  8747 tablet_bootstrap.cc:492] T 5ac82ac2791c43e5b1fb3a466f054d6f P eb5d938408564f8da431409051121b6e: Bootstrap starting.
I20260608 10:09:25.365283  8746 tablet_bootstrap.cc:654] T 5ac82ac2791c43e5b1fb3a466f054d6f P 056e6f0edb574ed3ab69fc5b8c78f715: Neither blocks nor log segments found. Creating new log.
I20260608 10:09:25.367673  8748 tablet_bootstrap.cc:492] T 5ac82ac2791c43e5b1fb3a466f054d6f P 7404de8bc9bb4a80845fa77b68e6dfa1: Bootstrap starting.
I20260608 10:09:25.368136  8747 tablet_bootstrap.cc:654] T 5ac82ac2791c43e5b1fb3a466f054d6f P eb5d938408564f8da431409051121b6e: Neither blocks nor log segments found. Creating new log.
I20260608 10:09:25.373083  8747 tablet_bootstrap.cc:492] T 5ac82ac2791c43e5b1fb3a466f054d6f P eb5d938408564f8da431409051121b6e: No bootstrap required, opened a new log
I20260608 10:09:25.373476  8747 ts_tablet_manager.cc:1403] T 5ac82ac2791c43e5b1fb3a466f054d6f P eb5d938408564f8da431409051121b6e: Time spent bootstrapping tablet: real 0.012s	user 0.003s	sys 0.007s
I20260608 10:09:25.376052  8748 tablet_bootstrap.cc:654] T 5ac82ac2791c43e5b1fb3a466f054d6f P 7404de8bc9bb4a80845fa77b68e6dfa1: Neither blocks nor log segments found. Creating new log.
I20260608 10:09:25.376016  8747 raft_consensus.cc:359] T 5ac82ac2791c43e5b1fb3a466f054d6f P eb5d938408564f8da431409051121b6e [term 0 FOLLOWER]: Replica starting. Triggering 0 pending ops. Active config: opid_index: -1 OBSOLETE_local: false peers { permanent_uuid: "056e6f0edb574ed3ab69fc5b8c78f715" member_type: VOTER last_known_addr { host: "127.4.88.65" port: 45003 } } peers { permanent_uuid: "eb5d938408564f8da431409051121b6e" member_type: VOTER last_known_addr { host: "127.4.88.67" port: 37819 } } peers { permanent_uuid: "7404de8bc9bb4a80845fa77b68e6dfa1" member_type: VOTER last_known_addr { host: "127.4.88.66" port: 34547 } }
I20260608 10:09:25.376621  8747 raft_consensus.cc:385] T 5ac82ac2791c43e5b1fb3a466f054d6f P eb5d938408564f8da431409051121b6e [term 0 FOLLOWER]: Consensus starting up: Expiring failure detector timer to make a prompt election more likely
I20260608 10:09:25.376864  8747 raft_consensus.cc:740] T 5ac82ac2791c43e5b1fb3a466f054d6f P eb5d938408564f8da431409051121b6e [term 0 FOLLOWER]: Becoming Follower/Learner. State: Replica: eb5d938408564f8da431409051121b6e, State: Initialized, Role: FOLLOWER
I20260608 10:09:25.377425  8746 tablet_bootstrap.cc:492] T 5ac82ac2791c43e5b1fb3a466f054d6f P 056e6f0edb574ed3ab69fc5b8c78f715: No bootstrap required, opened a new log
I20260608 10:09:25.377542  8747 consensus_queue.cc:260] T 5ac82ac2791c43e5b1fb3a466f054d6f P eb5d938408564f8da431409051121b6e [NON_LEADER]: Queue going to NON_LEADER mode. State: All replicated index: 0, Majority replicated index: 0, Committed index: 0, Last appended: 0.0, Last appended by leader: 0, Current term: 0, Majority size: -1, State: 0, Mode: NON_LEADER, active raft config: opid_index: -1 OBSOLETE_local: false peers { permanent_uuid: "056e6f0edb574ed3ab69fc5b8c78f715" member_type: VOTER last_known_addr { host: "127.4.88.65" port: 45003 } } peers { permanent_uuid: "eb5d938408564f8da431409051121b6e" member_type: VOTER last_known_addr { host: "127.4.88.67" port: 37819 } } peers { permanent_uuid: "7404de8bc9bb4a80845fa77b68e6dfa1" member_type: VOTER last_known_addr { host: "127.4.88.66" port: 34547 } }
I20260608 10:09:25.377951  8746 ts_tablet_manager.cc:1403] T 5ac82ac2791c43e5b1fb3a466f054d6f P 056e6f0edb574ed3ab69fc5b8c78f715: Time spent bootstrapping tablet: real 0.019s	user 0.003s	sys 0.015s
I20260608 10:09:25.380030  8747 ts_tablet_manager.cc:1434] T 5ac82ac2791c43e5b1fb3a466f054d6f P eb5d938408564f8da431409051121b6e: Time spent starting tablet: real 0.006s	user 0.003s	sys 0.004s
I20260608 10:09:25.383461  8746 raft_consensus.cc:359] T 5ac82ac2791c43e5b1fb3a466f054d6f P 056e6f0edb574ed3ab69fc5b8c78f715 [term 0 FOLLOWER]: Replica starting. Triggering 0 pending ops. Active config: opid_index: -1 OBSOLETE_local: false peers { permanent_uuid: "056e6f0edb574ed3ab69fc5b8c78f715" member_type: VOTER last_known_addr { host: "127.4.88.65" port: 45003 } } peers { permanent_uuid: "eb5d938408564f8da431409051121b6e" member_type: VOTER last_known_addr { host: "127.4.88.67" port: 37819 } } peers { permanent_uuid: "7404de8bc9bb4a80845fa77b68e6dfa1" member_type: VOTER last_known_addr { host: "127.4.88.66" port: 34547 } }
I20260608 10:09:25.383983  8746 raft_consensus.cc:385] T 5ac82ac2791c43e5b1fb3a466f054d6f P 056e6f0edb574ed3ab69fc5b8c78f715 [term 0 FOLLOWER]: Consensus starting up: Expiring failure detector timer to make a prompt election more likely
I20260608 10:09:25.384285  8746 raft_consensus.cc:740] T 5ac82ac2791c43e5b1fb3a466f054d6f P 056e6f0edb574ed3ab69fc5b8c78f715 [term 0 FOLLOWER]: Becoming Follower/Learner. State: Replica: 056e6f0edb574ed3ab69fc5b8c78f715, State: Initialized, Role: FOLLOWER
I20260608 10:09:25.385440  8748 tablet_bootstrap.cc:492] T 5ac82ac2791c43e5b1fb3a466f054d6f P 7404de8bc9bb4a80845fa77b68e6dfa1: No bootstrap required, opened a new log
I20260608 10:09:25.385025  8746 consensus_queue.cc:260] T 5ac82ac2791c43e5b1fb3a466f054d6f P 056e6f0edb574ed3ab69fc5b8c78f715 [NON_LEADER]: Queue going to NON_LEADER mode. State: All replicated index: 0, Majority replicated index: 0, Committed index: 0, Last appended: 0.0, Last appended by leader: 0, Current term: 0, Majority size: -1, State: 0, Mode: NON_LEADER, active raft config: opid_index: -1 OBSOLETE_local: false peers { permanent_uuid: "056e6f0edb574ed3ab69fc5b8c78f715" member_type: VOTER last_known_addr { host: "127.4.88.65" port: 45003 } } peers { permanent_uuid: "eb5d938408564f8da431409051121b6e" member_type: VOTER last_known_addr { host: "127.4.88.67" port: 37819 } } peers { permanent_uuid: "7404de8bc9bb4a80845fa77b68e6dfa1" member_type: VOTER last_known_addr { host: "127.4.88.66" port: 34547 } }
I20260608 10:09:25.385916  8748 ts_tablet_manager.cc:1403] T 5ac82ac2791c43e5b1fb3a466f054d6f P 7404de8bc9bb4a80845fa77b68e6dfa1: Time spent bootstrapping tablet: real 0.019s	user 0.008s	sys 0.008s
I20260608 10:09:25.387828  8746 ts_tablet_manager.cc:1434] T 5ac82ac2791c43e5b1fb3a466f054d6f P 056e6f0edb574ed3ab69fc5b8c78f715: Time spent starting tablet: real 0.010s	user 0.007s	sys 0.000s
I20260608 10:09:25.388849  8748 raft_consensus.cc:359] T 5ac82ac2791c43e5b1fb3a466f054d6f P 7404de8bc9bb4a80845fa77b68e6dfa1 [term 0 FOLLOWER]: Replica starting. Triggering 0 pending ops. Active config: opid_index: -1 OBSOLETE_local: false peers { permanent_uuid: "056e6f0edb574ed3ab69fc5b8c78f715" member_type: VOTER last_known_addr { host: "127.4.88.65" port: 45003 } } peers { permanent_uuid: "eb5d938408564f8da431409051121b6e" member_type: VOTER last_known_addr { host: "127.4.88.67" port: 37819 } } peers { permanent_uuid: "7404de8bc9bb4a80845fa77b68e6dfa1" member_type: VOTER last_known_addr { host: "127.4.88.66" port: 34547 } }
I20260608 10:09:25.389564  8748 raft_consensus.cc:385] T 5ac82ac2791c43e5b1fb3a466f054d6f P 7404de8bc9bb4a80845fa77b68e6dfa1 [term 0 FOLLOWER]: Consensus starting up: Expiring failure detector timer to make a prompt election more likely
I20260608 10:09:25.389895  8748 raft_consensus.cc:740] T 5ac82ac2791c43e5b1fb3a466f054d6f P 7404de8bc9bb4a80845fa77b68e6dfa1 [term 0 FOLLOWER]: Becoming Follower/Learner. State: Replica: 7404de8bc9bb4a80845fa77b68e6dfa1, State: Initialized, Role: FOLLOWER
I20260608 10:09:25.390708  8748 consensus_queue.cc:260] T 5ac82ac2791c43e5b1fb3a466f054d6f P 7404de8bc9bb4a80845fa77b68e6dfa1 [NON_LEADER]: Queue going to NON_LEADER mode. State: All replicated index: 0, Majority replicated index: 0, Committed index: 0, Last appended: 0.0, Last appended by leader: 0, Current term: 0, Majority size: -1, State: 0, Mode: NON_LEADER, active raft config: opid_index: -1 OBSOLETE_local: false peers { permanent_uuid: "056e6f0edb574ed3ab69fc5b8c78f715" member_type: VOTER last_known_addr { host: "127.4.88.65" port: 45003 } } peers { permanent_uuid: "eb5d938408564f8da431409051121b6e" member_type: VOTER last_known_addr { host: "127.4.88.67" port: 37819 } } peers { permanent_uuid: "7404de8bc9bb4a80845fa77b68e6dfa1" member_type: VOTER last_known_addr { host: "127.4.88.66" port: 34547 } }
I20260608 10:09:25.393879  8748 ts_tablet_manager.cc:1434] T 5ac82ac2791c43e5b1fb3a466f054d6f P 7404de8bc9bb4a80845fa77b68e6dfa1: Time spent starting tablet: real 0.008s	user 0.008s	sys 0.000s
I20260608 10:09:25.447410  8753 raft_consensus.cc:493] T 5ac82ac2791c43e5b1fb3a466f054d6f P 056e6f0edb574ed3ab69fc5b8c78f715 [term 0 FOLLOWER]: Starting pre-election (no leader contacted us within the election timeout)
I20260608 10:09:25.447837  8753 raft_consensus.cc:515] T 5ac82ac2791c43e5b1fb3a466f054d6f P 056e6f0edb574ed3ab69fc5b8c78f715 [term 0 FOLLOWER]: Starting pre-election with config: opid_index: -1 OBSOLETE_local: false peers { permanent_uuid: "056e6f0edb574ed3ab69fc5b8c78f715" member_type: VOTER last_known_addr { host: "127.4.88.65" port: 45003 } } peers { permanent_uuid: "eb5d938408564f8da431409051121b6e" member_type: VOTER last_known_addr { host: "127.4.88.67" port: 37819 } } peers { permanent_uuid: "7404de8bc9bb4a80845fa77b68e6dfa1" member_type: VOTER last_known_addr { host: "127.4.88.66" port: 34547 } }
I20260608 10:09:25.449911  8753 leader_election.cc:290] T 5ac82ac2791c43e5b1fb3a466f054d6f P 056e6f0edb574ed3ab69fc5b8c78f715 [CANDIDATE]: Term 1 pre-election: Requested pre-vote from peers eb5d938408564f8da431409051121b6e (127.4.88.67:37819), 7404de8bc9bb4a80845fa77b68e6dfa1 (127.4.88.66:34547)
I20260608 10:09:25.460273  8700 tablet_service.cc:1917] Received RequestConsensusVote() RPC: tablet_id: "5ac82ac2791c43e5b1fb3a466f054d6f" candidate_uuid: "056e6f0edb574ed3ab69fc5b8c78f715" candidate_term: 1 candidate_status { last_received { term: 0 index: 0 } } ignore_live_leader: false dest_uuid: "eb5d938408564f8da431409051121b6e" is_pre_election: true
I20260608 10:09:25.460270  8626 tablet_service.cc:1917] Received RequestConsensusVote() RPC: tablet_id: "5ac82ac2791c43e5b1fb3a466f054d6f" candidate_uuid: "056e6f0edb574ed3ab69fc5b8c78f715" candidate_term: 1 candidate_status { last_received { term: 0 index: 0 } } ignore_live_leader: false dest_uuid: "7404de8bc9bb4a80845fa77b68e6dfa1" is_pre_election: true
I20260608 10:09:25.461114  8700 raft_consensus.cc:2468] T 5ac82ac2791c43e5b1fb3a466f054d6f P eb5d938408564f8da431409051121b6e [term 0 FOLLOWER]: Leader pre-election vote request: Granting yes vote for candidate 056e6f0edb574ed3ab69fc5b8c78f715 in term 0.
I20260608 10:09:25.461158  8626 raft_consensus.cc:2468] T 5ac82ac2791c43e5b1fb3a466f054d6f P 7404de8bc9bb4a80845fa77b68e6dfa1 [term 0 FOLLOWER]: Leader pre-election vote request: Granting yes vote for candidate 056e6f0edb574ed3ab69fc5b8c78f715 in term 0.
I20260608 10:09:25.462563  8516 leader_election.cc:304] T 5ac82ac2791c43e5b1fb3a466f054d6f P 056e6f0edb574ed3ab69fc5b8c78f715 [CANDIDATE]: Term 1 pre-election: Election decided. Result: candidate won. Election summary: received 2 responses out of 3 voters: 2 yes votes; 0 no votes. yes voters: 056e6f0edb574ed3ab69fc5b8c78f715, 7404de8bc9bb4a80845fa77b68e6dfa1; no voters: 
I20260608 10:09:25.463281  8753 raft_consensus.cc:2804] T 5ac82ac2791c43e5b1fb3a466f054d6f P 056e6f0edb574ed3ab69fc5b8c78f715 [term 0 FOLLOWER]: Leader pre-election won for term 1
I20260608 10:09:25.463603  8753 raft_consensus.cc:493] T 5ac82ac2791c43e5b1fb3a466f054d6f P 056e6f0edb574ed3ab69fc5b8c78f715 [term 0 FOLLOWER]: Starting leader election (no leader contacted us within the election timeout)
I20260608 10:09:25.463855  8753 raft_consensus.cc:3060] T 5ac82ac2791c43e5b1fb3a466f054d6f P 056e6f0edb574ed3ab69fc5b8c78f715 [term 0 FOLLOWER]: Advancing to term 1
I20260608 10:09:25.468525  8753 raft_consensus.cc:515] T 5ac82ac2791c43e5b1fb3a466f054d6f P 056e6f0edb574ed3ab69fc5b8c78f715 [term 1 FOLLOWER]: Starting leader election with config: opid_index: -1 OBSOLETE_local: false peers { permanent_uuid: "056e6f0edb574ed3ab69fc5b8c78f715" member_type: VOTER last_known_addr { host: "127.4.88.65" port: 45003 } } peers { permanent_uuid: "eb5d938408564f8da431409051121b6e" member_type: VOTER last_known_addr { host: "127.4.88.67" port: 37819 } } peers { permanent_uuid: "7404de8bc9bb4a80845fa77b68e6dfa1" member_type: VOTER last_known_addr { host: "127.4.88.66" port: 34547 } }
I20260608 10:09:25.470062  8753 leader_election.cc:290] T 5ac82ac2791c43e5b1fb3a466f054d6f P 056e6f0edb574ed3ab69fc5b8c78f715 [CANDIDATE]: Term 1 election: Requested vote from peers eb5d938408564f8da431409051121b6e (127.4.88.67:37819), 7404de8bc9bb4a80845fa77b68e6dfa1 (127.4.88.66:34547)
I20260608 10:09:25.470683  8700 tablet_service.cc:1917] Received RequestConsensusVote() RPC: tablet_id: "5ac82ac2791c43e5b1fb3a466f054d6f" candidate_uuid: "056e6f0edb574ed3ab69fc5b8c78f715" candidate_term: 1 candidate_status { last_received { term: 0 index: 0 } } ignore_live_leader: false dest_uuid: "eb5d938408564f8da431409051121b6e"
I20260608 10:09:25.471029  8626 tablet_service.cc:1917] Received RequestConsensusVote() RPC: tablet_id: "5ac82ac2791c43e5b1fb3a466f054d6f" candidate_uuid: "056e6f0edb574ed3ab69fc5b8c78f715" candidate_term: 1 candidate_status { last_received { term: 0 index: 0 } } ignore_live_leader: false dest_uuid: "7404de8bc9bb4a80845fa77b68e6dfa1"
I20260608 10:09:25.471166  8700 raft_consensus.cc:3060] T 5ac82ac2791c43e5b1fb3a466f054d6f P eb5d938408564f8da431409051121b6e [term 0 FOLLOWER]: Advancing to term 1
I20260608 10:09:25.471532  8626 raft_consensus.cc:3060] T 5ac82ac2791c43e5b1fb3a466f054d6f P 7404de8bc9bb4a80845fa77b68e6dfa1 [term 0 FOLLOWER]: Advancing to term 1
I20260608 10:09:25.476189  8700 raft_consensus.cc:2468] T 5ac82ac2791c43e5b1fb3a466f054d6f P eb5d938408564f8da431409051121b6e [term 1 FOLLOWER]: Leader election vote request: Granting yes vote for candidate 056e6f0edb574ed3ab69fc5b8c78f715 in term 1.
I20260608 10:09:25.476302  8626 raft_consensus.cc:2468] T 5ac82ac2791c43e5b1fb3a466f054d6f P 7404de8bc9bb4a80845fa77b68e6dfa1 [term 1 FOLLOWER]: Leader election vote request: Granting yes vote for candidate 056e6f0edb574ed3ab69fc5b8c78f715 in term 1.
I20260608 10:09:25.477142  8515 leader_election.cc:304] T 5ac82ac2791c43e5b1fb3a466f054d6f P 056e6f0edb574ed3ab69fc5b8c78f715 [CANDIDATE]: Term 1 election: Election decided. Result: candidate won. Election summary: received 2 responses out of 3 voters: 2 yes votes; 0 no votes. yes voters: 056e6f0edb574ed3ab69fc5b8c78f715, eb5d938408564f8da431409051121b6e; no voters: 
I20260608 10:09:25.477838  8753 raft_consensus.cc:2804] T 5ac82ac2791c43e5b1fb3a466f054d6f P 056e6f0edb574ed3ab69fc5b8c78f715 [term 1 FOLLOWER]: Leader election won for term 1
I20260608 10:09:25.478775  8753 raft_consensus.cc:697] T 5ac82ac2791c43e5b1fb3a466f054d6f P 056e6f0edb574ed3ab69fc5b8c78f715 [term 1 LEADER]: Becoming Leader. State: Replica: 056e6f0edb574ed3ab69fc5b8c78f715, State: Running, Role: LEADER
I20260608 10:09:25.479456  8753 consensus_queue.cc:237] T 5ac82ac2791c43e5b1fb3a466f054d6f P 056e6f0edb574ed3ab69fc5b8c78f715 [LEADER]: Queue going to LEADER mode. State: All replicated index: 0, Majority replicated index: 0, Committed index: 0, Last appended: 0.0, Last appended by leader: 0, Current term: 1, Majority size: 2, State: 0, Mode: LEADER, active raft config: opid_index: -1 OBSOLETE_local: false peers { permanent_uuid: "056e6f0edb574ed3ab69fc5b8c78f715" member_type: VOTER last_known_addr { host: "127.4.88.65" port: 45003 } } peers { permanent_uuid: "eb5d938408564f8da431409051121b6e" member_type: VOTER last_known_addr { host: "127.4.88.67" port: 37819 } } peers { permanent_uuid: "7404de8bc9bb4a80845fa77b68e6dfa1" member_type: VOTER last_known_addr { host: "127.4.88.66" port: 34547 } }
I20260608 10:09:25.486567  8449 catalog_manager.cc:5696] T 5ac82ac2791c43e5b1fb3a466f054d6f P 056e6f0edb574ed3ab69fc5b8c78f715 reported cstate change: term changed from 0 to 1, leader changed from <none> to 056e6f0edb574ed3ab69fc5b8c78f715 (127.4.88.65). New cstate: current_term: 1 leader_uuid: "056e6f0edb574ed3ab69fc5b8c78f715" committed_config { opid_index: -1 OBSOLETE_local: false peers { permanent_uuid: "056e6f0edb574ed3ab69fc5b8c78f715" member_type: VOTER last_known_addr { host: "127.4.88.65" port: 45003 } health_report { overall_health: HEALTHY } } peers { permanent_uuid: "eb5d938408564f8da431409051121b6e" member_type: VOTER last_known_addr { host: "127.4.88.67" port: 37819 } health_report { overall_health: UNKNOWN } } peers { permanent_uuid: "7404de8bc9bb4a80845fa77b68e6dfa1" member_type: VOTER last_known_addr { host: "127.4.88.66" port: 34547 } health_report { overall_health: UNKNOWN } } }
I20260608 10:09:25.872880  8497 placement_policy_util.cc:407] tablet 5ac82ac2791c43e5b1fb3a466f054d6f: detected majority of replicas (2 of 3) at location L0
I20260608 10:09:25.874805  8502 auto_leader_rebalancer.cc:140] leader rebalance for table test-workload
I20260608 10:09:25.876154  8502 auto_leader_rebalancer.cc:388] table: test-workload, leader rebalance finish, leader transfer count: 0
I20260608 10:09:25.876505  8502 auto_leader_rebalancer.cc:451] All tables' leader rebalancing finished this round
I20260608 10:09:25.945536  8753 consensus_queue.cc:1048] T 5ac82ac2791c43e5b1fb3a466f054d6f P 056e6f0edb574ed3ab69fc5b8c78f715 [LEADER]: Connected to new peer: Peer: permanent_uuid: "7404de8bc9bb4a80845fa77b68e6dfa1" member_type: VOTER last_known_addr { host: "127.4.88.66" port: 34547 }, Status: LMP_MISMATCH, Last received: 0.0, Next index: 1, Last known committed idx: 0, Time since last communication: 0.000s
I20260608 10:09:25.957139  8757 consensus_queue.cc:1048] T 5ac82ac2791c43e5b1fb3a466f054d6f P 056e6f0edb574ed3ab69fc5b8c78f715 [LEADER]: Connected to new peer: Peer: permanent_uuid: "eb5d938408564f8da431409051121b6e" member_type: VOTER last_known_addr { host: "127.4.88.67" port: 37819 }, Status: LMP_MISMATCH, Last received: 0.0, Next index: 1, Last known committed idx: 0, Time since last communication: 0.000s
I20260608 10:09:26.881796  8497 placement_policy_util.cc:407] tablet 5ac82ac2791c43e5b1fb3a466f054d6f: detected majority of replicas (2 of 3) at location L0
I20260608 10:09:27.877421  8502 auto_leader_rebalancer.cc:140] leader rebalance for table test-workload
I20260608 10:09:27.878702  8502 auto_leader_rebalancer.cc:388] table: test-workload, leader rebalance finish, leader transfer count: 0
I20260608 10:09:27.879029  8502 auto_leader_rebalancer.cc:451] All tables' leader rebalancing finished this round
I20260608 10:09:27.890115  8497 placement_policy_util.cc:407] tablet 5ac82ac2791c43e5b1fb3a466f054d6f: detected majority of replicas (2 of 3) at location L0
I20260608 10:09:28.900591  8497 placement_policy_util.cc:407] tablet 5ac82ac2791c43e5b1fb3a466f054d6f: detected majority of replicas (2 of 3) at location L0
I20260608 10:09:29.879926  8502 auto_leader_rebalancer.cc:140] leader rebalance for table test-workload
I20260608 10:09:29.881283  8502 auto_leader_rebalancer.cc:388] table: test-workload, leader rebalance finish, leader transfer count: 0
I20260608 10:09:29.881603  8502 auto_leader_rebalancer.cc:451] All tables' leader rebalancing finished this round
I20260608 10:09:29.914177  8497 placement_policy_util.cc:407] tablet 5ac82ac2791c43e5b1fb3a466f054d6f: detected majority of replicas (2 of 3) at location L0
W20260608 10:09:29.931737  8647 debug-util.cc:398] Leaking SignalData structure 0x7b08001e77e0 after lost signal to thread 4452
W20260608 10:09:29.932974  8647 debug-util.cc:398] Leaking SignalData structure 0x7b08001ef140 after lost signal to thread 8483
W20260608 10:09:29.933890  8647 debug-util.cc:398] Leaking SignalData structure 0x7b08000a4300 after lost signal to thread 8575
W20260608 10:09:29.934881  8647 debug-util.cc:398] Leaking SignalData structure 0x7b08000ee720 after lost signal to thread 8650
W20260608 10:09:29.935789  8647 debug-util.cc:398] Leaking SignalData structure 0x7b080016f4a0 after lost signal to thread 8724
I20260608 10:09:30.921789  8497 placement_policy_util.cc:407] tablet 5ac82ac2791c43e5b1fb3a466f054d6f: detected majority of replicas (2 of 3) at location L0
I20260608 10:09:31.882576  8502 auto_leader_rebalancer.cc:140] leader rebalance for table test-workload
I20260608 10:09:31.883884  8502 auto_leader_rebalancer.cc:388] table: test-workload, leader rebalance finish, leader transfer count: 0
I20260608 10:09:31.884181  8502 auto_leader_rebalancer.cc:451] All tables' leader rebalancing finished this round
I20260608 10:09:31.930213  8497 placement_policy_util.cc:407] tablet 5ac82ac2791c43e5b1fb3a466f054d6f: detected majority of replicas (2 of 3) at location L0
I20260608 10:09:32.938139  8497 placement_policy_util.cc:407] tablet 5ac82ac2791c43e5b1fb3a466f054d6f: detected majority of replicas (2 of 3) at location L0
I20260608 10:09:33.885118  8502 auto_leader_rebalancer.cc:140] leader rebalance for table test-workload
I20260608 10:09:33.886380  8502 auto_leader_rebalancer.cc:388] table: test-workload, leader rebalance finish, leader transfer count: 0
I20260608 10:09:33.886617  8502 auto_leader_rebalancer.cc:451] All tables' leader rebalancing finished this round
I20260608 10:09:33.945865  8497 placement_policy_util.cc:407] tablet 5ac82ac2791c43e5b1fb3a466f054d6f: detected majority of replicas (2 of 3) at location L0
I20260608 10:09:34.953109  8497 placement_policy_util.cc:407] tablet 5ac82ac2791c43e5b1fb3a466f054d6f: detected majority of replicas (2 of 3) at location L0
I20260608 10:09:35.887496  8502 auto_leader_rebalancer.cc:140] leader rebalance for table test-workload
I20260608 10:09:35.888746  8502 auto_leader_rebalancer.cc:388] table: test-workload, leader rebalance finish, leader transfer count: 0
I20260608 10:09:35.889020  8502 auto_leader_rebalancer.cc:451] All tables' leader rebalancing finished this round
I20260608 10:09:35.960623  8497 placement_policy_util.cc:407] tablet 5ac82ac2791c43e5b1fb3a466f054d6f: detected majority of replicas (2 of 3) at location L0
I20260608 10:09:36.703150  4449 tablet_server.cc:179] TabletServer@127.4.88.65:0 shutting down...
I20260608 10:09:36.725023  4449 ts_tablet_manager.cc:1507] Shutting down tablet manager...
I20260608 10:09:36.725627  4449 tablet_replica.cc:333] T 5ac82ac2791c43e5b1fb3a466f054d6f P 056e6f0edb574ed3ab69fc5b8c78f715: stopping tablet replica
I20260608 10:09:36.726140  4449 raft_consensus.cc:2243] T 5ac82ac2791c43e5b1fb3a466f054d6f P 056e6f0edb574ed3ab69fc5b8c78f715 [term 1 LEADER]: Raft consensus shutting down.
I20260608 10:09:36.727023  4449 raft_consensus.cc:2272] T 5ac82ac2791c43e5b1fb3a466f054d6f P 056e6f0edb574ed3ab69fc5b8c78f715 [term 1 FOLLOWER]: Raft consensus is shut down!
I20260608 10:09:36.746834  4449 tablet_server.cc:196] TabletServer@127.4.88.65:0 shutdown complete.
I20260608 10:09:36.758517  4449 tablet_server.cc:179] TabletServer@127.4.88.66:0 shutting down...
I20260608 10:09:36.777266  4449 ts_tablet_manager.cc:1507] Shutting down tablet manager...
I20260608 10:09:36.778007  4449 tablet_replica.cc:333] T 5ac82ac2791c43e5b1fb3a466f054d6f P 7404de8bc9bb4a80845fa77b68e6dfa1: stopping tablet replica
I20260608 10:09:36.778570  4449 raft_consensus.cc:2243] T 5ac82ac2791c43e5b1fb3a466f054d6f P 7404de8bc9bb4a80845fa77b68e6dfa1 [term 1 FOLLOWER]: Raft consensus shutting down.
I20260608 10:09:36.779068  4449 raft_consensus.cc:2272] T 5ac82ac2791c43e5b1fb3a466f054d6f P 7404de8bc9bb4a80845fa77b68e6dfa1 [term 1 FOLLOWER]: Raft consensus is shut down!
I20260608 10:09:36.813227  4449 tablet_server.cc:196] TabletServer@127.4.88.66:0 shutdown complete.
I20260608 10:09:36.823647  4449 tablet_server.cc:179] TabletServer@127.4.88.67:0 shutting down...
I20260608 10:09:36.843698  4449 ts_tablet_manager.cc:1507] Shutting down tablet manager...
I20260608 10:09:36.844347  4449 tablet_replica.cc:333] T 5ac82ac2791c43e5b1fb3a466f054d6f P eb5d938408564f8da431409051121b6e: stopping tablet replica
I20260608 10:09:36.844924  4449 raft_consensus.cc:2243] T 5ac82ac2791c43e5b1fb3a466f054d6f P eb5d938408564f8da431409051121b6e [term 1 FOLLOWER]: Raft consensus shutting down.
I20260608 10:09:36.845415  4449 raft_consensus.cc:2272] T 5ac82ac2791c43e5b1fb3a466f054d6f P eb5d938408564f8da431409051121b6e [term 1 FOLLOWER]: Raft consensus is shut down!
I20260608 10:09:36.864465  4449 tablet_server.cc:196] TabletServer@127.4.88.67:0 shutdown complete.
I20260608 10:09:36.874603  4449 master.cc:562] Master@127.4.88.126:46129 shutting down...
I20260608 10:09:36.891173  4449 raft_consensus.cc:2243] T 00000000000000000000000000000000 P 41861d4e55604f6b81d716a4b8a9afdb [term 1 LEADER]: Raft consensus shutting down.
I20260608 10:09:36.891728  4449 raft_consensus.cc:2272] T 00000000000000000000000000000000 P 41861d4e55604f6b81d716a4b8a9afdb [term 1 FOLLOWER]: Raft consensus is shut down!
I20260608 10:09:36.892041  4449 tablet_replica.cc:333] T 00000000000000000000000000000000 P 41861d4e55604f6b81d716a4b8a9afdb: stopping tablet replica
I20260608 10:09:36.909638  4449 master.cc:584] Master@127.4.88.126:46129 shutdown complete.
[       OK ] AutoRebalancerTest.NoReplicaMovesIfCannotFixPlacementPolicy (13191 ms)
[ RUN      ] AutoRebalancerTest.TestMaxMovesPerServer
I20260608 10:09:36.941154  4449 internal_mini_cluster.cc:156] Creating distributed mini masters. Addrs: 127.4.88.126:43627
I20260608 10:09:36.942202  4449 file_cache.cc:492] Constructed file cache file cache with capacity 419430
W20260608 10:09:36.947613  8771 instance_detector.cc:116] could not retrieve Azure instance metadata: Network error: curl error: HTTP response code said error: The requested URL returned error: 404
W20260608 10:09:36.947691  8770 instance_detector.cc:116] could not retrieve AWS instance metadata: Network error: curl error: HTTP response code said error: The requested URL returned error: 404
W20260608 10:09:36.949278  8773 instance_detector.cc:116] could not retrieve OpenStack instance metadata: Network error: curl error: HTTP response code said error: The requested URL returned error: 404
I20260608 10:09:36.950078  4449 server_base.cc:1061] running on GCE node
I20260608 10:09:36.950809  4449 hybrid_clock.cc:584] initializing the hybrid clock with 'system_unsync' time source
