I20260608 10:07:29.611778  9881 consensus_queue.cc:1048] T 2982933051cc4471a7e58e9fd7ec7a7c P 6542eaf62b864c72a635d16066a7f25d [LEADER]: Connected to new peer: Peer: permanent_uuid: "b1dba8460a83427898a352606d07233b" member_type: VOTER last_known_addr { host: "127.8.193.130" port: 44609 }, Status: LMP_MISMATCH, Last received: 0.0, Next index: 1, Last known committed idx: 0, Time since last communication: 0.000s
I20260608 10:07:29.629292  9881 consensus_queue.cc:1048] T 2982933051cc4471a7e58e9fd7ec7a7c P 6542eaf62b864c72a635d16066a7f25d [LEADER]: Connected to new peer: Peer: permanent_uuid: "ec9d0f4f663042669fc8a4e79cbd3157" member_type: VOTER last_known_addr { host: "127.8.193.129" port: 43187 }, Status: LMP_MISMATCH, Last received: 0.0, Next index: 1, Last known committed idx: 0, Time since last communication: 0.001s
I20260608 10:07:29.668903  8966 rpc_server.cc:307] RPC server started. Bound to: 127.8.193.132:44573
I20260608 10:07:29.669018  9975 acceptor_pool.cc:272] collecting diagnostics on the listening RPC socket 127.8.193.132:44573 every 8 connection(s)
I20260608 10:07:29.684450  9976 heartbeater.cc:344] Connected to a master server at 127.8.193.190:34599
I20260608 10:07:29.684916  9976 heartbeater.cc:461] Registering TS with master...
I20260608 10:07:29.685636  9976 heartbeater.cc:507] Master 127.8.193.190:34599 requested a full tablet report, sending...
I20260608 10:07:29.688740  9544 ts_manager.cc:194] Registered new tserver with Master: 848217608119488094b6da8983ebeb56 (127.8.193.132:44573)
I20260608 10:07:29.690690  9544 master_service.cc:502] Signed X509 certificate for tserver {username='slave'} at 127.0.0.1:60358
I20260608 10:07:29.696918  9878 consensus_queue.cc:1048] T a9756a9446ef44909a6e35e8c139d48f P b1dba8460a83427898a352606d07233b [LEADER]: Connected to new peer: Peer: permanent_uuid: "6542eaf62b864c72a635d16066a7f25d" member_type: VOTER last_known_addr { host: "127.8.193.131" port: 36773 }, Status: LMP_MISMATCH, Last received: 0.0, Next index: 1, Last known committed idx: 0, Time since last communication: 0.000s
I20260608 10:07:29.712867  9982 consensus_queue.cc:1048] T a9756a9446ef44909a6e35e8c139d48f P b1dba8460a83427898a352606d07233b [LEADER]: Connected to new peer: Peer: permanent_uuid: "ec9d0f4f663042669fc8a4e79cbd3157" member_type: VOTER last_known_addr { host: "127.8.193.129" port: 43187 }, Status: LMP_MISMATCH, Last received: 0.0, Next index: 1, Last known committed idx: 0, Time since last communication: 0.000s
I20260608 10:07:29.718210  9851 consensus_queue.cc:1048] T 0aa5f58fa4f94ba88532bb19e3687c4b P ec9d0f4f663042669fc8a4e79cbd3157 [LEADER]: Connected to new peer: Peer: permanent_uuid: "6542eaf62b864c72a635d16066a7f25d" member_type: VOTER last_known_addr { host: "127.8.193.131" port: 36773 }, Status: LMP_MISMATCH, Last received: 0.0, Next index: 1, Last known committed idx: 0, Time since last communication: 0.001s
I20260608 10:07:29.718253  9881 consensus_queue.cc:1048] T 17cd0533a1934c58970783d91fc31572 P 6542eaf62b864c72a635d16066a7f25d [LEADER]: Connected to new peer: Peer: permanent_uuid: "ec9d0f4f663042669fc8a4e79cbd3157" member_type: VOTER last_known_addr { host: "127.8.193.129" port: 43187 }, Status: LMP_MISMATCH, Last received: 0.0, Next index: 1, Last known committed idx: 0, Time since last communication: 0.001s
I20260608 10:07:29.730167  9882 consensus_queue.cc:1048] T f375c114c4de4e769be74173c3a9e83d P ec9d0f4f663042669fc8a4e79cbd3157 [LEADER]: Connected to new peer: Peer: permanent_uuid: "6542eaf62b864c72a635d16066a7f25d" member_type: VOTER last_known_addr { host: "127.8.193.131" port: 36773 }, Status: LMP_MISMATCH, Last received: 0.0, Next index: 1, Last known committed idx: 0, Time since last communication: 0.001s
I20260608 10:07:29.734400  9880 consensus_queue.cc:1048] T 17cd0533a1934c58970783d91fc31572 P 6542eaf62b864c72a635d16066a7f25d [LEADER]: Connected to new peer: Peer: permanent_uuid: "b1dba8460a83427898a352606d07233b" member_type: VOTER last_known_addr { host: "127.8.193.130" port: 44609 }, Status: LMP_MISMATCH, Last received: 0.0, Next index: 1, Last known committed idx: 0, Time since last communication: 0.000s
I20260608 10:07:29.742930  9882 consensus_queue.cc:1048] T 0aa5f58fa4f94ba88532bb19e3687c4b P ec9d0f4f663042669fc8a4e79cbd3157 [LEADER]: Connected to new peer: Peer: permanent_uuid: "b1dba8460a83427898a352606d07233b" member_type: VOTER last_known_addr { host: "127.8.193.130" port: 44609 }, Status: LMP_MISMATCH, Last received: 0.0, Next index: 1, Last known committed idx: 0, Time since last communication: 0.000s
I20260608 10:07:29.755699  9883 consensus_queue.cc:1048] T f375c114c4de4e769be74173c3a9e83d P ec9d0f4f663042669fc8a4e79cbd3157 [LEADER]: Connected to new peer: Peer: permanent_uuid: "b1dba8460a83427898a352606d07233b" member_type: VOTER last_known_addr { host: "127.8.193.130" port: 44609 }, Status: LMP_MISMATCH, Last received: 0.0, Next index: 1, Last known committed idx: 0, Time since last communication: 0.000s
I20260608 10:07:29.769230  9880 consensus_queue.cc:1048] T 8dcf1391825f460096f1259745e02290 P 6542eaf62b864c72a635d16066a7f25d [LEADER]: Connected to new peer: Peer: permanent_uuid: "b1dba8460a83427898a352606d07233b" member_type: VOTER last_known_addr { host: "127.8.193.130" port: 44609 }, Status: LMP_MISMATCH, Last received: 0.0, Next index: 1, Last known committed idx: 0, Time since last communication: 0.000s
I20260608 10:07:29.769490  9883 consensus_queue.cc:1048] T 0b2ebab05338476a8ee444423decf1ab P ec9d0f4f663042669fc8a4e79cbd3157 [LEADER]: Connected to new peer: Peer: permanent_uuid: "6542eaf62b864c72a635d16066a7f25d" member_type: VOTER last_known_addr { host: "127.8.193.131" port: 36773 }, Status: LMP_MISMATCH, Last received: 0.0, Next index: 1, Last known committed idx: 0, Time since last communication: 0.001s
I20260608 10:07:29.786907  9883 consensus_queue.cc:1048] T 0b2ebab05338476a8ee444423decf1ab P ec9d0f4f663042669fc8a4e79cbd3157 [LEADER]: Connected to new peer: Peer: permanent_uuid: "b1dba8460a83427898a352606d07233b" member_type: VOTER last_known_addr { host: "127.8.193.130" port: 44609 }, Status: LMP_MISMATCH, Last received: 0.0, Next index: 1, Last known committed idx: 0, Time since last communication: 0.000s
I20260608 10:07:29.799434  9880 consensus_queue.cc:1048] T 8dcf1391825f460096f1259745e02290 P 6542eaf62b864c72a635d16066a7f25d [LEADER]: Connected to new peer: Peer: permanent_uuid: "ec9d0f4f663042669fc8a4e79cbd3157" member_type: VOTER last_known_addr { host: "127.8.193.129" port: 43187 }, Status: LMP_MISMATCH, Last received: 0.0, Next index: 1, Last known committed idx: 0, Time since last communication: 0.000s
I20260608 10:07:29.893616  9883 consensus_queue.cc:1048] T a0bc5602c7624ce6abe25dc0cba27b76 P ec9d0f4f663042669fc8a4e79cbd3157 [LEADER]: Connected to new peer: Peer: permanent_uuid: "b1dba8460a83427898a352606d07233b" member_type: VOTER last_known_addr { host: "127.8.193.130" port: 44609 }, Status: LMP_MISMATCH, Last received: 0.0, Next index: 1, Last known committed idx: 0, Time since last communication: 0.000s
I20260608 10:07:29.904620  9851 consensus_queue.cc:1048] T a0bc5602c7624ce6abe25dc0cba27b76 P ec9d0f4f663042669fc8a4e79cbd3157 [LEADER]: Connected to new peer: Peer: permanent_uuid: "6542eaf62b864c72a635d16066a7f25d" member_type: VOTER last_known_addr { host: "127.8.193.131" port: 36773 }, Status: LMP_MISMATCH, Last received: 0.0, Next index: 1, Last known committed idx: 0, Time since last communication: 0.000s
I20260608 10:07:30.693446  9976 heartbeater.cc:499] Master 127.8.193.190:34599 was elected leader, sending a full tablet report...
I20260608 10:07:31.019917  9599 auto_leader_rebalancer.cc:140] leader rebalance for table test-workload
I20260608 10:07:31.038077  9645 tablet_service.cc:2072] Received LeaderStepDown RPC: tablet_id: "0aa5f58fa4f94ba88532bb19e3687c4b"
dest_uuid: "ec9d0f4f663042669fc8a4e79cbd3157"
mode: GRACEFUL
new_leader_uuid: "b1dba8460a83427898a352606d07233b"
 from {username='slave'} at 127.0.0.1:38712
I20260608 10:07:31.038763  9645 raft_consensus.cc:606] T 0aa5f58fa4f94ba88532bb19e3687c4b P ec9d0f4f663042669fc8a4e79cbd3157 [term 1 LEADER]: Received request to transfer leadership to TS b1dba8460a83427898a352606d07233b
I20260608 10:07:31.049804  9797 tablet_service.cc:2072] Received LeaderStepDown RPC: tablet_id: "8dcf1391825f460096f1259745e02290"
dest_uuid: "6542eaf62b864c72a635d16066a7f25d"
mode: GRACEFUL
new_leader_uuid: "b1dba8460a83427898a352606d07233b"
 from {username='slave'} at 127.0.0.1:39988
I20260608 10:07:31.050350  9797 raft_consensus.cc:606] T 8dcf1391825f460096f1259745e02290 P 6542eaf62b864c72a635d16066a7f25d [term 1 LEADER]: Received request to transfer leadership to TS b1dba8460a83427898a352606d07233b
I20260608 10:07:31.051656  9599 auto_leader_rebalancer.cc:388] table: test-workload, leader rebalance finish, leader transfer count: 2
I20260608 10:07:31.052218  9599 auto_leader_rebalancer.cc:451] All tables' leader rebalancing finished this round
I20260608 10:07:31.202911  9883 raft_consensus.cc:993] T 0aa5f58fa4f94ba88532bb19e3687c4b P ec9d0f4f663042669fc8a4e79cbd3157: : Instructing follower b1dba8460a83427898a352606d07233b to start an election
I20260608 10:07:31.203387 10001 raft_consensus.cc:1081] T 0aa5f58fa4f94ba88532bb19e3687c4b P ec9d0f4f663042669fc8a4e79cbd3157 [term 1 LEADER]: Signalling peer b1dba8460a83427898a352606d07233b to start an election
I20260608 10:07:31.205031  9722 tablet_service.cc:2044] Received Run Leader Election RPC: tablet_id: "0aa5f58fa4f94ba88532bb19e3687c4b"
dest_uuid: "b1dba8460a83427898a352606d07233b"
 from {username='slave'} at 127.0.0.1:54220
I20260608 10:07:31.205583  9722 raft_consensus.cc:493] T 0aa5f58fa4f94ba88532bb19e3687c4b P b1dba8460a83427898a352606d07233b [term 1 FOLLOWER]: Starting forced leader election (received explicit request)
I20260608 10:07:31.205932  9722 raft_consensus.cc:3060] T 0aa5f58fa4f94ba88532bb19e3687c4b P b1dba8460a83427898a352606d07233b [term 1 FOLLOWER]: Advancing to term 2
I20260608 10:07:31.211305  9722 raft_consensus.cc:515] T 0aa5f58fa4f94ba88532bb19e3687c4b P b1dba8460a83427898a352606d07233b [term 2 FOLLOWER]: Starting forced leader election with config: opid_index: -1 OBSOLETE_local: false peers { permanent_uuid: "ec9d0f4f663042669fc8a4e79cbd3157" member_type: VOTER last_known_addr { host: "127.8.193.129" port: 43187 } } peers { permanent_uuid: "b1dba8460a83427898a352606d07233b" member_type: VOTER last_known_addr { host: "127.8.193.130" port: 44609 } } peers { permanent_uuid: "6542eaf62b864c72a635d16066a7f25d" member_type: VOTER last_known_addr { host: "127.8.193.131" port: 36773 } }
I20260608 10:07:31.213289  9722 leader_election.cc:290] T 0aa5f58fa4f94ba88532bb19e3687c4b P b1dba8460a83427898a352606d07233b [CANDIDATE]: Term 2 election: Requested vote from peers ec9d0f4f663042669fc8a4e79cbd3157 (127.8.193.129:43187), 6542eaf62b864c72a635d16066a7f25d (127.8.193.131:36773)
I20260608 10:07:31.214198  9645 tablet_service.cc:1917] Received RequestConsensusVote() RPC: tablet_id: "0aa5f58fa4f94ba88532bb19e3687c4b" candidate_uuid: "b1dba8460a83427898a352606d07233b" candidate_term: 2 candidate_status { last_received { term: 1 index: 1 } } ignore_live_leader: true dest_uuid: "ec9d0f4f663042669fc8a4e79cbd3157"
I20260608 10:07:31.214679  9797 tablet_service.cc:1917] Received RequestConsensusVote() RPC: tablet_id: "0aa5f58fa4f94ba88532bb19e3687c4b" candidate_uuid: "b1dba8460a83427898a352606d07233b" candidate_term: 2 candidate_status { last_received { term: 1 index: 1 } } ignore_live_leader: true dest_uuid: "6542eaf62b864c72a635d16066a7f25d"
I20260608 10:07:31.214965  9645 raft_consensus.cc:3055] T 0aa5f58fa4f94ba88532bb19e3687c4b P ec9d0f4f663042669fc8a4e79cbd3157 [term 1 LEADER]: Stepping down as leader of term 1
I20260608 10:07:31.215284  9797 raft_consensus.cc:3060] T 0aa5f58fa4f94ba88532bb19e3687c4b P 6542eaf62b864c72a635d16066a7f25d [term 1 FOLLOWER]: Advancing to term 2
I20260608 10:07:31.215344  9645 raft_consensus.cc:740] T 0aa5f58fa4f94ba88532bb19e3687c4b P ec9d0f4f663042669fc8a4e79cbd3157 [term 1 LEADER]: Becoming Follower/Learner. State: Replica: ec9d0f4f663042669fc8a4e79cbd3157, State: Running, Role: LEADER
I20260608 10:07:31.216351  9645 consensus_queue.cc:260] T 0aa5f58fa4f94ba88532bb19e3687c4b P ec9d0f4f663042669fc8a4e79cbd3157 [NON_LEADER]: Queue going to NON_LEADER mode. State: All replicated index: 0, Majority replicated index: 1, Committed index: 1, Last appended: 1.1, Last appended by leader: 1, Current term: 1, Majority size: -1, State: 0, Mode: NON_LEADER, active raft config: opid_index: -1 OBSOLETE_local: false peers { permanent_uuid: "ec9d0f4f663042669fc8a4e79cbd3157" member_type: VOTER last_known_addr { host: "127.8.193.129" port: 43187 } } peers { permanent_uuid: "b1dba8460a83427898a352606d07233b" member_type: VOTER last_known_addr { host: "127.8.193.130" port: 44609 } } peers { permanent_uuid: "6542eaf62b864c72a635d16066a7f25d" member_type: VOTER last_known_addr { host: "127.8.193.131" port: 36773 } }
I20260608 10:07:31.217619  9645 raft_consensus.cc:3060] T 0aa5f58fa4f94ba88532bb19e3687c4b P ec9d0f4f663042669fc8a4e79cbd3157 [term 1 FOLLOWER]: Advancing to term 2
I20260608 10:07:31.222174  9797 raft_consensus.cc:2468] T 0aa5f58fa4f94ba88532bb19e3687c4b P 6542eaf62b864c72a635d16066a7f25d [term 2 FOLLOWER]: Leader election vote request: Granting yes vote for candidate b1dba8460a83427898a352606d07233b in term 2.
I20260608 10:07:31.223533  9689 leader_election.cc:304] T 0aa5f58fa4f94ba88532bb19e3687c4b P b1dba8460a83427898a352606d07233b [CANDIDATE]: Term 2 election: Election decided. Result: candidate won. Election summary: received 2 responses out of 3 voters: 2 yes votes; 0 no votes. yes voters: 6542eaf62b864c72a635d16066a7f25d, b1dba8460a83427898a352606d07233b; no voters: 
I20260608 10:07:31.224413  9981 raft_consensus.cc:2804] T 0aa5f58fa4f94ba88532bb19e3687c4b P b1dba8460a83427898a352606d07233b [term 2 FOLLOWER]: Leader election won for term 2
I20260608 10:07:31.224428  9645 raft_consensus.cc:2468] T 0aa5f58fa4f94ba88532bb19e3687c4b P ec9d0f4f663042669fc8a4e79cbd3157 [term 2 FOLLOWER]: Leader election vote request: Granting yes vote for candidate b1dba8460a83427898a352606d07233b in term 2.
I20260608 10:07:31.225678  9981 raft_consensus.cc:697] T 0aa5f58fa4f94ba88532bb19e3687c4b P b1dba8460a83427898a352606d07233b [term 2 LEADER]: Becoming Leader. State: Replica: b1dba8460a83427898a352606d07233b, State: Running, Role: LEADER
I20260608 10:07:31.226636  9981 consensus_queue.cc:237] T 0aa5f58fa4f94ba88532bb19e3687c4b P b1dba8460a83427898a352606d07233b [LEADER]: Queue going to LEADER mode. State: All replicated index: 0, Majority replicated index: 1, Committed index: 1, Last appended: 1.1, Last appended by leader: 1, Current term: 2, Majority size: 2, State: 0, Mode: LEADER, active raft config: opid_index: -1 OBSOLETE_local: false peers { permanent_uuid: "ec9d0f4f663042669fc8a4e79cbd3157" member_type: VOTER last_known_addr { host: "127.8.193.129" port: 43187 } } peers { permanent_uuid: "b1dba8460a83427898a352606d07233b" member_type: VOTER last_known_addr { host: "127.8.193.130" port: 44609 } } peers { permanent_uuid: "6542eaf62b864c72a635d16066a7f25d" member_type: VOTER last_known_addr { host: "127.8.193.131" port: 36773 } }
I20260608 10:07:31.233964  9543 catalog_manager.cc:5696] T 0aa5f58fa4f94ba88532bb19e3687c4b P b1dba8460a83427898a352606d07233b reported cstate change: term changed from 1 to 2, leader changed from ec9d0f4f663042669fc8a4e79cbd3157 (127.8.193.129) to b1dba8460a83427898a352606d07233b (127.8.193.130). New cstate: current_term: 2 leader_uuid: "b1dba8460a83427898a352606d07233b" committed_config { opid_index: -1 OBSOLETE_local: false peers { permanent_uuid: "ec9d0f4f663042669fc8a4e79cbd3157" member_type: VOTER last_known_addr { host: "127.8.193.129" port: 43187 } health_report { overall_health: UNKNOWN } } peers { permanent_uuid: "b1dba8460a83427898a352606d07233b" member_type: VOTER last_known_addr { host: "127.8.193.130" port: 44609 } health_report { overall_health: HEALTHY } } peers { permanent_uuid: "6542eaf62b864c72a635d16066a7f25d" member_type: VOTER last_known_addr { host: "127.8.193.131" port: 36773 } health_report { overall_health: UNKNOWN } } }
I20260608 10:07:31.437415  9881 raft_consensus.cc:993] T 8dcf1391825f460096f1259745e02290 P 6542eaf62b864c72a635d16066a7f25d: : Instructing follower b1dba8460a83427898a352606d07233b to start an election
I20260608 10:07:31.437856 10008 raft_consensus.cc:1081] T 8dcf1391825f460096f1259745e02290 P 6542eaf62b864c72a635d16066a7f25d [term 1 LEADER]: Signalling peer b1dba8460a83427898a352606d07233b to start an election
I20260608 10:07:31.439574  9722 tablet_service.cc:2044] Received Run Leader Election RPC: tablet_id: "8dcf1391825f460096f1259745e02290"
dest_uuid: "b1dba8460a83427898a352606d07233b"
 from {username='slave'} at 127.0.0.1:54210
I20260608 10:07:31.440099  9722 raft_consensus.cc:493] T 8dcf1391825f460096f1259745e02290 P b1dba8460a83427898a352606d07233b [term 1 FOLLOWER]: Starting forced leader election (received explicit request)
I20260608 10:07:31.440421  9722 raft_consensus.cc:3060] T 8dcf1391825f460096f1259745e02290 P b1dba8460a83427898a352606d07233b [term 1 FOLLOWER]: Advancing to term 2
I20260608 10:07:31.445021  9722 raft_consensus.cc:515] T 8dcf1391825f460096f1259745e02290 P b1dba8460a83427898a352606d07233b [term 2 FOLLOWER]: Starting forced leader election with config: opid_index: -1 OBSOLETE_local: false peers { permanent_uuid: "ec9d0f4f663042669fc8a4e79cbd3157" member_type: VOTER last_known_addr { host: "127.8.193.129" port: 43187 } } peers { permanent_uuid: "b1dba8460a83427898a352606d07233b" member_type: VOTER last_known_addr { host: "127.8.193.130" port: 44609 } } peers { permanent_uuid: "6542eaf62b864c72a635d16066a7f25d" member_type: VOTER last_known_addr { host: "127.8.193.131" port: 36773 } }
I20260608 10:07:31.446705  9722 leader_election.cc:290] T 8dcf1391825f460096f1259745e02290 P b1dba8460a83427898a352606d07233b [CANDIDATE]: Term 2 election: Requested vote from peers ec9d0f4f663042669fc8a4e79cbd3157 (127.8.193.129:43187), 6542eaf62b864c72a635d16066a7f25d (127.8.193.131:36773)
I20260608 10:07:31.447641  9645 tablet_service.cc:1917] Received RequestConsensusVote() RPC: tablet_id: "8dcf1391825f460096f1259745e02290" candidate_uuid: "b1dba8460a83427898a352606d07233b" candidate_term: 2 candidate_status { last_received { term: 1 index: 1 } } ignore_live_leader: true dest_uuid: "ec9d0f4f663042669fc8a4e79cbd3157"
I20260608 10:07:31.447924  9797 tablet_service.cc:1917] Received RequestConsensusVote() RPC: tablet_id: "8dcf1391825f460096f1259745e02290" candidate_uuid: "b1dba8460a83427898a352606d07233b" candidate_term: 2 candidate_status { last_received { term: 1 index: 1 } } ignore_live_leader: true dest_uuid: "6542eaf62b864c72a635d16066a7f25d"
I20260608 10:07:31.448235  9645 raft_consensus.cc:3060] T 8dcf1391825f460096f1259745e02290 P ec9d0f4f663042669fc8a4e79cbd3157 [term 1 FOLLOWER]: Advancing to term 2
I20260608 10:07:31.448545  9797 raft_consensus.cc:3055] T 8dcf1391825f460096f1259745e02290 P 6542eaf62b864c72a635d16066a7f25d [term 1 LEADER]: Stepping down as leader of term 1
I20260608 10:07:31.448868  9797 raft_consensus.cc:740] T 8dcf1391825f460096f1259745e02290 P 6542eaf62b864c72a635d16066a7f25d [term 1 LEADER]: Becoming Follower/Learner. State: Replica: 6542eaf62b864c72a635d16066a7f25d, State: Running, Role: LEADER
I20260608 10:07:31.449540  9797 consensus_queue.cc:260] T 8dcf1391825f460096f1259745e02290 P 6542eaf62b864c72a635d16066a7f25d [NON_LEADER]: Queue going to NON_LEADER mode. State: All replicated index: 0, Majority replicated index: 1, Committed index: 1, Last appended: 1.1, Last appended by leader: 1, Current term: 1, Majority size: -1, State: 0, Mode: NON_LEADER, active raft config: opid_index: -1 OBSOLETE_local: false peers { permanent_uuid: "ec9d0f4f663042669fc8a4e79cbd3157" member_type: VOTER last_known_addr { host: "127.8.193.129" port: 43187 } } peers { permanent_uuid: "b1dba8460a83427898a352606d07233b" member_type: VOTER last_known_addr { host: "127.8.193.130" port: 44609 } } peers { permanent_uuid: "6542eaf62b864c72a635d16066a7f25d" member_type: VOTER last_known_addr { host: "127.8.193.131" port: 36773 } }
I20260608 10:07:31.450659  9797 raft_consensus.cc:3060] T 8dcf1391825f460096f1259745e02290 P 6542eaf62b864c72a635d16066a7f25d [term 1 FOLLOWER]: Advancing to term 2
I20260608 10:07:31.452895  9645 raft_consensus.cc:2468] T 8dcf1391825f460096f1259745e02290 P ec9d0f4f663042669fc8a4e79cbd3157 [term 2 FOLLOWER]: Leader election vote request: Granting yes vote for candidate b1dba8460a83427898a352606d07233b in term 2.
I20260608 10:07:31.454036  9687 leader_election.cc:304] T 8dcf1391825f460096f1259745e02290 P b1dba8460a83427898a352606d07233b [CANDIDATE]: Term 2 election: Election decided. Result: candidate won. Election summary: received 2 responses out of 3 voters: 2 yes votes; 0 no votes. yes voters: b1dba8460a83427898a352606d07233b, ec9d0f4f663042669fc8a4e79cbd3157; no voters: 
I20260608 10:07:31.454773  9981 raft_consensus.cc:2804] T 8dcf1391825f460096f1259745e02290 P b1dba8460a83427898a352606d07233b [term 2 FOLLOWER]: Leader election won for term 2
I20260608 10:07:31.455133  9797 raft_consensus.cc:2468] T 8dcf1391825f460096f1259745e02290 P 6542eaf62b864c72a635d16066a7f25d [term 2 FOLLOWER]: Leader election vote request: Granting yes vote for candidate b1dba8460a83427898a352606d07233b in term 2.
I20260608 10:07:31.455215  9981 raft_consensus.cc:697] T 8dcf1391825f460096f1259745e02290 P b1dba8460a83427898a352606d07233b [term 2 LEADER]: Becoming Leader. State: Replica: b1dba8460a83427898a352606d07233b, State: Running, Role: LEADER
I20260608 10:07:31.456190  9981 consensus_queue.cc:237] T 8dcf1391825f460096f1259745e02290 P b1dba8460a83427898a352606d07233b [LEADER]: Queue going to LEADER mode. State: All replicated index: 0, Majority replicated index: 1, Committed index: 1, Last appended: 1.1, Last appended by leader: 1, Current term: 2, Majority size: 2, State: 0, Mode: LEADER, active raft config: opid_index: -1 OBSOLETE_local: false peers { permanent_uuid: "ec9d0f4f663042669fc8a4e79cbd3157" member_type: VOTER last_known_addr { host: "127.8.193.129" port: 43187 } } peers { permanent_uuid: "b1dba8460a83427898a352606d07233b" member_type: VOTER last_known_addr { host: "127.8.193.130" port: 44609 } } peers { permanent_uuid: "6542eaf62b864c72a635d16066a7f25d" member_type: VOTER last_known_addr { host: "127.8.193.131" port: 36773 } }
I20260608 10:07:31.463246  9543 catalog_manager.cc:5696] T 8dcf1391825f460096f1259745e02290 P b1dba8460a83427898a352606d07233b reported cstate change: term changed from 1 to 2, leader changed from 6542eaf62b864c72a635d16066a7f25d (127.8.193.131) to b1dba8460a83427898a352606d07233b (127.8.193.130). New cstate: current_term: 2 leader_uuid: "b1dba8460a83427898a352606d07233b" committed_config { opid_index: -1 OBSOLETE_local: false peers { permanent_uuid: "ec9d0f4f663042669fc8a4e79cbd3157" member_type: VOTER last_known_addr { host: "127.8.193.129" port: 43187 } health_report { overall_health: UNKNOWN } } peers { permanent_uuid: "b1dba8460a83427898a352606d07233b" member_type: VOTER last_known_addr { host: "127.8.193.130" port: 44609 } health_report { overall_health: HEALTHY } } peers { permanent_uuid: "6542eaf62b864c72a635d16066a7f25d" member_type: VOTER last_known_addr { host: "127.8.193.131" port: 36773 } health_report { overall_health: UNKNOWN } } }
I20260608 10:07:31.648396  9797 raft_consensus.cc:1275] T 0aa5f58fa4f94ba88532bb19e3687c4b P 6542eaf62b864c72a635d16066a7f25d [term 2 FOLLOWER]: Refusing update from remote peer b1dba8460a83427898a352606d07233b: Log matching property violated. Preceding OpId in replica: term: 1 index: 1. Preceding OpId from leader: term: 2 index: 2. (index mismatch)
I20260608 10:07:31.649892  9981 consensus_queue.cc:1048] T 0aa5f58fa4f94ba88532bb19e3687c4b P b1dba8460a83427898a352606d07233b [LEADER]: Connected to new peer: Peer: permanent_uuid: "6542eaf62b864c72a635d16066a7f25d" member_type: VOTER last_known_addr { host: "127.8.193.131" port: 36773 }, Status: LMP_MISMATCH, Last received: 0.0, Next index: 2, Last known committed idx: 1, Time since last communication: 0.000s
I20260608 10:07:31.662209  9645 raft_consensus.cc:1275] T 0aa5f58fa4f94ba88532bb19e3687c4b P ec9d0f4f663042669fc8a4e79cbd3157 [term 2 FOLLOWER]: Refusing update from remote peer b1dba8460a83427898a352606d07233b: Log matching property violated. Preceding OpId in replica: term: 1 index: 1. Preceding OpId from leader: term: 2 index: 2. (index mismatch)
I20260608 10:07:31.664101 10012 consensus_queue.cc:1048] T 0aa5f58fa4f94ba88532bb19e3687c4b P b1dba8460a83427898a352606d07233b [LEADER]: Connected to new peer: Peer: permanent_uuid: "ec9d0f4f663042669fc8a4e79cbd3157" member_type: VOTER last_known_addr { host: "127.8.193.129" port: 43187 }, Status: LMP_MISMATCH, Last received: 0.0, Next index: 2, Last known committed idx: 1, Time since last communication: 0.000s
I20260608 10:07:31.848462  9797 raft_consensus.cc:1275] T 8dcf1391825f460096f1259745e02290 P 6542eaf62b864c72a635d16066a7f25d [term 2 FOLLOWER]: Refusing update from remote peer b1dba8460a83427898a352606d07233b: Log matching property violated. Preceding OpId in replica: term: 1 index: 1. Preceding OpId from leader: term: 2 index: 2. (index mismatch)
I20260608 10:07:31.849941 10012 consensus_queue.cc:1048] T 8dcf1391825f460096f1259745e02290 P b1dba8460a83427898a352606d07233b [LEADER]: Connected to new peer: Peer: permanent_uuid: "6542eaf62b864c72a635d16066a7f25d" member_type: VOTER last_known_addr { host: "127.8.193.131" port: 36773 }, Status: LMP_MISMATCH, Last received: 0.0, Next index: 2, Last known committed idx: 1, Time since last communication: 0.000s
I20260608 10:07:31.859550  9645 raft_consensus.cc:1275] T 8dcf1391825f460096f1259745e02290 P ec9d0f4f663042669fc8a4e79cbd3157 [term 2 FOLLOWER]: Refusing update from remote peer b1dba8460a83427898a352606d07233b: Log matching property violated. Preceding OpId in replica: term: 1 index: 1. Preceding OpId from leader: term: 2 index: 2. (index mismatch)
I20260608 10:07:31.861106 10002 consensus_queue.cc:1048] T 8dcf1391825f460096f1259745e02290 P b1dba8460a83427898a352606d07233b [LEADER]: Connected to new peer: Peer: permanent_uuid: "ec9d0f4f663042669fc8a4e79cbd3157" member_type: VOTER last_known_addr { host: "127.8.193.129" port: 43187 }, Status: LMP_MISMATCH, Last received: 0.0, Next index: 2, Last known committed idx: 1, Time since last communication: 0.000s
I20260608 10:07:33.053186  9599 auto_leader_rebalancer.cc:140] leader rebalance for table test-workload
I20260608 10:07:33.059170  9599 auto_leader_rebalancer.cc:388] table: test-workload, leader rebalance finish, leader transfer count: 0
I20260608 10:07:33.059659  9599 auto_leader_rebalancer.cc:451] All tables' leader rebalancing finished this round
I20260608 10:07:35.049961  9645 consensus_queue.cc:237] T a0bc5602c7624ce6abe25dc0cba27b76 P ec9d0f4f663042669fc8a4e79cbd3157 [LEADER]: Queue going to LEADER mode. State: All replicated index: 0, Majority replicated index: 1, Committed index: 1, Last appended: 1.1, Last appended by leader: 0, Current term: 1, Majority size: 2, State: 0, Mode: LEADER, active raft config: opid_index: 2 OBSOLETE_local: false peers { permanent_uuid: "ec9d0f4f663042669fc8a4e79cbd3157" member_type: VOTER last_known_addr { host: "127.8.193.129" port: 43187 } } peers { permanent_uuid: "b1dba8460a83427898a352606d07233b" member_type: VOTER last_known_addr { host: "127.8.193.130" port: 44609 } attrs { replace: true } } peers { permanent_uuid: "6542eaf62b864c72a635d16066a7f25d" member_type: VOTER last_known_addr { host: "127.8.193.131" port: 36773 } } peers { permanent_uuid: "848217608119488094b6da8983ebeb56" member_type: NON_VOTER last_known_addr { host: "127.8.193.132" port: 44573 } attrs { promote: true } }
I20260608 10:07:35.057852  9798 raft_consensus.cc:1275] T a0bc5602c7624ce6abe25dc0cba27b76 P 6542eaf62b864c72a635d16066a7f25d [term 1 FOLLOWER]: Refusing update from remote peer ec9d0f4f663042669fc8a4e79cbd3157: Log matching property violated. Preceding OpId in replica: term: 1 index: 1. Preceding OpId from leader: term: 1 index: 2. (index mismatch)
I20260608 10:07:35.059844 10025 consensus_queue.cc:1048] T a0bc5602c7624ce6abe25dc0cba27b76 P ec9d0f4f663042669fc8a4e79cbd3157 [LEADER]: Connected to new peer: Peer: permanent_uuid: "6542eaf62b864c72a635d16066a7f25d" member_type: VOTER last_known_addr { host: "127.8.193.131" port: 36773 }, Status: LMP_MISMATCH, Last received: 0.0, Next index: 2, Last known committed idx: 1, Time since last communication: 0.000s
I20260608 10:07:35.061393  9599 auto_leader_rebalancer.cc:140] leader rebalance for table test-workload
I20260608 10:07:35.060194  9721 raft_consensus.cc:1275] T a0bc5602c7624ce6abe25dc0cba27b76 P b1dba8460a83427898a352606d07233b [term 1 FOLLOWER]: Refusing update from remote peer ec9d0f4f663042669fc8a4e79cbd3157: Log matching property violated. Preceding OpId in replica: term: 1 index: 1. Preceding OpId from leader: term: 1 index: 2. (index mismatch)
I20260608 10:07:35.065764 10025 consensus_queue.cc:1048] T a0bc5602c7624ce6abe25dc0cba27b76 P ec9d0f4f663042669fc8a4e79cbd3157 [LEADER]: Connected to new peer: Peer: permanent_uuid: "b1dba8460a83427898a352606d07233b" member_type: VOTER last_known_addr { host: "127.8.193.130" port: 44609 } attrs { replace: true }, Status: LMP_MISMATCH, Last received: 0.0, Next index: 2, Last known committed idx: 1, Time since last communication: 0.000s
W20260608 10:07:35.072554  9613 consensus_peers.cc:597] T a0bc5602c7624ce6abe25dc0cba27b76 P ec9d0f4f663042669fc8a4e79cbd3157 -> Peer 848217608119488094b6da8983ebeb56 (127.8.193.132:44573): Couldn't send request to peer 848217608119488094b6da8983ebeb56. Error code: TABLET_NOT_FOUND (6). Status: Not found: Tablet not found: a0bc5602c7624ce6abe25dc0cba27b76. This is attempt 1: this message will repeat every 5th retry.
I20260608 10:07:35.077564  9599 auto_leader_rebalancer.cc:388] table: test-workload, leader rebalance finish, leader transfer count: 0
I20260608 10:07:35.078260  9599 auto_leader_rebalancer.cc:451] All tables' leader rebalancing finished this round
I20260608 10:07:35.077082 10001 raft_consensus.cc:2955] T a0bc5602c7624ce6abe25dc0cba27b76 P ec9d0f4f663042669fc8a4e79cbd3157 [term 1 LEADER]: Committing config change with OpId 1.2: config changed from index -1 to 2, NON_VOTER 848217608119488094b6da8983ebeb56 (127.8.193.132) added. New config: { opid_index: 2 OBSOLETE_local: false peers { permanent_uuid: "ec9d0f4f663042669fc8a4e79cbd3157" member_type: VOTER last_known_addr { host: "127.8.193.129" port: 43187 } } peers { permanent_uuid: "b1dba8460a83427898a352606d07233b" member_type: VOTER last_known_addr { host: "127.8.193.130" port: 44609 } attrs { replace: true } } peers { permanent_uuid: "6542eaf62b864c72a635d16066a7f25d" member_type: VOTER last_known_addr { host: "127.8.193.131" port: 36773 } } peers { permanent_uuid: "848217608119488094b6da8983ebeb56" member_type: NON_VOTER last_known_addr { host: "127.8.193.132" port: 44573 } attrs { promote: true } } }
I20260608 10:07:35.079658  9721 raft_consensus.cc:2955] T a0bc5602c7624ce6abe25dc0cba27b76 P b1dba8460a83427898a352606d07233b [term 1 FOLLOWER]: Committing config change with OpId 1.2: config changed from index -1 to 2, NON_VOTER 848217608119488094b6da8983ebeb56 (127.8.193.132) added. New config: { opid_index: 2 OBSOLETE_local: false peers { permanent_uuid: "ec9d0f4f663042669fc8a4e79cbd3157" member_type: VOTER last_known_addr { host: "127.8.193.129" port: 43187 } } peers { permanent_uuid: "b1dba8460a83427898a352606d07233b" member_type: VOTER last_known_addr { host: "127.8.193.130" port: 44609 } attrs { replace: true } } peers { permanent_uuid: "6542eaf62b864c72a635d16066a7f25d" member_type: VOTER last_known_addr { host: "127.8.193.131" port: 36773 } } peers { permanent_uuid: "848217608119488094b6da8983ebeb56" member_type: NON_VOTER last_known_addr { host: "127.8.193.132" port: 44573 } attrs { promote: true } } }
I20260608 10:07:35.084087  9797 raft_consensus.cc:2955] T a0bc5602c7624ce6abe25dc0cba27b76 P 6542eaf62b864c72a635d16066a7f25d [term 1 FOLLOWER]: Committing config change with OpId 1.2: config changed from index -1 to 2, NON_VOTER 848217608119488094b6da8983ebeb56 (127.8.193.132) added. New config: { opid_index: 2 OBSOLETE_local: false peers { permanent_uuid: "ec9d0f4f663042669fc8a4e79cbd3157" member_type: VOTER last_known_addr { host: "127.8.193.129" port: 43187 } } peers { permanent_uuid: "b1dba8460a83427898a352606d07233b" member_type: VOTER last_known_addr { host: "127.8.193.130" port: 44609 } attrs { replace: true } } peers { permanent_uuid: "6542eaf62b864c72a635d16066a7f25d" member_type: VOTER last_known_addr { host: "127.8.193.131" port: 36773 } } peers { permanent_uuid: "848217608119488094b6da8983ebeb56" member_type: NON_VOTER last_known_addr { host: "127.8.193.132" port: 44573 } attrs { promote: true } } }
I20260608 10:07:35.092528  9545 catalog_manager.cc:5696] T a0bc5602c7624ce6abe25dc0cba27b76 P ec9d0f4f663042669fc8a4e79cbd3157 reported cstate change: config changed from index -1 to 2, NON_VOTER 848217608119488094b6da8983ebeb56 (127.8.193.132) added. New cstate: current_term: 1 leader_uuid: "ec9d0f4f663042669fc8a4e79cbd3157" committed_config { opid_index: 2 OBSOLETE_local: false peers { permanent_uuid: "ec9d0f4f663042669fc8a4e79cbd3157" member_type: VOTER last_known_addr { host: "127.8.193.129" port: 43187 } health_report { overall_health: HEALTHY } } peers { permanent_uuid: "b1dba8460a83427898a352606d07233b" member_type: VOTER last_known_addr { host: "127.8.193.130" port: 44609 } attrs { replace: true } health_report { overall_health: HEALTHY } } peers { permanent_uuid: "6542eaf62b864c72a635d16066a7f25d" member_type: VOTER last_known_addr { host: "127.8.193.131" port: 36773 } health_report { overall_health: HEALTHY } } peers { permanent_uuid: "848217608119488094b6da8983ebeb56" member_type: NON_VOTER last_known_addr { host: "127.8.193.132" port: 44573 } attrs { promote: true } health_report { overall_health: UNKNOWN } } }
I20260608 10:07:35.116715  9721 consensus_queue.cc:237] T 8dcf1391825f460096f1259745e02290 P b1dba8460a83427898a352606d07233b [LEADER]: Queue going to LEADER mode. State: All replicated index: 0, Majority replicated index: 2, Committed index: 2, Last appended: 2.2, Last appended by leader: 1, Current term: 2, Majority size: 2, State: 0, Mode: LEADER, active raft config: opid_index: 3 OBSOLETE_local: false peers { permanent_uuid: "ec9d0f4f663042669fc8a4e79cbd3157" member_type: VOTER last_known_addr { host: "127.8.193.129" port: 43187 } attrs { replace: true } } peers { permanent_uuid: "b1dba8460a83427898a352606d07233b" member_type: VOTER last_known_addr { host: "127.8.193.130" port: 44609 } } peers { permanent_uuid: "6542eaf62b864c72a635d16066a7f25d" member_type: VOTER last_known_addr { host: "127.8.193.131" port: 36773 } } peers { permanent_uuid: "848217608119488094b6da8983ebeb56" member_type: NON_VOTER last_known_addr { host: "127.8.193.132" port: 44573 } attrs { promote: true } }
I20260608 10:07:35.125073  9797 raft_consensus.cc:1275] T 8dcf1391825f460096f1259745e02290 P 6542eaf62b864c72a635d16066a7f25d [term 2 FOLLOWER]: Refusing update from remote peer b1dba8460a83427898a352606d07233b: Log matching property violated. Preceding OpId in replica: term: 2 index: 2. Preceding OpId from leader: term: 2 index: 3. (index mismatch)
I20260608 10:07:35.127669  9645 raft_consensus.cc:1275] T 8dcf1391825f460096f1259745e02290 P ec9d0f4f663042669fc8a4e79cbd3157 [term 2 FOLLOWER]: Refusing update from remote peer b1dba8460a83427898a352606d07233b: Log matching property violated. Preceding OpId in replica: term: 2 index: 2. Preceding OpId from leader: term: 2 index: 3. (index mismatch)
I20260608 10:07:35.127553 10037 consensus_queue.cc:1048] T 8dcf1391825f460096f1259745e02290 P b1dba8460a83427898a352606d07233b [LEADER]: Connected to new peer: Peer: permanent_uuid: "6542eaf62b864c72a635d16066a7f25d" member_type: VOTER last_known_addr { host: "127.8.193.131" port: 36773 }, Status: LMP_MISMATCH, Last received: 0.0, Next index: 3, Last known committed idx: 2, Time since last communication: 0.001s
I20260608 10:07:35.129287 10021 consensus_queue.cc:1048] T 8dcf1391825f460096f1259745e02290 P b1dba8460a83427898a352606d07233b [LEADER]: Connected to new peer: Peer: permanent_uuid: "ec9d0f4f663042669fc8a4e79cbd3157" member_type: VOTER last_known_addr { host: "127.8.193.129" port: 43187 } attrs { replace: true }, Status: LMP_MISMATCH, Last received: 0.0, Next index: 3, Last known committed idx: 2, Time since last communication: 0.000s
W20260608 10:07:35.137496  9689 consensus_peers.cc:597] T 8dcf1391825f460096f1259745e02290 P b1dba8460a83427898a352606d07233b -> Peer 848217608119488094b6da8983ebeb56 (127.8.193.132:44573): Couldn't send request to peer 848217608119488094b6da8983ebeb56. Error code: TABLET_NOT_FOUND (6). Status: Not found: Tablet not found: 8dcf1391825f460096f1259745e02290. This is attempt 1: this message will repeat every 5th retry.
I20260608 10:07:35.138914 10037 raft_consensus.cc:2955] T 8dcf1391825f460096f1259745e02290 P b1dba8460a83427898a352606d07233b [term 2 LEADER]: Committing config change with OpId 2.3: config changed from index -1 to 3, NON_VOTER 848217608119488094b6da8983ebeb56 (127.8.193.132) added. New config: { opid_index: 3 OBSOLETE_local: false peers { permanent_uuid: "ec9d0f4f663042669fc8a4e79cbd3157" member_type: VOTER last_known_addr { host: "127.8.193.129" port: 43187 } attrs { replace: true } } peers { permanent_uuid: "b1dba8460a83427898a352606d07233b" member_type: VOTER last_known_addr { host: "127.8.193.130" port: 44609 } } peers { permanent_uuid: "6542eaf62b864c72a635d16066a7f25d" member_type: VOTER last_known_addr { host: "127.8.193.131" port: 36773 } } peers { permanent_uuid: "848217608119488094b6da8983ebeb56" member_type: NON_VOTER last_known_addr { host: "127.8.193.132" port: 44573 } attrs { promote: true } } }
I20260608 10:07:35.140918  9797 raft_consensus.cc:2955] T 8dcf1391825f460096f1259745e02290 P 6542eaf62b864c72a635d16066a7f25d [term 2 FOLLOWER]: Committing config change with OpId 2.3: config changed from index -1 to 3, NON_VOTER 848217608119488094b6da8983ebeb56 (127.8.193.132) added. New config: { opid_index: 3 OBSOLETE_local: false peers { permanent_uuid: "ec9d0f4f663042669fc8a4e79cbd3157" member_type: VOTER last_known_addr { host: "127.8.193.129" port: 43187 } attrs { replace: true } } peers { permanent_uuid: "b1dba8460a83427898a352606d07233b" member_type: VOTER last_known_addr { host: "127.8.193.130" port: 44609 } } peers { permanent_uuid: "6542eaf62b864c72a635d16066a7f25d" member_type: VOTER last_known_addr { host: "127.8.193.131" port: 36773 } } peers { permanent_uuid: "848217608119488094b6da8983ebeb56" member_type: NON_VOTER last_known_addr { host: "127.8.193.132" port: 44573 } attrs { promote: true } } }
I20260608 10:07:35.154515  9543 catalog_manager.cc:5696] T 8dcf1391825f460096f1259745e02290 P 6542eaf62b864c72a635d16066a7f25d reported cstate change: config changed from index -1 to 3, NON_VOTER 848217608119488094b6da8983ebeb56 (127.8.193.132) added. New cstate: current_term: 2 leader_uuid: "b1dba8460a83427898a352606d07233b" committed_config { opid_index: 3 OBSOLETE_local: false peers { permanent_uuid: "ec9d0f4f663042669fc8a4e79cbd3157" member_type: VOTER last_known_addr { host: "127.8.193.129" port: 43187 } attrs { replace: true } } peers { permanent_uuid: "b1dba8460a83427898a352606d07233b" member_type: VOTER last_known_addr { host: "127.8.193.130" port: 44609 } } peers { permanent_uuid: "6542eaf62b864c72a635d16066a7f25d" member_type: VOTER last_known_addr { host: "127.8.193.131" port: 36773 } } peers { permanent_uuid: "848217608119488094b6da8983ebeb56" member_type: NON_VOTER last_known_addr { host: "127.8.193.132" port: 44573 } attrs { promote: true } } }
I20260608 10:07:35.156018  9722 consensus_queue.cc:237] T a9756a9446ef44909a6e35e8c139d48f P b1dba8460a83427898a352606d07233b [LEADER]: Queue going to LEADER mode. State: All replicated index: 0, Majority replicated index: 1, Committed index: 1, Last appended: 1.1, Last appended by leader: 0, Current term: 1, Majority size: 2, State: 0, Mode: LEADER, active raft config: opid_index: 2 OBSOLETE_local: false peers { permanent_uuid: "ec9d0f4f663042669fc8a4e79cbd3157" member_type: VOTER last_known_addr { host: "127.8.193.129" port: 43187 } } peers { permanent_uuid: "b1dba8460a83427898a352606d07233b" member_type: VOTER last_known_addr { host: "127.8.193.130" port: 44609 } } peers { permanent_uuid: "6542eaf62b864c72a635d16066a7f25d" member_type: VOTER last_known_addr { host: "127.8.193.131" port: 36773 } attrs { replace: true } } peers { permanent_uuid: "848217608119488094b6da8983ebeb56" member_type: NON_VOTER last_known_addr { host: "127.8.193.132" port: 44573 } attrs { promote: true } }
I20260608 10:07:35.158048  9645 raft_consensus.cc:2955] T 8dcf1391825f460096f1259745e02290 P ec9d0f4f663042669fc8a4e79cbd3157 [term 2 FOLLOWER]: Committing config change with OpId 2.3: config changed from index -1 to 3, NON_VOTER 848217608119488094b6da8983ebeb56 (127.8.193.132) added. New config: { opid_index: 3 OBSOLETE_local: false peers { permanent_uuid: "ec9d0f4f663042669fc8a4e79cbd3157" member_type: VOTER last_known_addr { host: "127.8.193.129" port: 43187 } attrs { replace: true } } peers { permanent_uuid: "b1dba8460a83427898a352606d07233b" member_type: VOTER last_known_addr { host: "127.8.193.130" port: 44609 } } peers { permanent_uuid: "6542eaf62b864c72a635d16066a7f25d" member_type: VOTER last_known_addr { host: "127.8.193.131" port: 36773 } } peers { permanent_uuid: "848217608119488094b6da8983ebeb56" member_type: NON_VOTER last_known_addr { host: "127.8.193.132" port: 44573 } attrs { promote: true } } }
W20260608 10:07:35.165735  9689 consensus_peers.cc:597] T a9756a9446ef44909a6e35e8c139d48f P b1dba8460a83427898a352606d07233b -> Peer 848217608119488094b6da8983ebeb56 (127.8.193.132:44573): Couldn't send request to peer 848217608119488094b6da8983ebeb56. Error code: TABLET_NOT_FOUND (6). Status: Not found: Tablet not found: a9756a9446ef44909a6e35e8c139d48f. This is attempt 1: this message will repeat every 5th retry.
I20260608 10:07:35.165969  9797 raft_consensus.cc:1275] T a9756a9446ef44909a6e35e8c139d48f P 6542eaf62b864c72a635d16066a7f25d [term 1 FOLLOWER]: Refusing update from remote peer b1dba8460a83427898a352606d07233b: Log matching property violated. Preceding OpId in replica: term: 1 index: 1. Preceding OpId from leader: term: 1 index: 2. (index mismatch)
I20260608 10:07:35.167361  9646 raft_consensus.cc:1275] T a9756a9446ef44909a6e35e8c139d48f P ec9d0f4f663042669fc8a4e79cbd3157 [term 1 FOLLOWER]: Refusing update from remote peer b1dba8460a83427898a352606d07233b: Log matching property violated. Preceding OpId in replica: term: 1 index: 1. Preceding OpId from leader: term: 1 index: 2. (index mismatch)
I20260608 10:07:35.168359 10002 consensus_queue.cc:1048] T a9756a9446ef44909a6e35e8c139d48f P b1dba8460a83427898a352606d07233b [LEADER]: Connected to new peer: Peer: permanent_uuid: "6542eaf62b864c72a635d16066a7f25d" member_type: VOTER last_known_addr { host: "127.8.193.131" port: 36773 } attrs { replace: true }, Status: LMP_MISMATCH, Last received: 0.0, Next index: 2, Last known committed idx: 1, Time since last communication: 0.000s
I20260608 10:07:35.170820 10037 consensus_queue.cc:1048] T a9756a9446ef44909a6e35e8c139d48f P b1dba8460a83427898a352606d07233b [LEADER]: Connected to new peer: Peer: permanent_uuid: "ec9d0f4f663042669fc8a4e79cbd3157" member_type: VOTER last_known_addr { host: "127.8.193.129" port: 43187 }, Status: LMP_MISMATCH, Last received: 0.0, Next index: 2, Last known committed idx: 1, Time since last communication: 0.000s
I20260608 10:07:35.179083 10037 raft_consensus.cc:2955] T a9756a9446ef44909a6e35e8c139d48f P b1dba8460a83427898a352606d07233b [term 1 LEADER]: Committing config change with OpId 1.2: config changed from index -1 to 2, NON_VOTER 848217608119488094b6da8983ebeb56 (127.8.193.132) added. New config: { opid_index: 2 OBSOLETE_local: false peers { permanent_uuid: "ec9d0f4f663042669fc8a4e79cbd3157" member_type: VOTER last_known_addr { host: "127.8.193.129" port: 43187 } } peers { permanent_uuid: "b1dba8460a83427898a352606d07233b" member_type: VOTER last_known_addr { host: "127.8.193.130" port: 44609 } } peers { permanent_uuid: "6542eaf62b864c72a635d16066a7f25d" member_type: VOTER last_known_addr { host: "127.8.193.131" port: 36773 } attrs { replace: true } } peers { permanent_uuid: "848217608119488094b6da8983ebeb56" member_type: NON_VOTER last_known_addr { host: "127.8.193.132" port: 44573 } attrs { promote: true } } }
I20260608 10:07:35.183125  9797 raft_consensus.cc:2955] T a9756a9446ef44909a6e35e8c139d48f P 6542eaf62b864c72a635d16066a7f25d [term 1 FOLLOWER]: Committing config change with OpId 1.2: config changed from index -1 to 2, NON_VOTER 848217608119488094b6da8983ebeb56 (127.8.193.132) added. New config: { opid_index: 2 OBSOLETE_local: false peers { permanent_uuid: "ec9d0f4f663042669fc8a4e79cbd3157" member_type: VOTER last_known_addr { host: "127.8.193.129" port: 43187 } } peers { permanent_uuid: "b1dba8460a83427898a352606d07233b" member_type: VOTER last_known_addr { host: "127.8.193.130" port: 44609 } } peers { permanent_uuid: "6542eaf62b864c72a635d16066a7f25d" member_type: VOTER last_known_addr { host: "127.8.193.131" port: 36773 } attrs { replace: true } } peers { permanent_uuid: "848217608119488094b6da8983ebeb56" member_type: NON_VOTER last_known_addr { host: "127.8.193.132" port: 44573 } attrs { promote: true } } }
I20260608 10:07:35.184054  9645 raft_consensus.cc:2955] T a9756a9446ef44909a6e35e8c139d48f P ec9d0f4f663042669fc8a4e79cbd3157 [term 1 FOLLOWER]: Committing config change with OpId 1.2: config changed from index -1 to 2, NON_VOTER 848217608119488094b6da8983ebeb56 (127.8.193.132) added. New config: { opid_index: 2 OBSOLETE_local: false peers { permanent_uuid: "ec9d0f4f663042669fc8a4e79cbd3157" member_type: VOTER last_known_addr { host: "127.8.193.129" port: 43187 } } peers { permanent_uuid: "b1dba8460a83427898a352606d07233b" member_type: VOTER last_known_addr { host: "127.8.193.130" port: 44609 } } peers { permanent_uuid: "6542eaf62b864c72a635d16066a7f25d" member_type: VOTER last_known_addr { host: "127.8.193.131" port: 36773 } attrs { replace: true } } peers { permanent_uuid: "848217608119488094b6da8983ebeb56" member_type: NON_VOTER last_known_addr { host: "127.8.193.132" port: 44573 } attrs { promote: true } } }
I20260608 10:07:35.197309  9722 consensus_queue.cc:237] T 0aa5f58fa4f94ba88532bb19e3687c4b P b1dba8460a83427898a352606d07233b [LEADER]: Queue going to LEADER mode. State: All replicated index: 0, Majority replicated index: 2, Committed index: 2, Last appended: 2.2, Last appended by leader: 1, Current term: 2, Majority size: 2, State: 0, Mode: LEADER, active raft config: opid_index: 3 OBSOLETE_local: false peers { permanent_uuid: "ec9d0f4f663042669fc8a4e79cbd3157" member_type: VOTER last_known_addr { host: "127.8.193.129" port: 43187 } attrs { replace: true } } peers { permanent_uuid: "b1dba8460a83427898a352606d07233b" member_type: VOTER last_known_addr { host: "127.8.193.130" port: 44609 } } peers { permanent_uuid: "6542eaf62b864c72a635d16066a7f25d" member_type: VOTER last_known_addr { host: "127.8.193.131" port: 36773 } } peers { permanent_uuid: "848217608119488094b6da8983ebeb56" member_type: NON_VOTER last_known_addr { host: "127.8.193.132" port: 44573 } attrs { promote: true } }
I20260608 10:07:35.198514  9543 catalog_manager.cc:5696] T a9756a9446ef44909a6e35e8c139d48f P 6542eaf62b864c72a635d16066a7f25d reported cstate change: config changed from index -1 to 2, NON_VOTER 848217608119488094b6da8983ebeb56 (127.8.193.132) added. New cstate: current_term: 1 leader_uuid: "b1dba8460a83427898a352606d07233b" committed_config { opid_index: 2 OBSOLETE_local: false peers { permanent_uuid: "ec9d0f4f663042669fc8a4e79cbd3157" member_type: VOTER last_known_addr { host: "127.8.193.129" port: 43187 } } peers { permanent_uuid: "b1dba8460a83427898a352606d07233b" member_type: VOTER last_known_addr { host: "127.8.193.130" port: 44609 } } peers { permanent_uuid: "6542eaf62b864c72a635d16066a7f25d" member_type: VOTER last_known_addr { host: "127.8.193.131" port: 36773 } attrs { replace: true } } peers { permanent_uuid: "848217608119488094b6da8983ebeb56" member_type: NON_VOTER last_known_addr { host: "127.8.193.132" port: 44573 } attrs { promote: true } } }
W20260608 10:07:35.206375  9689 consensus_peers.cc:597] T 0aa5f58fa4f94ba88532bb19e3687c4b P b1dba8460a83427898a352606d07233b -> Peer 848217608119488094b6da8983ebeb56 (127.8.193.132:44573): Couldn't send request to peer 848217608119488094b6da8983ebeb56. Error code: TABLET_NOT_FOUND (6). Status: Not found: Tablet not found: 0aa5f58fa4f94ba88532bb19e3687c4b. This is attempt 1: this message will repeat every 5th retry.
I20260608 10:07:35.207319  9797 raft_consensus.cc:1275] T 0aa5f58fa4f94ba88532bb19e3687c4b P 6542eaf62b864c72a635d16066a7f25d [term 2 FOLLOWER]: Refusing update from remote peer b1dba8460a83427898a352606d07233b: Log matching property violated. Preceding OpId in replica: term: 2 index: 2. Preceding OpId from leader: term: 2 index: 3. (index mismatch)
I20260608 10:07:35.207672  9645 raft_consensus.cc:1275] T 0aa5f58fa4f94ba88532bb19e3687c4b P ec9d0f4f663042669fc8a4e79cbd3157 [term 2 FOLLOWER]: Refusing update from remote peer b1dba8460a83427898a352606d07233b: Log matching property violated. Preceding OpId in replica: term: 2 index: 2. Preceding OpId from leader: term: 2 index: 3. (index mismatch)
