I20260608 10:08:17.651787  4665 tablet_service.cc:1917] Received RequestConsensusVote() RPC: tablet_id: "fcbcd4b90b974cfe86d9b85f389286cb" candidate_uuid: "2d80641e72b0472cb991b09e1e893c53" candidate_term: 1 candidate_status { last_received { term: 0 index: 0 } } ignore_live_leader: false dest_uuid: "f2a30eb51d1b4b3aa5efa700c2b97e39" is_pre_election: true
W20260608 10:08:17.653335  4489 leader_election.cc:343] T fcbcd4b90b974cfe86d9b85f389286cb P 2d80641e72b0472cb991b09e1e893c53 [CANDIDATE]: Term 1 pre-election: Tablet error from VoteRequest() call to peer f2a30eb51d1b4b3aa5efa700c2b97e39 (127.1.81.196:38799): Illegal state: must be running to vote when last-logged opid is not known
I20260608 10:08:17.656075  4731 raft_consensus.cc:493] T 07b1c582750b4c7c8e377e32f56df83b P f2a30eb51d1b4b3aa5efa700c2b97e39 [term 0 FOLLOWER]: Starting pre-election (no leader contacted us within the election timeout)
I20260608 10:08:17.656649  4731 raft_consensus.cc:515] T 07b1c582750b4c7c8e377e32f56df83b P f2a30eb51d1b4b3aa5efa700c2b97e39 [term 0 FOLLOWER]: Starting pre-election with config: opid_index: -1 OBSOLETE_local: false peers { permanent_uuid: "c9cdafcf622b49e9a15ea459ed7c37f9" member_type: VOTER last_known_addr { host: "127.1.81.193" port: 43683 } } peers { permanent_uuid: "b2e0fd5e7e91453bbd7effe9134f7110" member_type: VOTER last_known_addr { host: "127.1.81.194" port: 39263 } } peers { permanent_uuid: "f2a30eb51d1b4b3aa5efa700c2b97e39" member_type: VOTER last_known_addr { host: "127.1.81.196" port: 38799 } }
I20260608 10:08:17.657210  4339 leader_election.cc:304] T d13fdc89fa6c47bc9f654c66d5b33e1c P c9cdafcf622b49e9a15ea459ed7c37f9 [CANDIDATE]: Term 1 pre-election: Election decided. Result: candidate won. Election summary: received 2 responses out of 3 voters: 2 yes votes; 0 no votes. yes voters: b2e0fd5e7e91453bbd7effe9134f7110, c9cdafcf622b49e9a15ea459ed7c37f9; no voters: 
I20260608 10:08:17.658092  4578 raft_consensus.cc:2804] T d13fdc89fa6c47bc9f654c66d5b33e1c P c9cdafcf622b49e9a15ea459ed7c37f9 [term 0 FOLLOWER]: Leader pre-election won for term 1
I20260608 10:08:17.658391  4447 tablet_service.cc:1917] Received RequestConsensusVote() RPC: tablet_id: "fcbcd4b90b974cfe86d9b85f389286cb" candidate_uuid: "2d80641e72b0472cb991b09e1e893c53" candidate_term: 1 candidate_status { last_received { term: 0 index: 0 } } ignore_live_leader: false dest_uuid: "b2e0fd5e7e91453bbd7effe9134f7110" is_pre_election: true
I20260608 10:08:17.658555  4578 raft_consensus.cc:493] T d13fdc89fa6c47bc9f654c66d5b33e1c P c9cdafcf622b49e9a15ea459ed7c37f9 [term 0 FOLLOWER]: Starting leader election (no leader contacted us within the election timeout)
I20260608 10:08:17.658952  4578 raft_consensus.cc:3060] T d13fdc89fa6c47bc9f654c66d5b33e1c P c9cdafcf622b49e9a15ea459ed7c37f9 [term 0 FOLLOWER]: Advancing to term 1
I20260608 10:08:17.659591  4731 leader_election.cc:290] T 07b1c582750b4c7c8e377e32f56df83b P f2a30eb51d1b4b3aa5efa700c2b97e39 [CANDIDATE]: Term 1 pre-election: Requested pre-vote from peers c9cdafcf622b49e9a15ea459ed7c37f9 (127.1.81.193:43683), b2e0fd5e7e91453bbd7effe9134f7110 (127.1.81.194:39263)
I20260608 10:08:17.659032  4447 raft_consensus.cc:2468] T fcbcd4b90b974cfe86d9b85f389286cb P b2e0fd5e7e91453bbd7effe9134f7110 [term 0 FOLLOWER]: Leader pre-election vote request: Granting yes vote for candidate 2d80641e72b0472cb991b09e1e893c53 in term 0.
I20260608 10:08:17.661206  4490 leader_election.cc:304] T fcbcd4b90b974cfe86d9b85f389286cb P 2d80641e72b0472cb991b09e1e893c53 [CANDIDATE]: Term 1 pre-election: Election decided. Result: candidate won. Election summary: received 3 responses out of 3 voters: 2 yes votes; 1 no votes. yes voters: 2d80641e72b0472cb991b09e1e893c53, b2e0fd5e7e91453bbd7effe9134f7110; no voters: f2a30eb51d1b4b3aa5efa700c2b97e39
I20260608 10:08:17.662370  4579 raft_consensus.cc:493] T 663bb0f9b9354cdca6ade5936fe15073 P 2d80641e72b0472cb991b09e1e893c53 [term 0 FOLLOWER]: Starting pre-election (no leader contacted us within the election timeout)
I20260608 10:08:17.662580  4609 leader_election.cc:290] T d13fdc89fa6c47bc9f654c66d5b33e1c P c9cdafcf622b49e9a15ea459ed7c37f9 [CANDIDATE]: Term 1 pre-election: Requested pre-vote from peers f2a30eb51d1b4b3aa5efa700c2b97e39 (127.1.81.196:38799), b2e0fd5e7e91453bbd7effe9134f7110 (127.1.81.194:39263)
I20260608 10:08:17.662853  4579 raft_consensus.cc:515] T 663bb0f9b9354cdca6ade5936fe15073 P 2d80641e72b0472cb991b09e1e893c53 [term 0 FOLLOWER]: Starting pre-election with config: opid_index: -1 OBSOLETE_local: false peers { permanent_uuid: "2d80641e72b0472cb991b09e1e893c53" member_type: VOTER last_known_addr { host: "127.1.81.195" port: 41783 } } peers { permanent_uuid: "c9cdafcf622b49e9a15ea459ed7c37f9" member_type: VOTER last_known_addr { host: "127.1.81.193" port: 43683 } } peers { permanent_uuid: "f2a30eb51d1b4b3aa5efa700c2b97e39" member_type: VOTER last_known_addr { host: "127.1.81.196" port: 38799 } }
I20260608 10:08:17.665161  4579 leader_election.cc:290] T 663bb0f9b9354cdca6ade5936fe15073 P 2d80641e72b0472cb991b09e1e893c53 [CANDIDATE]: Term 1 pre-election: Requested pre-vote from peers c9cdafcf622b49e9a15ea459ed7c37f9 (127.1.81.193:43683), f2a30eb51d1b4b3aa5efa700c2b97e39 (127.1.81.196:38799)
I20260608 10:08:17.665699  4579 raft_consensus.cc:2804] T fcbcd4b90b974cfe86d9b85f389286cb P 2d80641e72b0472cb991b09e1e893c53 [term 0 FOLLOWER]: Leader pre-election won for term 1
I20260608 10:08:17.666019  4579 raft_consensus.cc:493] T fcbcd4b90b974cfe86d9b85f389286cb P 2d80641e72b0472cb991b09e1e893c53 [term 0 FOLLOWER]: Starting leader election (no leader contacted us within the election timeout)
I20260608 10:08:17.666347  4579 raft_consensus.cc:3060] T fcbcd4b90b974cfe86d9b85f389286cb P 2d80641e72b0472cb991b09e1e893c53 [term 0 FOLLOWER]: Advancing to term 1
I20260608 10:08:17.669795  4665 tablet_service.cc:1917] Received RequestConsensusVote() RPC: tablet_id: "663bb0f9b9354cdca6ade5936fe15073" candidate_uuid: "2d80641e72b0472cb991b09e1e893c53" candidate_term: 1 candidate_status { last_received { term: 0 index: 0 } } ignore_live_leader: false dest_uuid: "f2a30eb51d1b4b3aa5efa700c2b97e39" is_pre_election: true
W20260608 10:08:17.673823  4489 leader_election.cc:343] T 663bb0f9b9354cdca6ade5936fe15073 P 2d80641e72b0472cb991b09e1e893c53 [CANDIDATE]: Term 1 pre-election: Tablet error from VoteRequest() call to peer f2a30eb51d1b4b3aa5efa700c2b97e39 (127.1.81.196:38799): Illegal state: must be running to vote when last-logged opid is not known
I20260608 10:08:17.673883  4575 raft_consensus.cc:515] T 163749b67b7f4bc99093ead5c758e6c3 P b2e0fd5e7e91453bbd7effe9134f7110 [term 1 FOLLOWER]: Starting leader election with config: opid_index: -1 OBSOLETE_local: false peers { permanent_uuid: "c9cdafcf622b49e9a15ea459ed7c37f9" member_type: VOTER last_known_addr { host: "127.1.81.193" port: 43683 } } peers { permanent_uuid: "f2a30eb51d1b4b3aa5efa700c2b97e39" member_type: VOTER last_known_addr { host: "127.1.81.196" port: 38799 } } peers { permanent_uuid: "b2e0fd5e7e91453bbd7effe9134f7110" member_type: VOTER last_known_addr { host: "127.1.81.194" port: 39263 } }
I20260608 10:08:17.677117  4575 leader_election.cc:290] T 163749b67b7f4bc99093ead5c758e6c3 P b2e0fd5e7e91453bbd7effe9134f7110 [CANDIDATE]: Term 1 election: Requested vote from peers c9cdafcf622b49e9a15ea459ed7c37f9 (127.1.81.193:43683), f2a30eb51d1b4b3aa5efa700c2b97e39 (127.1.81.196:38799)
I20260608 10:08:17.676271  4724 tablet_bootstrap.cc:492] T f4667a59b58d4b5bb1bcab434d71b2a2 P f2a30eb51d1b4b3aa5efa700c2b97e39: No bootstrap required, opened a new log
I20260608 10:08:17.717058  4718 tablet_bootstrap.cc:654] T f4667a59b58d4b5bb1bcab434d71b2a2 P b2e0fd5e7e91453bbd7effe9134f7110: Neither blocks nor log segments found. Creating new log.
I20260608 10:08:17.723826  4592 raft_consensus.cc:493] T d275f6a1eade4842a56f07a5f68a8785 P 2d80641e72b0472cb991b09e1e893c53 [term 0 FOLLOWER]: Starting pre-election (no leader contacted us within the election timeout)
I20260608 10:08:17.724615  4666 tablet_service.cc:1917] Received RequestConsensusVote() RPC: tablet_id: "163749b67b7f4bc99093ead5c758e6c3" candidate_uuid: "b2e0fd5e7e91453bbd7effe9134f7110" candidate_term: 1 candidate_status { last_received { term: 0 index: 0 } } ignore_live_leader: false dest_uuid: "f2a30eb51d1b4b3aa5efa700c2b97e39" is_pre_election: true
I20260608 10:08:17.724485  4592 raft_consensus.cc:515] T d275f6a1eade4842a56f07a5f68a8785 P 2d80641e72b0472cb991b09e1e893c53 [term 0 FOLLOWER]: Starting pre-election with config: opid_index: -1 OBSOLETE_local: false peers { permanent_uuid: "f2a30eb51d1b4b3aa5efa700c2b97e39" member_type: VOTER last_known_addr { host: "127.1.81.196" port: 38799 } } peers { permanent_uuid: "2d80641e72b0472cb991b09e1e893c53" member_type: VOTER last_known_addr { host: "127.1.81.195" port: 41783 } } peers { permanent_uuid: "c9cdafcf622b49e9a15ea459ed7c37f9" member_type: VOTER last_known_addr { host: "127.1.81.193" port: 43683 } }
I20260608 10:08:17.726091  4666 tablet_service.cc:1917] Received RequestConsensusVote() RPC: tablet_id: "163749b67b7f4bc99093ead5c758e6c3" candidate_uuid: "b2e0fd5e7e91453bbd7effe9134f7110" candidate_term: 1 candidate_status { last_received { term: 0 index: 0 } } ignore_live_leader: false dest_uuid: "f2a30eb51d1b4b3aa5efa700c2b97e39"
I20260608 10:08:17.720036  4578 raft_consensus.cc:515] T d13fdc89fa6c47bc9f654c66d5b33e1c P c9cdafcf622b49e9a15ea459ed7c37f9 [term 1 FOLLOWER]: Starting leader election with config: opid_index: -1 OBSOLETE_local: false peers { permanent_uuid: "f2a30eb51d1b4b3aa5efa700c2b97e39" member_type: VOTER last_known_addr { host: "127.1.81.196" port: 38799 } } peers { permanent_uuid: "c9cdafcf622b49e9a15ea459ed7c37f9" member_type: VOTER last_known_addr { host: "127.1.81.193" port: 43683 } } peers { permanent_uuid: "b2e0fd5e7e91453bbd7effe9134f7110" member_type: VOTER last_known_addr { host: "127.1.81.194" port: 39263 } }
I20260608 10:08:17.728379  4592 leader_election.cc:290] T d275f6a1eade4842a56f07a5f68a8785 P 2d80641e72b0472cb991b09e1e893c53 [CANDIDATE]: Term 1 pre-election: Requested pre-vote from peers f2a30eb51d1b4b3aa5efa700c2b97e39 (127.1.81.196:38799), c9cdafcf622b49e9a15ea459ed7c37f9 (127.1.81.193:43683)
I20260608 10:08:17.729001  4666 tablet_service.cc:1917] Received RequestConsensusVote() RPC: tablet_id: "d275f6a1eade4842a56f07a5f68a8785" candidate_uuid: "2d80641e72b0472cb991b09e1e893c53" candidate_term: 1 candidate_status { last_received { term: 0 index: 0 } } ignore_live_leader: false dest_uuid: "f2a30eb51d1b4b3aa5efa700c2b97e39" is_pre_election: true
W20260608 10:08:17.730252  4489 leader_election.cc:343] T d275f6a1eade4842a56f07a5f68a8785 P 2d80641e72b0472cb991b09e1e893c53 [CANDIDATE]: Term 1 pre-election: Tablet error from VoteRequest() call to peer f2a30eb51d1b4b3aa5efa700c2b97e39 (127.1.81.196:38799): Illegal state: must be running to vote when last-logged opid is not known
I20260608 10:08:17.730400  4578 leader_election.cc:290] T d13fdc89fa6c47bc9f654c66d5b33e1c P c9cdafcf622b49e9a15ea459ed7c37f9 [CANDIDATE]: Term 1 election: Requested vote from peers f2a30eb51d1b4b3aa5efa700c2b97e39 (127.1.81.196:38799), b2e0fd5e7e91453bbd7effe9134f7110 (127.1.81.194:39263)
I20260608 10:08:17.719278  4717 tablet_bootstrap.cc:654] T f4667a59b58d4b5bb1bcab434d71b2a2 P 2d80641e72b0472cb991b09e1e893c53: Neither blocks nor log segments found. Creating new log.
I20260608 10:08:17.707607  4665 tablet_service.cc:1917] Received RequestConsensusVote() RPC: tablet_id: "07b1c582750b4c7c8e377e32f56df83b" candidate_uuid: "b2e0fd5e7e91453bbd7effe9134f7110" candidate_term: 1 candidate_status { last_received { term: 0 index: 0 } } ignore_live_leader: false dest_uuid: "f2a30eb51d1b4b3aa5efa700c2b97e39" is_pre_election: true
I20260608 10:08:17.731463  4447 tablet_service.cc:1917] Received RequestConsensusVote() RPC: tablet_id: "d13fdc89fa6c47bc9f654c66d5b33e1c" candidate_uuid: "c9cdafcf622b49e9a15ea459ed7c37f9" candidate_term: 1 candidate_status { last_received { term: 0 index: 0 } } ignore_live_leader: false dest_uuid: "b2e0fd5e7e91453bbd7effe9134f7110"
I20260608 10:08:17.738878  4447 raft_consensus.cc:3060] T d13fdc89fa6c47bc9f654c66d5b33e1c P b2e0fd5e7e91453bbd7effe9134f7110 [term 0 FOLLOWER]: Advancing to term 1
I20260608 10:08:17.723789  4724 ts_tablet_manager.cc:1403] T f4667a59b58d4b5bb1bcab434d71b2a2 P f2a30eb51d1b4b3aa5efa700c2b97e39: Time spent bootstrapping tablet: real 0.159s	user 0.016s	sys 0.021s
I20260608 10:08:17.739732  4371 tablet_service.cc:1917] Received RequestConsensusVote() RPC: tablet_id: "663bb0f9b9354cdca6ade5936fe15073" candidate_uuid: "2d80641e72b0472cb991b09e1e893c53" candidate_term: 1 candidate_status { last_received { term: 0 index: 0 } } ignore_live_leader: false dest_uuid: "c9cdafcf622b49e9a15ea459ed7c37f9" is_pre_election: true
I20260608 10:08:17.740283  4665 raft_consensus.cc:2468] T 07b1c582750b4c7c8e377e32f56df83b P f2a30eb51d1b4b3aa5efa700c2b97e39 [term 0 FOLLOWER]: Leader pre-election vote request: Granting yes vote for candidate b2e0fd5e7e91453bbd7effe9134f7110 in term 0.
I20260608 10:08:17.743619  4573 tablet_bootstrap.cc:492] T 07b1c582750b4c7c8e377e32f56df83b P c9cdafcf622b49e9a15ea459ed7c37f9: No bootstrap required, opened a new log
I20260608 10:08:17.744074  4573 ts_tablet_manager.cc:1403] T 07b1c582750b4c7c8e377e32f56df83b P c9cdafcf622b49e9a15ea459ed7c37f9: Time spent bootstrapping tablet: real 0.151s	user 0.036s	sys 0.048s
I20260608 10:08:17.745128  4371 raft_consensus.cc:2468] T 663bb0f9b9354cdca6ade5936fe15073 P c9cdafcf622b49e9a15ea459ed7c37f9 [term 0 FOLLOWER]: Leader pre-election vote request: Granting yes vote for candidate 2d80641e72b0472cb991b09e1e893c53 in term 0.
W20260608 10:08:17.738449  4413 leader_election.cc:343] T 163749b67b7f4bc99093ead5c758e6c3 P b2e0fd5e7e91453bbd7effe9134f7110 [CANDIDATE]: Term 1 pre-election: Tablet error from VoteRequest() call to peer f2a30eb51d1b4b3aa5efa700c2b97e39 (127.1.81.196:38799): Illegal state: must be running to vote when last-logged opid is not known
I20260608 10:08:17.748611  4573 raft_consensus.cc:359] T 07b1c582750b4c7c8e377e32f56df83b P c9cdafcf622b49e9a15ea459ed7c37f9 [term 0 FOLLOWER]: Replica starting. Triggering 0 pending ops. Active config: opid_index: -1 OBSOLETE_local: false peers { permanent_uuid: "c9cdafcf622b49e9a15ea459ed7c37f9" member_type: VOTER last_known_addr { host: "127.1.81.193" port: 43683 } } peers { permanent_uuid: "b2e0fd5e7e91453bbd7effe9134f7110" member_type: VOTER last_known_addr { host: "127.1.81.194" port: 39263 } } peers { permanent_uuid: "f2a30eb51d1b4b3aa5efa700c2b97e39" member_type: VOTER last_known_addr { host: "127.1.81.196" port: 38799 } }
I20260608 10:08:17.749116  4573 raft_consensus.cc:385] T 07b1c582750b4c7c8e377e32f56df83b P c9cdafcf622b49e9a15ea459ed7c37f9 [term 0 FOLLOWER]: Consensus starting up: Expiring failure detector timer to make a prompt election more likely
I20260608 10:08:17.749325  4573 raft_consensus.cc:740] T 07b1c582750b4c7c8e377e32f56df83b P c9cdafcf622b49e9a15ea459ed7c37f9 [term 0 FOLLOWER]: Becoming Follower/Learner. State: Replica: c9cdafcf622b49e9a15ea459ed7c37f9, State: Initialized, Role: FOLLOWER
I20260608 10:08:17.739956  4578 raft_consensus.cc:493] T d275f6a1eade4842a56f07a5f68a8785 P c9cdafcf622b49e9a15ea459ed7c37f9 [term 0 FOLLOWER]: Starting pre-election (no leader contacted us within the election timeout)
W20260608 10:08:17.750586  4413 leader_election.cc:343] T 163749b67b7f4bc99093ead5c758e6c3 P b2e0fd5e7e91453bbd7effe9134f7110 [CANDIDATE]: Term 1 election: Tablet error from VoteRequest() call to peer f2a30eb51d1b4b3aa5efa700c2b97e39 (127.1.81.196:38799): Illegal state: must be running to vote when last-logged opid is not known
I20260608 10:08:17.751593  4490 leader_election.cc:304] T 663bb0f9b9354cdca6ade5936fe15073 P 2d80641e72b0472cb991b09e1e893c53 [CANDIDATE]: Term 1 pre-election: Election decided. Result: candidate won. Election summary: received 3 responses out of 3 voters: 2 yes votes; 1 no votes. yes voters: 2d80641e72b0472cb991b09e1e893c53, c9cdafcf622b49e9a15ea459ed7c37f9; no voters: f2a30eb51d1b4b3aa5efa700c2b97e39
I20260608 10:08:17.751926  4413 leader_election.cc:304] T 07b1c582750b4c7c8e377e32f56df83b P b2e0fd5e7e91453bbd7effe9134f7110 [CANDIDATE]: Term 1 pre-election: Election decided. Result: candidate won. Election summary: received 3 responses out of 3 voters: 2 yes votes; 1 no votes. yes voters: b2e0fd5e7e91453bbd7effe9134f7110, f2a30eb51d1b4b3aa5efa700c2b97e39; no voters: c9cdafcf622b49e9a15ea459ed7c37f9
I20260608 10:08:17.753047  4592 raft_consensus.cc:2804] T 663bb0f9b9354cdca6ade5936fe15073 P 2d80641e72b0472cb991b09e1e893c53 [term 0 FOLLOWER]: Leader pre-election won for term 1
I20260608 10:08:17.753432  4592 raft_consensus.cc:493] T 663bb0f9b9354cdca6ade5936fe15073 P 2d80641e72b0472cb991b09e1e893c53 [term 0 FOLLOWER]: Starting leader election (no leader contacted us within the election timeout)
I20260608 10:08:17.739746  4579 raft_consensus.cc:515] T fcbcd4b90b974cfe86d9b85f389286cb P 2d80641e72b0472cb991b09e1e893c53 [term 1 FOLLOWER]: Starting leader election with config: opid_index: -1 OBSOLETE_local: false peers { permanent_uuid: "f2a30eb51d1b4b3aa5efa700c2b97e39" member_type: VOTER last_known_addr { host: "127.1.81.196" port: 38799 } } peers { permanent_uuid: "b2e0fd5e7e91453bbd7effe9134f7110" member_type: VOTER last_known_addr { host: "127.1.81.194" port: 39263 } } peers { permanent_uuid: "2d80641e72b0472cb991b09e1e893c53" member_type: VOTER last_known_addr { host: "127.1.81.195" port: 41783 } }
I20260608 10:08:17.753798  4592 raft_consensus.cc:3060] T 663bb0f9b9354cdca6ade5936fe15073 P 2d80641e72b0472cb991b09e1e893c53 [term 0 FOLLOWER]: Advancing to term 1
I20260608 10:08:17.755203  4575 raft_consensus.cc:2804] T 07b1c582750b4c7c8e377e32f56df83b P b2e0fd5e7e91453bbd7effe9134f7110 [term 0 FOLLOWER]: Leader pre-election won for term 1
I20260608 10:08:17.753687  4578 raft_consensus.cc:515] T d275f6a1eade4842a56f07a5f68a8785 P c9cdafcf622b49e9a15ea459ed7c37f9 [term 0 FOLLOWER]: Starting pre-election with config: opid_index: -1 OBSOLETE_local: false peers { permanent_uuid: "f2a30eb51d1b4b3aa5efa700c2b97e39" member_type: VOTER last_known_addr { host: "127.1.81.196" port: 38799 } } peers { permanent_uuid: "2d80641e72b0472cb991b09e1e893c53" member_type: VOTER last_known_addr { host: "127.1.81.195" port: 41783 } } peers { permanent_uuid: "c9cdafcf622b49e9a15ea459ed7c37f9" member_type: VOTER last_known_addr { host: "127.1.81.193" port: 43683 } }
I20260608 10:08:17.756707  4573 consensus_queue.cc:260] T 07b1c582750b4c7c8e377e32f56df83b P c9cdafcf622b49e9a15ea459ed7c37f9 [NON_LEADER]: Queue going to NON_LEADER mode. State: All replicated index: 0, Majority replicated index: 0, Committed index: 0, Last appended: 0.0, Last appended by leader: 0, Current term: 0, Majority size: -1, State: 0, Mode: NON_LEADER, active raft config: opid_index: -1 OBSOLETE_local: false peers { permanent_uuid: "c9cdafcf622b49e9a15ea459ed7c37f9" member_type: VOTER last_known_addr { host: "127.1.81.193" port: 43683 } } peers { permanent_uuid: "b2e0fd5e7e91453bbd7effe9134f7110" member_type: VOTER last_known_addr { host: "127.1.81.194" port: 39263 } } peers { permanent_uuid: "f2a30eb51d1b4b3aa5efa700c2b97e39" member_type: VOTER last_known_addr { host: "127.1.81.196" port: 38799 } }
I20260608 10:08:17.751588  4371 tablet_service.cc:1917] Received RequestConsensusVote() RPC: tablet_id: "d275f6a1eade4842a56f07a5f68a8785" candidate_uuid: "2d80641e72b0472cb991b09e1e893c53" candidate_term: 1 candidate_status { last_received { term: 0 index: 0 } } ignore_live_leader: false dest_uuid: "c9cdafcf622b49e9a15ea459ed7c37f9" is_pre_election: true
I20260608 10:08:17.755628  4575 raft_consensus.cc:493] T 07b1c582750b4c7c8e377e32f56df83b P b2e0fd5e7e91453bbd7effe9134f7110 [term 0 FOLLOWER]: Starting leader election (no leader contacted us within the election timeout)
I20260608 10:08:17.766199  4578 leader_election.cc:290] T d275f6a1eade4842a56f07a5f68a8785 P c9cdafcf622b49e9a15ea459ed7c37f9 [CANDIDATE]: Term 1 pre-election: Requested pre-vote from peers f2a30eb51d1b4b3aa5efa700c2b97e39 (127.1.81.196:38799), 2d80641e72b0472cb991b09e1e893c53 (127.1.81.195:41783)
I20260608 10:08:17.766597  4371 raft_consensus.cc:2468] T d275f6a1eade4842a56f07a5f68a8785 P c9cdafcf622b49e9a15ea459ed7c37f9 [term 0 FOLLOWER]: Leader pre-election vote request: Granting yes vote for candidate 2d80641e72b0472cb991b09e1e893c53 in term 0.
I20260608 10:08:17.767912  4575 raft_consensus.cc:3060] T 07b1c582750b4c7c8e377e32f56df83b P b2e0fd5e7e91453bbd7effe9134f7110 [term 0 FOLLOWER]: Advancing to term 1
I20260608 10:08:17.776316  4573 ts_tablet_manager.cc:1434] T 07b1c582750b4c7c8e377e32f56df83b P c9cdafcf622b49e9a15ea459ed7c37f9: Time spent starting tablet: real 0.032s	user 0.005s	sys 0.002s
I20260608 10:08:17.777347  4372 tablet_service.cc:1917] Received RequestConsensusVote() RPC: tablet_id: "163749b67b7f4bc99093ead5c758e6c3" candidate_uuid: "b2e0fd5e7e91453bbd7effe9134f7110" candidate_term: 1 candidate_status { last_received { term: 0 index: 0 } } ignore_live_leader: false dest_uuid: "c9cdafcf622b49e9a15ea459ed7c37f9"
I20260608 10:08:17.778904  4372 raft_consensus.cc:3060] T 163749b67b7f4bc99093ead5c758e6c3 P c9cdafcf622b49e9a15ea459ed7c37f9 [term 0 FOLLOWER]: Advancing to term 1
I20260608 10:08:17.768599  4523 tablet_service.cc:1917] Received RequestConsensusVote() RPC: tablet_id: "d275f6a1eade4842a56f07a5f68a8785" candidate_uuid: "c9cdafcf622b49e9a15ea459ed7c37f9" candidate_term: 1 candidate_status { last_received { term: 0 index: 0 } } ignore_live_leader: false dest_uuid: "2d80641e72b0472cb991b09e1e893c53" is_pre_election: true
I20260608 10:08:17.781543  4665 tablet_service.cc:1917] Received RequestConsensusVote() RPC: tablet_id: "fcbcd4b90b974cfe86d9b85f389286cb" candidate_uuid: "2d80641e72b0472cb991b09e1e893c53" candidate_term: 1 candidate_status { last_received { term: 0 index: 0 } } ignore_live_leader: false dest_uuid: "f2a30eb51d1b4b3aa5efa700c2b97e39"
I20260608 10:08:17.781497  4490 leader_election.cc:304] T d275f6a1eade4842a56f07a5f68a8785 P 2d80641e72b0472cb991b09e1e893c53 [CANDIDATE]: Term 1 pre-election: Election decided. Result: candidate won. Election summary: received 3 responses out of 3 voters: 2 yes votes; 1 no votes. yes voters: 2d80641e72b0472cb991b09e1e893c53, c9cdafcf622b49e9a15ea459ed7c37f9; no voters: f2a30eb51d1b4b3aa5efa700c2b97e39
I20260608 10:08:17.783203  4523 raft_consensus.cc:2468] T d275f6a1eade4842a56f07a5f68a8785 P 2d80641e72b0472cb991b09e1e893c53 [term 0 FOLLOWER]: Leader pre-election vote request: Granting yes vote for candidate c9cdafcf622b49e9a15ea459ed7c37f9 in term 0.
I20260608 10:08:17.784081  4592 raft_consensus.cc:515] T 663bb0f9b9354cdca6ade5936fe15073 P 2d80641e72b0472cb991b09e1e893c53 [term 1 FOLLOWER]: Starting leader election with config: opid_index: -1 OBSOLETE_local: false peers { permanent_uuid: "2d80641e72b0472cb991b09e1e893c53" member_type: VOTER last_known_addr { host: "127.1.81.195" port: 41783 } } peers { permanent_uuid: "c9cdafcf622b49e9a15ea459ed7c37f9" member_type: VOTER last_known_addr { host: "127.1.81.193" port: 43683 } } peers { permanent_uuid: "f2a30eb51d1b4b3aa5efa700c2b97e39" member_type: VOTER last_known_addr { host: "127.1.81.196" port: 38799 } }
I20260608 10:08:17.784612  4595 raft_consensus.cc:2804] T d275f6a1eade4842a56f07a5f68a8785 P 2d80641e72b0472cb991b09e1e893c53 [term 0 FOLLOWER]: Leader pre-election won for term 1
I20260608 10:08:17.785008  4595 raft_consensus.cc:493] T d275f6a1eade4842a56f07a5f68a8785 P 2d80641e72b0472cb991b09e1e893c53 [term 0 FOLLOWER]: Starting leader election (no leader contacted us within the election timeout)
I20260608 10:08:17.785354  4595 raft_consensus.cc:3060] T d275f6a1eade4842a56f07a5f68a8785 P 2d80641e72b0472cb991b09e1e893c53 [term 0 FOLLOWER]: Advancing to term 1
I20260608 10:08:17.785739  4592 leader_election.cc:290] T 663bb0f9b9354cdca6ade5936fe15073 P 2d80641e72b0472cb991b09e1e893c53 [CANDIDATE]: Term 1 election: Requested vote from peers c9cdafcf622b49e9a15ea459ed7c37f9 (127.1.81.193:43683), f2a30eb51d1b4b3aa5efa700c2b97e39 (127.1.81.196:38799)
I20260608 10:08:17.788940  4448 tablet_service.cc:1917] Received RequestConsensusVote() RPC: tablet_id: "fcbcd4b90b974cfe86d9b85f389286cb" candidate_uuid: "2d80641e72b0472cb991b09e1e893c53" candidate_term: 1 candidate_status { last_received { term: 0 index: 0 } } ignore_live_leader: false dest_uuid: "b2e0fd5e7e91453bbd7effe9134f7110"
I20260608 10:08:17.789505  4448 raft_consensus.cc:3060] T fcbcd4b90b974cfe86d9b85f389286cb P b2e0fd5e7e91453bbd7effe9134f7110 [term 0 FOLLOWER]: Advancing to term 1
I20260608 10:08:17.781684  4579 leader_election.cc:290] T fcbcd4b90b974cfe86d9b85f389286cb P 2d80641e72b0472cb991b09e1e893c53 [CANDIDATE]: Term 1 election: Requested vote from peers f2a30eb51d1b4b3aa5efa700c2b97e39 (127.1.81.196:38799), b2e0fd5e7e91453bbd7effe9134f7110 (127.1.81.194:39263)
W20260608 10:08:17.792470  4489 leader_election.cc:343] T fcbcd4b90b974cfe86d9b85f389286cb P 2d80641e72b0472cb991b09e1e893c53 [CANDIDATE]: Term 1 election: Tablet error from VoteRequest() call to peer f2a30eb51d1b4b3aa5efa700c2b97e39 (127.1.81.196:38799): Illegal state: must be running to vote when last-logged opid is not known
I20260608 10:08:17.790529  4575 raft_consensus.cc:515] T 07b1c582750b4c7c8e377e32f56df83b P b2e0fd5e7e91453bbd7effe9134f7110 [term 1 FOLLOWER]: Starting leader election with config: opid_index: -1 OBSOLETE_local: false peers { permanent_uuid: "c9cdafcf622b49e9a15ea459ed7c37f9" member_type: VOTER last_known_addr { host: "127.1.81.193" port: 43683 } } peers { permanent_uuid: "b2e0fd5e7e91453bbd7effe9134f7110" member_type: VOTER last_known_addr { host: "127.1.81.194" port: 39263 } } peers { permanent_uuid: "f2a30eb51d1b4b3aa5efa700c2b97e39" member_type: VOTER last_known_addr { host: "127.1.81.196" port: 38799 } }
I20260608 10:08:17.792474  4338 leader_election.cc:304] T d275f6a1eade4842a56f07a5f68a8785 P c9cdafcf622b49e9a15ea459ed7c37f9 [CANDIDATE]: Term 1 pre-election: Election decided. Result: candidate won. Election summary: received 2 responses out of 3 voters: 2 yes votes; 0 no votes. yes voters: 2d80641e72b0472cb991b09e1e893c53, c9cdafcf622b49e9a15ea459ed7c37f9; no voters: 
I20260608 10:08:17.793289  4665 tablet_service.cc:1917] Received RequestConsensusVote() RPC: tablet_id: "663bb0f9b9354cdca6ade5936fe15073" candidate_uuid: "2d80641e72b0472cb991b09e1e893c53" candidate_term: 1 candidate_status { last_received { term: 0 index: 0 } } ignore_live_leader: false dest_uuid: "f2a30eb51d1b4b3aa5efa700c2b97e39"
I20260608 10:08:17.798605  4609 raft_consensus.cc:2804] T d275f6a1eade4842a56f07a5f68a8785 P c9cdafcf622b49e9a15ea459ed7c37f9 [term 0 FOLLOWER]: Leader pre-election won for term 1
I20260608 10:08:17.798983  4609 raft_consensus.cc:493] T d275f6a1eade4842a56f07a5f68a8785 P c9cdafcf622b49e9a15ea459ed7c37f9 [term 0 FOLLOWER]: Starting leader election (no leader contacted us within the election timeout)
I20260608 10:08:17.799722  4609 raft_consensus.cc:3060] T d275f6a1eade4842a56f07a5f68a8785 P c9cdafcf622b49e9a15ea459ed7c37f9 [term 0 FOLLOWER]: Advancing to term 1
W20260608 10:08:17.800706  4489 leader_election.cc:343] T 663bb0f9b9354cdca6ade5936fe15073 P 2d80641e72b0472cb991b09e1e893c53 [CANDIDATE]: Term 1 election: Tablet error from VoteRequest() call to peer f2a30eb51d1b4b3aa5efa700c2b97e39 (127.1.81.196:38799): Illegal state: must be running to vote when last-logged opid is not known
I20260608 10:08:17.802214  4575 leader_election.cc:290] T 07b1c582750b4c7c8e377e32f56df83b P b2e0fd5e7e91453bbd7effe9134f7110 [CANDIDATE]: Term 1 election: Requested vote from peers c9cdafcf622b49e9a15ea459ed7c37f9 (127.1.81.193:43683), f2a30eb51d1b4b3aa5efa700c2b97e39 (127.1.81.196:38799)
I20260608 10:08:17.803272  4717 tablet_bootstrap.cc:492] T f4667a59b58d4b5bb1bcab434d71b2a2 P 2d80641e72b0472cb991b09e1e893c53: No bootstrap required, opened a new log
I20260608 10:08:17.803275  4665 tablet_service.cc:1917] Received RequestConsensusVote() RPC: tablet_id: "07b1c582750b4c7c8e377e32f56df83b" candidate_uuid: "b2e0fd5e7e91453bbd7effe9134f7110" candidate_term: 1 candidate_status { last_received { term: 0 index: 0 } } ignore_live_leader: false dest_uuid: "f2a30eb51d1b4b3aa5efa700c2b97e39"
I20260608 10:08:17.803949  4717 ts_tablet_manager.cc:1403] T f4667a59b58d4b5bb1bcab434d71b2a2 P 2d80641e72b0472cb991b09e1e893c53: Time spent bootstrapping tablet: real 0.169s	user 0.008s	sys 0.013s
I20260608 10:08:17.803833  4447 raft_consensus.cc:2468] T d13fdc89fa6c47bc9f654c66d5b33e1c P b2e0fd5e7e91453bbd7effe9134f7110 [term 1 FOLLOWER]: Leader election vote request: Granting yes vote for candidate c9cdafcf622b49e9a15ea459ed7c37f9 in term 1.
I20260608 10:08:17.805719  4339 leader_election.cc:304] T d13fdc89fa6c47bc9f654c66d5b33e1c P c9cdafcf622b49e9a15ea459ed7c37f9 [CANDIDATE]: Term 1 election: Election decided. Result: candidate won. Election summary: received 2 responses out of 3 voters: 2 yes votes; 0 no votes. yes voters: b2e0fd5e7e91453bbd7effe9134f7110, c9cdafcf622b49e9a15ea459ed7c37f9; no voters: 
I20260608 10:08:17.806547  4578 raft_consensus.cc:2804] T d13fdc89fa6c47bc9f654c66d5b33e1c P c9cdafcf622b49e9a15ea459ed7c37f9 [term 1 FOLLOWER]: Leader election won for term 1
I20260608 10:08:17.807216  4578 raft_consensus.cc:697] T d13fdc89fa6c47bc9f654c66d5b33e1c P c9cdafcf622b49e9a15ea459ed7c37f9 [term 1 LEADER]: Becoming Leader. State: Replica: c9cdafcf622b49e9a15ea459ed7c37f9, State: Running, Role: LEADER
I20260608 10:08:17.807499  4717 raft_consensus.cc:359] T f4667a59b58d4b5bb1bcab434d71b2a2 P 2d80641e72b0472cb991b09e1e893c53 [term 0 FOLLOWER]: Replica starting. Triggering 0 pending ops. Active config: opid_index: -1 OBSOLETE_local: false peers { permanent_uuid: "f2a30eb51d1b4b3aa5efa700c2b97e39" member_type: VOTER last_known_addr { host: "127.1.81.196" port: 38799 } } peers { permanent_uuid: "b2e0fd5e7e91453bbd7effe9134f7110" member_type: VOTER last_known_addr { host: "127.1.81.194" port: 39263 } } peers { permanent_uuid: "2d80641e72b0472cb991b09e1e893c53" member_type: VOTER last_known_addr { host: "127.1.81.195" port: 41783 } }
I20260608 10:08:17.808410  4717 raft_consensus.cc:385] T f4667a59b58d4b5bb1bcab434d71b2a2 P 2d80641e72b0472cb991b09e1e893c53 [term 0 FOLLOWER]: Consensus starting up: Expiring failure detector timer to make a prompt election more likely
I20260608 10:08:17.808169  4609 raft_consensus.cc:515] T d275f6a1eade4842a56f07a5f68a8785 P c9cdafcf622b49e9a15ea459ed7c37f9 [term 1 FOLLOWER]: Starting leader election with config: opid_index: -1 OBSOLETE_local: false peers { permanent_uuid: "f2a30eb51d1b4b3aa5efa700c2b97e39" member_type: VOTER last_known_addr { host: "127.1.81.196" port: 38799 } } peers { permanent_uuid: "2d80641e72b0472cb991b09e1e893c53" member_type: VOTER last_known_addr { host: "127.1.81.195" port: 41783 } } peers { permanent_uuid: "c9cdafcf622b49e9a15ea459ed7c37f9" member_type: VOTER last_known_addr { host: "127.1.81.193" port: 43683 } }
I20260608 10:08:17.808029  4578 consensus_queue.cc:237] T d13fdc89fa6c47bc9f654c66d5b33e1c P c9cdafcf622b49e9a15ea459ed7c37f9 [LEADER]: Queue going to LEADER mode. State: All replicated index: 0, Majority replicated index: 0, Committed index: 0, Last appended: 0.0, Last appended by leader: 0, Current term: 1, Majority size: 2, State: 0, Mode: LEADER, active raft config: opid_index: -1 OBSOLETE_local: false peers { permanent_uuid: "f2a30eb51d1b4b3aa5efa700c2b97e39" member_type: VOTER last_known_addr { host: "127.1.81.196" port: 38799 } } peers { permanent_uuid: "c9cdafcf622b49e9a15ea459ed7c37f9" member_type: VOTER last_known_addr { host: "127.1.81.193" port: 43683 } } peers { permanent_uuid: "b2e0fd5e7e91453bbd7effe9134f7110" member_type: VOTER last_known_addr { host: "127.1.81.194" port: 39263 } }
I20260608 10:08:17.808808  4717 raft_consensus.cc:740] T f4667a59b58d4b5bb1bcab434d71b2a2 P 2d80641e72b0472cb991b09e1e893c53 [term 0 FOLLOWER]: Becoming Follower/Learner. State: Replica: 2d80641e72b0472cb991b09e1e893c53, State: Initialized, Role: FOLLOWER
I20260608 10:08:17.803925  4665 raft_consensus.cc:3060] T 07b1c582750b4c7c8e377e32f56df83b P f2a30eb51d1b4b3aa5efa700c2b97e39 [term 0 FOLLOWER]: Advancing to term 1
I20260608 10:08:17.810294  4609 leader_election.cc:290] T d275f6a1eade4842a56f07a5f68a8785 P c9cdafcf622b49e9a15ea459ed7c37f9 [CANDIDATE]: Term 1 election: Requested vote from peers f2a30eb51d1b4b3aa5efa700c2b97e39 (127.1.81.196:38799), 2d80641e72b0472cb991b09e1e893c53 (127.1.81.195:41783)
I20260608 10:08:17.815855  4373 tablet_service.cc:1917] Received RequestConsensusVote() RPC: tablet_id: "07b1c582750b4c7c8e377e32f56df83b" candidate_uuid: "b2e0fd5e7e91453bbd7effe9134f7110" candidate_term: 1 candidate_status { last_received { term: 0 index: 0 } } ignore_live_leader: false dest_uuid: "c9cdafcf622b49e9a15ea459ed7c37f9"
I20260608 10:08:17.816447  4373 raft_consensus.cc:3060] T 07b1c582750b4c7c8e377e32f56df83b P c9cdafcf622b49e9a15ea459ed7c37f9 [term 0 FOLLOWER]: Advancing to term 1
I20260608 10:08:17.817726  4448 raft_consensus.cc:2468] T fcbcd4b90b974cfe86d9b85f389286cb P b2e0fd5e7e91453bbd7effe9134f7110 [term 1 FOLLOWER]: Leader election vote request: Granting yes vote for candidate 2d80641e72b0472cb991b09e1e893c53 in term 1.
I20260608 10:08:17.812220  4724 raft_consensus.cc:359] T f4667a59b58d4b5bb1bcab434d71b2a2 P f2a30eb51d1b4b3aa5efa700c2b97e39 [term 0 FOLLOWER]: Replica starting. Triggering 0 pending ops. Active config: opid_index: -1 OBSOLETE_local: false peers { permanent_uuid: "f2a30eb51d1b4b3aa5efa700c2b97e39" member_type: VOTER last_known_addr { host: "127.1.81.196" port: 38799 } } peers { permanent_uuid: "b2e0fd5e7e91453bbd7effe9134f7110" member_type: VOTER last_known_addr { host: "127.1.81.194" port: 39263 } } peers { permanent_uuid: "2d80641e72b0472cb991b09e1e893c53" member_type: VOTER last_known_addr { host: "127.1.81.195" port: 41783 } }
I20260608 10:08:17.824020  4724 raft_consensus.cc:385] T f4667a59b58d4b5bb1bcab434d71b2a2 P f2a30eb51d1b4b3aa5efa700c2b97e39 [term 0 FOLLOWER]: Consensus starting up: Expiring failure detector timer to make a prompt election more likely
I20260608 10:08:17.822337  4595 raft_consensus.cc:515] T d275f6a1eade4842a56f07a5f68a8785 P 2d80641e72b0472cb991b09e1e893c53 [term 1 FOLLOWER]: Starting leader election with config: opid_index: -1 OBSOLETE_local: false peers { permanent_uuid: "f2a30eb51d1b4b3aa5efa700c2b97e39" member_type: VOTER last_known_addr { host: "127.1.81.196" port: 38799 } } peers { permanent_uuid: "2d80641e72b0472cb991b09e1e893c53" member_type: VOTER last_known_addr { host: "127.1.81.195" port: 41783 } } peers { permanent_uuid: "c9cdafcf622b49e9a15ea459ed7c37f9" member_type: VOTER last_known_addr { host: "127.1.81.193" port: 43683 } }
I20260608 10:08:17.824039  4523 tablet_service.cc:1917] Received RequestConsensusVote() RPC: tablet_id: "d275f6a1eade4842a56f07a5f68a8785" candidate_uuid: "c9cdafcf622b49e9a15ea459ed7c37f9" candidate_term: 1 candidate_status { last_received { term: 0 index: 0 } } ignore_live_leader: false dest_uuid: "2d80641e72b0472cb991b09e1e893c53"
I20260608 10:08:17.824322  4371 tablet_service.cc:1917] Received RequestConsensusVote() RPC: tablet_id: "663bb0f9b9354cdca6ade5936fe15073" candidate_uuid: "2d80641e72b0472cb991b09e1e893c53" candidate_term: 1 candidate_status { last_received { term: 0 index: 0 } } ignore_live_leader: false dest_uuid: "c9cdafcf622b49e9a15ea459ed7c37f9"
I20260608 10:08:17.830542  4663 tablet_service.cc:1917] Received RequestConsensusVote() RPC: tablet_id: "d275f6a1eade4842a56f07a5f68a8785" candidate_uuid: "c9cdafcf622b49e9a15ea459ed7c37f9" candidate_term: 1 candidate_status { last_received { term: 0 index: 0 } } ignore_live_leader: false dest_uuid: "f2a30eb51d1b4b3aa5efa700c2b97e39" is_pre_election: true
I20260608 10:08:17.831601  4666 tablet_service.cc:1917] Received RequestConsensusVote() RPC: tablet_id: "d13fdc89fa6c47bc9f654c66d5b33e1c" candidate_uuid: "c9cdafcf622b49e9a15ea459ed7c37f9" candidate_term: 1 candidate_status { last_received { term: 0 index: 0 } } ignore_live_leader: false dest_uuid: "f2a30eb51d1b4b3aa5efa700c2b97e39" is_pre_election: true
I20260608 10:08:17.830644  4724 raft_consensus.cc:740] T f4667a59b58d4b5bb1bcab434d71b2a2 P f2a30eb51d1b4b3aa5efa700c2b97e39 [term 0 FOLLOWER]: Becoming Follower/Learner. State: Replica: f2a30eb51d1b4b3aa5efa700c2b97e39, State: Initialized, Role: FOLLOWER
I20260608 10:08:17.834806  4662 tablet_service.cc:1917] Received RequestConsensusVote() RPC: tablet_id: "d275f6a1eade4842a56f07a5f68a8785" candidate_uuid: "c9cdafcf622b49e9a15ea459ed7c37f9" candidate_term: 1 candidate_status { last_received { term: 0 index: 0 } } ignore_live_leader: false dest_uuid: "f2a30eb51d1b4b3aa5efa700c2b97e39"
I20260608 10:08:17.836459  4664 tablet_service.cc:1917] Received RequestConsensusVote() RPC: tablet_id: "d13fdc89fa6c47bc9f654c66d5b33e1c" candidate_uuid: "c9cdafcf622b49e9a15ea459ed7c37f9" candidate_term: 1 candidate_status { last_received { term: 0 index: 0 } } ignore_live_leader: false dest_uuid: "f2a30eb51d1b4b3aa5efa700c2b97e39"
I20260608 10:08:17.821058  4717 consensus_queue.cc:260] T f4667a59b58d4b5bb1bcab434d71b2a2 P 2d80641e72b0472cb991b09e1e893c53 [NON_LEADER]: Queue going to NON_LEADER mode. State: All replicated index: 0, Majority replicated index: 0, Committed index: 0, Last appended: 0.0, Last appended by leader: 0, Current term: 0, Majority size: -1, State: 0, Mode: NON_LEADER, active raft config: opid_index: -1 OBSOLETE_local: false peers { permanent_uuid: "f2a30eb51d1b4b3aa5efa700c2b97e39" member_type: VOTER last_known_addr { host: "127.1.81.196" port: 38799 } } peers { permanent_uuid: "b2e0fd5e7e91453bbd7effe9134f7110" member_type: VOTER last_known_addr { host: "127.1.81.194" port: 39263 } } peers { permanent_uuid: "2d80641e72b0472cb991b09e1e893c53" member_type: VOTER last_known_addr { host: "127.1.81.195" port: 41783 } }
W20260608 10:08:17.839391  4338 leader_election.cc:343] T d275f6a1eade4842a56f07a5f68a8785 P c9cdafcf622b49e9a15ea459ed7c37f9 [CANDIDATE]: Term 1 election: Tablet error from VoteRequest() call to peer f2a30eb51d1b4b3aa5efa700c2b97e39 (127.1.81.196:38799): Illegal state: must be running to vote when last-logged opid is not known
W20260608 10:08:17.840699  4338 leader_election.cc:343] T d13fdc89fa6c47bc9f654c66d5b33e1c P c9cdafcf622b49e9a15ea459ed7c37f9 [CANDIDATE]: Term 1 election: Tablet error from VoteRequest() call to peer f2a30eb51d1b4b3aa5efa700c2b97e39 (127.1.81.196:38799): Illegal state: must be running to vote when last-logged opid is not known
W20260608 10:08:17.841579  4338 leader_election.cc:343] T d13fdc89fa6c47bc9f654c66d5b33e1c P c9cdafcf622b49e9a15ea459ed7c37f9 [CANDIDATE]: Term 1 pre-election: Tablet error from VoteRequest() call to peer f2a30eb51d1b4b3aa5efa700c2b97e39 (127.1.81.196:38799): Illegal state: must be running to vote when last-logged opid is not known
I20260608 10:08:17.842844  4373 raft_consensus.cc:2468] T 07b1c582750b4c7c8e377e32f56df83b P c9cdafcf622b49e9a15ea459ed7c37f9 [term 1 FOLLOWER]: Leader election vote request: Granting yes vote for candidate b2e0fd5e7e91453bbd7effe9134f7110 in term 1.
I20260608 10:08:17.836637  4490 leader_election.cc:304] T fcbcd4b90b974cfe86d9b85f389286cb P 2d80641e72b0472cb991b09e1e893c53 [CANDIDATE]: Term 1 election: Election decided. Result: candidate won. Election summary: received 3 responses out of 3 voters: 2 yes votes; 1 no votes. yes voters: 2d80641e72b0472cb991b09e1e893c53, b2e0fd5e7e91453bbd7effe9134f7110; no voters: f2a30eb51d1b4b3aa5efa700c2b97e39
I20260608 10:08:17.844677  4665 raft_consensus.cc:2468] T 07b1c582750b4c7c8e377e32f56df83b P f2a30eb51d1b4b3aa5efa700c2b97e39 [term 1 FOLLOWER]: Leader election vote request: Granting yes vote for candidate b2e0fd5e7e91453bbd7effe9134f7110 in term 1.
I20260608 10:08:17.836844  4371 raft_consensus.cc:3060] T 663bb0f9b9354cdca6ade5936fe15073 P c9cdafcf622b49e9a15ea459ed7c37f9 [term 0 FOLLOWER]: Advancing to term 1
I20260608 10:08:17.834291  4372 raft_consensus.cc:2468] T 163749b67b7f4bc99093ead5c758e6c3 P c9cdafcf622b49e9a15ea459ed7c37f9 [term 1 FOLLOWER]: Leader election vote request: Granting yes vote for candidate b2e0fd5e7e91453bbd7effe9134f7110 in term 1.
I20260608 10:08:17.845044  4717 ts_tablet_manager.cc:1434] T f4667a59b58d4b5bb1bcab434d71b2a2 P 2d80641e72b0472cb991b09e1e893c53: Time spent starting tablet: real 0.040s	user 0.003s	sys 0.004s
I20260608 10:08:17.849887  4373 tablet_service.cc:1917] Received RequestConsensusVote() RPC: tablet_id: "07b1c582750b4c7c8e377e32f56df83b" candidate_uuid: "f2a30eb51d1b4b3aa5efa700c2b97e39" candidate_term: 1 candidate_status { last_received { term: 0 index: 0 } } ignore_live_leader: false dest_uuid: "c9cdafcf622b49e9a15ea459ed7c37f9" is_pre_election: true
I20260608 10:08:17.845948  4413 leader_election.cc:304] T 07b1c582750b4c7c8e377e32f56df83b P b2e0fd5e7e91453bbd7effe9134f7110 [CANDIDATE]: Term 1 election: Election decided. Result: candidate won. Election summary: received 2 responses out of 3 voters: 2 yes votes; 0 no votes. yes voters: b2e0fd5e7e91453bbd7effe9134f7110, f2a30eb51d1b4b3aa5efa700c2b97e39; no voters: 
I20260608 10:08:17.847095  4663 tablet_service.cc:1917] Received RequestConsensusVote() RPC: tablet_id: "d275f6a1eade4842a56f07a5f68a8785" candidate_uuid: "2d80641e72b0472cb991b09e1e893c53" candidate_term: 1 candidate_status { last_received { term: 0 index: 0 } } ignore_live_leader: false dest_uuid: "f2a30eb51d1b4b3aa5efa700c2b97e39"
W20260608 10:08:17.846516  4338 leader_election.cc:343] T d275f6a1eade4842a56f07a5f68a8785 P c9cdafcf622b49e9a15ea459ed7c37f9 [CANDIDATE]: Term 1 pre-election: Tablet error from VoteRequest() call to peer f2a30eb51d1b4b3aa5efa700c2b97e39 (127.1.81.196:38799): Illegal state: must be running to vote when last-logged opid is not known
I20260608 10:08:17.852465  4575 raft_consensus.cc:2804] T 07b1c582750b4c7c8e377e32f56df83b P b2e0fd5e7e91453bbd7effe9134f7110 [term 1 FOLLOWER]: Leader election won for term 1
I20260608 10:08:17.854092  4575 raft_consensus.cc:697] T 07b1c582750b4c7c8e377e32f56df83b P b2e0fd5e7e91453bbd7effe9134f7110 [term 1 LEADER]: Becoming Leader. State: Replica: b2e0fd5e7e91453bbd7effe9134f7110, State: Running, Role: LEADER
I20260608 10:08:17.845218  4579 raft_consensus.cc:2804] T fcbcd4b90b974cfe86d9b85f389286cb P 2d80641e72b0472cb991b09e1e893c53 [term 1 FOLLOWER]: Leader election won for term 1
W20260608 10:08:17.854447  4489 leader_election.cc:343] T d275f6a1eade4842a56f07a5f68a8785 P 2d80641e72b0472cb991b09e1e893c53 [CANDIDATE]: Term 1 election: Tablet error from VoteRequest() call to peer f2a30eb51d1b4b3aa5efa700c2b97e39 (127.1.81.196:38799): Illegal state: must be running to vote when last-logged opid is not known
I20260608 10:08:17.855809  4595 leader_election.cc:290] T d275f6a1eade4842a56f07a5f68a8785 P 2d80641e72b0472cb991b09e1e893c53 [CANDIDATE]: Term 1 election: Requested vote from peers f2a30eb51d1b4b3aa5efa700c2b97e39 (127.1.81.196:38799), c9cdafcf622b49e9a15ea459ed7c37f9 (127.1.81.193:43683)
I20260608 10:08:17.856930  4718 tablet_bootstrap.cc:492] T f4667a59b58d4b5bb1bcab434d71b2a2 P b2e0fd5e7e91453bbd7effe9134f7110: No bootstrap required, opened a new log
I20260608 10:08:17.856812  4575 consensus_queue.cc:237] T 07b1c582750b4c7c8e377e32f56df83b P b2e0fd5e7e91453bbd7effe9134f7110 [LEADER]: Queue going to LEADER mode. State: All replicated index: 0, Majority replicated index: 0, Committed index: 0, Last appended: 0.0, Last appended by leader: 0, Current term: 1, Majority size: 2, State: 0, Mode: LEADER, active raft config: opid_index: -1 OBSOLETE_local: false peers { permanent_uuid: "c9cdafcf622b49e9a15ea459ed7c37f9" member_type: VOTER last_known_addr { host: "127.1.81.193" port: 43683 } } peers { permanent_uuid: "b2e0fd5e7e91453bbd7effe9134f7110" member_type: VOTER last_known_addr { host: "127.1.81.194" port: 39263 } } peers { permanent_uuid: "f2a30eb51d1b4b3aa5efa700c2b97e39" member_type: VOTER last_known_addr { host: "127.1.81.196" port: 38799 } }
I20260608 10:08:17.865338  4718 ts_tablet_manager.cc:1403] T f4667a59b58d4b5bb1bcab434d71b2a2 P b2e0fd5e7e91453bbd7effe9134f7110: Time spent bootstrapping tablet: real 0.214s	user 0.024s	sys 0.015s
I20260608 10:08:17.854841  4523 raft_consensus.cc:2393] T d275f6a1eade4842a56f07a5f68a8785 P 2d80641e72b0472cb991b09e1e893c53 [term 1 FOLLOWER]: Leader election vote request: Denying vote to candidate c9cdafcf622b49e9a15ea459ed7c37f9 in current term 1: Already voted for candidate 2d80641e72b0472cb991b09e1e893c53 in this term.
I20260608 10:08:17.858040  4370 tablet_service.cc:1917] Received RequestConsensusVote() RPC: tablet_id: "d275f6a1eade4842a56f07a5f68a8785" candidate_uuid: "2d80641e72b0472cb991b09e1e893c53" candidate_term: 1 candidate_status { last_received { term: 0 index: 0 } } ignore_live_leader: false dest_uuid: "c9cdafcf622b49e9a15ea459ed7c37f9"
I20260608 10:08:17.859458  4579 raft_consensus.cc:697] T fcbcd4b90b974cfe86d9b85f389286cb P 2d80641e72b0472cb991b09e1e893c53 [term 1 LEADER]: Becoming Leader. State: Replica: 2d80641e72b0472cb991b09e1e893c53, State: Running, Role: LEADER
I20260608 10:08:17.860662  4414 leader_election.cc:304] T 163749b67b7f4bc99093ead5c758e6c3 P b2e0fd5e7e91453bbd7effe9134f7110 [CANDIDATE]: Term 1 election: Election decided. Result: candidate won. Election summary: received 3 responses out of 3 voters: 2 yes votes; 1 no votes. yes voters: b2e0fd5e7e91453bbd7effe9134f7110, c9cdafcf622b49e9a15ea459ed7c37f9; no voters: f2a30eb51d1b4b3aa5efa700c2b97e39
I20260608 10:08:17.862389  4268 catalog_manager.cc:5696] T d13fdc89fa6c47bc9f654c66d5b33e1c P c9cdafcf622b49e9a15ea459ed7c37f9 reported cstate change: term changed from 0 to 1, leader changed from <none> to c9cdafcf622b49e9a15ea459ed7c37f9 (127.1.81.193). New cstate: current_term: 1 leader_uuid: "c9cdafcf622b49e9a15ea459ed7c37f9" committed_config { opid_index: -1 OBSOLETE_local: false peers { permanent_uuid: "f2a30eb51d1b4b3aa5efa700c2b97e39" member_type: VOTER last_known_addr { host: "127.1.81.196" port: 38799 } health_report { overall_health: UNKNOWN } } peers { permanent_uuid: "c9cdafcf622b49e9a15ea459ed7c37f9" member_type: VOTER last_known_addr { host: "127.1.81.193" port: 43683 } health_report { overall_health: HEALTHY } } peers { permanent_uuid: "b2e0fd5e7e91453bbd7effe9134f7110" member_type: VOTER last_known_addr { host: "127.1.81.194" port: 39263 } health_report { overall_health: UNKNOWN } } }
I20260608 10:08:17.864841  4373 raft_consensus.cc:2393] T 07b1c582750b4c7c8e377e32f56df83b P c9cdafcf622b49e9a15ea459ed7c37f9 [term 1 FOLLOWER]: Leader pre-election vote request: Denying vote to candidate f2a30eb51d1b4b3aa5efa700c2b97e39 in current term 1: Already voted for candidate b2e0fd5e7e91453bbd7effe9134f7110 in this term.
I20260608 10:08:17.854192  4724 consensus_queue.cc:260] T f4667a59b58d4b5bb1bcab434d71b2a2 P f2a30eb51d1b4b3aa5efa700c2b97e39 [NON_LEADER]: Queue going to NON_LEADER mode. State: All replicated index: 0, Majority replicated index: 0, Committed index: 0, Last appended: 0.0, Last appended by leader: 0, Current term: 0, Majority size: -1, State: 0, Mode: NON_LEADER, active raft config: opid_index: -1 OBSOLETE_local: false peers { permanent_uuid: "f2a30eb51d1b4b3aa5efa700c2b97e39" member_type: VOTER last_known_addr { host: "127.1.81.196" port: 38799 } } peers { permanent_uuid: "b2e0fd5e7e91453bbd7effe9134f7110" member_type: VOTER last_known_addr { host: "127.1.81.194" port: 39263 } } peers { permanent_uuid: "2d80641e72b0472cb991b09e1e893c53" member_type: VOTER last_known_addr { host: "127.1.81.195" port: 41783 } }
I20260608 10:08:17.867951  4370 raft_consensus.cc:2393] T d275f6a1eade4842a56f07a5f68a8785 P c9cdafcf622b49e9a15ea459ed7c37f9 [term 1 FOLLOWER]: Leader election vote request: Denying vote to candidate 2d80641e72b0472cb991b09e1e893c53 in current term 1: Already voted for candidate c9cdafcf622b49e9a15ea459ed7c37f9 in this term.
I20260608 10:08:17.869247  4704 raft_consensus.cc:2804] T 163749b67b7f4bc99093ead5c758e6c3 P b2e0fd5e7e91453bbd7effe9134f7110 [term 1 FOLLOWER]: Leader election won for term 1
I20260608 10:08:17.871107  4704 raft_consensus.cc:697] T 163749b67b7f4bc99093ead5c758e6c3 P b2e0fd5e7e91453bbd7effe9134f7110 [term 1 LEADER]: Becoming Leader. State: Replica: b2e0fd5e7e91453bbd7effe9134f7110, State: Running, Role: LEADER
I20260608 10:08:17.871408  4724 ts_tablet_manager.cc:1434] T f4667a59b58d4b5bb1bcab434d71b2a2 P f2a30eb51d1b4b3aa5efa700c2b97e39: Time spent starting tablet: real 0.130s	user 0.001s	sys 0.011s
I20260608 10:08:17.872408  4724 tablet_bootstrap.cc:492] T 663bb0f9b9354cdca6ade5936fe15073 P f2a30eb51d1b4b3aa5efa700c2b97e39: Bootstrap starting.
I20260608 10:08:17.871942  4704 consensus_queue.cc:237] T 163749b67b7f4bc99093ead5c758e6c3 P b2e0fd5e7e91453bbd7effe9134f7110 [LEADER]: Queue going to LEADER mode. State: All replicated index: 0, Majority replicated index: 0, Committed index: 0, Last appended: 0.0, Last appended by leader: 0, Current term: 1, Majority size: 2, State: 0, Mode: LEADER, active raft config: opid_index: -1 OBSOLETE_local: false peers { permanent_uuid: "c9cdafcf622b49e9a15ea459ed7c37f9" member_type: VOTER last_known_addr { host: "127.1.81.193" port: 43683 } } peers { permanent_uuid: "f2a30eb51d1b4b3aa5efa700c2b97e39" member_type: VOTER last_known_addr { host: "127.1.81.196" port: 38799 } } peers { permanent_uuid: "b2e0fd5e7e91453bbd7effe9134f7110" member_type: VOTER last_known_addr { host: "127.1.81.194" port: 39263 } }
