I20260608 10:08:55.184381  6034 tablet_service.cc:1917] Received RequestConsensusVote() RPC: tablet_id: "5ede5ebf349e4f4eb54bba9f97e23973" candidate_uuid: "9f4c39f4410c4ac9b0f61c98c131c45b" candidate_term: 1 candidate_status { last_received { term: 0 index: 0 } } ignore_live_leader: false dest_uuid: "4cb3a5374c454b71a2ec3c8d72c347be" is_pre_election: true
I20260608 10:08:55.184731  5883 raft_consensus.cc:2468] T 5ede5ebf349e4f4eb54bba9f97e23973 P 55b69d26d6c3496d9e3def85b1d4a24a [term 0 FOLLOWER]: Leader pre-election vote request: Granting yes vote for candidate 9f4c39f4410c4ac9b0f61c98c131c45b in term 0.
I20260608 10:08:55.185066  6034 raft_consensus.cc:2468] T 5ede5ebf349e4f4eb54bba9f97e23973 P 4cb3a5374c454b71a2ec3c8d72c347be [term 0 FOLLOWER]: Leader pre-election vote request: Granting yes vote for candidate 9f4c39f4410c4ac9b0f61c98c131c45b in term 0.
I20260608 10:08:55.185904  5924 leader_election.cc:304] T 5ede5ebf349e4f4eb54bba9f97e23973 P 9f4c39f4410c4ac9b0f61c98c131c45b [CANDIDATE]: Term 1 pre-election: Election decided. Result: candidate won. Election summary: received 2 responses out of 3 voters: 2 yes votes; 0 no votes. yes voters: 55b69d26d6c3496d9e3def85b1d4a24a, 9f4c39f4410c4ac9b0f61c98c131c45b; no voters: 
I20260608 10:08:55.187527  6120 raft_consensus.cc:2804] T 5ede5ebf349e4f4eb54bba9f97e23973 P 9f4c39f4410c4ac9b0f61c98c131c45b [term 0 FOLLOWER]: Leader pre-election won for term 1
I20260608 10:08:55.187873  6120 raft_consensus.cc:493] T 5ede5ebf349e4f4eb54bba9f97e23973 P 9f4c39f4410c4ac9b0f61c98c131c45b [term 0 FOLLOWER]: Starting leader election (no leader contacted us within the election timeout)
I20260608 10:08:55.188226  6120 raft_consensus.cc:3060] T 5ede5ebf349e4f4eb54bba9f97e23973 P 9f4c39f4410c4ac9b0f61c98c131c45b [term 0 FOLLOWER]: Advancing to term 1
I20260608 10:08:55.188282  6086 raft_consensus.cc:493] T d5e9e22cc54349fc931e2436ab1dc34f P 4cb3a5374c454b71a2ec3c8d72c347be [term 0 FOLLOWER]: Starting pre-election (no leader contacted us within the election timeout)
I20260608 10:08:55.188843  6086 raft_consensus.cc:515] T d5e9e22cc54349fc931e2436ab1dc34f P 4cb3a5374c454b71a2ec3c8d72c347be [term 0 FOLLOWER]: Starting pre-election with config: opid_index: -1 OBSOLETE_local: false peers { permanent_uuid: "55b69d26d6c3496d9e3def85b1d4a24a" member_type: VOTER last_known_addr { host: "127.1.81.193" port: 45507 } } peers { permanent_uuid: "9f4c39f4410c4ac9b0f61c98c131c45b" member_type: VOTER last_known_addr { host: "127.1.81.194" port: 38399 } } peers { permanent_uuid: "4cb3a5374c454b71a2ec3c8d72c347be" member_type: VOTER last_known_addr { host: "127.1.81.195" port: 34643 } }
I20260608 10:08:55.191470  6086 leader_election.cc:290] T d5e9e22cc54349fc931e2436ab1dc34f P 4cb3a5374c454b71a2ec3c8d72c347be [CANDIDATE]: Term 1 pre-election: Requested pre-vote from peers 55b69d26d6c3496d9e3def85b1d4a24a (127.1.81.193:45507), 9f4c39f4410c4ac9b0f61c98c131c45b (127.1.81.194:38399)
I20260608 10:08:55.191663  5883 tablet_service.cc:1917] Received RequestConsensusVote() RPC: tablet_id: "d5e9e22cc54349fc931e2436ab1dc34f" candidate_uuid: "4cb3a5374c454b71a2ec3c8d72c347be" candidate_term: 1 candidate_status { last_received { term: 0 index: 0 } } ignore_live_leader: false dest_uuid: "55b69d26d6c3496d9e3def85b1d4a24a" is_pre_election: true
I20260608 10:08:55.192412  5883 raft_consensus.cc:2468] T d5e9e22cc54349fc931e2436ab1dc34f P 55b69d26d6c3496d9e3def85b1d4a24a [term 0 FOLLOWER]: Leader pre-election vote request: Granting yes vote for candidate 4cb3a5374c454b71a2ec3c8d72c347be in term 0.
I20260608 10:08:55.192528  5958 tablet_service.cc:1917] Received RequestConsensusVote() RPC: tablet_id: "d5e9e22cc54349fc931e2436ab1dc34f" candidate_uuid: "4cb3a5374c454b71a2ec3c8d72c347be" candidate_term: 1 candidate_status { last_received { term: 0 index: 0 } } ignore_live_leader: false dest_uuid: "9f4c39f4410c4ac9b0f61c98c131c45b" is_pre_election: true
I20260608 10:08:55.193248  5958 raft_consensus.cc:2468] T d5e9e22cc54349fc931e2436ab1dc34f P 9f4c39f4410c4ac9b0f61c98c131c45b [term 0 FOLLOWER]: Leader pre-election vote request: Granting yes vote for candidate 4cb3a5374c454b71a2ec3c8d72c347be in term 0.
I20260608 10:08:55.193513  5998 leader_election.cc:304] T d5e9e22cc54349fc931e2436ab1dc34f P 4cb3a5374c454b71a2ec3c8d72c347be [CANDIDATE]: Term 1 pre-election: Election decided. Result: candidate won. Election summary: received 2 responses out of 3 voters: 2 yes votes; 0 no votes. yes voters: 4cb3a5374c454b71a2ec3c8d72c347be, 55b69d26d6c3496d9e3def85b1d4a24a; no voters: 
I20260608 10:08:55.194278  6086 raft_consensus.cc:2804] T d5e9e22cc54349fc931e2436ab1dc34f P 4cb3a5374c454b71a2ec3c8d72c347be [term 0 FOLLOWER]: Leader pre-election won for term 1
I20260608 10:08:55.194622  6086 raft_consensus.cc:493] T d5e9e22cc54349fc931e2436ab1dc34f P 4cb3a5374c454b71a2ec3c8d72c347be [term 0 FOLLOWER]: Starting leader election (no leader contacted us within the election timeout)
I20260608 10:08:55.194957  6086 raft_consensus.cc:3060] T d5e9e22cc54349fc931e2436ab1dc34f P 4cb3a5374c454b71a2ec3c8d72c347be [term 0 FOLLOWER]: Advancing to term 1
I20260608 10:08:55.195253  6120 raft_consensus.cc:515] T 5ede5ebf349e4f4eb54bba9f97e23973 P 9f4c39f4410c4ac9b0f61c98c131c45b [term 1 FOLLOWER]: Starting leader election with config: opid_index: -1 OBSOLETE_local: false peers { permanent_uuid: "55b69d26d6c3496d9e3def85b1d4a24a" member_type: VOTER last_known_addr { host: "127.1.81.193" port: 45507 } } peers { permanent_uuid: "9f4c39f4410c4ac9b0f61c98c131c45b" member_type: VOTER last_known_addr { host: "127.1.81.194" port: 38399 } } peers { permanent_uuid: "4cb3a5374c454b71a2ec3c8d72c347be" member_type: VOTER last_known_addr { host: "127.1.81.195" port: 34643 } }
I20260608 10:08:55.197891  6122 consensus_queue.cc:1048] T 2f33ca156a8f4bbd84325300d1cbb3e2 P 4cb3a5374c454b71a2ec3c8d72c347be [LEADER]: Connected to new peer: Peer: permanent_uuid: "9f4c39f4410c4ac9b0f61c98c131c45b" member_type: VOTER last_known_addr { host: "127.1.81.194" port: 38399 }, Status: LMP_MISMATCH, Last received: 0.0, Next index: 1, Last known committed idx: 0, Time since last communication: 0.000s
I20260608 10:08:55.198387  5883 tablet_service.cc:1917] Received RequestConsensusVote() RPC: tablet_id: "5ede5ebf349e4f4eb54bba9f97e23973" candidate_uuid: "9f4c39f4410c4ac9b0f61c98c131c45b" candidate_term: 1 candidate_status { last_received { term: 0 index: 0 } } ignore_live_leader: false dest_uuid: "55b69d26d6c3496d9e3def85b1d4a24a"
I20260608 10:08:55.198690  6120 leader_election.cc:290] T 5ede5ebf349e4f4eb54bba9f97e23973 P 9f4c39f4410c4ac9b0f61c98c131c45b [CANDIDATE]: Term 1 election: Requested vote from peers 55b69d26d6c3496d9e3def85b1d4a24a (127.1.81.193:45507), 4cb3a5374c454b71a2ec3c8d72c347be (127.1.81.195:34643)
I20260608 10:08:55.198956  5883 raft_consensus.cc:3060] T 5ede5ebf349e4f4eb54bba9f97e23973 P 55b69d26d6c3496d9e3def85b1d4a24a [term 0 FOLLOWER]: Advancing to term 1
I20260608 10:08:55.200421  6034 tablet_service.cc:1917] Received RequestConsensusVote() RPC: tablet_id: "5ede5ebf349e4f4eb54bba9f97e23973" candidate_uuid: "9f4c39f4410c4ac9b0f61c98c131c45b" candidate_term: 1 candidate_status { last_received { term: 0 index: 0 } } ignore_live_leader: false dest_uuid: "4cb3a5374c454b71a2ec3c8d72c347be"
I20260608 10:08:55.201015  6034 raft_consensus.cc:3060] T 5ede5ebf349e4f4eb54bba9f97e23973 P 4cb3a5374c454b71a2ec3c8d72c347be [term 0 FOLLOWER]: Advancing to term 1
I20260608 10:08:55.201669  6086 raft_consensus.cc:515] T d5e9e22cc54349fc931e2436ab1dc34f P 4cb3a5374c454b71a2ec3c8d72c347be [term 1 FOLLOWER]: Starting leader election with config: opid_index: -1 OBSOLETE_local: false peers { permanent_uuid: "55b69d26d6c3496d9e3def85b1d4a24a" member_type: VOTER last_known_addr { host: "127.1.81.193" port: 45507 } } peers { permanent_uuid: "9f4c39f4410c4ac9b0f61c98c131c45b" member_type: VOTER last_known_addr { host: "127.1.81.194" port: 38399 } } peers { permanent_uuid: "4cb3a5374c454b71a2ec3c8d72c347be" member_type: VOTER last_known_addr { host: "127.1.81.195" port: 34643 } }
I20260608 10:08:55.204362  6086 leader_election.cc:290] T d5e9e22cc54349fc931e2436ab1dc34f P 4cb3a5374c454b71a2ec3c8d72c347be [CANDIDATE]: Term 1 election: Requested vote from peers 55b69d26d6c3496d9e3def85b1d4a24a (127.1.81.193:45507), 9f4c39f4410c4ac9b0f61c98c131c45b (127.1.81.194:38399)
I20260608 10:08:55.205420  5883 raft_consensus.cc:2468] T 5ede5ebf349e4f4eb54bba9f97e23973 P 55b69d26d6c3496d9e3def85b1d4a24a [term 1 FOLLOWER]: Leader election vote request: Granting yes vote for candidate 9f4c39f4410c4ac9b0f61c98c131c45b in term 1.
I20260608 10:08:55.205835  5958 tablet_service.cc:1917] Received RequestConsensusVote() RPC: tablet_id: "d5e9e22cc54349fc931e2436ab1dc34f" candidate_uuid: "4cb3a5374c454b71a2ec3c8d72c347be" candidate_term: 1 candidate_status { last_received { term: 0 index: 0 } } ignore_live_leader: false dest_uuid: "9f4c39f4410c4ac9b0f61c98c131c45b"
I20260608 10:08:55.206408  5958 raft_consensus.cc:3060] T d5e9e22cc54349fc931e2436ab1dc34f P 9f4c39f4410c4ac9b0f61c98c131c45b [term 0 FOLLOWER]: Advancing to term 1
I20260608 10:08:55.208410  5924 leader_election.cc:304] T 5ede5ebf349e4f4eb54bba9f97e23973 P 9f4c39f4410c4ac9b0f61c98c131c45b [CANDIDATE]: Term 1 election: Election decided. Result: candidate won. Election summary: received 2 responses out of 3 voters: 2 yes votes; 0 no votes. yes voters: 55b69d26d6c3496d9e3def85b1d4a24a, 9f4c39f4410c4ac9b0f61c98c131c45b; no voters: 
I20260608 10:08:55.204496  5882 tablet_service.cc:1917] Received RequestConsensusVote() RPC: tablet_id: "d5e9e22cc54349fc931e2436ab1dc34f" candidate_uuid: "4cb3a5374c454b71a2ec3c8d72c347be" candidate_term: 1 candidate_status { last_received { term: 0 index: 0 } } ignore_live_leader: false dest_uuid: "55b69d26d6c3496d9e3def85b1d4a24a"
I20260608 10:08:55.209331  6120 raft_consensus.cc:2804] T 5ede5ebf349e4f4eb54bba9f97e23973 P 9f4c39f4410c4ac9b0f61c98c131c45b [term 1 FOLLOWER]: Leader election won for term 1
I20260608 10:08:55.209350  5882 raft_consensus.cc:3060] T d5e9e22cc54349fc931e2436ab1dc34f P 55b69d26d6c3496d9e3def85b1d4a24a [term 0 FOLLOWER]: Advancing to term 1
I20260608 10:08:55.210078  6120 raft_consensus.cc:697] T 5ede5ebf349e4f4eb54bba9f97e23973 P 9f4c39f4410c4ac9b0f61c98c131c45b [term 1 LEADER]: Becoming Leader. State: Replica: 9f4c39f4410c4ac9b0f61c98c131c45b, State: Running, Role: LEADER
I20260608 10:08:55.210932  6120 consensus_queue.cc:237] T 5ede5ebf349e4f4eb54bba9f97e23973 P 9f4c39f4410c4ac9b0f61c98c131c45b [LEADER]: Queue going to LEADER mode. State: All replicated index: 0, Majority replicated index: 0, Committed index: 0, Last appended: 0.0, Last appended by leader: 0, Current term: 1, Majority size: 2, State: 0, Mode: LEADER, active raft config: opid_index: -1 OBSOLETE_local: false peers { permanent_uuid: "55b69d26d6c3496d9e3def85b1d4a24a" member_type: VOTER last_known_addr { host: "127.1.81.193" port: 45507 } } peers { permanent_uuid: "9f4c39f4410c4ac9b0f61c98c131c45b" member_type: VOTER last_known_addr { host: "127.1.81.194" port: 38399 } } peers { permanent_uuid: "4cb3a5374c454b71a2ec3c8d72c347be" member_type: VOTER last_known_addr { host: "127.1.81.195" port: 34643 } }
I20260608 10:08:55.212538  5958 raft_consensus.cc:2468] T d5e9e22cc54349fc931e2436ab1dc34f P 9f4c39f4410c4ac9b0f61c98c131c45b [term 1 FOLLOWER]: Leader election vote request: Granting yes vote for candidate 4cb3a5374c454b71a2ec3c8d72c347be in term 1.
I20260608 10:08:55.217686  6086 consensus_queue.cc:1048] T 2f33ca156a8f4bbd84325300d1cbb3e2 P 4cb3a5374c454b71a2ec3c8d72c347be [LEADER]: Connected to new peer: Peer: permanent_uuid: "55b69d26d6c3496d9e3def85b1d4a24a" member_type: VOTER last_known_addr { host: "127.1.81.193" port: 45507 }, Status: LMP_MISMATCH, Last received: 0.0, Next index: 1, Last known committed idx: 0, Time since last communication: 0.000s
I20260608 10:08:55.218314  5996 leader_election.cc:304] T d5e9e22cc54349fc931e2436ab1dc34f P 4cb3a5374c454b71a2ec3c8d72c347be [CANDIDATE]: Term 1 election: Election decided. Result: candidate won. Election summary: received 2 responses out of 3 voters: 2 yes votes; 0 no votes. yes voters: 4cb3a5374c454b71a2ec3c8d72c347be, 9f4c39f4410c4ac9b0f61c98c131c45b; no voters: 
I20260608 10:08:55.218796  5882 raft_consensus.cc:2468] T d5e9e22cc54349fc931e2436ab1dc34f P 55b69d26d6c3496d9e3def85b1d4a24a [term 1 FOLLOWER]: Leader election vote request: Granting yes vote for candidate 4cb3a5374c454b71a2ec3c8d72c347be in term 1.
I20260608 10:08:55.219089  6086 raft_consensus.cc:2804] T d5e9e22cc54349fc931e2436ab1dc34f P 4cb3a5374c454b71a2ec3c8d72c347be [term 1 FOLLOWER]: Leader election won for term 1
I20260608 10:08:55.219636  6086 raft_consensus.cc:697] T d5e9e22cc54349fc931e2436ab1dc34f P 4cb3a5374c454b71a2ec3c8d72c347be [term 1 LEADER]: Becoming Leader. State: Replica: 4cb3a5374c454b71a2ec3c8d72c347be, State: Running, Role: LEADER
I20260608 10:08:55.220497  6086 consensus_queue.cc:237] T d5e9e22cc54349fc931e2436ab1dc34f P 4cb3a5374c454b71a2ec3c8d72c347be [LEADER]: Queue going to LEADER mode. State: All replicated index: 0, Majority replicated index: 0, Committed index: 0, Last appended: 0.0, Last appended by leader: 0, Current term: 1, Majority size: 2, State: 0, Mode: LEADER, active raft config: opid_index: -1 OBSOLETE_local: false peers { permanent_uuid: "55b69d26d6c3496d9e3def85b1d4a24a" member_type: VOTER last_known_addr { host: "127.1.81.193" port: 45507 } } peers { permanent_uuid: "9f4c39f4410c4ac9b0f61c98c131c45b" member_type: VOTER last_known_addr { host: "127.1.81.194" port: 38399 } } peers { permanent_uuid: "4cb3a5374c454b71a2ec3c8d72c347be" member_type: VOTER last_known_addr { host: "127.1.81.195" port: 34643 } }
I20260608 10:08:55.229537  6034 raft_consensus.cc:2468] T 5ede5ebf349e4f4eb54bba9f97e23973 P 4cb3a5374c454b71a2ec3c8d72c347be [term 1 FOLLOWER]: Leader election vote request: Granting yes vote for candidate 9f4c39f4410c4ac9b0f61c98c131c45b in term 1.
I20260608 10:08:55.232820  6118 consensus_queue.cc:1048] T dc6e98ae09d84e0faab017c43d9d594a P 9f4c39f4410c4ac9b0f61c98c131c45b [LEADER]: Connected to new peer: Peer: permanent_uuid: "4cb3a5374c454b71a2ec3c8d72c347be" member_type: VOTER last_known_addr { host: "127.1.81.195" port: 34643 }, Status: LMP_MISMATCH, Last received: 0.0, Next index: 1, Last known committed idx: 0, Time since last communication: 0.000s
I20260608 10:08:55.239787  5781 catalog_manager.cc:5696] T d5e9e22cc54349fc931e2436ab1dc34f P 4cb3a5374c454b71a2ec3c8d72c347be reported cstate change: term changed from 0 to 1, leader changed from <none> to 4cb3a5374c454b71a2ec3c8d72c347be (127.1.81.195). New cstate: current_term: 1 leader_uuid: "4cb3a5374c454b71a2ec3c8d72c347be" committed_config { opid_index: -1 OBSOLETE_local: false peers { permanent_uuid: "55b69d26d6c3496d9e3def85b1d4a24a" member_type: VOTER last_known_addr { host: "127.1.81.193" port: 45507 } health_report { overall_health: UNKNOWN } } peers { permanent_uuid: "9f4c39f4410c4ac9b0f61c98c131c45b" member_type: VOTER last_known_addr { host: "127.1.81.194" port: 38399 } health_report { overall_health: UNKNOWN } } peers { permanent_uuid: "4cb3a5374c454b71a2ec3c8d72c347be" member_type: VOTER last_known_addr { host: "127.1.81.195" port: 34643 } health_report { overall_health: HEALTHY } } }
I20260608 10:08:55.248734  6120 consensus_queue.cc:1048] T 03766883b4634655b9fdc8c139776023 P 9f4c39f4410c4ac9b0f61c98c131c45b [LEADER]: Connected to new peer: Peer: permanent_uuid: "55b69d26d6c3496d9e3def85b1d4a24a" member_type: VOTER last_known_addr { host: "127.1.81.193" port: 45507 }, Status: LMP_MISMATCH, Last received: 0.0, Next index: 1, Last known committed idx: 0, Time since last communication: 0.000s
I20260608 10:08:55.249691  5778 catalog_manager.cc:5696] T 5ede5ebf349e4f4eb54bba9f97e23973 P 9f4c39f4410c4ac9b0f61c98c131c45b reported cstate change: term changed from 0 to 1, leader changed from <none> to 9f4c39f4410c4ac9b0f61c98c131c45b (127.1.81.194). New cstate: current_term: 1 leader_uuid: "9f4c39f4410c4ac9b0f61c98c131c45b" committed_config { opid_index: -1 OBSOLETE_local: false peers { permanent_uuid: "55b69d26d6c3496d9e3def85b1d4a24a" member_type: VOTER last_known_addr { host: "127.1.81.193" port: 45507 } health_report { overall_health: UNKNOWN } } peers { permanent_uuid: "9f4c39f4410c4ac9b0f61c98c131c45b" member_type: VOTER last_known_addr { host: "127.1.81.194" port: 38399 } health_report { overall_health: HEALTHY } } peers { permanent_uuid: "4cb3a5374c454b71a2ec3c8d72c347be" member_type: VOTER last_known_addr { host: "127.1.81.195" port: 34643 } health_report { overall_health: UNKNOWN } } }
I20260608 10:08:55.272320  6120 consensus_queue.cc:1048] T 03766883b4634655b9fdc8c139776023 P 9f4c39f4410c4ac9b0f61c98c131c45b [LEADER]: Connected to new peer: Peer: permanent_uuid: "4cb3a5374c454b71a2ec3c8d72c347be" member_type: VOTER last_known_addr { host: "127.1.81.195" port: 34643 }, Status: LMP_MISMATCH, Last received: 0.0, Next index: 1, Last known committed idx: 0, Time since last communication: 0.001s
I20260608 10:08:55.274758  6118 consensus_queue.cc:1048] T dc6e98ae09d84e0faab017c43d9d594a P 9f4c39f4410c4ac9b0f61c98c131c45b [LEADER]: Connected to new peer: Peer: permanent_uuid: "55b69d26d6c3496d9e3def85b1d4a24a" member_type: VOTER last_known_addr { host: "127.1.81.193" port: 45507 }, Status: LMP_MISMATCH, Last received: 0.0, Next index: 1, Last known committed idx: 0, Time since last communication: 0.000s
I20260608 10:08:55.280994  5883 raft_consensus.cc:3060] T a2a9ef0afbb34ccb9ba62f9509b42ed4 P 55b69d26d6c3496d9e3def85b1d4a24a [term 0 FOLLOWER]: Advancing to term 1
I20260608 10:08:55.289649  6086 consensus_queue.cc:1048] T a2a9ef0afbb34ccb9ba62f9509b42ed4 P 4cb3a5374c454b71a2ec3c8d72c347be [LEADER]: Connected to new peer: Peer: permanent_uuid: "55b69d26d6c3496d9e3def85b1d4a24a" member_type: VOTER last_known_addr { host: "127.1.81.193" port: 45507 }, Status: LMP_MISMATCH, Last received: 0.0, Next index: 1, Last known committed idx: 0, Time since last communication: 0.000s
I20260608 10:08:55.301057  6106 consensus_queue.cc:1048] T 3f28a931cba342818d3815dad2b5b87f P 55b69d26d6c3496d9e3def85b1d4a24a [LEADER]: Connected to new peer: Peer: permanent_uuid: "4cb3a5374c454b71a2ec3c8d72c347be" member_type: VOTER last_known_addr { host: "127.1.81.195" port: 34643 }, Status: LMP_MISMATCH, Last received: 0.0, Next index: 1, Last known committed idx: 0, Time since last communication: 0.000s
I20260608 10:08:55.318470  6160 consensus_queue.cc:1048] T a2a9ef0afbb34ccb9ba62f9509b42ed4 P 4cb3a5374c454b71a2ec3c8d72c347be [LEADER]: Connected to new peer: Peer: permanent_uuid: "9f4c39f4410c4ac9b0f61c98c131c45b" member_type: VOTER last_known_addr { host: "127.1.81.194" port: 38399 }, Status: LMP_MISMATCH, Last received: 0.0, Next index: 1, Last known committed idx: 0, Time since last communication: 0.001s
I20260608 10:08:55.319804  6118 consensus_queue.cc:1048] T 54928702b78047db8aeb3b195f4e7b95 P 9f4c39f4410c4ac9b0f61c98c131c45b [LEADER]: Connected to new peer: Peer: permanent_uuid: "4cb3a5374c454b71a2ec3c8d72c347be" member_type: VOTER last_known_addr { host: "127.1.81.195" port: 34643 }, Status: LMP_MISMATCH, Last received: 0.0, Next index: 1, Last known committed idx: 0, Time since last communication: 0.000s
I20260608 10:08:55.356161  6117 consensus_queue.cc:1048] T 3f28a931cba342818d3815dad2b5b87f P 55b69d26d6c3496d9e3def85b1d4a24a [LEADER]: Connected to new peer: Peer: permanent_uuid: "9f4c39f4410c4ac9b0f61c98c131c45b" member_type: VOTER last_known_addr { host: "127.1.81.194" port: 38399 }, Status: LMP_MISMATCH, Last received: 0.0, Next index: 1, Last known committed idx: 0, Time since last communication: 0.000s
I20260608 10:08:55.378228  6120 consensus_queue.cc:1048] T 54928702b78047db8aeb3b195f4e7b95 P 9f4c39f4410c4ac9b0f61c98c131c45b [LEADER]: Connected to new peer: Peer: permanent_uuid: "55b69d26d6c3496d9e3def85b1d4a24a" member_type: VOTER last_known_addr { host: "127.1.81.193" port: 45507 }, Status: LMP_MISMATCH, Last received: 0.0, Next index: 1, Last known committed idx: 0, Time since last communication: 0.000s
I20260608 10:08:55.447832  6117 consensus_queue.cc:1048] T 9678d9b487a54049a568f2ba345a952a P 55b69d26d6c3496d9e3def85b1d4a24a [LEADER]: Connected to new peer: Peer: permanent_uuid: "9f4c39f4410c4ac9b0f61c98c131c45b" member_type: VOTER last_known_addr { host: "127.1.81.194" port: 38399 }, Status: LMP_MISMATCH, Last received: 0.0, Next index: 1, Last known committed idx: 0, Time since last communication: 0.000s
I20260608 10:08:55.460548  6117 consensus_queue.cc:1048] T 9678d9b487a54049a568f2ba345a952a P 55b69d26d6c3496d9e3def85b1d4a24a [LEADER]: Connected to new peer: Peer: permanent_uuid: "4cb3a5374c454b71a2ec3c8d72c347be" member_type: VOTER last_known_addr { host: "127.1.81.195" port: 34643 }, Status: LMP_MISMATCH, Last received: 0.0, Next index: 1, Last known committed idx: 0, Time since last communication: 0.000s
I20260608 10:08:55.498508  6117 consensus_queue.cc:1048] T 010ee6faead94a96bf8030132374ff0c P 55b69d26d6c3496d9e3def85b1d4a24a [LEADER]: Connected to new peer: Peer: permanent_uuid: "9f4c39f4410c4ac9b0f61c98c131c45b" member_type: VOTER last_known_addr { host: "127.1.81.194" port: 38399 }, Status: LMP_MISMATCH, Last received: 0.0, Next index: 1, Last known committed idx: 0, Time since last communication: 0.000s
I20260608 10:08:55.519840  6117 consensus_queue.cc:1048] T 010ee6faead94a96bf8030132374ff0c P 55b69d26d6c3496d9e3def85b1d4a24a [LEADER]: Connected to new peer: Peer: permanent_uuid: "4cb3a5374c454b71a2ec3c8d72c347be" member_type: VOTER last_known_addr { host: "127.1.81.195" port: 34643 }, Status: LMP_MISMATCH, Last received: 0.0, Next index: 1, Last known committed idx: 0, Time since last communication: 0.000s
I20260608 10:08:55.644114  6160 consensus_queue.cc:1048] T d5e9e22cc54349fc931e2436ab1dc34f P 4cb3a5374c454b71a2ec3c8d72c347be [LEADER]: Connected to new peer: Peer: permanent_uuid: "55b69d26d6c3496d9e3def85b1d4a24a" member_type: VOTER last_known_addr { host: "127.1.81.193" port: 45507 }, Status: LMP_MISMATCH, Last received: 0.0, Next index: 1, Last known committed idx: 0, Time since last communication: 0.000s
I20260608 10:08:55.681432  6120 consensus_queue.cc:1048] T 5ede5ebf349e4f4eb54bba9f97e23973 P 9f4c39f4410c4ac9b0f61c98c131c45b [LEADER]: Connected to new peer: Peer: permanent_uuid: "4cb3a5374c454b71a2ec3c8d72c347be" member_type: VOTER last_known_addr { host: "127.1.81.195" port: 34643 }, Status: LMP_MISMATCH, Last received: 0.0, Next index: 1, Last known committed idx: 0, Time since last communication: 0.000s
W20260608 10:08:55.749440  6067 outbound_call.cc:321] RPC callback for RPC call kudu.master.MasterService.GetTableLocations -> {remote=127.1.81.254:43863, user_credentials={real_user=slave}} blocked reactor thread for 45101.1us
W20260608 10:08:55.801599  5998 outbound_call.cc:321] RPC callback for RPC call kudu.consensus.ConsensusService.UpdateConsensus -> {remote=127.1.81.193:45507, user_credentials={real_user=slave}} blocked reactor thread for 92007.2us
I20260608 10:08:55.886202  5958 raft_consensus.cc:1275] T d5e9e22cc54349fc931e2436ab1dc34f P 9f4c39f4410c4ac9b0f61c98c131c45b [term 1 FOLLOWER]: Refusing update from remote peer 4cb3a5374c454b71a2ec3c8d72c347be: Log matching property violated. Preceding OpId in replica: term: 0 index: 0. Preceding OpId from leader: term: 1 index: 2. (index mismatch)
W20260608 10:08:55.882648  5924 outbound_call.cc:321] RPC callback for RPC call kudu.consensus.ConsensusService.UpdateConsensus -> {remote=127.1.81.193:45507, user_credentials={real_user=slave}} blocked reactor thread for 45971us
I20260608 10:08:55.907413  6199 consensus_queue.cc:1048] T d5e9e22cc54349fc931e2436ab1dc34f P 4cb3a5374c454b71a2ec3c8d72c347be [LEADER]: Connected to new peer: Peer: permanent_uuid: "9f4c39f4410c4ac9b0f61c98c131c45b" member_type: VOTER last_known_addr { host: "127.1.81.194" port: 38399 }, Status: LMP_MISMATCH, Last received: 0.0, Next index: 1, Last known committed idx: 0, Time since last communication: 0.000s
I20260608 10:08:55.994149  6212 consensus_queue.cc:1048] T 5ede5ebf349e4f4eb54bba9f97e23973 P 9f4c39f4410c4ac9b0f61c98c131c45b [LEADER]: Connected to new peer: Peer: permanent_uuid: "55b69d26d6c3496d9e3def85b1d4a24a" member_type: VOTER last_known_addr { host: "127.1.81.193" port: 45507 }, Status: LMP_MISMATCH, Last received: 0.0, Next index: 1, Last known committed idx: 0, Time since last communication: 0.010s
W20260608 10:08:56.298739  5996 outbound_call.cc:321] RPC callback for RPC call kudu.consensus.ConsensusService.UpdateConsensus -> {remote=127.1.81.194:38399, user_credentials={real_user=slave}} blocked reactor thread for 46279.3us
W20260608 10:08:56.401224  6066 outbound_call.cc:321] RPC callback for RPC call kudu.tserver.TabletServerService.Write -> {remote=127.1.81.195:34643, user_credentials={real_user=slave}} blocked reactor thread for 229352us
W20260608 10:08:56.558770  5848 outbound_call.cc:321] RPC callback for RPC call kudu.consensus.ConsensusService.UpdateConsensus -> {remote=127.1.81.195:34643, user_credentials={real_user=slave}} blocked reactor thread for 83895.3us
W20260608 10:08:56.593060  6239 log.cc:927] Time spent T 7248cebba4e84a4fad14ef42ac1cad77 P 4cb3a5374c454b71a2ec3c8d72c347be: Append to log took a long time: real 0.160s	user 0.001s	sys 0.003s
I20260608 10:08:56.681664  6211 rpcz_store.cc:275] Call kudu.tserver.TabletServerService.Write from 127.0.0.1:33706 (ReqId={client: 4fe1145f728942feb981d5ad111a8210, seq_no=16, attempt_no=0}) took 1011 ms. Trace:
I20260608 10:08:56.683753  6211 rpcz_store.cc:276] 0608 10:08:55.670091 (+     0us) service_pool.cc:167] Inserting onto call queue
0608 10:08:55.680722 (+ 10631us) service_pool.cc:224] Handling call
0608 10:08:56.681598 (+1000876us) inbound_call.cc:177] Queueing success response
Related trace 'op':
0608 10:08:55.766588 (+     0us) write_op.cc:183] PREPARE: starting on tablet 5ede5ebf349e4f4eb54bba9f97e23973
0608 10:08:55.767093 (+   505us) write_op.cc:432] Acquiring schema lock in shared mode
0608 10:08:55.767123 (+    30us) write_op.cc:435] Acquired schema lock
0608 10:08:55.767140 (+    17us) tablet.cc:662] Decoding operations
0608 10:08:55.767660 (+   520us) write_op.cc:620] Acquiring the partition lock for write op
0608 10:08:55.767706 (+    46us) write_op.cc:641] Partition lock acquired for write op
0608 10:08:55.767733 (+    27us) tablet.cc:685] Acquiring locks for 6 operations
0608 10:08:55.776877 (+  9144us) tablet.cc:701] Row locks acquired
0608 10:08:55.776894 (+    17us) write_op.cc:260] PREPARE: finished
0608 10:08:55.777064 (+   170us) write_op.cc:270] Start()
0608 10:08:55.777194 (+   130us) write_op.cc:276] Timestamp: P: 1780913335777017 usec, L: 0
0608 10:08:55.777212 (+    18us) op_driver.cc:348] REPLICATION: starting
0608 10:08:55.777880 (+   668us) log.cc:844] Serialized 562 byte log entry
0608 10:08:56.620163 (+842283us) op_driver.cc:464] REPLICATION: finished
0608 10:08:56.626719 (+  6556us) write_op.cc:301] APPLY: starting
0608 10:08:56.626790 (+    71us) tablet.cc:1367] starting BulkCheckPresence
0608 10:08:56.626954 (+   164us) tablet.cc:1370] finished BulkCheckPresence
0608 10:08:56.627050 (+    96us) tablet.cc:1372] starting ApplyRowOperation cycle
0608 10:08:56.680433 (+ 53383us) tablet.cc:1383] finished ApplyRowOperation cycle
0608 10:08:56.680663 (+   230us) tablet_metrics.cc:581] ProbeStats: bloom_lookups=0,key_file_lookups=0,delta_file_lookups=0,mrs_lookups=0
0608 10:08:56.680711 (+    48us) write_op.cc:312] APPLY: finished
0608 10:08:56.680944 (+   233us) log.cc:844] Serialized 52 byte log entry
0608 10:08:56.681171 (+   227us) write_op.cc:489] Releasing partition, row and schema locks
0608 10:08:56.681280 (+   109us) write_op.cc:454] Released schema lock
0608 10:08:56.681317 (+    37us) write_op.cc:341] FINISH: Updating metrics
Metrics: {"child_traces":[["op",{"apply.queue_time_us":6375,"num_ops":6,"prepare.queue_time_us":80382,"prepare.run_cpu_time_us":2891,"prepare.run_wall_time_us":14239,"replication_time_us":842834,"thread_start_us":121073,"threads_started":1}]]}
I20260608 10:08:56.676654  6218 rpcz_store.cc:275] Call kudu.tserver.TabletServerService.Write from 127.0.0.1:40372 (ReqId={client: 4fe1145f728942feb981d5ad111a8210, seq_no=30, attempt_no=0}) took 1005 ms. Trace:
I20260608 10:08:56.692051  6218 rpcz_store.cc:276] 0608 10:08:55.671042 (+     0us) service_pool.cc:167] Inserting onto call queue
0608 10:08:55.675719 (+  4677us) service_pool.cc:224] Handling call
0608 10:08:56.676530 (+1000811us) inbound_call.cc:177] Queueing success response
Related trace 'op':
0608 10:08:55.819346 (+     0us) write_op.cc:183] PREPARE: starting on tablet 2f33ca156a8f4bbd84325300d1cbb3e2
0608 10:08:55.876410 (+ 57064us) write_op.cc:432] Acquiring schema lock in shared mode
0608 10:08:55.877551 (+  1141us) write_op.cc:435] Acquired schema lock
0608 10:08:55.878277 (+   726us) tablet.cc:662] Decoding operations
0608 10:08:55.888383 (+ 10106us) write_op.cc:620] Acquiring the partition lock for write op
0608 10:08:55.888427 (+    44us) write_op.cc:641] Partition lock acquired for write op
0608 10:08:55.888455 (+    28us) tablet.cc:685] Acquiring locks for 2 operations
0608 10:08:55.888733 (+   278us) tablet.cc:701] Row locks acquired
0608 10:08:55.888754 (+    21us) write_op.cc:260] PREPARE: finished
0608 10:08:55.888928 (+   174us) write_op.cc:270] Start()
0608 10:08:55.889046 (+   118us) write_op.cc:276] Timestamp: P: 1780913335888882 usec, L: 0
0608 10:08:55.889070 (+    24us) op_driver.cc:348] REPLICATION: starting
0608 10:08:56.138481 (+249411us) spinlock_profiling.cc:243] Waited 6.68 ms on lock 0x7b54001598a0. stack: 00007f3fd57b83a1 00007f3fd57b81c8 00007f3fd4f93f11 000000000047cd55 000000000047cca8 00007f3fde3e9152 00007f3fd8e85134 00007f3fd8e84ae6 00007f3fd8f776ff 00007f3fd8f78072 00007f3fdcad0788 00007f3fdcacf660 00007f3fdcad9950 00007f3fdcad98b0 00007f3fdcad9810 00007f3fdcad97b0
0608 10:08:56.150931 (+ 12450us) log.cc:844] Serialized 388 byte log entry
0608 10:08:56.395078 (+244147us) spinlock_profiling.cc:243] Waited 132 ms on lock 0x7b54002017d4. stack: 00007f3fd57b83a1 00007f3fd57b81c8 00007f3fd4f93f11 000000000047cd55 000000000047cca8 00007f3fd8e6b5cb 00007f3fd8f78115 00007f3fdcad0788 00007f3fdcacf660 00007f3fdcad9950 00007f3fdcad98b0 00007f3fdcad9810 00007f3fdcad97b0 00007f3fdcad792f 0000000000497fd6 0000000000497c68
0608 10:08:56.553245 (+158167us) op_driver.cc:464] REPLICATION: finished
0608 10:08:56.556304 (+  3059us) write_op.cc:301] APPLY: starting
0608 10:08:56.560214 (+  3910us) tablet.cc:1367] starting BulkCheckPresence
0608 10:08:56.565542 (+  5328us) tablet.cc:1370] finished BulkCheckPresence
0608 10:08:56.565566 (+    24us) tablet.cc:1372] starting ApplyRowOperation cycle
0608 10:08:56.639949 (+ 74383us) tablet.cc:1383] finished ApplyRowOperation cycle
0608 10:08:56.670171 (+ 30222us) tablet_metrics.cc:581] ProbeStats: bloom_lookups=0,key_file_lookups=0,delta_file_lookups=0,mrs_lookups=0
0608 10:08:56.671605 (+  1434us) write_op.cc:312] APPLY: finished
0608 10:08:56.675246 (+  3641us) log.cc:844] Serialized 28 byte log entry
0608 10:08:56.676097 (+   851us) write_op.cc:489] Releasing partition, row and schema locks
0608 10:08:56.676176 (+    79us) write_op.cc:454] Released schema lock
0608 10:08:56.676217 (+    41us) write_op.cc:341] FINISH: Updating metrics
Metrics: {"child_traces":[["op",{"apply.queue_time_us":2443,"num_ops":2,"prepare.queue_time_us":114888,"prepare.run_cpu_time_us":9608,"prepare.run_wall_time_us":603300,"raft.queue_time_us":2865,"raft.run_cpu_time_us":279,"raft.run_wall_time_us":279,"replication_time_us":664054,"spinlock_wait_cycles":320516864}]]}
I20260608 10:08:56.783996  6210 rpcz_store.cc:275] Call kudu.tserver.TabletServerService.Write from 127.0.0.1:33706 (ReqId={client: 4fe1145f728942feb981d5ad111a8210, seq_no=10, attempt_no=0}) took 1113 ms. Trace:
I20260608 10:08:56.784660  6210 rpcz_store.cc:276] 0608 10:08:55.670503 (+     0us) service_pool.cc:167] Inserting onto call queue
0608 10:08:55.696788 (+ 26285us) service_pool.cc:224] Handling call
0608 10:08:56.783795 (+1087007us) inbound_call.cc:177] Queueing success response
Related trace 'op':
0608 10:08:55.834655 (+     0us) write_op.cc:183] PREPARE: starting on tablet 5ede5ebf349e4f4eb54bba9f97e23973
0608 10:08:55.838871 (+  4216us) write_op.cc:432] Acquiring schema lock in shared mode
0608 10:08:55.838901 (+    30us) write_op.cc:435] Acquired schema lock
0608 10:08:55.838921 (+    20us) tablet.cc:662] Decoding operations
0608 10:08:55.839383 (+   462us) write_op.cc:620] Acquiring the partition lock for write op
0608 10:08:55.839432 (+    49us) write_op.cc:641] Partition lock acquired for write op
0608 10:08:55.839460 (+    28us) tablet.cc:685] Acquiring locks for 4 operations
0608 10:08:55.839856 (+   396us) tablet.cc:701] Row locks acquired
0608 10:08:55.839878 (+    22us) write_op.cc:260] PREPARE: finished
0608 10:08:55.840075 (+   197us) write_op.cc:270] Start()
0608 10:08:55.840212 (+   137us) write_op.cc:276] Timestamp: P: 1780913335840014 usec, L: 0
0608 10:08:55.841086 (+   874us) op_driver.cc:348] REPLICATION: starting
0608 10:08:55.862774 (+ 21688us) log.cc:844] Serialized 475 byte log entry
0608 10:08:56.255465 (+392691us) spinlock_profiling.cc:243] Waited 131 ms on lock 0x7b54000cb5a0. stack: 00007f3fd57b83a1 00007f3fd57b81c8 00007f3fd4f93f11 000000000047cd55 000000000047cca8 00007f3fd8e6cabc 00007f3fd8e85498 00007f3fd8e84ae6 00007f3fd8f776ff 00007f3fd8f78072 00007f3fdcad0788 00007f3fdcacf660 00007f3fdcad9950 00007f3fdcad98b0 00007f3fdcad9810 00007f3fdcad97b0
0608 10:08:56.620479 (+365014us) op_driver.cc:464] REPLICATION: finished
0608 10:08:56.629234 (+  8755us) write_op.cc:301] APPLY: starting
0608 10:08:56.629285 (+    51us) tablet.cc:1367] starting BulkCheckPresence
0608 10:08:56.629389 (+   104us) tablet.cc:1370] finished BulkCheckPresence
0608 10:08:56.629403 (+    14us) tablet.cc:1372] starting ApplyRowOperation cycle
0608 10:08:56.672464 (+ 43061us) tablet.cc:1383] finished ApplyRowOperation cycle
0608 10:08:56.723552 (+ 51088us) tablet_metrics.cc:581] ProbeStats: bloom_lookups=0,key_file_lookups=0,delta_file_lookups=0,mrs_lookups=0
0608 10:08:56.762245 (+ 38693us) write_op.cc:312] APPLY: finished
0608 10:08:56.782538 (+ 20293us) log.cc:844] Serialized 40 byte log entry
0608 10:08:56.783023 (+   485us) write_op.cc:489] Releasing partition, row and schema locks
0608 10:08:56.783133 (+   110us) write_op.cc:454] Released schema lock
0608 10:08:56.783198 (+    65us) write_op.cc:341] FINISH: Updating metrics
Metrics: {"child_traces":[["op",{"apply.queue_time_us":8599,"num_ops":4,"prepare.queue_time_us":136194,"prepare.run_cpu_time_us":7986,"prepare.run_wall_time_us":421149,"raft.queue_time_us":85,"raft.run_cpu_time_us":264,"raft.run_wall_time_us":263,"replication_time_us":779291,"spinlock_wait_cycles":300939904}]]}
W20260608 10:08:57.106048  5923 outbound_call.cc:321] RPC callback for RPC call kudu.consensus.ConsensusService.UpdateConsensus -> {remote=127.1.81.195:34643, user_credentials={real_user=slave}} blocked reactor thread for 44992.1us
W20260608 10:08:57.582262  5924 outbound_call.cc:321] RPC callback for RPC call kudu.consensus.ConsensusService.UpdateConsensus -> {remote=127.1.81.193:45507, user_credentials={real_user=slave}} blocked reactor thread for 118233us
W20260608 10:08:58.299234  6171 meta_cache.cc:1261] Time spent looking up entry by key: real 0.055s	user 0.004s	sys 0.000s
W20260608 10:08:58.516175  5923 outbound_call.cc:321] RPC callback for RPC call kudu.consensus.ConsensusService.UpdateConsensus -> {remote=127.1.81.195:34643, user_credentials={real_user=slave}} blocked reactor thread for 62686.3us
W20260608 10:08:58.569768  5923 outbound_call.cc:321] RPC callback for RPC call kudu.consensus.ConsensusService.UpdateConsensus -> {remote=127.1.81.195:34643, user_credentials={real_user=slave}} blocked reactor thread for 52049.6us
W20260608 10:08:58.890762  6171 meta_cache.cc:1261] Time spent looking up entry by key: real 0.070s	user 0.004s	sys 0.000s
I20260608 10:08:59.709095  1351 file_cache.cc:492] Constructed file cache file cache with capacity 419430
W20260608 10:08:59.719376  6270 instance_detector.cc:116] could not retrieve AWS instance metadata: Network error: curl error: HTTP response code said error: The requested URL returned error: 404
W20260608 10:08:59.722443  6271 instance_detector.cc:116] could not retrieve Azure instance metadata: Network error: curl error: HTTP response code said error: The requested URL returned error: 404
I20260608 10:08:59.735361  1351 server_base.cc:1061] running on GCE node
W20260608 10:08:59.742671  6273 instance_detector.cc:116] could not retrieve OpenStack instance metadata: Network error: curl error: HTTP response code said error: The requested URL returned error: 404
I20260608 10:08:59.745666  1351 hybrid_clock.cc:584] initializing the hybrid clock with 'system_unsync' time source
W20260608 10:08:59.745973  1351 system_unsync_time.cc:38] NTP support is disabled. Clock error bounds will not be accurate. This configuration is not suitable for distributed clusters.
I20260608 10:08:59.746197  1351 hybrid_clock.cc:648] HybridClock initialized: now 1780913339746177 us; error 0 us; skew 500 ppm
I20260608 10:08:59.747023  1351 server_base.cc:861] Flag tcmalloc_max_total_thread_cache_bytes is not working since tcmalloc is not enabled.
I20260608 10:08:59.758893  1351 webserver.cc:533] Webserver started at http://127.1.81.196:33257/ using document root <none> and password file <none>
I20260608 10:08:59.759413  1351 fs_manager.cc:362] Metadata directory not provided
I20260608 10:08:59.759608  1351 fs_manager.cc:368] Using write-ahead log directory (fs_wal_dir) as metadata directory
I20260608 10:08:59.759902  1351 server_base.cc:909] This appears to be a new deployment of Kudu; creating new FS layout
I20260608 10:08:59.761072  1351 fs_manager.cc:1068] Generated new instance metadata in path /tmp/dist-test-taskA0vXbS/test-tmp/auto_rebalancer-test.0.AutoRebalancerTest.TestMaxMovesPerServer.1780913212746442-1351-0/minicluster-data/ts-3-root/instance:
uuid: "fc67a26fe59a4375a48c2cd00121cfd9"
format_stamp: "Formatted at 2026-06-08 10:08:59 on dist-test-slave-j1wq"
I20260608 10:08:59.765741  1351 fs_manager.cc:696] Time spent creating directory manager: real 0.004s	user 0.004s	sys 0.000s
I20260608 10:08:59.769119  6278 log_block_manager.cc:4031] Time spent loading block containers with low live blocks: real 0.000s	user 0.000s	sys 0.000s
I20260608 10:08:59.769872  1351 fs_manager.cc:730] Time spent opening block manager: real 0.002s	user 0.002s	sys 0.002s
I20260608 10:08:59.770153  1351 fs_manager.cc:647] Opened local filesystem: /tmp/dist-test-taskA0vXbS/test-tmp/auto_rebalancer-test.0.AutoRebalancerTest.TestMaxMovesPerServer.1780913212746442-1351-0/minicluster-data/ts-3-root
uuid: "fc67a26fe59a4375a48c2cd00121cfd9"
format_stamp: "Formatted at 2026-06-08 10:08:59 on dist-test-slave-j1wq"
I20260608 10:08:59.770409  1351 fs_report.cc:389] FS layout report
--------------------
wal directory: /tmp/dist-test-taskA0vXbS/test-tmp/auto_rebalancer-test.0.AutoRebalancerTest.TestMaxMovesPerServer.1780913212746442-1351-0/minicluster-data/ts-3-root
metadata directory: /tmp/dist-test-taskA0vXbS/test-tmp/auto_rebalancer-test.0.AutoRebalancerTest.TestMaxMovesPerServer.1780913212746442-1351-0/minicluster-data/ts-3-root
1 data directories: /tmp/dist-test-taskA0vXbS/test-tmp/auto_rebalancer-test.0.AutoRebalancerTest.TestMaxMovesPerServer.1780913212746442-1351-0/minicluster-data/ts-3-root/data
Total live blocks: 0
Total live bytes: 0
Total live bytes (after alignment): 0
Total number of LBM containers: 0 (0 full)
Did not check for missing blocks
Did not check for orphaned blocks
Total full LBM containers with extra space: 0 (0 repaired)
Total full LBM container extra space in bytes: 0 (0 repaired)
Total incomplete LBM containers: 0 (0 repaired)
Total LBM partial records: 0 (0 repaired)
Total corrupted LBM metadata records in RocksDB: 0 (0 repaired)
I20260608 10:08:59.780169  1351 rpc_server.cc:225] running with OpenSSL 1.1.1  11 Sep 2018
I20260608 10:08:59.781420  1351 kserver.cc:163] Server-wide thread pool size limit: 3276
I20260608 10:08:59.782812  1351 txn_system_client.cc:432] TxnSystemClient initialization is disabled...
I20260608 10:08:59.785235  1351 ts_tablet_manager.cc:585] Loaded tablet metadata (0 total tablets, 0 live tablets)
I20260608 10:08:59.785430  1351 ts_tablet_manager.cc:531] Time spent load tablet metadata: real 0.000s	user 0.000s	sys 0.000s
I20260608 10:08:59.785665  1351 ts_tablet_manager.cc:616] Registered 0 tablets
I20260608 10:08:59.785833  1351 ts_tablet_manager.cc:595] Time spent register tablets: real 0.000s	user 0.000s	sys 0.000s
I20260608 10:08:59.828533  1351 rpc_server.cc:307] RPC server started. Bound to: 127.1.81.196:37707
I20260608 10:08:59.828682  6341 acceptor_pool.cc:272] collecting diagnostics on the listening RPC socket 127.1.81.196:37707 every 8 connection(s)
I20260608 10:08:59.833933  1351 file_cache.cc:492] Constructed file cache file cache with capacity 419430
W20260608 10:08:59.841259  6346 instance_detector.cc:116] could not retrieve AWS instance metadata: Network error: curl error: HTTP response code said error: The requested URL returned error: 404
W20260608 10:08:59.842319  6347 instance_detector.cc:116] could not retrieve Azure instance metadata: Network error: curl error: HTTP response code said error: The requested URL returned error: 404
I20260608 10:08:59.845494  1351 server_base.cc:1061] running on GCE node
W20260608 10:08:59.845717  6350 instance_detector.cc:116] could not retrieve OpenStack instance metadata: Network error: curl error: HTTP response code said error: The requested URL returned error: 404
I20260608 10:08:59.848486  1351 hybrid_clock.cc:584] initializing the hybrid clock with 'system_unsync' time source
W20260608 10:08:59.848757  1351 system_unsync_time.cc:38] NTP support is disabled. Clock error bounds will not be accurate. This configuration is not suitable for distributed clusters.
I20260608 10:08:59.848942  1351 hybrid_clock.cc:648] HybridClock initialized: now 1780913339848926 us; error 0 us; skew 500 ppm
I20260608 10:08:59.849578  1351 server_base.cc:861] Flag tcmalloc_max_total_thread_cache_bytes is not working since tcmalloc is not enabled.
I20260608 10:08:59.852234  1351 webserver.cc:533] Webserver started at http://127.1.81.197:39667/ using document root <none> and password file <none>
I20260608 10:08:59.852272  6342 heartbeater.cc:344] Connected to a master server at 127.1.81.254:43863
I20260608 10:08:59.852727  6342 heartbeater.cc:461] Registering TS with master...
I20260608 10:08:59.852814  1351 fs_manager.cc:362] Metadata directory not provided
I20260608 10:08:59.853084  1351 fs_manager.cc:368] Using write-ahead log directory (fs_wal_dir) as metadata directory
I20260608 10:08:59.853345  1351 server_base.cc:909] This appears to be a new deployment of Kudu; creating new FS layout
I20260608 10:08:59.853488  6342 heartbeater.cc:507] Master 127.1.81.254:43863 requested a full tablet report, sending...
I20260608 10:08:59.854416  1351 fs_manager.cc:1068] Generated new instance metadata in path /tmp/dist-test-taskA0vXbS/test-tmp/auto_rebalancer-test.0.AutoRebalancerTest.TestMaxMovesPerServer.1780913212746442-1351-0/minicluster-data/ts-4-root/instance:
uuid: "0bb8db5cac8e453681389bd85e44cab7"
format_stamp: "Formatted at 2026-06-08 10:08:59 on dist-test-slave-j1wq"
I20260608 10:08:59.855465  5776 ts_manager.cc:194] Registered new tserver with Master: fc67a26fe59a4375a48c2cd00121cfd9 (127.1.81.196:37707)
I20260608 10:08:59.856953  5776 master_service.cc:502] Signed X509 certificate for tserver {username='slave'} at 127.0.0.1:41050
I20260608 10:08:59.859254  1351 fs_manager.cc:696] Time spent creating directory manager: real 0.004s	user 0.006s	sys 0.000s
I20260608 10:08:59.862622  6354 log_block_manager.cc:4031] Time spent loading block containers with low live blocks: real 0.000s	user 0.000s	sys 0.000s
I20260608 10:08:59.863351  1351 fs_manager.cc:730] Time spent opening block manager: real 0.002s	user 0.002s	sys 0.000s
I20260608 10:08:59.863628  1351 fs_manager.cc:647] Opened local filesystem: /tmp/dist-test-taskA0vXbS/test-tmp/auto_rebalancer-test.0.AutoRebalancerTest.TestMaxMovesPerServer.1780913212746442-1351-0/minicluster-data/ts-4-root
uuid: "0bb8db5cac8e453681389bd85e44cab7"
format_stamp: "Formatted at 2026-06-08 10:08:59 on dist-test-slave-j1wq"
I20260608 10:08:59.863917  1351 fs_report.cc:389] FS layout report
--------------------
wal directory: /tmp/dist-test-taskA0vXbS/test-tmp/auto_rebalancer-test.0.AutoRebalancerTest.TestMaxMovesPerServer.1780913212746442-1351-0/minicluster-data/ts-4-root
metadata directory: /tmp/dist-test-taskA0vXbS/test-tmp/auto_rebalancer-test.0.AutoRebalancerTest.TestMaxMovesPerServer.1780913212746442-1351-0/minicluster-data/ts-4-root
1 data directories: /tmp/dist-test-taskA0vXbS/test-tmp/auto_rebalancer-test.0.AutoRebalancerTest.TestMaxMovesPerServer.1780913212746442-1351-0/minicluster-data/ts-4-root/data
Total live blocks: 0
Total live bytes: 0
Total live bytes (after alignment): 0
Total number of LBM containers: 0 (0 full)
Did not check for missing blocks
Did not check for orphaned blocks
Total full LBM containers with extra space: 0 (0 repaired)
Total full LBM container extra space in bytes: 0 (0 repaired)
Total incomplete LBM containers: 0 (0 repaired)
Total LBM partial records: 0 (0 repaired)
Total corrupted LBM metadata records in RocksDB: 0 (0 repaired)
I20260608 10:08:59.874583  1351 rpc_server.cc:225] running with OpenSSL 1.1.1  11 Sep 2018
I20260608 10:08:59.875778  1351 kserver.cc:163] Server-wide thread pool size limit: 3276
I20260608 10:08:59.877208  1351 txn_system_client.cc:432] TxnSystemClient initialization is disabled...
I20260608 10:08:59.879446  1351 ts_tablet_manager.cc:585] Loaded tablet metadata (0 total tablets, 0 live tablets)
I20260608 10:08:59.879647  1351 ts_tablet_manager.cc:531] Time spent load tablet metadata: real 0.000s	user 0.000s	sys 0.000s
I20260608 10:08:59.879865  1351 ts_tablet_manager.cc:616] Registered 0 tablets
I20260608 10:08:59.880018  1351 ts_tablet_manager.cc:595] Time spent register tablets: real 0.000s	user 0.000s	sys 0.000s
I20260608 10:08:59.937273  1351 rpc_server.cc:307] RPC server started. Bound to: 127.1.81.197:43071
I20260608 10:08:59.937397  6416 acceptor_pool.cc:272] collecting diagnostics on the listening RPC socket 127.1.81.197:43071 every 8 connection(s)
I20260608 10:08:59.943504  1351 file_cache.cc:492] Constructed file cache file cache with capacity 419430
W20260608 10:08:59.950966  6420 instance_detector.cc:116] could not retrieve AWS instance metadata: Network error: curl error: HTTP response code said error: The requested URL returned error: 404
W20260608 10:08:59.952726  6421 instance_detector.cc:116] could not retrieve Azure instance metadata: Network error: curl error: HTTP response code said error: The requested URL returned error: 404
I20260608 10:08:59.955286  6417 heartbeater.cc:344] Connected to a master server at 127.1.81.254:43863
I20260608 10:08:59.955703  6417 heartbeater.cc:461] Registering TS with master...
I20260608 10:08:59.956820  6417 heartbeater.cc:507] Master 127.1.81.254:43863 requested a full tablet report, sending...
W20260608 10:08:59.956921  6423 instance_detector.cc:116] could not retrieve OpenStack instance metadata: Network error: curl error: HTTP response code said error: The requested URL returned error: 404
I20260608 10:08:59.957995  1351 server_base.cc:1061] running on GCE node
I20260608 10:08:59.959081  1351 hybrid_clock.cc:584] initializing the hybrid clock with 'system_unsync' time source
W20260608 10:08:59.959393  1351 system_unsync_time.cc:38] NTP support is disabled. Clock error bounds will not be accurate. This configuration is not suitable for distributed clusters.
I20260608 10:08:59.959460  5776 ts_manager.cc:194] Registered new tserver with Master: 0bb8db5cac8e453681389bd85e44cab7 (127.1.81.197:43071)
I20260608 10:08:59.959700  1351 hybrid_clock.cc:648] HybridClock initialized: now 1780913339959666 us; error 0 us; skew 500 ppm
I20260608 10:08:59.960669  1351 server_base.cc:861] Flag tcmalloc_max_total_thread_cache_bytes is not working since tcmalloc is not enabled.
I20260608 10:08:59.961665  5776 master_service.cc:502] Signed X509 certificate for tserver {username='slave'} at 127.0.0.1:41060
I20260608 10:08:59.965792  1351 webserver.cc:533] Webserver started at http://127.1.81.198:36759/ using document root <none> and password file <none>
I20260608 10:08:59.966531  1351 fs_manager.cc:362] Metadata directory not provided
I20260608 10:08:59.966797  1351 fs_manager.cc:368] Using write-ahead log directory (fs_wal_dir) as metadata directory
I20260608 10:08:59.967136  1351 server_base.cc:909] This appears to be a new deployment of Kudu; creating new FS layout
I20260608 10:08:59.968649  1351 fs_manager.cc:1068] Generated new instance metadata in path /tmp/dist-test-taskA0vXbS/test-tmp/auto_rebalancer-test.0.AutoRebalancerTest.TestMaxMovesPerServer.1780913212746442-1351-0/minicluster-data/ts-5-root/instance:
uuid: "05df10cea794463eb33911949f35633e"
format_stamp: "Formatted at 2026-06-08 10:08:59 on dist-test-slave-j1wq"
I20260608 10:08:59.974881  1351 fs_manager.cc:696] Time spent creating directory manager: real 0.006s	user 0.003s	sys 0.002s
I20260608 10:08:59.979176  6428 log_block_manager.cc:4031] Time spent loading block containers with low live blocks: real 0.000s	user 0.000s	sys 0.000s
I20260608 10:08:59.980014  1351 fs_manager.cc:730] Time spent opening block manager: real 0.002s	user 0.002s	sys 0.000s
I20260608 10:08:59.980410  1351 fs_manager.cc:647] Opened local filesystem: /tmp/dist-test-taskA0vXbS/test-tmp/auto_rebalancer-test.0.AutoRebalancerTest.TestMaxMovesPerServer.1780913212746442-1351-0/minicluster-data/ts-5-root
uuid: "05df10cea794463eb33911949f35633e"
