I20260608 10:08:54.943666  6081 tablet_bootstrap.cc:654] T 9678d9b487a54049a568f2ba345a952a P 4cb3a5374c454b71a2ec3c8d72c347be: Neither blocks nor log segments found. Creating new log.
I20260608 10:08:54.943962  6083 consensus_queue.cc:260] T 9678d9b487a54049a568f2ba345a952a P 55b69d26d6c3496d9e3def85b1d4a24a [NON_LEADER]: Queue going to NON_LEADER mode. State: All replicated index: 0, Majority replicated index: 0, Committed index: 0, Last appended: 0.0, Last appended by leader: 0, Current term: 0, Majority size: -1, State: 0, Mode: NON_LEADER, active raft config: opid_index: -1 OBSOLETE_local: false peers { permanent_uuid: "55b69d26d6c3496d9e3def85b1d4a24a" member_type: VOTER last_known_addr { host: "127.1.81.193" port: 45507 } } peers { permanent_uuid: "9f4c39f4410c4ac9b0f61c98c131c45b" member_type: VOTER last_known_addr { host: "127.1.81.194" port: 38399 } } peers { permanent_uuid: "4cb3a5374c454b71a2ec3c8d72c347be" member_type: VOTER last_known_addr { host: "127.1.81.195" port: 34643 } }
I20260608 10:08:54.946398  6083 ts_tablet_manager.cc:1434] T 9678d9b487a54049a568f2ba345a952a P 55b69d26d6c3496d9e3def85b1d4a24a: Time spent starting tablet: real 0.007s	user 0.003s	sys 0.002s
I20260608 10:08:54.946112  5781 catalog_manager.cc:5696] T a2a9ef0afbb34ccb9ba62f9509b42ed4 P 4cb3a5374c454b71a2ec3c8d72c347be reported cstate change: term changed from 0 to 1, leader changed from <none> to 4cb3a5374c454b71a2ec3c8d72c347be (127.1.81.195). New cstate: current_term: 1 leader_uuid: "4cb3a5374c454b71a2ec3c8d72c347be" committed_config { opid_index: -1 OBSOLETE_local: false peers { permanent_uuid: "55b69d26d6c3496d9e3def85b1d4a24a" member_type: VOTER last_known_addr { host: "127.1.81.193" port: 45507 } health_report { overall_health: UNKNOWN } } peers { permanent_uuid: "9f4c39f4410c4ac9b0f61c98c131c45b" member_type: VOTER last_known_addr { host: "127.1.81.194" port: 38399 } health_report { overall_health: UNKNOWN } } peers { permanent_uuid: "4cb3a5374c454b71a2ec3c8d72c347be" member_type: VOTER last_known_addr { host: "127.1.81.195" port: 34643 } health_report { overall_health: HEALTHY } } }
I20260608 10:08:54.947530  6083 tablet_bootstrap.cc:492] T d5e9e22cc54349fc931e2436ab1dc34f P 55b69d26d6c3496d9e3def85b1d4a24a: Bootstrap starting.
I20260608 10:08:54.949231  6087 raft_consensus.cc:493] T 9678d9b487a54049a568f2ba345a952a P 55b69d26d6c3496d9e3def85b1d4a24a [term 0 FOLLOWER]: Starting pre-election (no leader contacted us within the election timeout)
I20260608 10:08:54.949846  6087 raft_consensus.cc:515] T 9678d9b487a54049a568f2ba345a952a P 55b69d26d6c3496d9e3def85b1d4a24a [term 0 FOLLOWER]: Starting pre-election with config: opid_index: -1 OBSOLETE_local: false peers { permanent_uuid: "55b69d26d6c3496d9e3def85b1d4a24a" member_type: VOTER last_known_addr { host: "127.1.81.193" port: 45507 } } peers { permanent_uuid: "9f4c39f4410c4ac9b0f61c98c131c45b" member_type: VOTER last_known_addr { host: "127.1.81.194" port: 38399 } } peers { permanent_uuid: "4cb3a5374c454b71a2ec3c8d72c347be" member_type: VOTER last_known_addr { host: "127.1.81.195" port: 34643 } }
I20260608 10:08:54.953821  6034 tablet_service.cc:1917] Received RequestConsensusVote() RPC: tablet_id: "9678d9b487a54049a568f2ba345a952a" candidate_uuid: "55b69d26d6c3496d9e3def85b1d4a24a" candidate_term: 1 candidate_status { last_received { term: 0 index: 0 } } ignore_live_leader: false dest_uuid: "4cb3a5374c454b71a2ec3c8d72c347be" is_pre_election: true
I20260608 10:08:54.954857  5959 tablet_service.cc:1917] Received RequestConsensusVote() RPC: tablet_id: "9678d9b487a54049a568f2ba345a952a" candidate_uuid: "55b69d26d6c3496d9e3def85b1d4a24a" candidate_term: 1 candidate_status { last_received { term: 0 index: 0 } } ignore_live_leader: false dest_uuid: "9f4c39f4410c4ac9b0f61c98c131c45b" is_pre_election: true
I20260608 10:08:54.955528  5959 raft_consensus.cc:2468] T 9678d9b487a54049a568f2ba345a952a P 9f4c39f4410c4ac9b0f61c98c131c45b [term 0 FOLLOWER]: Leader pre-election vote request: Granting yes vote for candidate 55b69d26d6c3496d9e3def85b1d4a24a in term 0.
I20260608 10:08:54.956622  6120 raft_consensus.cc:493] T 2f33ca156a8f4bbd84325300d1cbb3e2 P 9f4c39f4410c4ac9b0f61c98c131c45b [term 0 FOLLOWER]: Starting pre-election (no leader contacted us within the election timeout)
I20260608 10:08:54.957068  6120 raft_consensus.cc:515] T 2f33ca156a8f4bbd84325300d1cbb3e2 P 9f4c39f4410c4ac9b0f61c98c131c45b [term 0 FOLLOWER]: Starting pre-election with config: opid_index: -1 OBSOLETE_local: false peers { permanent_uuid: "55b69d26d6c3496d9e3def85b1d4a24a" member_type: VOTER last_known_addr { host: "127.1.81.193" port: 45507 } } peers { permanent_uuid: "9f4c39f4410c4ac9b0f61c98c131c45b" member_type: VOTER last_known_addr { host: "127.1.81.194" port: 38399 } } peers { permanent_uuid: "4cb3a5374c454b71a2ec3c8d72c347be" member_type: VOTER last_known_addr { host: "127.1.81.195" port: 34643 } }
W20260608 10:08:54.957228  5848 leader_election.cc:343] T 9678d9b487a54049a568f2ba345a952a P 55b69d26d6c3496d9e3def85b1d4a24a [CANDIDATE]: Term 1 pre-election: Tablet error from VoteRequest() call to peer 4cb3a5374c454b71a2ec3c8d72c347be (127.1.81.195:34643): Illegal state: must be running to vote when last-logged opid is not known
I20260608 10:08:54.959163  5847 leader_election.cc:304] T 9678d9b487a54049a568f2ba345a952a P 55b69d26d6c3496d9e3def85b1d4a24a [CANDIDATE]: Term 1 pre-election: Election decided. Result: candidate won. Election summary: received 3 responses out of 3 voters: 2 yes votes; 1 no votes. yes voters: 55b69d26d6c3496d9e3def85b1d4a24a, 9f4c39f4410c4ac9b0f61c98c131c45b; no voters: 4cb3a5374c454b71a2ec3c8d72c347be
I20260608 10:08:54.959331  6120 leader_election.cc:290] T 2f33ca156a8f4bbd84325300d1cbb3e2 P 9f4c39f4410c4ac9b0f61c98c131c45b [CANDIDATE]: Term 1 pre-election: Requested pre-vote from peers 55b69d26d6c3496d9e3def85b1d4a24a (127.1.81.193:45507), 4cb3a5374c454b71a2ec3c8d72c347be (127.1.81.195:34643)
I20260608 10:08:54.959961  6106 raft_consensus.cc:2804] T 9678d9b487a54049a568f2ba345a952a P 55b69d26d6c3496d9e3def85b1d4a24a [term 0 FOLLOWER]: Leader pre-election won for term 1
I20260608 10:08:54.960304  6106 raft_consensus.cc:493] T 9678d9b487a54049a568f2ba345a952a P 55b69d26d6c3496d9e3def85b1d4a24a [term 0 FOLLOWER]: Starting leader election (no leader contacted us within the election timeout)
I20260608 10:08:54.960656  6106 raft_consensus.cc:3060] T 9678d9b487a54049a568f2ba345a952a P 55b69d26d6c3496d9e3def85b1d4a24a [term 0 FOLLOWER]: Advancing to term 1
I20260608 10:08:54.952172  6087 leader_election.cc:290] T 9678d9b487a54049a568f2ba345a952a P 55b69d26d6c3496d9e3def85b1d4a24a [CANDIDATE]: Term 1 pre-election: Requested pre-vote from peers 9f4c39f4410c4ac9b0f61c98c131c45b (127.1.81.194:38399), 4cb3a5374c454b71a2ec3c8d72c347be (127.1.81.195:34643)
I20260608 10:08:54.961581  6034 tablet_service.cc:1917] Received RequestConsensusVote() RPC: tablet_id: "2f33ca156a8f4bbd84325300d1cbb3e2" candidate_uuid: "9f4c39f4410c4ac9b0f61c98c131c45b" candidate_term: 1 candidate_status { last_received { term: 0 index: 0 } } ignore_live_leader: false dest_uuid: "4cb3a5374c454b71a2ec3c8d72c347be" is_pre_election: true
I20260608 10:08:54.964458  5883 tablet_service.cc:1917] Received RequestConsensusVote() RPC: tablet_id: "2f33ca156a8f4bbd84325300d1cbb3e2" candidate_uuid: "9f4c39f4410c4ac9b0f61c98c131c45b" candidate_term: 1 candidate_status { last_received { term: 0 index: 0 } } ignore_live_leader: false dest_uuid: "55b69d26d6c3496d9e3def85b1d4a24a" is_pre_election: true
I20260608 10:08:54.966169  5883 raft_consensus.cc:2393] T 2f33ca156a8f4bbd84325300d1cbb3e2 P 55b69d26d6c3496d9e3def85b1d4a24a [term 1 FOLLOWER]: Leader pre-election vote request: Denying vote to candidate 9f4c39f4410c4ac9b0f61c98c131c45b in current term 1: Already voted for candidate 4cb3a5374c454b71a2ec3c8d72c347be in this term.
I20260608 10:08:54.967476  6082 tablet_bootstrap.cc:492] T 5ede5ebf349e4f4eb54bba9f97e23973 P 9f4c39f4410c4ac9b0f61c98c131c45b: No bootstrap required, opened a new log
I20260608 10:08:54.967739  6081 tablet_bootstrap.cc:492] T 9678d9b487a54049a568f2ba345a952a P 4cb3a5374c454b71a2ec3c8d72c347be: No bootstrap required, opened a new log
I20260608 10:08:54.968014  6082 ts_tablet_manager.cc:1403] T 5ede5ebf349e4f4eb54bba9f97e23973 P 9f4c39f4410c4ac9b0f61c98c131c45b: Time spent bootstrapping tablet: real 0.034s	user 0.018s	sys 0.004s
I20260608 10:08:54.968290  6081 ts_tablet_manager.cc:1403] T 9678d9b487a54049a568f2ba345a952a P 4cb3a5374c454b71a2ec3c8d72c347be: Time spent bootstrapping tablet: real 0.031s	user 0.009s	sys 0.016s
I20260608 10:08:54.968632  6083 tablet_bootstrap.cc:654] T d5e9e22cc54349fc931e2436ab1dc34f P 55b69d26d6c3496d9e3def85b1d4a24a: Neither blocks nor log segments found. Creating new log.
I20260608 10:08:54.968201  5924 leader_election.cc:304] T 2f33ca156a8f4bbd84325300d1cbb3e2 P 9f4c39f4410c4ac9b0f61c98c131c45b [CANDIDATE]: Term 1 pre-election: Election decided. Result: candidate lost. Election summary: received 3 responses out of 3 voters: 1 yes votes; 2 no votes. yes voters: 9f4c39f4410c4ac9b0f61c98c131c45b; no voters: 4cb3a5374c454b71a2ec3c8d72c347be, 55b69d26d6c3496d9e3def85b1d4a24a
I20260608 10:08:54.971258  6081 raft_consensus.cc:359] T 9678d9b487a54049a568f2ba345a952a P 4cb3a5374c454b71a2ec3c8d72c347be [term 0 FOLLOWER]: Replica starting. Triggering 0 pending ops. Active config: opid_index: -1 OBSOLETE_local: false peers { permanent_uuid: "55b69d26d6c3496d9e3def85b1d4a24a" member_type: VOTER last_known_addr { host: "127.1.81.193" port: 45507 } } peers { permanent_uuid: "9f4c39f4410c4ac9b0f61c98c131c45b" member_type: VOTER last_known_addr { host: "127.1.81.194" port: 38399 } } peers { permanent_uuid: "4cb3a5374c454b71a2ec3c8d72c347be" member_type: VOTER last_known_addr { host: "127.1.81.195" port: 34643 } }
I20260608 10:08:54.971931  6081 raft_consensus.cc:385] T 9678d9b487a54049a568f2ba345a952a P 4cb3a5374c454b71a2ec3c8d72c347be [term 0 FOLLOWER]: Consensus starting up: Expiring failure detector timer to make a prompt election more likely
I20260608 10:08:54.971872  6082 raft_consensus.cc:359] T 5ede5ebf349e4f4eb54bba9f97e23973 P 9f4c39f4410c4ac9b0f61c98c131c45b [term 0 FOLLOWER]: Replica starting. Triggering 0 pending ops. Active config: opid_index: -1 OBSOLETE_local: false peers { permanent_uuid: "55b69d26d6c3496d9e3def85b1d4a24a" member_type: VOTER last_known_addr { host: "127.1.81.193" port: 45507 } } peers { permanent_uuid: "9f4c39f4410c4ac9b0f61c98c131c45b" member_type: VOTER last_known_addr { host: "127.1.81.194" port: 38399 } } peers { permanent_uuid: "4cb3a5374c454b71a2ec3c8d72c347be" member_type: VOTER last_known_addr { host: "127.1.81.195" port: 34643 } }
I20260608 10:08:54.972402  6081 raft_consensus.cc:740] T 9678d9b487a54049a568f2ba345a952a P 4cb3a5374c454b71a2ec3c8d72c347be [term 0 FOLLOWER]: Becoming Follower/Learner. State: Replica: 4cb3a5374c454b71a2ec3c8d72c347be, State: Initialized, Role: FOLLOWER
I20260608 10:08:54.972767  6082 raft_consensus.cc:385] T 5ede5ebf349e4f4eb54bba9f97e23973 P 9f4c39f4410c4ac9b0f61c98c131c45b [term 0 FOLLOWER]: Consensus starting up: Expiring failure detector timer to make a prompt election more likely
I20260608 10:08:54.973104  6082 raft_consensus.cc:740] T 5ede5ebf349e4f4eb54bba9f97e23973 P 9f4c39f4410c4ac9b0f61c98c131c45b [term 0 FOLLOWER]: Becoming Follower/Learner. State: Replica: 9f4c39f4410c4ac9b0f61c98c131c45b, State: Initialized, Role: FOLLOWER
I20260608 10:08:54.973338  6081 consensus_queue.cc:260] T 9678d9b487a54049a568f2ba345a952a P 4cb3a5374c454b71a2ec3c8d72c347be [NON_LEADER]: Queue going to NON_LEADER mode. State: All replicated index: 0, Majority replicated index: 0, Committed index: 0, Last appended: 0.0, Last appended by leader: 0, Current term: 0, Majority size: -1, State: 0, Mode: NON_LEADER, active raft config: opid_index: -1 OBSOLETE_local: false peers { permanent_uuid: "55b69d26d6c3496d9e3def85b1d4a24a" member_type: VOTER last_known_addr { host: "127.1.81.193" port: 45507 } } peers { permanent_uuid: "9f4c39f4410c4ac9b0f61c98c131c45b" member_type: VOTER last_known_addr { host: "127.1.81.194" port: 38399 } } peers { permanent_uuid: "4cb3a5374c454b71a2ec3c8d72c347be" member_type: VOTER last_known_addr { host: "127.1.81.195" port: 34643 } }
I20260608 10:08:54.973953  6082 consensus_queue.cc:260] T 5ede5ebf349e4f4eb54bba9f97e23973 P 9f4c39f4410c4ac9b0f61c98c131c45b [NON_LEADER]: Queue going to NON_LEADER mode. State: All replicated index: 0, Majority replicated index: 0, Committed index: 0, Last appended: 0.0, Last appended by leader: 0, Current term: 0, Majority size: -1, State: 0, Mode: NON_LEADER, active raft config: opid_index: -1 OBSOLETE_local: false peers { permanent_uuid: "55b69d26d6c3496d9e3def85b1d4a24a" member_type: VOTER last_known_addr { host: "127.1.81.193" port: 45507 } } peers { permanent_uuid: "9f4c39f4410c4ac9b0f61c98c131c45b" member_type: VOTER last_known_addr { host: "127.1.81.194" port: 38399 } } peers { permanent_uuid: "4cb3a5374c454b71a2ec3c8d72c347be" member_type: VOTER last_known_addr { host: "127.1.81.195" port: 34643 } }
I20260608 10:08:54.976052  6081 ts_tablet_manager.cc:1434] T 9678d9b487a54049a568f2ba345a952a P 4cb3a5374c454b71a2ec3c8d72c347be: Time spent starting tablet: real 0.007s	user 0.005s	sys 0.000s
I20260608 10:08:54.976595  6082 ts_tablet_manager.cc:1434] T 5ede5ebf349e4f4eb54bba9f97e23973 P 9f4c39f4410c4ac9b0f61c98c131c45b: Time spent starting tablet: real 0.008s	user 0.004s	sys 0.003s
I20260608 10:08:54.977106  6081 tablet_bootstrap.cc:492] T d5e9e22cc54349fc931e2436ab1dc34f P 4cb3a5374c454b71a2ec3c8d72c347be: Bootstrap starting.
I20260608 10:08:54.977626  6082 tablet_bootstrap.cc:492] T d5e9e22cc54349fc931e2436ab1dc34f P 9f4c39f4410c4ac9b0f61c98c131c45b: Bootstrap starting.
I20260608 10:08:54.980854  6087 raft_consensus.cc:493] T 010ee6faead94a96bf8030132374ff0c P 55b69d26d6c3496d9e3def85b1d4a24a [term 0 FOLLOWER]: Starting pre-election (no leader contacted us within the election timeout)
I20260608 10:08:54.981326  6087 raft_consensus.cc:515] T 010ee6faead94a96bf8030132374ff0c P 55b69d26d6c3496d9e3def85b1d4a24a [term 0 FOLLOWER]: Starting pre-election with config: opid_index: -1 OBSOLETE_local: false peers { permanent_uuid: "55b69d26d6c3496d9e3def85b1d4a24a" member_type: VOTER last_known_addr { host: "127.1.81.193" port: 45507 } } peers { permanent_uuid: "9f4c39f4410c4ac9b0f61c98c131c45b" member_type: VOTER last_known_addr { host: "127.1.81.194" port: 38399 } } peers { permanent_uuid: "4cb3a5374c454b71a2ec3c8d72c347be" member_type: VOTER last_known_addr { host: "127.1.81.195" port: 34643 } }
I20260608 10:08:54.983421  6087 leader_election.cc:290] T 010ee6faead94a96bf8030132374ff0c P 55b69d26d6c3496d9e3def85b1d4a24a [CANDIDATE]: Term 1 pre-election: Requested pre-vote from peers 9f4c39f4410c4ac9b0f61c98c131c45b (127.1.81.194:38399), 4cb3a5374c454b71a2ec3c8d72c347be (127.1.81.195:34643)
I20260608 10:08:54.984114  6082 tablet_bootstrap.cc:654] T d5e9e22cc54349fc931e2436ab1dc34f P 9f4c39f4410c4ac9b0f61c98c131c45b: Neither blocks nor log segments found. Creating new log.
I20260608 10:08:54.984550  6034 tablet_service.cc:1917] Received RequestConsensusVote() RPC: tablet_id: "010ee6faead94a96bf8030132374ff0c" candidate_uuid: "55b69d26d6c3496d9e3def85b1d4a24a" candidate_term: 1 candidate_status { last_received { term: 0 index: 0 } } ignore_live_leader: false dest_uuid: "4cb3a5374c454b71a2ec3c8d72c347be" is_pre_election: true
I20260608 10:08:54.985224  6034 raft_consensus.cc:2468] T 010ee6faead94a96bf8030132374ff0c P 4cb3a5374c454b71a2ec3c8d72c347be [term 0 FOLLOWER]: Leader pre-election vote request: Granting yes vote for candidate 55b69d26d6c3496d9e3def85b1d4a24a in term 0.
I20260608 10:08:54.986263  5959 tablet_service.cc:1917] Received RequestConsensusVote() RPC: tablet_id: "010ee6faead94a96bf8030132374ff0c" candidate_uuid: "55b69d26d6c3496d9e3def85b1d4a24a" candidate_term: 1 candidate_status { last_received { term: 0 index: 0 } } ignore_live_leader: false dest_uuid: "9f4c39f4410c4ac9b0f61c98c131c45b" is_pre_election: true
I20260608 10:08:54.986879  5959 raft_consensus.cc:2468] T 010ee6faead94a96bf8030132374ff0c P 9f4c39f4410c4ac9b0f61c98c131c45b [term 0 FOLLOWER]: Leader pre-election vote request: Granting yes vote for candidate 55b69d26d6c3496d9e3def85b1d4a24a in term 0.
I20260608 10:08:54.988090  6081 tablet_bootstrap.cc:654] T d5e9e22cc54349fc931e2436ab1dc34f P 4cb3a5374c454b71a2ec3c8d72c347be: Neither blocks nor log segments found. Creating new log.
I20260608 10:08:54.988293  5848 leader_election.cc:304] T 010ee6faead94a96bf8030132374ff0c P 55b69d26d6c3496d9e3def85b1d4a24a [CANDIDATE]: Term 1 pre-election: Election decided. Result: candidate won. Election summary: received 2 responses out of 3 voters: 2 yes votes; 0 no votes. yes voters: 4cb3a5374c454b71a2ec3c8d72c347be, 55b69d26d6c3496d9e3def85b1d4a24a; no voters: 
I20260608 10:08:54.990594  6083 tablet_bootstrap.cc:492] T d5e9e22cc54349fc931e2436ab1dc34f P 55b69d26d6c3496d9e3def85b1d4a24a: No bootstrap required, opened a new log
I20260608 10:08:54.991212  6083 ts_tablet_manager.cc:1403] T d5e9e22cc54349fc931e2436ab1dc34f P 55b69d26d6c3496d9e3def85b1d4a24a: Time spent bootstrapping tablet: real 0.044s	user 0.009s	sys 0.009s
I20260608 10:08:54.992030  6087 raft_consensus.cc:2804] T 010ee6faead94a96bf8030132374ff0c P 55b69d26d6c3496d9e3def85b1d4a24a [term 0 FOLLOWER]: Leader pre-election won for term 1
I20260608 10:08:54.992404  6087 raft_consensus.cc:493] T 010ee6faead94a96bf8030132374ff0c P 55b69d26d6c3496d9e3def85b1d4a24a [term 0 FOLLOWER]: Starting leader election (no leader contacted us within the election timeout)
I20260608 10:08:54.993158  6087 raft_consensus.cc:3060] T 010ee6faead94a96bf8030132374ff0c P 55b69d26d6c3496d9e3def85b1d4a24a [term 0 FOLLOWER]: Advancing to term 1
I20260608 10:08:54.994234  6083 raft_consensus.cc:359] T d5e9e22cc54349fc931e2436ab1dc34f P 55b69d26d6c3496d9e3def85b1d4a24a [term 0 FOLLOWER]: Replica starting. Triggering 0 pending ops. Active config: opid_index: -1 OBSOLETE_local: false peers { permanent_uuid: "55b69d26d6c3496d9e3def85b1d4a24a" member_type: VOTER last_known_addr { host: "127.1.81.193" port: 45507 } } peers { permanent_uuid: "9f4c39f4410c4ac9b0f61c98c131c45b" member_type: VOTER last_known_addr { host: "127.1.81.194" port: 38399 } } peers { permanent_uuid: "4cb3a5374c454b71a2ec3c8d72c347be" member_type: VOTER last_known_addr { host: "127.1.81.195" port: 34643 } }
I20260608 10:08:54.995194  6083 raft_consensus.cc:385] T d5e9e22cc54349fc931e2436ab1dc34f P 55b69d26d6c3496d9e3def85b1d4a24a [term 0 FOLLOWER]: Consensus starting up: Expiring failure detector timer to make a prompt election more likely
I20260608 10:08:54.995483  6083 raft_consensus.cc:740] T d5e9e22cc54349fc931e2436ab1dc34f P 55b69d26d6c3496d9e3def85b1d4a24a [term 0 FOLLOWER]: Becoming Follower/Learner. State: Replica: 55b69d26d6c3496d9e3def85b1d4a24a, State: Initialized, Role: FOLLOWER
I20260608 10:08:54.996606  6083 consensus_queue.cc:260] T d5e9e22cc54349fc931e2436ab1dc34f P 55b69d26d6c3496d9e3def85b1d4a24a [NON_LEADER]: Queue going to NON_LEADER mode. State: All replicated index: 0, Majority replicated index: 0, Committed index: 0, Last appended: 0.0, Last appended by leader: 0, Current term: 0, Majority size: -1, State: 0, Mode: NON_LEADER, active raft config: opid_index: -1 OBSOLETE_local: false peers { permanent_uuid: "55b69d26d6c3496d9e3def85b1d4a24a" member_type: VOTER last_known_addr { host: "127.1.81.193" port: 45507 } } peers { permanent_uuid: "9f4c39f4410c4ac9b0f61c98c131c45b" member_type: VOTER last_known_addr { host: "127.1.81.194" port: 38399 } } peers { permanent_uuid: "4cb3a5374c454b71a2ec3c8d72c347be" member_type: VOTER last_known_addr { host: "127.1.81.195" port: 34643 } }
I20260608 10:08:54.997818  6117 raft_consensus.cc:493] T 03766883b4634655b9fdc8c139776023 P 55b69d26d6c3496d9e3def85b1d4a24a [term 0 FOLLOWER]: Starting pre-election (no leader contacted us within the election timeout)
I20260608 10:08:54.971074  6120 raft_consensus.cc:3060] T 2f33ca156a8f4bbd84325300d1cbb3e2 P 9f4c39f4410c4ac9b0f61c98c131c45b [term 0 FOLLOWER]: Advancing to term 1
I20260608 10:08:54.998345  6117 raft_consensus.cc:515] T 03766883b4634655b9fdc8c139776023 P 55b69d26d6c3496d9e3def85b1d4a24a [term 0 FOLLOWER]: Starting pre-election with config: opid_index: -1 OBSOLETE_local: false peers { permanent_uuid: "55b69d26d6c3496d9e3def85b1d4a24a" member_type: VOTER last_known_addr { host: "127.1.81.193" port: 45507 } } peers { permanent_uuid: "9f4c39f4410c4ac9b0f61c98c131c45b" member_type: VOTER last_known_addr { host: "127.1.81.194" port: 38399 } } peers { permanent_uuid: "4cb3a5374c454b71a2ec3c8d72c347be" member_type: VOTER last_known_addr { host: "127.1.81.195" port: 34643 } }
I20260608 10:08:55.002086  6034 tablet_service.cc:1917] Received RequestConsensusVote() RPC: tablet_id: "03766883b4634655b9fdc8c139776023" candidate_uuid: "55b69d26d6c3496d9e3def85b1d4a24a" candidate_term: 1 candidate_status { last_received { term: 0 index: 0 } } ignore_live_leader: false dest_uuid: "4cb3a5374c454b71a2ec3c8d72c347be" is_pre_election: true
I20260608 10:08:55.002923  6034 raft_consensus.cc:2393] T 03766883b4634655b9fdc8c139776023 P 4cb3a5374c454b71a2ec3c8d72c347be [term 1 FOLLOWER]: Leader pre-election vote request: Denying vote to candidate 55b69d26d6c3496d9e3def85b1d4a24a in current term 1: Already voted for candidate 9f4c39f4410c4ac9b0f61c98c131c45b in this term.
I20260608 10:08:55.005230  6117 leader_election.cc:290] T 03766883b4634655b9fdc8c139776023 P 55b69d26d6c3496d9e3def85b1d4a24a [CANDIDATE]: Term 1 pre-election: Requested pre-vote from peers 9f4c39f4410c4ac9b0f61c98c131c45b (127.1.81.194:38399), 4cb3a5374c454b71a2ec3c8d72c347be (127.1.81.195:34643)
I20260608 10:08:55.005404  6106 raft_consensus.cc:515] T 9678d9b487a54049a568f2ba345a952a P 55b69d26d6c3496d9e3def85b1d4a24a [term 1 FOLLOWER]: Starting leader election with config: opid_index: -1 OBSOLETE_local: false peers { permanent_uuid: "55b69d26d6c3496d9e3def85b1d4a24a" member_type: VOTER last_known_addr { host: "127.1.81.193" port: 45507 } } peers { permanent_uuid: "9f4c39f4410c4ac9b0f61c98c131c45b" member_type: VOTER last_known_addr { host: "127.1.81.194" port: 38399 } } peers { permanent_uuid: "4cb3a5374c454b71a2ec3c8d72c347be" member_type: VOTER last_known_addr { host: "127.1.81.195" port: 34643 } }
I20260608 10:08:55.006927  5959 tablet_service.cc:1917] Received RequestConsensusVote() RPC: tablet_id: "03766883b4634655b9fdc8c139776023" candidate_uuid: "55b69d26d6c3496d9e3def85b1d4a24a" candidate_term: 1 candidate_status { last_received { term: 0 index: 0 } } ignore_live_leader: false dest_uuid: "9f4c39f4410c4ac9b0f61c98c131c45b" is_pre_election: true
I20260608 10:08:55.008785  5847 leader_election.cc:304] T 03766883b4634655b9fdc8c139776023 P 55b69d26d6c3496d9e3def85b1d4a24a [CANDIDATE]: Term 1 pre-election: Election decided. Result: candidate lost. Election summary: received 3 responses out of 3 voters: 1 yes votes; 2 no votes. yes voters: 55b69d26d6c3496d9e3def85b1d4a24a; no voters: 4cb3a5374c454b71a2ec3c8d72c347be, 9f4c39f4410c4ac9b0f61c98c131c45b
I20260608 10:08:55.010087  6117 raft_consensus.cc:3060] T 03766883b4634655b9fdc8c139776023 P 55b69d26d6c3496d9e3def85b1d4a24a [term 0 FOLLOWER]: Advancing to term 1
I20260608 10:08:55.018270  6117 raft_consensus.cc:2749] T 03766883b4634655b9fdc8c139776023 P 55b69d26d6c3496d9e3def85b1d4a24a [term 1 FOLLOWER]: Leader pre-election lost for term 1. Reason: could not achieve majority
I20260608 10:08:55.021284  6083 ts_tablet_manager.cc:1434] T d5e9e22cc54349fc931e2436ab1dc34f P 55b69d26d6c3496d9e3def85b1d4a24a: Time spent starting tablet: real 0.030s	user 0.007s	sys 0.000s
I20260608 10:08:55.022334  6083 tablet_bootstrap.cc:492] T 5ede5ebf349e4f4eb54bba9f97e23973 P 55b69d26d6c3496d9e3def85b1d4a24a: Bootstrap starting.
I20260608 10:08:55.028818  6082 tablet_bootstrap.cc:492] T d5e9e22cc54349fc931e2436ab1dc34f P 9f4c39f4410c4ac9b0f61c98c131c45b: No bootstrap required, opened a new log
I20260608 10:08:55.029317  6082 ts_tablet_manager.cc:1403] T d5e9e22cc54349fc931e2436ab1dc34f P 9f4c39f4410c4ac9b0f61c98c131c45b: Time spent bootstrapping tablet: real 0.052s	user 0.031s	sys 0.015s
I20260608 10:08:55.030126  6081 tablet_bootstrap.cc:492] T d5e9e22cc54349fc931e2436ab1dc34f P 4cb3a5374c454b71a2ec3c8d72c347be: No bootstrap required, opened a new log
I20260608 10:08:55.030227  5959 tablet_service.cc:1917] Received RequestConsensusVote() RPC: tablet_id: "9678d9b487a54049a568f2ba345a952a" candidate_uuid: "55b69d26d6c3496d9e3def85b1d4a24a" candidate_term: 1 candidate_status { last_received { term: 0 index: 0 } } ignore_live_leader: false dest_uuid: "9f4c39f4410c4ac9b0f61c98c131c45b"
I20260608 10:08:55.030752  6083 tablet_bootstrap.cc:654] T 5ede5ebf349e4f4eb54bba9f97e23973 P 55b69d26d6c3496d9e3def85b1d4a24a: Neither blocks nor log segments found. Creating new log.
I20260608 10:08:55.030766  6081 ts_tablet_manager.cc:1403] T d5e9e22cc54349fc931e2436ab1dc34f P 4cb3a5374c454b71a2ec3c8d72c347be: Time spent bootstrapping tablet: real 0.054s	user 0.030s	sys 0.013s
I20260608 10:08:55.030853  5959 raft_consensus.cc:3060] T 9678d9b487a54049a568f2ba345a952a P 9f4c39f4410c4ac9b0f61c98c131c45b [term 0 FOLLOWER]: Advancing to term 1
I20260608 10:08:55.032068  6082 raft_consensus.cc:359] T d5e9e22cc54349fc931e2436ab1dc34f P 9f4c39f4410c4ac9b0f61c98c131c45b [term 0 FOLLOWER]: Replica starting. Triggering 0 pending ops. Active config: opid_index: -1 OBSOLETE_local: false peers { permanent_uuid: "55b69d26d6c3496d9e3def85b1d4a24a" member_type: VOTER last_known_addr { host: "127.1.81.193" port: 45507 } } peers { permanent_uuid: "9f4c39f4410c4ac9b0f61c98c131c45b" member_type: VOTER last_known_addr { host: "127.1.81.194" port: 38399 } } peers { permanent_uuid: "4cb3a5374c454b71a2ec3c8d72c347be" member_type: VOTER last_known_addr { host: "127.1.81.195" port: 34643 } }
I20260608 10:08:55.032727  6082 raft_consensus.cc:385] T d5e9e22cc54349fc931e2436ab1dc34f P 9f4c39f4410c4ac9b0f61c98c131c45b [term 0 FOLLOWER]: Consensus starting up: Expiring failure detector timer to make a prompt election more likely
I20260608 10:08:55.032979  6082 raft_consensus.cc:740] T d5e9e22cc54349fc931e2436ab1dc34f P 9f4c39f4410c4ac9b0f61c98c131c45b [term 0 FOLLOWER]: Becoming Follower/Learner. State: Replica: 9f4c39f4410c4ac9b0f61c98c131c45b, State: Initialized, Role: FOLLOWER
I20260608 10:08:55.033843  6082 consensus_queue.cc:260] T d5e9e22cc54349fc931e2436ab1dc34f P 9f4c39f4410c4ac9b0f61c98c131c45b [NON_LEADER]: Queue going to NON_LEADER mode. State: All replicated index: 0, Majority replicated index: 0, Committed index: 0, Last appended: 0.0, Last appended by leader: 0, Current term: 0, Majority size: -1, State: 0, Mode: NON_LEADER, active raft config: opid_index: -1 OBSOLETE_local: false peers { permanent_uuid: "55b69d26d6c3496d9e3def85b1d4a24a" member_type: VOTER last_known_addr { host: "127.1.81.193" port: 45507 } } peers { permanent_uuid: "9f4c39f4410c4ac9b0f61c98c131c45b" member_type: VOTER last_known_addr { host: "127.1.81.194" port: 38399 } } peers { permanent_uuid: "4cb3a5374c454b71a2ec3c8d72c347be" member_type: VOTER last_known_addr { host: "127.1.81.195" port: 34643 } }
I20260608 10:08:55.037844  5959 raft_consensus.cc:2468] T 9678d9b487a54049a568f2ba345a952a P 9f4c39f4410c4ac9b0f61c98c131c45b [term 1 FOLLOWER]: Leader election vote request: Granting yes vote for candidate 55b69d26d6c3496d9e3def85b1d4a24a in term 1.
I20260608 10:08:55.039047  5847 leader_election.cc:304] T 9678d9b487a54049a568f2ba345a952a P 55b69d26d6c3496d9e3def85b1d4a24a [CANDIDATE]: Term 1 election: Election decided. Result: candidate won. Election summary: received 2 responses out of 3 voters: 2 yes votes; 0 no votes. yes voters: 55b69d26d6c3496d9e3def85b1d4a24a, 9f4c39f4410c4ac9b0f61c98c131c45b; no voters: 
I20260608 10:08:55.039595  6082 ts_tablet_manager.cc:1434] T d5e9e22cc54349fc931e2436ab1dc34f P 9f4c39f4410c4ac9b0f61c98c131c45b: Time spent starting tablet: real 0.010s	user 0.006s	sys 0.000s
I20260608 10:08:55.039973  6147 raft_consensus.cc:2804] T 9678d9b487a54049a568f2ba345a952a P 55b69d26d6c3496d9e3def85b1d4a24a [term 1 FOLLOWER]: Leader election won for term 1
I20260608 10:08:55.040505  6147 raft_consensus.cc:697] T 9678d9b487a54049a568f2ba345a952a P 55b69d26d6c3496d9e3def85b1d4a24a [term 1 LEADER]: Becoming Leader. State: Replica: 55b69d26d6c3496d9e3def85b1d4a24a, State: Running, Role: LEADER
I20260608 10:08:55.041296  6147 consensus_queue.cc:237] T 9678d9b487a54049a568f2ba345a952a P 55b69d26d6c3496d9e3def85b1d4a24a [LEADER]: Queue going to LEADER mode. State: All replicated index: 0, Majority replicated index: 0, Committed index: 0, Last appended: 0.0, Last appended by leader: 0, Current term: 1, Majority size: 2, State: 0, Mode: LEADER, active raft config: opid_index: -1 OBSOLETE_local: false peers { permanent_uuid: "55b69d26d6c3496d9e3def85b1d4a24a" member_type: VOTER last_known_addr { host: "127.1.81.193" port: 45507 } } peers { permanent_uuid: "9f4c39f4410c4ac9b0f61c98c131c45b" member_type: VOTER last_known_addr { host: "127.1.81.194" port: 38399 } } peers { permanent_uuid: "4cb3a5374c454b71a2ec3c8d72c347be" member_type: VOTER last_known_addr { host: "127.1.81.195" port: 34643 } }
I20260608 10:08:55.041934  6120 raft_consensus.cc:2749] T 2f33ca156a8f4bbd84325300d1cbb3e2 P 9f4c39f4410c4ac9b0f61c98c131c45b [term 1 FOLLOWER]: Leader pre-election lost for term 1. Reason: could not achieve majority
I20260608 10:08:55.042848  6081 raft_consensus.cc:359] T d5e9e22cc54349fc931e2436ab1dc34f P 4cb3a5374c454b71a2ec3c8d72c347be [term 0 FOLLOWER]: Replica starting. Triggering 0 pending ops. Active config: opid_index: -1 OBSOLETE_local: false peers { permanent_uuid: "55b69d26d6c3496d9e3def85b1d4a24a" member_type: VOTER last_known_addr { host: "127.1.81.193" port: 45507 } } peers { permanent_uuid: "9f4c39f4410c4ac9b0f61c98c131c45b" member_type: VOTER last_known_addr { host: "127.1.81.194" port: 38399 } } peers { permanent_uuid: "4cb3a5374c454b71a2ec3c8d72c347be" member_type: VOTER last_known_addr { host: "127.1.81.195" port: 34643 } }
I20260608 10:08:55.043529  6081 raft_consensus.cc:385] T d5e9e22cc54349fc931e2436ab1dc34f P 4cb3a5374c454b71a2ec3c8d72c347be [term 0 FOLLOWER]: Consensus starting up: Expiring failure detector timer to make a prompt election more likely
I20260608 10:08:55.044482  6034 tablet_service.cc:1917] Received RequestConsensusVote() RPC: tablet_id: "9678d9b487a54049a568f2ba345a952a" candidate_uuid: "55b69d26d6c3496d9e3def85b1d4a24a" candidate_term: 1 candidate_status { last_received { term: 0 index: 0 } } ignore_live_leader: false dest_uuid: "4cb3a5374c454b71a2ec3c8d72c347be"
I20260608 10:08:55.044711  6081 raft_consensus.cc:740] T d5e9e22cc54349fc931e2436ab1dc34f P 4cb3a5374c454b71a2ec3c8d72c347be [term 0 FOLLOWER]: Becoming Follower/Learner. State: Replica: 4cb3a5374c454b71a2ec3c8d72c347be, State: Initialized, Role: FOLLOWER
I20260608 10:08:55.045197  6034 raft_consensus.cc:3060] T 9678d9b487a54049a568f2ba345a952a P 4cb3a5374c454b71a2ec3c8d72c347be [term 0 FOLLOWER]: Advancing to term 1
I20260608 10:08:55.045737  6081 consensus_queue.cc:260] T d5e9e22cc54349fc931e2436ab1dc34f P 4cb3a5374c454b71a2ec3c8d72c347be [NON_LEADER]: Queue going to NON_LEADER mode. State: All replicated index: 0, Majority replicated index: 0, Committed index: 0, Last appended: 0.0, Last appended by leader: 0, Current term: 0, Majority size: -1, State: 0, Mode: NON_LEADER, active raft config: opid_index: -1 OBSOLETE_local: false peers { permanent_uuid: "55b69d26d6c3496d9e3def85b1d4a24a" member_type: VOTER last_known_addr { host: "127.1.81.193" port: 45507 } } peers { permanent_uuid: "9f4c39f4410c4ac9b0f61c98c131c45b" member_type: VOTER last_known_addr { host: "127.1.81.194" port: 38399 } } peers { permanent_uuid: "4cb3a5374c454b71a2ec3c8d72c347be" member_type: VOTER last_known_addr { host: "127.1.81.195" port: 34643 } }
I20260608 10:08:55.047904  6083 tablet_bootstrap.cc:492] T 5ede5ebf349e4f4eb54bba9f97e23973 P 55b69d26d6c3496d9e3def85b1d4a24a: No bootstrap required, opened a new log
I20260608 10:08:55.048359  6083 ts_tablet_manager.cc:1403] T 5ede5ebf349e4f4eb54bba9f97e23973 P 55b69d26d6c3496d9e3def85b1d4a24a: Time spent bootstrapping tablet: real 0.026s	user 0.010s	sys 0.005s
I20260608 10:08:55.051036  6081 ts_tablet_manager.cc:1434] T d5e9e22cc54349fc931e2436ab1dc34f P 4cb3a5374c454b71a2ec3c8d72c347be: Time spent starting tablet: real 0.011s	user 0.005s	sys 0.000s
I20260608 10:08:55.052037  6081 tablet_bootstrap.cc:492] T 5ede5ebf349e4f4eb54bba9f97e23973 P 4cb3a5374c454b71a2ec3c8d72c347be: Bootstrap starting.
I20260608 10:08:55.055675  6034 raft_consensus.cc:2468] T 9678d9b487a54049a568f2ba345a952a P 4cb3a5374c454b71a2ec3c8d72c347be [term 1 FOLLOWER]: Leader election vote request: Granting yes vote for candidate 55b69d26d6c3496d9e3def85b1d4a24a in term 1.
I20260608 10:08:55.043126  6106 leader_election.cc:290] T 9678d9b487a54049a568f2ba345a952a P 55b69d26d6c3496d9e3def85b1d4a24a [CANDIDATE]: Term 1 election: Requested vote from peers 9f4c39f4410c4ac9b0f61c98c131c45b (127.1.81.194:38399), 4cb3a5374c454b71a2ec3c8d72c347be (127.1.81.195:34643)
I20260608 10:08:55.055984  6083 raft_consensus.cc:359] T 5ede5ebf349e4f4eb54bba9f97e23973 P 55b69d26d6c3496d9e3def85b1d4a24a [term 0 FOLLOWER]: Replica starting. Triggering 0 pending ops. Active config: opid_index: -1 OBSOLETE_local: false peers { permanent_uuid: "55b69d26d6c3496d9e3def85b1d4a24a" member_type: VOTER last_known_addr { host: "127.1.81.193" port: 45507 } } peers { permanent_uuid: "9f4c39f4410c4ac9b0f61c98c131c45b" member_type: VOTER last_known_addr { host: "127.1.81.194" port: 38399 } } peers { permanent_uuid: "4cb3a5374c454b71a2ec3c8d72c347be" member_type: VOTER last_known_addr { host: "127.1.81.195" port: 34643 } }
I20260608 10:08:55.057787  6083 raft_consensus.cc:385] T 5ede5ebf349e4f4eb54bba9f97e23973 P 55b69d26d6c3496d9e3def85b1d4a24a [term 0 FOLLOWER]: Consensus starting up: Expiring failure detector timer to make a prompt election more likely
I20260608 10:08:55.058060  6083 raft_consensus.cc:740] T 5ede5ebf349e4f4eb54bba9f97e23973 P 55b69d26d6c3496d9e3def85b1d4a24a [term 0 FOLLOWER]: Becoming Follower/Learner. State: Replica: 55b69d26d6c3496d9e3def85b1d4a24a, State: Initialized, Role: FOLLOWER
I20260608 10:08:55.060428  6083 consensus_queue.cc:260] T 5ede5ebf349e4f4eb54bba9f97e23973 P 55b69d26d6c3496d9e3def85b1d4a24a [NON_LEADER]: Queue going to NON_LEADER mode. State: All replicated index: 0, Majority replicated index: 0, Committed index: 0, Last appended: 0.0, Last appended by leader: 0, Current term: 0, Majority size: -1, State: 0, Mode: NON_LEADER, active raft config: opid_index: -1 OBSOLETE_local: false peers { permanent_uuid: "55b69d26d6c3496d9e3def85b1d4a24a" member_type: VOTER last_known_addr { host: "127.1.81.193" port: 45507 } } peers { permanent_uuid: "9f4c39f4410c4ac9b0f61c98c131c45b" member_type: VOTER last_known_addr { host: "127.1.81.194" port: 38399 } } peers { permanent_uuid: "4cb3a5374c454b71a2ec3c8d72c347be" member_type: VOTER last_known_addr { host: "127.1.81.195" port: 34643 } }
I20260608 10:08:55.061630  6081 tablet_bootstrap.cc:654] T 5ede5ebf349e4f4eb54bba9f97e23973 P 4cb3a5374c454b71a2ec3c8d72c347be: Neither blocks nor log segments found. Creating new log.
I20260608 10:08:55.062623  6083 ts_tablet_manager.cc:1434] T 5ede5ebf349e4f4eb54bba9f97e23973 P 55b69d26d6c3496d9e3def85b1d4a24a: Time spent starting tablet: real 0.014s	user 0.005s	sys 0.000s
I20260608 10:08:55.058756  6087 raft_consensus.cc:515] T 010ee6faead94a96bf8030132374ff0c P 55b69d26d6c3496d9e3def85b1d4a24a [term 1 FOLLOWER]: Starting leader election with config: opid_index: -1 OBSOLETE_local: false peers { permanent_uuid: "55b69d26d6c3496d9e3def85b1d4a24a" member_type: VOTER last_known_addr { host: "127.1.81.193" port: 45507 } } peers { permanent_uuid: "9f4c39f4410c4ac9b0f61c98c131c45b" member_type: VOTER last_known_addr { host: "127.1.81.194" port: 38399 } } peers { permanent_uuid: "4cb3a5374c454b71a2ec3c8d72c347be" member_type: VOTER last_known_addr { host: "127.1.81.195" port: 34643 } }
I20260608 10:08:55.067022  6087 leader_election.cc:290] T 010ee6faead94a96bf8030132374ff0c P 55b69d26d6c3496d9e3def85b1d4a24a [CANDIDATE]: Term 1 election: Requested vote from peers 9f4c39f4410c4ac9b0f61c98c131c45b (127.1.81.194:38399), 4cb3a5374c454b71a2ec3c8d72c347be (127.1.81.195:34643)
I20260608 10:08:55.066519  5781 catalog_manager.cc:5696] T 9678d9b487a54049a568f2ba345a952a P 55b69d26d6c3496d9e3def85b1d4a24a reported cstate change: term changed from 0 to 1, leader changed from <none> to 55b69d26d6c3496d9e3def85b1d4a24a (127.1.81.193). New cstate: current_term: 1 leader_uuid: "55b69d26d6c3496d9e3def85b1d4a24a" committed_config { opid_index: -1 OBSOLETE_local: false peers { permanent_uuid: "55b69d26d6c3496d9e3def85b1d4a24a" member_type: VOTER last_known_addr { host: "127.1.81.193" port: 45507 } health_report { overall_health: HEALTHY } } peers { permanent_uuid: "9f4c39f4410c4ac9b0f61c98c131c45b" member_type: VOTER last_known_addr { host: "127.1.81.194" port: 38399 } health_report { overall_health: UNKNOWN } } peers { permanent_uuid: "4cb3a5374c454b71a2ec3c8d72c347be" member_type: VOTER last_known_addr { host: "127.1.81.195" port: 34643 } health_report { overall_health: UNKNOWN } } }
I20260608 10:08:55.068234  6034 tablet_service.cc:1917] Received RequestConsensusVote() RPC: tablet_id: "010ee6faead94a96bf8030132374ff0c" candidate_uuid: "55b69d26d6c3496d9e3def85b1d4a24a" candidate_term: 1 candidate_status { last_received { term: 0 index: 0 } } ignore_live_leader: false dest_uuid: "4cb3a5374c454b71a2ec3c8d72c347be"
I20260608 10:08:55.068246  5959 tablet_service.cc:1917] Received RequestConsensusVote() RPC: tablet_id: "010ee6faead94a96bf8030132374ff0c" candidate_uuid: "55b69d26d6c3496d9e3def85b1d4a24a" candidate_term: 1 candidate_status { last_received { term: 0 index: 0 } } ignore_live_leader: false dest_uuid: "9f4c39f4410c4ac9b0f61c98c131c45b"
I20260608 10:08:55.068909  6034 raft_consensus.cc:3060] T 010ee6faead94a96bf8030132374ff0c P 4cb3a5374c454b71a2ec3c8d72c347be [term 0 FOLLOWER]: Advancing to term 1
I20260608 10:08:55.069059  5959 raft_consensus.cc:3060] T 010ee6faead94a96bf8030132374ff0c P 9f4c39f4410c4ac9b0f61c98c131c45b [term 0 FOLLOWER]: Advancing to term 1
I20260608 10:08:55.074067  6081 tablet_bootstrap.cc:492] T 5ede5ebf349e4f4eb54bba9f97e23973 P 4cb3a5374c454b71a2ec3c8d72c347be: No bootstrap required, opened a new log
I20260608 10:08:55.074142  6034 raft_consensus.cc:2468] T 010ee6faead94a96bf8030132374ff0c P 4cb3a5374c454b71a2ec3c8d72c347be [term 1 FOLLOWER]: Leader election vote request: Granting yes vote for candidate 55b69d26d6c3496d9e3def85b1d4a24a in term 1.
I20260608 10:08:55.074648  6081 ts_tablet_manager.cc:1403] T 5ede5ebf349e4f4eb54bba9f97e23973 P 4cb3a5374c454b71a2ec3c8d72c347be: Time spent bootstrapping tablet: real 0.023s	user 0.011s	sys 0.008s
I20260608 10:08:55.075515  5848 leader_election.cc:304] T 010ee6faead94a96bf8030132374ff0c P 55b69d26d6c3496d9e3def85b1d4a24a [CANDIDATE]: Term 1 election: Election decided. Result: candidate won. Election summary: received 2 responses out of 3 voters: 2 yes votes; 0 no votes. yes voters: 4cb3a5374c454b71a2ec3c8d72c347be, 55b69d26d6c3496d9e3def85b1d4a24a; no voters: 
I20260608 10:08:55.078576  6081 raft_consensus.cc:359] T 5ede5ebf349e4f4eb54bba9f97e23973 P 4cb3a5374c454b71a2ec3c8d72c347be [term 0 FOLLOWER]: Replica starting. Triggering 0 pending ops. Active config: opid_index: -1 OBSOLETE_local: false peers { permanent_uuid: "55b69d26d6c3496d9e3def85b1d4a24a" member_type: VOTER last_known_addr { host: "127.1.81.193" port: 45507 } } peers { permanent_uuid: "9f4c39f4410c4ac9b0f61c98c131c45b" member_type: VOTER last_known_addr { host: "127.1.81.194" port: 38399 } } peers { permanent_uuid: "4cb3a5374c454b71a2ec3c8d72c347be" member_type: VOTER last_known_addr { host: "127.1.81.195" port: 34643 } }
I20260608 10:08:55.079208  6081 raft_consensus.cc:385] T 5ede5ebf349e4f4eb54bba9f97e23973 P 4cb3a5374c454b71a2ec3c8d72c347be [term 0 FOLLOWER]: Consensus starting up: Expiring failure detector timer to make a prompt election more likely
I20260608 10:08:55.079474  6081 raft_consensus.cc:740] T 5ede5ebf349e4f4eb54bba9f97e23973 P 4cb3a5374c454b71a2ec3c8d72c347be [term 0 FOLLOWER]: Becoming Follower/Learner. State: Replica: 4cb3a5374c454b71a2ec3c8d72c347be, State: Initialized, Role: FOLLOWER
I20260608 10:08:55.080268  5959 raft_consensus.cc:2468] T 010ee6faead94a96bf8030132374ff0c P 9f4c39f4410c4ac9b0f61c98c131c45b [term 1 FOLLOWER]: Leader election vote request: Granting yes vote for candidate 55b69d26d6c3496d9e3def85b1d4a24a in term 1.
I20260608 10:08:55.080153  6081 consensus_queue.cc:260] T 5ede5ebf349e4f4eb54bba9f97e23973 P 4cb3a5374c454b71a2ec3c8d72c347be [NON_LEADER]: Queue going to NON_LEADER mode. State: All replicated index: 0, Majority replicated index: 0, Committed index: 0, Last appended: 0.0, Last appended by leader: 0, Current term: 0, Majority size: -1, State: 0, Mode: NON_LEADER, active raft config: opid_index: -1 OBSOLETE_local: false peers { permanent_uuid: "55b69d26d6c3496d9e3def85b1d4a24a" member_type: VOTER last_known_addr { host: "127.1.81.193" port: 45507 } } peers { permanent_uuid: "9f4c39f4410c4ac9b0f61c98c131c45b" member_type: VOTER last_known_addr { host: "127.1.81.194" port: 38399 } } peers { permanent_uuid: "4cb3a5374c454b71a2ec3c8d72c347be" member_type: VOTER last_known_addr { host: "127.1.81.195" port: 34643 } }
I20260608 10:08:55.082098  6081 ts_tablet_manager.cc:1434] T 5ede5ebf349e4f4eb54bba9f97e23973 P 4cb3a5374c454b71a2ec3c8d72c347be: Time spent starting tablet: real 0.006s	user 0.005s	sys 0.000s
I20260608 10:08:55.083257  6087 raft_consensus.cc:2804] T 010ee6faead94a96bf8030132374ff0c P 55b69d26d6c3496d9e3def85b1d4a24a [term 1 FOLLOWER]: Leader election won for term 1
I20260608 10:08:55.083662  6087 raft_consensus.cc:697] T 010ee6faead94a96bf8030132374ff0c P 55b69d26d6c3496d9e3def85b1d4a24a [term 1 LEADER]: Becoming Leader. State: Replica: 55b69d26d6c3496d9e3def85b1d4a24a, State: Running, Role: LEADER
I20260608 10:08:55.084493  6087 consensus_queue.cc:237] T 010ee6faead94a96bf8030132374ff0c P 55b69d26d6c3496d9e3def85b1d4a24a [LEADER]: Queue going to LEADER mode. State: All replicated index: 0, Majority replicated index: 0, Committed index: 0, Last appended: 0.0, Last appended by leader: 0, Current term: 1, Majority size: 2, State: 0, Mode: LEADER, active raft config: opid_index: -1 OBSOLETE_local: false peers { permanent_uuid: "55b69d26d6c3496d9e3def85b1d4a24a" member_type: VOTER last_known_addr { host: "127.1.81.193" port: 45507 } } peers { permanent_uuid: "9f4c39f4410c4ac9b0f61c98c131c45b" member_type: VOTER last_known_addr { host: "127.1.81.194" port: 38399 } } peers { permanent_uuid: "4cb3a5374c454b71a2ec3c8d72c347be" member_type: VOTER last_known_addr { host: "127.1.81.195" port: 34643 } }
I20260608 10:08:55.093398  5779 catalog_manager.cc:5696] T 010ee6faead94a96bf8030132374ff0c P 55b69d26d6c3496d9e3def85b1d4a24a reported cstate change: term changed from 0 to 1, leader changed from <none> to 55b69d26d6c3496d9e3def85b1d4a24a (127.1.81.193). New cstate: current_term: 1 leader_uuid: "55b69d26d6c3496d9e3def85b1d4a24a" committed_config { opid_index: -1 OBSOLETE_local: false peers { permanent_uuid: "55b69d26d6c3496d9e3def85b1d4a24a" member_type: VOTER last_known_addr { host: "127.1.81.193" port: 45507 } health_report { overall_health: HEALTHY } } peers { permanent_uuid: "9f4c39f4410c4ac9b0f61c98c131c45b" member_type: VOTER last_known_addr { host: "127.1.81.194" port: 38399 } health_report { overall_health: UNKNOWN } } peers { permanent_uuid: "4cb3a5374c454b71a2ec3c8d72c347be" member_type: VOTER last_known_addr { host: "127.1.81.195" port: 34643 } health_report { overall_health: UNKNOWN } } }
I20260608 10:08:55.106549  6086 raft_consensus.cc:493] T 7248cebba4e84a4fad14ef42ac1cad77 P 4cb3a5374c454b71a2ec3c8d72c347be [term 0 FOLLOWER]: Starting pre-election (no leader contacted us within the election timeout)
I20260608 10:08:55.106988  6086 raft_consensus.cc:515] T 7248cebba4e84a4fad14ef42ac1cad77 P 4cb3a5374c454b71a2ec3c8d72c347be [term 0 FOLLOWER]: Starting pre-election with config: opid_index: -1 OBSOLETE_local: false peers { permanent_uuid: "55b69d26d6c3496d9e3def85b1d4a24a" member_type: VOTER last_known_addr { host: "127.1.81.193" port: 45507 } } peers { permanent_uuid: "9f4c39f4410c4ac9b0f61c98c131c45b" member_type: VOTER last_known_addr { host: "127.1.81.194" port: 38399 } } peers { permanent_uuid: "4cb3a5374c454b71a2ec3c8d72c347be" member_type: VOTER last_known_addr { host: "127.1.81.195" port: 34643 } }
I20260608 10:08:55.108829  6086 leader_election.cc:290] T 7248cebba4e84a4fad14ef42ac1cad77 P 4cb3a5374c454b71a2ec3c8d72c347be [CANDIDATE]: Term 1 pre-election: Requested pre-vote from peers 55b69d26d6c3496d9e3def85b1d4a24a (127.1.81.193:45507), 9f4c39f4410c4ac9b0f61c98c131c45b (127.1.81.194:38399)
I20260608 10:08:55.109390  5883 tablet_service.cc:1917] Received RequestConsensusVote() RPC: tablet_id: "7248cebba4e84a4fad14ef42ac1cad77" candidate_uuid: "4cb3a5374c454b71a2ec3c8d72c347be" candidate_term: 1 candidate_status { last_received { term: 0 index: 0 } } ignore_live_leader: false dest_uuid: "55b69d26d6c3496d9e3def85b1d4a24a" is_pre_election: true
I20260608 10:08:55.109815  5959 tablet_service.cc:1917] Received RequestConsensusVote() RPC: tablet_id: "7248cebba4e84a4fad14ef42ac1cad77" candidate_uuid: "4cb3a5374c454b71a2ec3c8d72c347be" candidate_term: 1 candidate_status { last_received { term: 0 index: 0 } } ignore_live_leader: false dest_uuid: "9f4c39f4410c4ac9b0f61c98c131c45b" is_pre_election: true
I20260608 10:08:55.110478  5959 raft_consensus.cc:2393] T 7248cebba4e84a4fad14ef42ac1cad77 P 9f4c39f4410c4ac9b0f61c98c131c45b [term 1 FOLLOWER]: Leader pre-election vote request: Denying vote to candidate 4cb3a5374c454b71a2ec3c8d72c347be in current term 1: Already voted for candidate 55b69d26d6c3496d9e3def85b1d4a24a in this term.
I20260608 10:08:55.111428  5996 leader_election.cc:304] T 7248cebba4e84a4fad14ef42ac1cad77 P 4cb3a5374c454b71a2ec3c8d72c347be [CANDIDATE]: Term 1 pre-election: Election decided. Result: candidate lost. Election summary: received 3 responses out of 3 voters: 1 yes votes; 2 no votes. yes voters: 4cb3a5374c454b71a2ec3c8d72c347be; no voters: 55b69d26d6c3496d9e3def85b1d4a24a, 9f4c39f4410c4ac9b0f61c98c131c45b
I20260608 10:08:55.112043  6086 raft_consensus.cc:3060] T 7248cebba4e84a4fad14ef42ac1cad77 P 4cb3a5374c454b71a2ec3c8d72c347be [term 0 FOLLOWER]: Advancing to term 1
I20260608 10:08:55.117094  6086 raft_consensus.cc:2749] T 7248cebba4e84a4fad14ef42ac1cad77 P 4cb3a5374c454b71a2ec3c8d72c347be [term 1 FOLLOWER]: Leader pre-election lost for term 1. Reason: could not achieve majority
I20260608 10:08:55.119899  6087 consensus_queue.cc:1048] T 7248cebba4e84a4fad14ef42ac1cad77 P 55b69d26d6c3496d9e3def85b1d4a24a [LEADER]: Connected to new peer: Peer: permanent_uuid: "4cb3a5374c454b71a2ec3c8d72c347be" member_type: VOTER last_known_addr { host: "127.1.81.195" port: 34643 }, Status: LMP_MISMATCH, Last received: 0.0, Next index: 1, Last known committed idx: 0, Time since last communication: 0.000s
I20260608 10:08:55.134828  6106 consensus_queue.cc:1048] T 7248cebba4e84a4fad14ef42ac1cad77 P 55b69d26d6c3496d9e3def85b1d4a24a [LEADER]: Connected to new peer: Peer: permanent_uuid: "9f4c39f4410c4ac9b0f61c98c131c45b" member_type: VOTER last_known_addr { host: "127.1.81.194" port: 38399 }, Status: LMP_MISMATCH, Last received: 0.0, Next index: 1, Last known committed idx: 0, Time since last communication: 0.000s
I20260608 10:08:55.162660  6120 consensus_queue.cc:1048] T 39dccea3625041998e889edfea39e604 P 9f4c39f4410c4ac9b0f61c98c131c45b [LEADER]: Connected to new peer: Peer: permanent_uuid: "55b69d26d6c3496d9e3def85b1d4a24a" member_type: VOTER last_known_addr { host: "127.1.81.193" port: 45507 }, Status: LMP_MISMATCH, Last received: 0.0, Next index: 1, Last known committed idx: 0, Time since last communication: 0.000s
I20260608 10:08:55.173467  6091 consensus_queue.cc:1048] T 39dccea3625041998e889edfea39e604 P 9f4c39f4410c4ac9b0f61c98c131c45b [LEADER]: Connected to new peer: Peer: permanent_uuid: "4cb3a5374c454b71a2ec3c8d72c347be" member_type: VOTER last_known_addr { host: "127.1.81.195" port: 34643 }, Status: LMP_MISMATCH, Last received: 0.0, Next index: 1, Last known committed idx: 0, Time since last communication: 0.000s
I20260608 10:08:55.180876  6120 raft_consensus.cc:493] T 5ede5ebf349e4f4eb54bba9f97e23973 P 9f4c39f4410c4ac9b0f61c98c131c45b [term 0 FOLLOWER]: Starting pre-election (no leader contacted us within the election timeout)
I20260608 10:08:55.181372  6120 raft_consensus.cc:515] T 5ede5ebf349e4f4eb54bba9f97e23973 P 9f4c39f4410c4ac9b0f61c98c131c45b [term 0 FOLLOWER]: Starting pre-election with config: opid_index: -1 OBSOLETE_local: false peers { permanent_uuid: "55b69d26d6c3496d9e3def85b1d4a24a" member_type: VOTER last_known_addr { host: "127.1.81.193" port: 45507 } } peers { permanent_uuid: "9f4c39f4410c4ac9b0f61c98c131c45b" member_type: VOTER last_known_addr { host: "127.1.81.194" port: 38399 } } peers { permanent_uuid: "4cb3a5374c454b71a2ec3c8d72c347be" member_type: VOTER last_known_addr { host: "127.1.81.195" port: 34643 } }
I20260608 10:08:55.183416  6120 leader_election.cc:290] T 5ede5ebf349e4f4eb54bba9f97e23973 P 9f4c39f4410c4ac9b0f61c98c131c45b [CANDIDATE]: Term 1 pre-election: Requested pre-vote from peers 55b69d26d6c3496d9e3def85b1d4a24a (127.1.81.193:45507), 4cb3a5374c454b71a2ec3c8d72c347be (127.1.81.195:34643)
I20260608 10:08:55.184049  5883 tablet_service.cc:1917] Received RequestConsensusVote() RPC: tablet_id: "5ede5ebf349e4f4eb54bba9f97e23973" candidate_uuid: "9f4c39f4410c4ac9b0f61c98c131c45b" candidate_term: 1 candidate_status { last_received { term: 0 index: 0 } } ignore_live_leader: false dest_uuid: "55b69d26d6c3496d9e3def85b1d4a24a" is_pre_election: true
