I20260608 10:08:01.062881 30192 raft_consensus.cc:359] T 66267531f6ef49d193f4c176f444eaa2 P 48034d4bb7e6441a945b4290cecce2b3 [term 1 LEARNER]: Replica starting. Triggering 0 pending ops. Active config: opid_index: 2 OBSOLETE_local: false peers { permanent_uuid: "f9db5fd6b50a4d3c9356dbbbacc1e2a4" member_type: VOTER last_known_addr { host: "127.25.250.130" port: 46741 } } peers { permanent_uuid: "3d9d517c610c4c67add92be202a616b7" member_type: VOTER last_known_addr { host: "127.25.250.129" port: 39545 } } peers { permanent_uuid: "a16f22c9085747e09c8998df82ede0b9" member_type: VOTER last_known_addr { host: "127.25.250.131" port: 42189 } attrs { replace: true } } peers { permanent_uuid: "48034d4bb7e6441a945b4290cecce2b3" member_type: NON_VOTER last_known_addr { host: "127.25.250.132" port: 43617 } attrs { promote: true } }
I20260608 10:08:01.063683 30192 raft_consensus.cc:740] T 66267531f6ef49d193f4c176f444eaa2 P 48034d4bb7e6441a945b4290cecce2b3 [term 1 LEARNER]: Becoming Follower/Learner. State: Replica: 48034d4bb7e6441a945b4290cecce2b3, State: Initialized, Role: LEARNER
I20260608 10:08:01.064384 30192 consensus_queue.cc:260] T 66267531f6ef49d193f4c176f444eaa2 P 48034d4bb7e6441a945b4290cecce2b3 [NON_LEADER]: Queue going to NON_LEADER mode. State: All replicated index: 0, Majority replicated index: 0, Committed index: 2, Last appended: 1.2, Last appended by leader: 2, Current term: 0, Majority size: -1, State: 0, Mode: NON_LEADER, active raft config: opid_index: 2 OBSOLETE_local: false peers { permanent_uuid: "f9db5fd6b50a4d3c9356dbbbacc1e2a4" member_type: VOTER last_known_addr { host: "127.25.250.130" port: 46741 } } peers { permanent_uuid: "3d9d517c610c4c67add92be202a616b7" member_type: VOTER last_known_addr { host: "127.25.250.129" port: 39545 } } peers { permanent_uuid: "a16f22c9085747e09c8998df82ede0b9" member_type: VOTER last_known_addr { host: "127.25.250.131" port: 42189 } attrs { replace: true } } peers { permanent_uuid: "48034d4bb7e6441a945b4290cecce2b3" member_type: NON_VOTER last_known_addr { host: "127.25.250.132" port: 43617 } attrs { promote: true } }
I20260608 10:08:01.067523 30192 ts_tablet_manager.cc:1434] T 66267531f6ef49d193f4c176f444eaa2 P 48034d4bb7e6441a945b4290cecce2b3: Time spent starting tablet: real 0.008s	user 0.007s	sys 0.001s
I20260608 10:08:01.070065 29600 tablet_copy_service.cc:342] P 3d9d517c610c4c67add92be202a616b7: Request end of tablet copy session 48034d4bb7e6441a945b4290cecce2b3-66267531f6ef49d193f4c176f444eaa2 received from {username='slave'} at 127.0.0.1:44282
I20260608 10:08:01.070617 29600 tablet_copy_service.cc:434] P 3d9d517c610c4c67add92be202a616b7: ending tablet copy session 48034d4bb7e6441a945b4290cecce2b3-66267531f6ef49d193f4c176f444eaa2 on tablet 66267531f6ef49d193f4c176f444eaa2 with peer 48034d4bb7e6441a945b4290cecce2b3
I20260608 10:08:01.147765 29664 raft_consensus.cc:1275] T 10feec5b3d97417fa04b8df310749584 P f9db5fd6b50a4d3c9356dbbbacc1e2a4 [term 4 FOLLOWER]: Refusing update from remote peer a16f22c9085747e09c8998df82ede0b9: Log matching property violated. Preceding OpId in replica: term: 3 index: 6. Preceding OpId from leader: term: 4 index: 7. (index mismatch)
I20260608 10:08:01.154886 30165 consensus_queue.cc:1048] T 10feec5b3d97417fa04b8df310749584 P a16f22c9085747e09c8998df82ede0b9 [LEADER]: Connected to new peer: Peer: permanent_uuid: "f9db5fd6b50a4d3c9356dbbbacc1e2a4" member_type: VOTER last_known_addr { host: "127.25.250.130" port: 46741 } attrs { promote: false }, Status: LMP_MISMATCH, Last received: 0.0, Next index: 7, Last known committed idx: 6, Time since last communication: 0.001s
I20260608 10:08:01.193745 29588 raft_consensus.cc:1275] T 10feec5b3d97417fa04b8df310749584 P 3d9d517c610c4c67add92be202a616b7 [term 4 FOLLOWER]: Refusing update from remote peer a16f22c9085747e09c8998df82ede0b9: Log matching property violated. Preceding OpId in replica: term: 3 index: 6. Preceding OpId from leader: term: 4 index: 7. (index mismatch)
I20260608 10:08:01.196398 30198 consensus_queue.cc:1048] T 10feec5b3d97417fa04b8df310749584 P a16f22c9085747e09c8998df82ede0b9 [LEADER]: Connected to new peer: Peer: permanent_uuid: "3d9d517c610c4c67add92be202a616b7" member_type: VOTER last_known_addr { host: "127.25.250.129" port: 39545 }, Status: LMP_MISMATCH, Last received: 0.0, Next index: 7, Last known committed idx: 6, Time since last communication: 0.001s
I20260608 10:08:01.287819 29736 raft_consensus.cc:1217] T f287bf6588954457a9d92dd570520cfa P a16f22c9085747e09c8998df82ede0b9 [term 1 LEARNER]: Deduplicated request from leader. Original: 1.1->[1.2-1.2]   Dedup: 1.2->[]
I20260608 10:08:01.471478 29895 raft_consensus.cc:1217] T 66267531f6ef49d193f4c176f444eaa2 P 48034d4bb7e6441a945b4290cecce2b3 [term 1 LEARNER]: Deduplicated request from leader. Original: 1.1->[1.2-1.2]   Dedup: 1.2->[]
I20260608 10:08:01.777314 30202 raft_consensus.cc:1064] T f287bf6588954457a9d92dd570520cfa P f9db5fd6b50a4d3c9356dbbbacc1e2a4: attempting to promote NON_VOTER a16f22c9085747e09c8998df82ede0b9 to VOTER
I20260608 10:08:01.779832 30202 consensus_queue.cc:237] T f287bf6588954457a9d92dd570520cfa P f9db5fd6b50a4d3c9356dbbbacc1e2a4 [LEADER]: Queue going to LEADER mode. State: All replicated index: 0, Majority replicated index: 2, Committed index: 2, Last appended: 1.2, Last appended by leader: 0, Current term: 1, Majority size: 3, State: 0, Mode: LEADER, active raft config: opid_index: 3 OBSOLETE_local: false peers { permanent_uuid: "f9db5fd6b50a4d3c9356dbbbacc1e2a4" member_type: VOTER last_known_addr { host: "127.25.250.130" port: 46741 } } peers { permanent_uuid: "48034d4bb7e6441a945b4290cecce2b3" member_type: VOTER last_known_addr { host: "127.25.250.132" port: 43617 } attrs { replace: true } } peers { permanent_uuid: "3d9d517c610c4c67add92be202a616b7" member_type: VOTER last_known_addr { host: "127.25.250.129" port: 39545 } } peers { permanent_uuid: "a16f22c9085747e09c8998df82ede0b9" member_type: VOTER last_known_addr { host: "127.25.250.131" port: 42189 } attrs { promote: false } }
I20260608 10:08:01.788307 29588 raft_consensus.cc:1275] T f287bf6588954457a9d92dd570520cfa P 3d9d517c610c4c67add92be202a616b7 [term 1 FOLLOWER]: Refusing update from remote peer f9db5fd6b50a4d3c9356dbbbacc1e2a4: Log matching property violated. Preceding OpId in replica: term: 1 index: 2. Preceding OpId from leader: term: 1 index: 3. (index mismatch)
I20260608 10:08:01.790061 29736 raft_consensus.cc:1275] T f287bf6588954457a9d92dd570520cfa P a16f22c9085747e09c8998df82ede0b9 [term 1 LEARNER]: Refusing update from remote peer f9db5fd6b50a4d3c9356dbbbacc1e2a4: Log matching property violated. Preceding OpId in replica: term: 1 index: 2. Preceding OpId from leader: term: 1 index: 3. (index mismatch)
I20260608 10:08:01.792557 30176 consensus_queue.cc:1048] T f287bf6588954457a9d92dd570520cfa P f9db5fd6b50a4d3c9356dbbbacc1e2a4 [LEADER]: Connected to new peer: Peer: permanent_uuid: "3d9d517c610c4c67add92be202a616b7" member_type: VOTER last_known_addr { host: "127.25.250.129" port: 39545 }, Status: LMP_MISMATCH, Last received: 0.0, Next index: 3, Last known committed idx: 2, Time since last communication: 0.001s
I20260608 10:08:01.793854 29895 raft_consensus.cc:1275] T f287bf6588954457a9d92dd570520cfa P 48034d4bb7e6441a945b4290cecce2b3 [term 1 FOLLOWER]: Refusing update from remote peer f9db5fd6b50a4d3c9356dbbbacc1e2a4: Log matching property violated. Preceding OpId in replica: term: 1 index: 2. Preceding OpId from leader: term: 1 index: 3. (index mismatch)
I20260608 10:08:01.796185 30202 consensus_queue.cc:1048] T f287bf6588954457a9d92dd570520cfa P f9db5fd6b50a4d3c9356dbbbacc1e2a4 [LEADER]: Connected to new peer: Peer: permanent_uuid: "48034d4bb7e6441a945b4290cecce2b3" member_type: VOTER last_known_addr { host: "127.25.250.132" port: 43617 } attrs { replace: true }, Status: LMP_MISMATCH, Last received: 0.0, Next index: 3, Last known committed idx: 2, Time since last communication: 0.002s
I20260608 10:08:01.798473 30209 consensus_queue.cc:1048] T f287bf6588954457a9d92dd570520cfa P f9db5fd6b50a4d3c9356dbbbacc1e2a4 [LEADER]: Connected to new peer: Peer: permanent_uuid: "a16f22c9085747e09c8998df82ede0b9" member_type: VOTER last_known_addr { host: "127.25.250.131" port: 42189 } attrs { promote: false }, Status: LMP_MISMATCH, Last received: 0.0, Next index: 3, Last known committed idx: 2, Time since last communication: 0.000s
I20260608 10:08:01.818549 30176 raft_consensus.cc:2955] T f287bf6588954457a9d92dd570520cfa P f9db5fd6b50a4d3c9356dbbbacc1e2a4 [term 1 LEADER]: Committing config change with OpId 1.3: config changed from index 2 to 3, a16f22c9085747e09c8998df82ede0b9 (127.25.250.131) changed from NON_VOTER to VOTER. New config: { opid_index: 3 OBSOLETE_local: false peers { permanent_uuid: "f9db5fd6b50a4d3c9356dbbbacc1e2a4" member_type: VOTER last_known_addr { host: "127.25.250.130" port: 46741 } } peers { permanent_uuid: "48034d4bb7e6441a945b4290cecce2b3" member_type: VOTER last_known_addr { host: "127.25.250.132" port: 43617 } attrs { replace: true } } peers { permanent_uuid: "3d9d517c610c4c67add92be202a616b7" member_type: VOTER last_known_addr { host: "127.25.250.129" port: 39545 } } peers { permanent_uuid: "a16f22c9085747e09c8998df82ede0b9" member_type: VOTER last_known_addr { host: "127.25.250.131" port: 42189 } attrs { promote: false } } }
I20260608 10:08:01.823033 29588 raft_consensus.cc:2955] T f287bf6588954457a9d92dd570520cfa P 3d9d517c610c4c67add92be202a616b7 [term 1 FOLLOWER]: Committing config change with OpId 1.3: config changed from index 2 to 3, a16f22c9085747e09c8998df82ede0b9 (127.25.250.131) changed from NON_VOTER to VOTER. New config: { opid_index: 3 OBSOLETE_local: false peers { permanent_uuid: "f9db5fd6b50a4d3c9356dbbbacc1e2a4" member_type: VOTER last_known_addr { host: "127.25.250.130" port: 46741 } } peers { permanent_uuid: "48034d4bb7e6441a945b4290cecce2b3" member_type: VOTER last_known_addr { host: "127.25.250.132" port: 43617 } attrs { replace: true } } peers { permanent_uuid: "3d9d517c610c4c67add92be202a616b7" member_type: VOTER last_known_addr { host: "127.25.250.129" port: 39545 } } peers { permanent_uuid: "a16f22c9085747e09c8998df82ede0b9" member_type: VOTER last_known_addr { host: "127.25.250.131" port: 42189 } attrs { promote: false } } }
I20260608 10:08:01.823335 29736 raft_consensus.cc:2955] T f287bf6588954457a9d92dd570520cfa P a16f22c9085747e09c8998df82ede0b9 [term 1 FOLLOWER]: Committing config change with OpId 1.3: config changed from index 2 to 3, a16f22c9085747e09c8998df82ede0b9 (127.25.250.131) changed from NON_VOTER to VOTER. New config: { opid_index: 3 OBSOLETE_local: false peers { permanent_uuid: "f9db5fd6b50a4d3c9356dbbbacc1e2a4" member_type: VOTER last_known_addr { host: "127.25.250.130" port: 46741 } } peers { permanent_uuid: "48034d4bb7e6441a945b4290cecce2b3" member_type: VOTER last_known_addr { host: "127.25.250.132" port: 43617 } attrs { replace: true } } peers { permanent_uuid: "3d9d517c610c4c67add92be202a616b7" member_type: VOTER last_known_addr { host: "127.25.250.129" port: 39545 } } peers { permanent_uuid: "a16f22c9085747e09c8998df82ede0b9" member_type: VOTER last_known_addr { host: "127.25.250.131" port: 42189 } attrs { promote: false } } }
I20260608 10:08:01.832499 29895 raft_consensus.cc:2955] T f287bf6588954457a9d92dd570520cfa P 48034d4bb7e6441a945b4290cecce2b3 [term 1 FOLLOWER]: Committing config change with OpId 1.3: config changed from index 2 to 3, a16f22c9085747e09c8998df82ede0b9 (127.25.250.131) changed from NON_VOTER to VOTER. New config: { opid_index: 3 OBSOLETE_local: false peers { permanent_uuid: "f9db5fd6b50a4d3c9356dbbbacc1e2a4" member_type: VOTER last_known_addr { host: "127.25.250.130" port: 46741 } } peers { permanent_uuid: "48034d4bb7e6441a945b4290cecce2b3" member_type: VOTER last_known_addr { host: "127.25.250.132" port: 43617 } attrs { replace: true } } peers { permanent_uuid: "3d9d517c610c4c67add92be202a616b7" member_type: VOTER last_known_addr { host: "127.25.250.129" port: 39545 } } peers { permanent_uuid: "a16f22c9085747e09c8998df82ede0b9" member_type: VOTER last_known_addr { host: "127.25.250.131" port: 42189 } attrs { promote: false } } }
I20260608 10:08:01.842906 29485 catalog_manager.cc:5696] T f287bf6588954457a9d92dd570520cfa P 3d9d517c610c4c67add92be202a616b7 reported cstate change: config changed from index 2 to 3, a16f22c9085747e09c8998df82ede0b9 (127.25.250.131) changed from NON_VOTER to VOTER. New cstate: current_term: 1 leader_uuid: "f9db5fd6b50a4d3c9356dbbbacc1e2a4" committed_config { opid_index: 3 OBSOLETE_local: false peers { permanent_uuid: "f9db5fd6b50a4d3c9356dbbbacc1e2a4" member_type: VOTER last_known_addr { host: "127.25.250.130" port: 46741 } } peers { permanent_uuid: "48034d4bb7e6441a945b4290cecce2b3" member_type: VOTER last_known_addr { host: "127.25.250.132" port: 43617 } attrs { replace: true } } peers { permanent_uuid: "3d9d517c610c4c67add92be202a616b7" member_type: VOTER last_known_addr { host: "127.25.250.129" port: 39545 } } peers { permanent_uuid: "a16f22c9085747e09c8998df82ede0b9" member_type: VOTER last_known_addr { host: "127.25.250.131" port: 42189 } attrs { promote: false } } }
I20260608 10:08:01.872342 29664 consensus_queue.cc:237] T f287bf6588954457a9d92dd570520cfa P f9db5fd6b50a4d3c9356dbbbacc1e2a4 [LEADER]: Queue going to LEADER mode. State: All replicated index: 0, Majority replicated index: 3, Committed index: 3, Last appended: 1.3, Last appended by leader: 0, Current term: 1, Majority size: 2, State: 0, Mode: LEADER, active raft config: opid_index: 4 OBSOLETE_local: false peers { permanent_uuid: "f9db5fd6b50a4d3c9356dbbbacc1e2a4" member_type: VOTER last_known_addr { host: "127.25.250.130" port: 46741 } } peers { permanent_uuid: "3d9d517c610c4c67add92be202a616b7" member_type: VOTER last_known_addr { host: "127.25.250.129" port: 39545 } } peers { permanent_uuid: "a16f22c9085747e09c8998df82ede0b9" member_type: VOTER last_known_addr { host: "127.25.250.131" port: 42189 } attrs { promote: false } }
I20260608 10:08:01.881541 29736 raft_consensus.cc:1275] T f287bf6588954457a9d92dd570520cfa P a16f22c9085747e09c8998df82ede0b9 [term 1 FOLLOWER]: Refusing update from remote peer f9db5fd6b50a4d3c9356dbbbacc1e2a4: Log matching property violated. Preceding OpId in replica: term: 1 index: 3. Preceding OpId from leader: term: 1 index: 4. (index mismatch)
I20260608 10:08:01.883539 29588 raft_consensus.cc:1275] T f287bf6588954457a9d92dd570520cfa P 3d9d517c610c4c67add92be202a616b7 [term 1 FOLLOWER]: Refusing update from remote peer f9db5fd6b50a4d3c9356dbbbacc1e2a4: Log matching property violated. Preceding OpId in replica: term: 1 index: 3. Preceding OpId from leader: term: 1 index: 4. (index mismatch)
I20260608 10:08:01.883371 30176 consensus_queue.cc:1048] T f287bf6588954457a9d92dd570520cfa P f9db5fd6b50a4d3c9356dbbbacc1e2a4 [LEADER]: Connected to new peer: Peer: permanent_uuid: "a16f22c9085747e09c8998df82ede0b9" member_type: VOTER last_known_addr { host: "127.25.250.131" port: 42189 } attrs { promote: false }, Status: LMP_MISMATCH, Last received: 0.0, Next index: 4, Last known committed idx: 3, Time since last communication: 0.000s
I20260608 10:08:01.885288 30209 consensus_queue.cc:1048] T f287bf6588954457a9d92dd570520cfa P f9db5fd6b50a4d3c9356dbbbacc1e2a4 [LEADER]: Connected to new peer: Peer: permanent_uuid: "3d9d517c610c4c67add92be202a616b7" member_type: VOTER last_known_addr { host: "127.25.250.129" port: 39545 }, Status: LMP_MISMATCH, Last received: 0.0, Next index: 4, Last known committed idx: 3, Time since last communication: 0.000s
I20260608 10:08:01.892637 30202 raft_consensus.cc:2955] T f287bf6588954457a9d92dd570520cfa P f9db5fd6b50a4d3c9356dbbbacc1e2a4 [term 1 LEADER]: Committing config change with OpId 1.4: config changed from index 3 to 4, VOTER 48034d4bb7e6441a945b4290cecce2b3 (127.25.250.132) evicted. New config: { opid_index: 4 OBSOLETE_local: false peers { permanent_uuid: "f9db5fd6b50a4d3c9356dbbbacc1e2a4" member_type: VOTER last_known_addr { host: "127.25.250.130" port: 46741 } } peers { permanent_uuid: "3d9d517c610c4c67add92be202a616b7" member_type: VOTER last_known_addr { host: "127.25.250.129" port: 39545 } } peers { permanent_uuid: "a16f22c9085747e09c8998df82ede0b9" member_type: VOTER last_known_addr { host: "127.25.250.131" port: 42189 } attrs { promote: false } } }
I20260608 10:08:01.895044 29736 raft_consensus.cc:2955] T f287bf6588954457a9d92dd570520cfa P a16f22c9085747e09c8998df82ede0b9 [term 1 FOLLOWER]: Committing config change with OpId 1.4: config changed from index 3 to 4, VOTER 48034d4bb7e6441a945b4290cecce2b3 (127.25.250.132) evicted. New config: { opid_index: 4 OBSOLETE_local: false peers { permanent_uuid: "f9db5fd6b50a4d3c9356dbbbacc1e2a4" member_type: VOTER last_known_addr { host: "127.25.250.130" port: 46741 } } peers { permanent_uuid: "3d9d517c610c4c67add92be202a616b7" member_type: VOTER last_known_addr { host: "127.25.250.129" port: 39545 } } peers { permanent_uuid: "a16f22c9085747e09c8998df82ede0b9" member_type: VOTER last_known_addr { host: "127.25.250.131" port: 42189 } attrs { promote: false } } }
I20260608 10:08:01.897501 29588 raft_consensus.cc:2955] T f287bf6588954457a9d92dd570520cfa P 3d9d517c610c4c67add92be202a616b7 [term 1 FOLLOWER]: Committing config change with OpId 1.4: config changed from index 3 to 4, VOTER 48034d4bb7e6441a945b4290cecce2b3 (127.25.250.132) evicted. New config: { opid_index: 4 OBSOLETE_local: false peers { permanent_uuid: "f9db5fd6b50a4d3c9356dbbbacc1e2a4" member_type: VOTER last_known_addr { host: "127.25.250.130" port: 46741 } } peers { permanent_uuid: "3d9d517c610c4c67add92be202a616b7" member_type: VOTER last_known_addr { host: "127.25.250.129" port: 39545 } } peers { permanent_uuid: "a16f22c9085747e09c8998df82ede0b9" member_type: VOTER last_known_addr { host: "127.25.250.131" port: 42189 } attrs { promote: false } } }
I20260608 10:08:01.900435 30203 raft_consensus.cc:1064] T 66267531f6ef49d193f4c176f444eaa2 P 3d9d517c610c4c67add92be202a616b7: attempting to promote NON_VOTER 48034d4bb7e6441a945b4290cecce2b3 to VOTER
I20260608 10:08:01.903609 30203 consensus_queue.cc:237] T 66267531f6ef49d193f4c176f444eaa2 P 3d9d517c610c4c67add92be202a616b7 [LEADER]: Queue going to LEADER mode. State: All replicated index: 0, Majority replicated index: 2, Committed index: 2, Last appended: 1.2, Last appended by leader: 0, Current term: 1, Majority size: 3, State: 0, Mode: LEADER, active raft config: opid_index: 3 OBSOLETE_local: false peers { permanent_uuid: "f9db5fd6b50a4d3c9356dbbbacc1e2a4" member_type: VOTER last_known_addr { host: "127.25.250.130" port: 46741 } } peers { permanent_uuid: "3d9d517c610c4c67add92be202a616b7" member_type: VOTER last_known_addr { host: "127.25.250.129" port: 39545 } } peers { permanent_uuid: "a16f22c9085747e09c8998df82ede0b9" member_type: VOTER last_known_addr { host: "127.25.250.131" port: 42189 } attrs { replace: true } } peers { permanent_uuid: "48034d4bb7e6441a945b4290cecce2b3" member_type: VOTER last_known_addr { host: "127.25.250.132" port: 43617 } attrs { promote: false } }
I20260608 10:08:01.912832 29487 catalog_manager.cc:5696] T f287bf6588954457a9d92dd570520cfa P 3d9d517c610c4c67add92be202a616b7 reported cstate change: config changed from index 3 to 4, VOTER 48034d4bb7e6441a945b4290cecce2b3 (127.25.250.132) evicted. New cstate: current_term: 1 leader_uuid: "f9db5fd6b50a4d3c9356dbbbacc1e2a4" committed_config { opid_index: 4 OBSOLETE_local: false peers { permanent_uuid: "f9db5fd6b50a4d3c9356dbbbacc1e2a4" member_type: VOTER last_known_addr { host: "127.25.250.130" port: 46741 } } peers { permanent_uuid: "3d9d517c610c4c67add92be202a616b7" member_type: VOTER last_known_addr { host: "127.25.250.129" port: 39545 } } peers { permanent_uuid: "a16f22c9085747e09c8998df82ede0b9" member_type: VOTER last_known_addr { host: "127.25.250.131" port: 42189 } attrs { promote: false } } }
I20260608 10:08:01.920006 29473 catalog_manager.cc:5209] ChangeConfig:REMOVE_PEER RPC for tablet f287bf6588954457a9d92dd570520cfa with cas_config_opid_index 3: ChangeConfig:REMOVE_PEER succeeded (attempt 1)
I20260608 10:08:01.929869 29895 raft_consensus.cc:1275] T 66267531f6ef49d193f4c176f444eaa2 P 48034d4bb7e6441a945b4290cecce2b3 [term 1 LEARNER]: Refusing update from remote peer 3d9d517c610c4c67add92be202a616b7: Log matching property violated. Preceding OpId in replica: term: 1 index: 2. Preceding OpId from leader: term: 1 index: 3. (index mismatch)
I20260608 10:08:01.932348 30204 consensus_queue.cc:1048] T 66267531f6ef49d193f4c176f444eaa2 P 3d9d517c610c4c67add92be202a616b7 [LEADER]: Connected to new peer: Peer: permanent_uuid: "48034d4bb7e6441a945b4290cecce2b3" member_type: VOTER last_known_addr { host: "127.25.250.132" port: 43617 } attrs { promote: false }, Status: LMP_MISMATCH, Last received: 0.0, Next index: 3, Last known committed idx: 2, Time since last communication: 0.001s
I20260608 10:08:01.938820 29664 raft_consensus.cc:1275] T 66267531f6ef49d193f4c176f444eaa2 P f9db5fd6b50a4d3c9356dbbbacc1e2a4 [term 1 FOLLOWER]: Refusing update from remote peer 3d9d517c610c4c67add92be202a616b7: Log matching property violated. Preceding OpId in replica: term: 1 index: 2. Preceding OpId from leader: term: 1 index: 3. (index mismatch)
I20260608 10:08:01.939142 29884 tablet_service.cc:1558] Processing DeleteTablet for tablet f287bf6588954457a9d92dd570520cfa with delete_type TABLET_DATA_TOMBSTONED (TS 48034d4bb7e6441a945b4290cecce2b3 not found in new config with opid_index 4) from {username='slave'} at 127.0.0.1:48746
I20260608 10:08:01.939863 29736 raft_consensus.cc:1275] T 66267531f6ef49d193f4c176f444eaa2 P a16f22c9085747e09c8998df82ede0b9 [term 1 FOLLOWER]: Refusing update from remote peer 3d9d517c610c4c67add92be202a616b7: Log matching property violated. Preceding OpId in replica: term: 1 index: 2. Preceding OpId from leader: term: 1 index: 3. (index mismatch)
I20260608 10:08:01.942201 30220 consensus_queue.cc:1048] T 66267531f6ef49d193f4c176f444eaa2 P 3d9d517c610c4c67add92be202a616b7 [LEADER]: Connected to new peer: Peer: permanent_uuid: "f9db5fd6b50a4d3c9356dbbbacc1e2a4" member_type: VOTER last_known_addr { host: "127.25.250.130" port: 46741 }, Status: LMP_MISMATCH, Last received: 0.0, Next index: 3, Last known committed idx: 2, Time since last communication: 0.001s
I20260608 10:08:01.945672 30173 consensus_queue.cc:1048] T 66267531f6ef49d193f4c176f444eaa2 P 3d9d517c610c4c67add92be202a616b7 [LEADER]: Connected to new peer: Peer: permanent_uuid: "a16f22c9085747e09c8998df82ede0b9" member_type: VOTER last_known_addr { host: "127.25.250.131" port: 42189 } attrs { replace: true }, Status: LMP_MISMATCH, Last received: 0.0, Next index: 3, Last known committed idx: 2, Time since last communication: 0.001s
I20260608 10:08:01.952553 30221 tablet_replica.cc:333] T f287bf6588954457a9d92dd570520cfa P 48034d4bb7e6441a945b4290cecce2b3: stopping tablet replica
I20260608 10:08:01.957553 30221 raft_consensus.cc:2243] T f287bf6588954457a9d92dd570520cfa P 48034d4bb7e6441a945b4290cecce2b3 [term 1 FOLLOWER]: Raft consensus shutting down.
I20260608 10:08:01.958859 30221 raft_consensus.cc:2272] T f287bf6588954457a9d92dd570520cfa P 48034d4bb7e6441a945b4290cecce2b3 [term 1 FOLLOWER]: Raft consensus is shut down!
I20260608 10:08:01.967216 30220 raft_consensus.cc:2955] T 66267531f6ef49d193f4c176f444eaa2 P 3d9d517c610c4c67add92be202a616b7 [term 1 LEADER]: Committing config change with OpId 1.3: config changed from index 2 to 3, 48034d4bb7e6441a945b4290cecce2b3 (127.25.250.132) changed from NON_VOTER to VOTER. New config: { opid_index: 3 OBSOLETE_local: false peers { permanent_uuid: "f9db5fd6b50a4d3c9356dbbbacc1e2a4" member_type: VOTER last_known_addr { host: "127.25.250.130" port: 46741 } } peers { permanent_uuid: "3d9d517c610c4c67add92be202a616b7" member_type: VOTER last_known_addr { host: "127.25.250.129" port: 39545 } } peers { permanent_uuid: "a16f22c9085747e09c8998df82ede0b9" member_type: VOTER last_known_addr { host: "127.25.250.131" port: 42189 } attrs { replace: true } } peers { permanent_uuid: "48034d4bb7e6441a945b4290cecce2b3" member_type: VOTER last_known_addr { host: "127.25.250.132" port: 43617 } attrs { promote: false } } }
I20260608 10:08:01.968849 30221 ts_tablet_manager.cc:1916] T f287bf6588954457a9d92dd570520cfa P 48034d4bb7e6441a945b4290cecce2b3: Deleting tablet data with delete state TABLET_DATA_TOMBSTONED
I20260608 10:08:01.969941 29736 raft_consensus.cc:2955] T 66267531f6ef49d193f4c176f444eaa2 P a16f22c9085747e09c8998df82ede0b9 [term 1 FOLLOWER]: Committing config change with OpId 1.3: config changed from index 2 to 3, 48034d4bb7e6441a945b4290cecce2b3 (127.25.250.132) changed from NON_VOTER to VOTER. New config: { opid_index: 3 OBSOLETE_local: false peers { permanent_uuid: "f9db5fd6b50a4d3c9356dbbbacc1e2a4" member_type: VOTER last_known_addr { host: "127.25.250.130" port: 46741 } } peers { permanent_uuid: "3d9d517c610c4c67add92be202a616b7" member_type: VOTER last_known_addr { host: "127.25.250.129" port: 39545 } } peers { permanent_uuid: "a16f22c9085747e09c8998df82ede0b9" member_type: VOTER last_known_addr { host: "127.25.250.131" port: 42189 } attrs { replace: true } } peers { permanent_uuid: "48034d4bb7e6441a945b4290cecce2b3" member_type: VOTER last_known_addr { host: "127.25.250.132" port: 43617 } attrs { promote: false } } }
I20260608 10:08:01.987808 29895 raft_consensus.cc:2955] T 66267531f6ef49d193f4c176f444eaa2 P 48034d4bb7e6441a945b4290cecce2b3 [term 1 FOLLOWER]: Committing config change with OpId 1.3: config changed from index 2 to 3, 48034d4bb7e6441a945b4290cecce2b3 (127.25.250.132) changed from NON_VOTER to VOTER. New config: { opid_index: 3 OBSOLETE_local: false peers { permanent_uuid: "f9db5fd6b50a4d3c9356dbbbacc1e2a4" member_type: VOTER last_known_addr { host: "127.25.250.130" port: 46741 } } peers { permanent_uuid: "3d9d517c610c4c67add92be202a616b7" member_type: VOTER last_known_addr { host: "127.25.250.129" port: 39545 } } peers { permanent_uuid: "a16f22c9085747e09c8998df82ede0b9" member_type: VOTER last_known_addr { host: "127.25.250.131" port: 42189 } attrs { replace: true } } peers { permanent_uuid: "48034d4bb7e6441a945b4290cecce2b3" member_type: VOTER last_known_addr { host: "127.25.250.132" port: 43617 } attrs { promote: false } } }
I20260608 10:08:01.988155 29664 raft_consensus.cc:2955] T 66267531f6ef49d193f4c176f444eaa2 P f9db5fd6b50a4d3c9356dbbbacc1e2a4 [term 1 FOLLOWER]: Committing config change with OpId 1.3: config changed from index 2 to 3, 48034d4bb7e6441a945b4290cecce2b3 (127.25.250.132) changed from NON_VOTER to VOTER. New config: { opid_index: 3 OBSOLETE_local: false peers { permanent_uuid: "f9db5fd6b50a4d3c9356dbbbacc1e2a4" member_type: VOTER last_known_addr { host: "127.25.250.130" port: 46741 } } peers { permanent_uuid: "3d9d517c610c4c67add92be202a616b7" member_type: VOTER last_known_addr { host: "127.25.250.129" port: 39545 } } peers { permanent_uuid: "a16f22c9085747e09c8998df82ede0b9" member_type: VOTER last_known_addr { host: "127.25.250.131" port: 42189 } attrs { replace: true } } peers { permanent_uuid: "48034d4bb7e6441a945b4290cecce2b3" member_type: VOTER last_known_addr { host: "127.25.250.132" port: 43617 } attrs { promote: false } } }
I20260608 10:08:01.992486 29486 catalog_manager.cc:5696] T 66267531f6ef49d193f4c176f444eaa2 P a16f22c9085747e09c8998df82ede0b9 reported cstate change: config changed from index 2 to 3, 48034d4bb7e6441a945b4290cecce2b3 (127.25.250.132) changed from NON_VOTER to VOTER. New cstate: current_term: 1 leader_uuid: "3d9d517c610c4c67add92be202a616b7" committed_config { opid_index: 3 OBSOLETE_local: false peers { permanent_uuid: "f9db5fd6b50a4d3c9356dbbbacc1e2a4" member_type: VOTER last_known_addr { host: "127.25.250.130" port: 46741 } } peers { permanent_uuid: "3d9d517c610c4c67add92be202a616b7" member_type: VOTER last_known_addr { host: "127.25.250.129" port: 39545 } } peers { permanent_uuid: "a16f22c9085747e09c8998df82ede0b9" member_type: VOTER last_known_addr { host: "127.25.250.131" port: 42189 } attrs { replace: true } } peers { permanent_uuid: "48034d4bb7e6441a945b4290cecce2b3" member_type: VOTER last_known_addr { host: "127.25.250.132" port: 43617 } attrs { promote: false } } }
I20260608 10:08:01.997466 30221 ts_tablet_manager.cc:1929] T f287bf6588954457a9d92dd570520cfa P 48034d4bb7e6441a945b4290cecce2b3: tablet deleted with delete type TABLET_DATA_TOMBSTONED: last-logged OpId 1.3
I20260608 10:08:02.000037 30221 log.cc:1199] T f287bf6588954457a9d92dd570520cfa P 48034d4bb7e6441a945b4290cecce2b3: Deleting WAL directory at /tmp/dist-test-taskoaQ1ty/test-tmp/auto_rebalancer-test.0.AutoRebalancerTest.RangeAwareRebalancesNewRangeReplicas.1780913189615765-26602-0/minicluster-data/ts-3-root/wals/f287bf6588954457a9d92dd570520cfa
I20260608 10:08:02.002969 29475 catalog_manager.cc:5027] TS 48034d4bb7e6441a945b4290cecce2b3 (127.25.250.132:43617): tablet f287bf6588954457a9d92dd570520cfa (table range_aware_rebalance_new_range [id=0704a77fd5b84a19854f474ee3c68958]) successfully deleted
I20260608 10:08:02.019692 29588 consensus_queue.cc:237] T 66267531f6ef49d193f4c176f444eaa2 P 3d9d517c610c4c67add92be202a616b7 [LEADER]: Queue going to LEADER mode. State: All replicated index: 0, Majority replicated index: 3, Committed index: 3, Last appended: 1.3, Last appended by leader: 0, Current term: 1, Majority size: 2, State: 0, Mode: LEADER, active raft config: opid_index: 4 OBSOLETE_local: false peers { permanent_uuid: "f9db5fd6b50a4d3c9356dbbbacc1e2a4" member_type: VOTER last_known_addr { host: "127.25.250.130" port: 46741 } } peers { permanent_uuid: "3d9d517c610c4c67add92be202a616b7" member_type: VOTER last_known_addr { host: "127.25.250.129" port: 39545 } } peers { permanent_uuid: "48034d4bb7e6441a945b4290cecce2b3" member_type: VOTER last_known_addr { host: "127.25.250.132" port: 43617 } attrs { promote: false } }
I20260608 10:08:02.027144 29664 raft_consensus.cc:1275] T 66267531f6ef49d193f4c176f444eaa2 P f9db5fd6b50a4d3c9356dbbbacc1e2a4 [term 1 FOLLOWER]: Refusing update from remote peer 3d9d517c610c4c67add92be202a616b7: Log matching property violated. Preceding OpId in replica: term: 1 index: 3. Preceding OpId from leader: term: 1 index: 4. (index mismatch)
I20260608 10:08:02.027905 29895 raft_consensus.cc:1275] T 66267531f6ef49d193f4c176f444eaa2 P 48034d4bb7e6441a945b4290cecce2b3 [term 1 FOLLOWER]: Refusing update from remote peer 3d9d517c610c4c67add92be202a616b7: Log matching property violated. Preceding OpId in replica: term: 1 index: 3. Preceding OpId from leader: term: 1 index: 4. (index mismatch)
I20260608 10:08:02.028985 30225 consensus_queue.cc:1048] T 66267531f6ef49d193f4c176f444eaa2 P 3d9d517c610c4c67add92be202a616b7 [LEADER]: Connected to new peer: Peer: permanent_uuid: "f9db5fd6b50a4d3c9356dbbbacc1e2a4" member_type: VOTER last_known_addr { host: "127.25.250.130" port: 46741 }, Status: LMP_MISMATCH, Last received: 0.0, Next index: 4, Last known committed idx: 3, Time since last communication: 0.001s
I20260608 10:08:02.031088 30220 consensus_queue.cc:1048] T 66267531f6ef49d193f4c176f444eaa2 P 3d9d517c610c4c67add92be202a616b7 [LEADER]: Connected to new peer: Peer: permanent_uuid: "48034d4bb7e6441a945b4290cecce2b3" member_type: VOTER last_known_addr { host: "127.25.250.132" port: 43617 } attrs { promote: false }, Status: LMP_MISMATCH, Last received: 0.0, Next index: 4, Last known committed idx: 3, Time since last communication: 0.000s
I20260608 10:08:02.039611 30173 raft_consensus.cc:2955] T 66267531f6ef49d193f4c176f444eaa2 P 3d9d517c610c4c67add92be202a616b7 [term 1 LEADER]: Committing config change with OpId 1.4: config changed from index 3 to 4, VOTER a16f22c9085747e09c8998df82ede0b9 (127.25.250.131) evicted. New config: { opid_index: 4 OBSOLETE_local: false peers { permanent_uuid: "f9db5fd6b50a4d3c9356dbbbacc1e2a4" member_type: VOTER last_known_addr { host: "127.25.250.130" port: 46741 } } peers { permanent_uuid: "3d9d517c610c4c67add92be202a616b7" member_type: VOTER last_known_addr { host: "127.25.250.129" port: 39545 } } peers { permanent_uuid: "48034d4bb7e6441a945b4290cecce2b3" member_type: VOTER last_known_addr { host: "127.25.250.132" port: 43617 } attrs { promote: false } } }
I20260608 10:08:02.041929 29664 raft_consensus.cc:2955] T 66267531f6ef49d193f4c176f444eaa2 P f9db5fd6b50a4d3c9356dbbbacc1e2a4 [term 1 FOLLOWER]: Committing config change with OpId 1.4: config changed from index 3 to 4, VOTER a16f22c9085747e09c8998df82ede0b9 (127.25.250.131) evicted. New config: { opid_index: 4 OBSOLETE_local: false peers { permanent_uuid: "f9db5fd6b50a4d3c9356dbbbacc1e2a4" member_type: VOTER last_known_addr { host: "127.25.250.130" port: 46741 } } peers { permanent_uuid: "3d9d517c610c4c67add92be202a616b7" member_type: VOTER last_known_addr { host: "127.25.250.129" port: 39545 } } peers { permanent_uuid: "48034d4bb7e6441a945b4290cecce2b3" member_type: VOTER last_known_addr { host: "127.25.250.132" port: 43617 } attrs { promote: false } } }
I20260608 10:08:02.042353 29895 raft_consensus.cc:2955] T 66267531f6ef49d193f4c176f444eaa2 P 48034d4bb7e6441a945b4290cecce2b3 [term 1 FOLLOWER]: Committing config change with OpId 1.4: config changed from index 3 to 4, VOTER a16f22c9085747e09c8998df82ede0b9 (127.25.250.131) evicted. New config: { opid_index: 4 OBSOLETE_local: false peers { permanent_uuid: "f9db5fd6b50a4d3c9356dbbbacc1e2a4" member_type: VOTER last_known_addr { host: "127.25.250.130" port: 46741 } } peers { permanent_uuid: "3d9d517c610c4c67add92be202a616b7" member_type: VOTER last_known_addr { host: "127.25.250.129" port: 39545 } } peers { permanent_uuid: "48034d4bb7e6441a945b4290cecce2b3" member_type: VOTER last_known_addr { host: "127.25.250.132" port: 43617 } attrs { promote: false } } }
I20260608 10:08:02.052278 29473 catalog_manager.cc:5209] ChangeConfig:REMOVE_PEER RPC for tablet 66267531f6ef49d193f4c176f444eaa2 with cas_config_opid_index 3: ChangeConfig:REMOVE_PEER succeeded (attempt 1)
I20260608 10:08:02.057484 29488 catalog_manager.cc:5696] T 66267531f6ef49d193f4c176f444eaa2 P 3d9d517c610c4c67add92be202a616b7 reported cstate change: config changed from index 3 to 4, VOTER a16f22c9085747e09c8998df82ede0b9 (127.25.250.131) evicted. New cstate: current_term: 1 leader_uuid: "3d9d517c610c4c67add92be202a616b7" committed_config { opid_index: 4 OBSOLETE_local: false peers { permanent_uuid: "f9db5fd6b50a4d3c9356dbbbacc1e2a4" member_type: VOTER last_known_addr { host: "127.25.250.130" port: 46741 } health_report { overall_health: HEALTHY } } peers { permanent_uuid: "3d9d517c610c4c67add92be202a616b7" member_type: VOTER last_known_addr { host: "127.25.250.129" port: 39545 } health_report { overall_health: HEALTHY } } peers { permanent_uuid: "48034d4bb7e6441a945b4290cecce2b3" member_type: VOTER last_known_addr { host: "127.25.250.132" port: 43617 } attrs { promote: false } health_report { overall_health: HEALTHY } } }
I20260608 10:08:02.074311 29723 tablet_service.cc:1558] Processing DeleteTablet for tablet 66267531f6ef49d193f4c176f444eaa2 with delete_type TABLET_DATA_TOMBSTONED (TS a16f22c9085747e09c8998df82ede0b9 not found in new config with opid_index 4) from {username='slave'} at 127.0.0.1:33352
I20260608 10:08:02.077896 30226 tablet_replica.cc:333] T 66267531f6ef49d193f4c176f444eaa2 P a16f22c9085747e09c8998df82ede0b9: stopping tablet replica
I20260608 10:08:02.078891 30226 raft_consensus.cc:2243] T 66267531f6ef49d193f4c176f444eaa2 P a16f22c9085747e09c8998df82ede0b9 [term 1 FOLLOWER]: Raft consensus shutting down.
I20260608 10:08:02.079694 30226 raft_consensus.cc:2272] T 66267531f6ef49d193f4c176f444eaa2 P a16f22c9085747e09c8998df82ede0b9 [term 1 FOLLOWER]: Raft consensus is shut down!
I20260608 10:08:02.083583 30226 ts_tablet_manager.cc:1916] T 66267531f6ef49d193f4c176f444eaa2 P a16f22c9085747e09c8998df82ede0b9: Deleting tablet data with delete state TABLET_DATA_TOMBSTONED
I20260608 10:08:02.098273 30226 ts_tablet_manager.cc:1929] T 66267531f6ef49d193f4c176f444eaa2 P a16f22c9085747e09c8998df82ede0b9: tablet deleted with delete type TABLET_DATA_TOMBSTONED: last-logged OpId 1.3
I20260608 10:08:02.098634 30226 log.cc:1199] T 66267531f6ef49d193f4c176f444eaa2 P a16f22c9085747e09c8998df82ede0b9: Deleting WAL directory at /tmp/dist-test-taskoaQ1ty/test-tmp/auto_rebalancer-test.0.AutoRebalancerTest.RangeAwareRebalancesNewRangeReplicas.1780913189615765-26602-0/minicluster-data/ts-2-root/wals/66267531f6ef49d193f4c176f444eaa2
I20260608 10:08:02.100579 29474 catalog_manager.cc:5027] TS a16f22c9085747e09c8998df82ede0b9 (127.25.250.131:42189): tablet 66267531f6ef49d193f4c176f444eaa2 (table range_aware_rebalance_new_range [id=0704a77fd5b84a19854f474ee3c68958]) successfully deleted
I20260608 10:08:02.200498 26602 tablet_server.cc:179] TabletServer@127.25.250.129:0 shutting down...
I20260608 10:08:02.239645 26602 ts_tablet_manager.cc:1507] Shutting down tablet manager...
I20260608 10:08:02.240978 26602 tablet_replica.cc:333] T 4717891829aa41bf8597f553650fc564 P 3d9d517c610c4c67add92be202a616b7: stopping tablet replica
I20260608 10:08:02.242046 26602 raft_consensus.cc:2243] T 4717891829aa41bf8597f553650fc564 P 3d9d517c610c4c67add92be202a616b7 [term 2 FOLLOWER]: Raft consensus shutting down.
I20260608 10:08:02.242738 26602 raft_consensus.cc:2272] T 4717891829aa41bf8597f553650fc564 P 3d9d517c610c4c67add92be202a616b7 [term 2 FOLLOWER]: Raft consensus is shut down!
I20260608 10:08:02.245078 26602 tablet_replica.cc:333] T 19d9a821c3c34487950f30eaea2d2980 P 3d9d517c610c4c67add92be202a616b7: stopping tablet replica
I20260608 10:08:02.245631 26602 raft_consensus.cc:2243] T 19d9a821c3c34487950f30eaea2d2980 P 3d9d517c610c4c67add92be202a616b7 [term 1 FOLLOWER]: Raft consensus shutting down.
I20260608 10:08:02.246197 26602 raft_consensus.cc:2272] T 19d9a821c3c34487950f30eaea2d2980 P 3d9d517c610c4c67add92be202a616b7 [term 1 FOLLOWER]: Raft consensus is shut down!
I20260608 10:08:02.248293 26602 tablet_replica.cc:333] T 59e2889ee04c4f1fac144f37ca68cfb2 P 3d9d517c610c4c67add92be202a616b7: stopping tablet replica
I20260608 10:08:02.248838 26602 raft_consensus.cc:2243] T 59e2889ee04c4f1fac144f37ca68cfb2 P 3d9d517c610c4c67add92be202a616b7 [term 1 LEADER]: Raft consensus shutting down.
I20260608 10:08:02.249975 26602 raft_consensus.cc:2272] T 59e2889ee04c4f1fac144f37ca68cfb2 P 3d9d517c610c4c67add92be202a616b7 [term 1 FOLLOWER]: Raft consensus is shut down!
I20260608 10:08:02.252267 26602 tablet_replica.cc:333] T 2d96c9df74d24fa0ae212276d8a8184f P 3d9d517c610c4c67add92be202a616b7: stopping tablet replica
I20260608 10:08:02.252986 26602 raft_consensus.cc:2243] T 2d96c9df74d24fa0ae212276d8a8184f P 3d9d517c610c4c67add92be202a616b7 [term 3 LEADER]: Raft consensus shutting down.
I20260608 10:08:02.253890 26602 raft_consensus.cc:2272] T 2d96c9df74d24fa0ae212276d8a8184f P 3d9d517c610c4c67add92be202a616b7 [term 3 FOLLOWER]: Raft consensus is shut down!
I20260608 10:08:02.256110 26602 tablet_replica.cc:333] T f287bf6588954457a9d92dd570520cfa P 3d9d517c610c4c67add92be202a616b7: stopping tablet replica
I20260608 10:08:02.256664 26602 raft_consensus.cc:2243] T f287bf6588954457a9d92dd570520cfa P 3d9d517c610c4c67add92be202a616b7 [term 1 FOLLOWER]: Raft consensus shutting down.
I20260608 10:08:02.257237 26602 raft_consensus.cc:2272] T f287bf6588954457a9d92dd570520cfa P 3d9d517c610c4c67add92be202a616b7 [term 1 FOLLOWER]: Raft consensus is shut down!
I20260608 10:08:02.260145 26602 tablet_replica.cc:333] T 550d0e12603045b28d066e0a21585f62 P 3d9d517c610c4c67add92be202a616b7: stopping tablet replica
I20260608 10:08:02.261000 26602 raft_consensus.cc:2243] T 550d0e12603045b28d066e0a21585f62 P 3d9d517c610c4c67add92be202a616b7 [term 1 FOLLOWER]: Raft consensus shutting down.
I20260608 10:08:02.261574 26602 raft_consensus.cc:2272] T 550d0e12603045b28d066e0a21585f62 P 3d9d517c610c4c67add92be202a616b7 [term 1 FOLLOWER]: Raft consensus is shut down!
I20260608 10:08:02.263746 26602 tablet_replica.cc:333] T 10feec5b3d97417fa04b8df310749584 P 3d9d517c610c4c67add92be202a616b7: stopping tablet replica
I20260608 10:08:02.264423 26602 raft_consensus.cc:2243] T 10feec5b3d97417fa04b8df310749584 P 3d9d517c610c4c67add92be202a616b7 [term 4 FOLLOWER]: Raft consensus shutting down.
I20260608 10:08:02.264824 26602 raft_consensus.cc:2272] T 10feec5b3d97417fa04b8df310749584 P 3d9d517c610c4c67add92be202a616b7 [term 4 FOLLOWER]: Raft consensus is shut down!
I20260608 10:08:02.266790 26602 tablet_replica.cc:333] T 161b3d6df6a34074b5af6ab65bdc6e57 P 3d9d517c610c4c67add92be202a616b7: stopping tablet replica
I20260608 10:08:02.267340 26602 raft_consensus.cc:2243] T 161b3d6df6a34074b5af6ab65bdc6e57 P 3d9d517c610c4c67add92be202a616b7 [term 1 FOLLOWER]: Raft consensus shutting down.
I20260608 10:08:02.267746 26602 raft_consensus.cc:2272] T 161b3d6df6a34074b5af6ab65bdc6e57 P 3d9d517c610c4c67add92be202a616b7 [term 1 FOLLOWER]: Raft consensus is shut down!
I20260608 10:08:02.269922 26602 tablet_replica.cc:333] T 66267531f6ef49d193f4c176f444eaa2 P 3d9d517c610c4c67add92be202a616b7: stopping tablet replica
I20260608 10:08:02.270450 26602 raft_consensus.cc:2243] T 66267531f6ef49d193f4c176f444eaa2 P 3d9d517c610c4c67add92be202a616b7 [term 1 LEADER]: Raft consensus shutting down.
I20260608 10:08:02.271252 26602 raft_consensus.cc:2272] T 66267531f6ef49d193f4c176f444eaa2 P 3d9d517c610c4c67add92be202a616b7 [term 1 FOLLOWER]: Raft consensus is shut down!
I20260608 10:08:02.274084 26602 tablet_replica.cc:333] T 01d73209e595406990884ecafad6d67d P 3d9d517c610c4c67add92be202a616b7: stopping tablet replica
I20260608 10:08:02.274645 26602 raft_consensus.cc:2243] T 01d73209e595406990884ecafad6d67d P 3d9d517c610c4c67add92be202a616b7 [term 1 FOLLOWER]: Raft consensus shutting down.
I20260608 10:08:02.275240 26602 raft_consensus.cc:2272] T 01d73209e595406990884ecafad6d67d P 3d9d517c610c4c67add92be202a616b7 [term 1 FOLLOWER]: Raft consensus is shut down!
I20260608 10:08:02.277302 26602 tablet_replica.cc:333] T d45afb6373a548bc8d9724cfd1fd5ff2 P 3d9d517c610c4c67add92be202a616b7: stopping tablet replica
I20260608 10:08:02.277899 26602 raft_consensus.cc:2243] T d45afb6373a548bc8d9724cfd1fd5ff2 P 3d9d517c610c4c67add92be202a616b7 [term 3 FOLLOWER]: Raft consensus shutting down.
I20260608 10:08:02.278357 26602 raft_consensus.cc:2272] T d45afb6373a548bc8d9724cfd1fd5ff2 P 3d9d517c610c4c67add92be202a616b7 [term 3 FOLLOWER]: Raft consensus is shut down!
I20260608 10:08:02.280334 26602 tablet_replica.cc:333] T 21e6f291aacb4efeaa24eeb91d6d8434 P 3d9d517c610c4c67add92be202a616b7: stopping tablet replica
I20260608 10:08:02.280793 26602 raft_consensus.cc:2243] T 21e6f291aacb4efeaa24eeb91d6d8434 P 3d9d517c610c4c67add92be202a616b7 [term 1 LEADER]: Raft consensus shutting down.
I20260608 10:08:02.281618 26602 raft_consensus.cc:2272] T 21e6f291aacb4efeaa24eeb91d6d8434 P 3d9d517c610c4c67add92be202a616b7 [term 1 FOLLOWER]: Raft consensus is shut down!
W20260608 10:08:02.299973 29703 consensus_peers.cc:597] T 10feec5b3d97417fa04b8df310749584 P a16f22c9085747e09c8998df82ede0b9 -> Peer 3d9d517c610c4c67add92be202a616b7 (127.25.250.129:39545): Couldn't send request to peer 3d9d517c610c4c67add92be202a616b7. Status: Remote error: Service unavailable: service kudu.consensus.ConsensusService not registered on TabletServer. This is attempt 1: this message will repeat every 5th retry.
I20260608 10:08:02.329340 26602 tablet_server.cc:196] TabletServer@127.25.250.129:0 shutdown complete.
W20260608 10:08:02.343586 29863 consensus_peers.cc:597] T 4717891829aa41bf8597f553650fc564 P 48034d4bb7e6441a945b4290cecce2b3 -> Peer 3d9d517c610c4c67add92be202a616b7 (127.25.250.129:39545): Couldn't send request to peer 3d9d517c610c4c67add92be202a616b7. Status: Network error: Client connection negotiation failed: client connection to 127.25.250.129:39545: connect: Connection refused (error 111). This is attempt 1: this message will repeat every 5th retry.
I20260608 10:08:02.364313 26602 tablet_server.cc:179] TabletServer@127.25.250.130:0 shutting down...
W20260608 10:08:02.386358 29629 consensus_peers.cc:597] T f287bf6588954457a9d92dd570520cfa P f9db5fd6b50a4d3c9356dbbbacc1e2a4 -> Peer 3d9d517c610c4c67add92be202a616b7 (127.25.250.129:39545): Couldn't send request to peer 3d9d517c610c4c67add92be202a616b7. Status: Network error: Client connection negotiation failed: client connection to 127.25.250.129:39545: connect: Connection refused (error 111). This is attempt 1: this message will repeat every 5th retry.
I20260608 10:08:02.411062 26602 ts_tablet_manager.cc:1507] Shutting down tablet manager...
I20260608 10:08:02.412143 26602 tablet_replica.cc:333] T 10feec5b3d97417fa04b8df310749584 P f9db5fd6b50a4d3c9356dbbbacc1e2a4: stopping tablet replica
I20260608 10:08:02.412896 26602 raft_consensus.cc:2243] T 10feec5b3d97417fa04b8df310749584 P f9db5fd6b50a4d3c9356dbbbacc1e2a4 [term 4 FOLLOWER]: Raft consensus shutting down.
I20260608 10:08:02.413578 26602 raft_consensus.cc:2272] T 10feec5b3d97417fa04b8df310749584 P f9db5fd6b50a4d3c9356dbbbacc1e2a4 [term 4 FOLLOWER]: Raft consensus is shut down!
I20260608 10:08:02.415745 26602 tablet_replica.cc:333] T 19d9a821c3c34487950f30eaea2d2980 P f9db5fd6b50a4d3c9356dbbbacc1e2a4: stopping tablet replica
I20260608 10:08:02.416420 26602 raft_consensus.cc:2243] T 19d9a821c3c34487950f30eaea2d2980 P f9db5fd6b50a4d3c9356dbbbacc1e2a4 [term 1 FOLLOWER]: Raft consensus shutting down.
I20260608 10:08:02.417045 26602 raft_consensus.cc:2272] T 19d9a821c3c34487950f30eaea2d2980 P f9db5fd6b50a4d3c9356dbbbacc1e2a4 [term 1 FOLLOWER]: Raft consensus is shut down!
I20260608 10:08:02.420776 26602 tablet_replica.cc:333] T ed1fcdf64fc34c8a913c559a53c4a015 P f9db5fd6b50a4d3c9356dbbbacc1e2a4: stopping tablet replica
I20260608 10:08:02.421777 26602 raft_consensus.cc:2243] T ed1fcdf64fc34c8a913c559a53c4a015 P f9db5fd6b50a4d3c9356dbbbacc1e2a4 [term 3 FOLLOWER]: Raft consensus shutting down.
I20260608 10:08:02.422652 26602 raft_consensus.cc:2272] T ed1fcdf64fc34c8a913c559a53c4a015 P f9db5fd6b50a4d3c9356dbbbacc1e2a4 [term 3 FOLLOWER]: Raft consensus is shut down!
I20260608 10:08:02.425500 26602 tablet_replica.cc:333] T 1d1c2094550941b7ab62d3e4fa0ed270 P f9db5fd6b50a4d3c9356dbbbacc1e2a4: stopping tablet replica
W20260608 10:08:02.425545 29703 consensus_peers.cc:597] T d45afb6373a548bc8d9724cfd1fd5ff2 P a16f22c9085747e09c8998df82ede0b9 -> Peer 3d9d517c610c4c67add92be202a616b7 (127.25.250.129:39545): Couldn't send request to peer 3d9d517c610c4c67add92be202a616b7. Status: Network error: Client connection negotiation failed: client connection to 127.25.250.129:39545: connect: Connection refused (error 111). This is attempt 1: this message will repeat every 5th retry.
I20260608 10:08:02.426512 26602 raft_consensus.cc:2243] T 1d1c2094550941b7ab62d3e4fa0ed270 P f9db5fd6b50a4d3c9356dbbbacc1e2a4 [term 1 LEADER]: Raft consensus shutting down.
I20260608 10:08:02.427578 26602 raft_consensus.cc:2272] T 1d1c2094550941b7ab62d3e4fa0ed270 P f9db5fd6b50a4d3c9356dbbbacc1e2a4 [term 1 FOLLOWER]: Raft consensus is shut down!
I20260608 10:08:02.430253 26602 tablet_replica.cc:333] T 550d0e12603045b28d066e0a21585f62 P f9db5fd6b50a4d3c9356dbbbacc1e2a4: stopping tablet replica
I20260608 10:08:02.430951 26602 raft_consensus.cc:2243] T 550d0e12603045b28d066e0a21585f62 P f9db5fd6b50a4d3c9356dbbbacc1e2a4 [term 1 LEADER]: Raft consensus shutting down.
I20260608 10:08:02.431809 26602 raft_consensus.cc:2272] T 550d0e12603045b28d066e0a21585f62 P f9db5fd6b50a4d3c9356dbbbacc1e2a4 [term 1 FOLLOWER]: Raft consensus is shut down!
I20260608 10:08:02.434303 26602 tablet_replica.cc:333] T 2d96c9df74d24fa0ae212276d8a8184f P f9db5fd6b50a4d3c9356dbbbacc1e2a4: stopping tablet replica
I20260608 10:08:02.435160 26602 raft_consensus.cc:2243] T 2d96c9df74d24fa0ae212276d8a8184f P f9db5fd6b50a4d3c9356dbbbacc1e2a4 [term 3 FOLLOWER]: Raft consensus shutting down.
I20260608 10:08:02.436122 26602 raft_consensus.cc:2272] T 2d96c9df74d24fa0ae212276d8a8184f P f9db5fd6b50a4d3c9356dbbbacc1e2a4 [term 3 FOLLOWER]: Raft consensus is shut down!
I20260608 10:08:02.438927 26602 tablet_replica.cc:333] T f287bf6588954457a9d92dd570520cfa P f9db5fd6b50a4d3c9356dbbbacc1e2a4: stopping tablet replica
I20260608 10:08:02.439904 26602 raft_consensus.cc:2243] T f287bf6588954457a9d92dd570520cfa P f9db5fd6b50a4d3c9356dbbbacc1e2a4 [term 1 LEADER]: Raft consensus shutting down.
I20260608 10:08:02.440842 26602 raft_consensus.cc:2272] T f287bf6588954457a9d92dd570520cfa P f9db5fd6b50a4d3c9356dbbbacc1e2a4 [term 1 FOLLOWER]: Raft consensus is shut down!
I20260608 10:08:02.443563 26602 tablet_replica.cc:333] T 63cd815ae3af4e1facbe08aeafa7ac4d P f9db5fd6b50a4d3c9356dbbbacc1e2a4: stopping tablet replica
I20260608 10:08:02.444124 26602 raft_consensus.cc:2243] T 63cd815ae3af4e1facbe08aeafa7ac4d P f9db5fd6b50a4d3c9356dbbbacc1e2a4 [term 1 FOLLOWER]: Raft consensus shutting down.
I20260608 10:08:02.444710 26602 raft_consensus.cc:2272] T 63cd815ae3af4e1facbe08aeafa7ac4d P f9db5fd6b50a4d3c9356dbbbacc1e2a4 [term 1 FOLLOWER]: Raft consensus is shut down!
I20260608 10:08:02.446990 26602 tablet_replica.cc:333] T 66267531f6ef49d193f4c176f444eaa2 P f9db5fd6b50a4d3c9356dbbbacc1e2a4: stopping tablet replica
I20260608 10:08:02.447624 26602 raft_consensus.cc:2243] T 66267531f6ef49d193f4c176f444eaa2 P f9db5fd6b50a4d3c9356dbbbacc1e2a4 [term 1 FOLLOWER]: Raft consensus shutting down.
I20260608 10:08:02.448271 26602 raft_consensus.cc:2272] T 66267531f6ef49d193f4c176f444eaa2 P f9db5fd6b50a4d3c9356dbbbacc1e2a4 [term 1 FOLLOWER]: Raft consensus is shut down!
I20260608 10:08:02.451627 26602 tablet_replica.cc:333] T be876859110e4a4a949b2891172b5c75 P f9db5fd6b50a4d3c9356dbbbacc1e2a4: stopping tablet replica
I20260608 10:08:02.452329 26602 raft_consensus.cc:2243] T be876859110e4a4a949b2891172b5c75 P f9db5fd6b50a4d3c9356dbbbacc1e2a4 [term 2 FOLLOWER]: Raft consensus shutting down.
I20260608 10:08:02.452764 26602 raft_consensus.cc:2272] T be876859110e4a4a949b2891172b5c75 P f9db5fd6b50a4d3c9356dbbbacc1e2a4 [term 2 FOLLOWER]: Raft consensus is shut down!
I20260608 10:08:02.454818 26602 tablet_replica.cc:333] T d45afb6373a548bc8d9724cfd1fd5ff2 P f9db5fd6b50a4d3c9356dbbbacc1e2a4: stopping tablet replica
