I20260608 10:07:45.290455  2843 raft_consensus.cc:2468] T a764bce58e2e4a90afcd73a5c5cdcfd5 P fb5be95be1e24c3ba90e5f6896bb8f94 [term 0 FOLLOWER]: Leader pre-election vote request: Granting yes vote for candidate 973fa4be24a44f3f9f0a217ef6652805 in term 0.
I20260608 10:07:45.290257  3038 raft_consensus.cc:359] T 94763d8eadc845a4a8468b7267c89fad P 973fa4be24a44f3f9f0a217ef6652805 [term 0 FOLLOWER]: Replica starting. Triggering 0 pending ops. Active config: opid_index: -1 OBSOLETE_local: false peers { permanent_uuid: "fb5be95be1e24c3ba90e5f6896bb8f94" member_type: VOTER last_known_addr { host: "127.31.226.65" port: 46369 } } peers { permanent_uuid: "8431bbda49704dcf92ff942913b7c456" member_type: VOTER last_known_addr { host: "127.31.226.66" port: 34969 } } peers { permanent_uuid: "973fa4be24a44f3f9f0a217ef6652805" member_type: VOTER last_known_addr { host: "127.31.226.67" port: 40565 } }
I20260608 10:07:45.291154  3038 raft_consensus.cc:385] T 94763d8eadc845a4a8468b7267c89fad P 973fa4be24a44f3f9f0a217ef6652805 [term 0 FOLLOWER]: Consensus starting up: Expiring failure detector timer to make a prompt election more likely
I20260608 10:07:45.291502  3038 raft_consensus.cc:740] T 94763d8eadc845a4a8468b7267c89fad P 973fa4be24a44f3f9f0a217ef6652805 [term 0 FOLLOWER]: Becoming Follower/Learner. State: Replica: 973fa4be24a44f3f9f0a217ef6652805, State: Initialized, Role: FOLLOWER
I20260608 10:07:45.292635  3038 consensus_queue.cc:260] T 94763d8eadc845a4a8468b7267c89fad P 973fa4be24a44f3f9f0a217ef6652805 [NON_LEADER]: Queue going to NON_LEADER mode. State: All replicated index: 0, Majority replicated index: 0, Committed index: 0, Last appended: 0.0, Last appended by leader: 0, Current term: 0, Majority size: -1, State: 0, Mode: NON_LEADER, active raft config: opid_index: -1 OBSOLETE_local: false peers { permanent_uuid: "fb5be95be1e24c3ba90e5f6896bb8f94" member_type: VOTER last_known_addr { host: "127.31.226.65" port: 46369 } } peers { permanent_uuid: "8431bbda49704dcf92ff942913b7c456" member_type: VOTER last_known_addr { host: "127.31.226.66" port: 34969 } } peers { permanent_uuid: "973fa4be24a44f3f9f0a217ef6652805" member_type: VOTER last_known_addr { host: "127.31.226.67" port: 40565 } }
I20260608 10:07:45.293381  3041 ts_tablet_manager.cc:1434] T 94763d8eadc845a4a8468b7267c89fad P fb5be95be1e24c3ba90e5f6896bb8f94: Time spent starting tablet: real 0.011s	user 0.006s	sys 0.001s
I20260608 10:07:45.294682  3041 tablet_bootstrap.cc:492] T cc94f2a8e38e4cfdabba4e4a53a2c452 P fb5be95be1e24c3ba90e5f6896bb8f94: Bootstrap starting.
I20260608 10:07:45.293205  2959 leader_election.cc:304] T a764bce58e2e4a90afcd73a5c5cdcfd5 P 973fa4be24a44f3f9f0a217ef6652805 [CANDIDATE]: Term 1 pre-election: Election decided. Result: candidate won. Election summary: received 2 responses out of 3 voters: 2 yes votes; 0 no votes. yes voters: 973fa4be24a44f3f9f0a217ef6652805, fb5be95be1e24c3ba90e5f6896bb8f94; no voters: 
I20260608 10:07:45.295734  2919 tablet_service.cc:1917] Received RequestConsensusVote() RPC: tablet_id: "a764bce58e2e4a90afcd73a5c5cdcfd5" candidate_uuid: "973fa4be24a44f3f9f0a217ef6652805" candidate_term: 1 candidate_status { last_received { term: 0 index: 0 } } ignore_live_leader: false dest_uuid: "8431bbda49704dcf92ff942913b7c456" is_pre_election: true
I20260608 10:07:45.295959  3045 raft_consensus.cc:2804] T a764bce58e2e4a90afcd73a5c5cdcfd5 P 973fa4be24a44f3f9f0a217ef6652805 [term 0 FOLLOWER]: Leader pre-election won for term 1
I20260608 10:07:45.296350  3045 raft_consensus.cc:493] T a764bce58e2e4a90afcd73a5c5cdcfd5 P 973fa4be24a44f3f9f0a217ef6652805 [term 0 FOLLOWER]: Starting leader election (no leader contacted us within the election timeout)
I20260608 10:07:45.296465  2919 raft_consensus.cc:2468] T a764bce58e2e4a90afcd73a5c5cdcfd5 P 8431bbda49704dcf92ff942913b7c456 [term 0 FOLLOWER]: Leader pre-election vote request: Granting yes vote for candidate 973fa4be24a44f3f9f0a217ef6652805 in term 0.
I20260608 10:07:45.296752  3045 raft_consensus.cc:3060] T a764bce58e2e4a90afcd73a5c5cdcfd5 P 973fa4be24a44f3f9f0a217ef6652805 [term 0 FOLLOWER]: Advancing to term 1
I20260608 10:07:45.297941  3038 ts_tablet_manager.cc:1434] T 94763d8eadc845a4a8468b7267c89fad P 973fa4be24a44f3f9f0a217ef6652805: Time spent starting tablet: real 0.013s	user 0.002s	sys 0.006s
I20260608 10:07:45.287813  3039 raft_consensus.cc:359] T 94763d8eadc845a4a8468b7267c89fad P 8431bbda49704dcf92ff942913b7c456 [term 0 FOLLOWER]: Replica starting. Triggering 0 pending ops. Active config: opid_index: -1 OBSOLETE_local: false peers { permanent_uuid: "fb5be95be1e24c3ba90e5f6896bb8f94" member_type: VOTER last_known_addr { host: "127.31.226.65" port: 46369 } } peers { permanent_uuid: "8431bbda49704dcf92ff942913b7c456" member_type: VOTER last_known_addr { host: "127.31.226.66" port: 34969 } } peers { permanent_uuid: "973fa4be24a44f3f9f0a217ef6652805" member_type: VOTER last_known_addr { host: "127.31.226.67" port: 40565 } }
I20260608 10:07:45.298888  3039 raft_consensus.cc:385] T 94763d8eadc845a4a8468b7267c89fad P 8431bbda49704dcf92ff942913b7c456 [term 0 FOLLOWER]: Consensus starting up: Expiring failure detector timer to make a prompt election more likely
I20260608 10:07:45.299259  3038 tablet_bootstrap.cc:492] T 8077bebf44b2408d91b1ee13cac02c1e P 973fa4be24a44f3f9f0a217ef6652805: Bootstrap starting.
I20260608 10:07:45.299293  3039 raft_consensus.cc:740] T 94763d8eadc845a4a8468b7267c89fad P 8431bbda49704dcf92ff942913b7c456 [term 0 FOLLOWER]: Becoming Follower/Learner. State: Replica: 8431bbda49704dcf92ff942913b7c456, State: Initialized, Role: FOLLOWER
I20260608 10:07:45.300659  3039 consensus_queue.cc:260] T 94763d8eadc845a4a8468b7267c89fad P 8431bbda49704dcf92ff942913b7c456 [NON_LEADER]: Queue going to NON_LEADER mode. State: All replicated index: 0, Majority replicated index: 0, Committed index: 0, Last appended: 0.0, Last appended by leader: 0, Current term: 0, Majority size: -1, State: 0, Mode: NON_LEADER, active raft config: opid_index: -1 OBSOLETE_local: false peers { permanent_uuid: "fb5be95be1e24c3ba90e5f6896bb8f94" member_type: VOTER last_known_addr { host: "127.31.226.65" port: 46369 } } peers { permanent_uuid: "8431bbda49704dcf92ff942913b7c456" member_type: VOTER last_known_addr { host: "127.31.226.66" port: 34969 } } peers { permanent_uuid: "973fa4be24a44f3f9f0a217ef6652805" member_type: VOTER last_known_addr { host: "127.31.226.67" port: 40565 } }
I20260608 10:07:45.302651  3041 tablet_bootstrap.cc:654] T cc94f2a8e38e4cfdabba4e4a53a2c452 P fb5be95be1e24c3ba90e5f6896bb8f94: Neither blocks nor log segments found. Creating new log.
I20260608 10:07:45.307408  3039 ts_tablet_manager.cc:1434] T 94763d8eadc845a4a8468b7267c89fad P 8431bbda49704dcf92ff942913b7c456: Time spent starting tablet: real 0.023s	user 0.008s	sys 0.000s
I20260608 10:07:45.308981  3039 tablet_bootstrap.cc:492] T cc94f2a8e38e4cfdabba4e4a53a2c452 P 8431bbda49704dcf92ff942913b7c456: Bootstrap starting.
I20260608 10:07:45.311298  3045 raft_consensus.cc:515] T a764bce58e2e4a90afcd73a5c5cdcfd5 P 973fa4be24a44f3f9f0a217ef6652805 [term 1 FOLLOWER]: Starting leader election with config: opid_index: -1 OBSOLETE_local: false peers { permanent_uuid: "973fa4be24a44f3f9f0a217ef6652805" member_type: VOTER last_known_addr { host: "127.31.226.67" port: 40565 } } peers { permanent_uuid: "8431bbda49704dcf92ff942913b7c456" member_type: VOTER last_known_addr { host: "127.31.226.66" port: 34969 } } peers { permanent_uuid: "fb5be95be1e24c3ba90e5f6896bb8f94" member_type: VOTER last_known_addr { host: "127.31.226.65" port: 46369 } }
I20260608 10:07:45.315166  2919 tablet_service.cc:1917] Received RequestConsensusVote() RPC: tablet_id: "a764bce58e2e4a90afcd73a5c5cdcfd5" candidate_uuid: "973fa4be24a44f3f9f0a217ef6652805" candidate_term: 1 candidate_status { last_received { term: 0 index: 0 } } ignore_live_leader: false dest_uuid: "8431bbda49704dcf92ff942913b7c456"
I20260608 10:07:45.315574  2843 tablet_service.cc:1917] Received RequestConsensusVote() RPC: tablet_id: "a764bce58e2e4a90afcd73a5c5cdcfd5" candidate_uuid: "973fa4be24a44f3f9f0a217ef6652805" candidate_term: 1 candidate_status { last_received { term: 0 index: 0 } } ignore_live_leader: false dest_uuid: "fb5be95be1e24c3ba90e5f6896bb8f94"
I20260608 10:07:45.315832  2919 raft_consensus.cc:3060] T a764bce58e2e4a90afcd73a5c5cdcfd5 P 8431bbda49704dcf92ff942913b7c456 [term 0 FOLLOWER]: Advancing to term 1
I20260608 10:07:45.316164  2843 raft_consensus.cc:3060] T a764bce58e2e4a90afcd73a5c5cdcfd5 P fb5be95be1e24c3ba90e5f6896bb8f94 [term 0 FOLLOWER]: Advancing to term 1
I20260608 10:07:45.323870  3045 leader_election.cc:290] T a764bce58e2e4a90afcd73a5c5cdcfd5 P 973fa4be24a44f3f9f0a217ef6652805 [CANDIDATE]: Term 1 election: Requested vote from peers 8431bbda49704dcf92ff942913b7c456 (127.31.226.66:34969), fb5be95be1e24c3ba90e5f6896bb8f94 (127.31.226.65:46369)
I20260608 10:07:45.323761  2919 raft_consensus.cc:2468] T a764bce58e2e4a90afcd73a5c5cdcfd5 P 8431bbda49704dcf92ff942913b7c456 [term 1 FOLLOWER]: Leader election vote request: Granting yes vote for candidate 973fa4be24a44f3f9f0a217ef6652805 in term 1.
I20260608 10:07:45.323761  2843 raft_consensus.cc:2468] T a764bce58e2e4a90afcd73a5c5cdcfd5 P fb5be95be1e24c3ba90e5f6896bb8f94 [term 1 FOLLOWER]: Leader election vote request: Granting yes vote for candidate 973fa4be24a44f3f9f0a217ef6652805 in term 1.
I20260608 10:07:45.325860  2958 leader_election.cc:304] T a764bce58e2e4a90afcd73a5c5cdcfd5 P 973fa4be24a44f3f9f0a217ef6652805 [CANDIDATE]: Term 1 election: Election decided. Result: candidate won. Election summary: received 2 responses out of 3 voters: 2 yes votes; 0 no votes. yes voters: 8431bbda49704dcf92ff942913b7c456, 973fa4be24a44f3f9f0a217ef6652805; no voters: 
I20260608 10:07:45.327126  3045 raft_consensus.cc:2804] T a764bce58e2e4a90afcd73a5c5cdcfd5 P 973fa4be24a44f3f9f0a217ef6652805 [term 1 FOLLOWER]: Leader election won for term 1
I20260608 10:07:45.330307  3039 tablet_bootstrap.cc:654] T cc94f2a8e38e4cfdabba4e4a53a2c452 P 8431bbda49704dcf92ff942913b7c456: Neither blocks nor log segments found. Creating new log.
I20260608 10:07:45.337915  3045 raft_consensus.cc:697] T a764bce58e2e4a90afcd73a5c5cdcfd5 P 973fa4be24a44f3f9f0a217ef6652805 [term 1 LEADER]: Becoming Leader. State: Replica: 973fa4be24a44f3f9f0a217ef6652805, State: Running, Role: LEADER
I20260608 10:07:45.339112  3045 consensus_queue.cc:237] T a764bce58e2e4a90afcd73a5c5cdcfd5 P 973fa4be24a44f3f9f0a217ef6652805 [LEADER]: Queue going to LEADER mode. State: All replicated index: 0, Majority replicated index: 0, Committed index: 0, Last appended: 0.0, Last appended by leader: 0, Current term: 1, Majority size: 2, State: 0, Mode: LEADER, active raft config: opid_index: -1 OBSOLETE_local: false peers { permanent_uuid: "973fa4be24a44f3f9f0a217ef6652805" member_type: VOTER last_known_addr { host: "127.31.226.67" port: 40565 } } peers { permanent_uuid: "8431bbda49704dcf92ff942913b7c456" member_type: VOTER last_known_addr { host: "127.31.226.66" port: 34969 } } peers { permanent_uuid: "fb5be95be1e24c3ba90e5f6896bb8f94" member_type: VOTER last_known_addr { host: "127.31.226.65" port: 46369 } }
I20260608 10:07:45.344094  3038 tablet_bootstrap.cc:654] T 8077bebf44b2408d91b1ee13cac02c1e P 973fa4be24a44f3f9f0a217ef6652805: Neither blocks nor log segments found. Creating new log.
I20260608 10:07:45.344857  3039 tablet_bootstrap.cc:492] T cc94f2a8e38e4cfdabba4e4a53a2c452 P 8431bbda49704dcf92ff942913b7c456: No bootstrap required, opened a new log
I20260608 10:07:45.347838  3039 ts_tablet_manager.cc:1403] T cc94f2a8e38e4cfdabba4e4a53a2c452 P 8431bbda49704dcf92ff942913b7c456: Time spent bootstrapping tablet: real 0.039s	user 0.010s	sys 0.003s
I20260608 10:07:45.350273  3041 tablet_bootstrap.cc:492] T cc94f2a8e38e4cfdabba4e4a53a2c452 P fb5be95be1e24c3ba90e5f6896bb8f94: No bootstrap required, opened a new log
I20260608 10:07:45.350886  3041 ts_tablet_manager.cc:1403] T cc94f2a8e38e4cfdabba4e4a53a2c452 P fb5be95be1e24c3ba90e5f6896bb8f94: Time spent bootstrapping tablet: real 0.056s	user 0.026s	sys 0.026s
I20260608 10:07:45.351589  3039 raft_consensus.cc:359] T cc94f2a8e38e4cfdabba4e4a53a2c452 P 8431bbda49704dcf92ff942913b7c456 [term 0 FOLLOWER]: Replica starting. Triggering 0 pending ops. Active config: opid_index: -1 OBSOLETE_local: false peers { permanent_uuid: "fb5be95be1e24c3ba90e5f6896bb8f94" member_type: VOTER last_known_addr { host: "127.31.226.65" port: 46369 } } peers { permanent_uuid: "8431bbda49704dcf92ff942913b7c456" member_type: VOTER last_known_addr { host: "127.31.226.66" port: 34969 } } peers { permanent_uuid: "973fa4be24a44f3f9f0a217ef6652805" member_type: VOTER last_known_addr { host: "127.31.226.67" port: 40565 } }
I20260608 10:07:45.352541  3039 raft_consensus.cc:385] T cc94f2a8e38e4cfdabba4e4a53a2c452 P 8431bbda49704dcf92ff942913b7c456 [term 0 FOLLOWER]: Consensus starting up: Expiring failure detector timer to make a prompt election more likely
I20260608 10:07:45.352937  3039 raft_consensus.cc:740] T cc94f2a8e38e4cfdabba4e4a53a2c452 P 8431bbda49704dcf92ff942913b7c456 [term 0 FOLLOWER]: Becoming Follower/Learner. State: Replica: 8431bbda49704dcf92ff942913b7c456, State: Initialized, Role: FOLLOWER
I20260608 10:07:45.352035  2736 catalog_manager.cc:5696] T a764bce58e2e4a90afcd73a5c5cdcfd5 P 973fa4be24a44f3f9f0a217ef6652805 reported cstate change: term changed from 0 to 1, leader changed from <none> to 973fa4be24a44f3f9f0a217ef6652805 (127.31.226.67). New cstate: current_term: 1 leader_uuid: "973fa4be24a44f3f9f0a217ef6652805" committed_config { opid_index: -1 OBSOLETE_local: false peers { permanent_uuid: "973fa4be24a44f3f9f0a217ef6652805" member_type: VOTER last_known_addr { host: "127.31.226.67" port: 40565 } health_report { overall_health: HEALTHY } } peers { permanent_uuid: "8431bbda49704dcf92ff942913b7c456" member_type: VOTER last_known_addr { host: "127.31.226.66" port: 34969 } health_report { overall_health: UNKNOWN } } peers { permanent_uuid: "fb5be95be1e24c3ba90e5f6896bb8f94" member_type: VOTER last_known_addr { host: "127.31.226.65" port: 46369 } health_report { overall_health: UNKNOWN } } }
I20260608 10:07:45.354019  3039 consensus_queue.cc:260] T cc94f2a8e38e4cfdabba4e4a53a2c452 P 8431bbda49704dcf92ff942913b7c456 [NON_LEADER]: Queue going to NON_LEADER mode. State: All replicated index: 0, Majority replicated index: 0, Committed index: 0, Last appended: 0.0, Last appended by leader: 0, Current term: 0, Majority size: -1, State: 0, Mode: NON_LEADER, active raft config: opid_index: -1 OBSOLETE_local: false peers { permanent_uuid: "fb5be95be1e24c3ba90e5f6896bb8f94" member_type: VOTER last_known_addr { host: "127.31.226.65" port: 46369 } } peers { permanent_uuid: "8431bbda49704dcf92ff942913b7c456" member_type: VOTER last_known_addr { host: "127.31.226.66" port: 34969 } } peers { permanent_uuid: "973fa4be24a44f3f9f0a217ef6652805" member_type: VOTER last_known_addr { host: "127.31.226.67" port: 40565 } }
I20260608 10:07:45.354332  3041 raft_consensus.cc:359] T cc94f2a8e38e4cfdabba4e4a53a2c452 P fb5be95be1e24c3ba90e5f6896bb8f94 [term 0 FOLLOWER]: Replica starting. Triggering 0 pending ops. Active config: opid_index: -1 OBSOLETE_local: false peers { permanent_uuid: "fb5be95be1e24c3ba90e5f6896bb8f94" member_type: VOTER last_known_addr { host: "127.31.226.65" port: 46369 } } peers { permanent_uuid: "8431bbda49704dcf92ff942913b7c456" member_type: VOTER last_known_addr { host: "127.31.226.66" port: 34969 } } peers { permanent_uuid: "973fa4be24a44f3f9f0a217ef6652805" member_type: VOTER last_known_addr { host: "127.31.226.67" port: 40565 } }
I20260608 10:07:45.355134  3041 raft_consensus.cc:385] T cc94f2a8e38e4cfdabba4e4a53a2c452 P fb5be95be1e24c3ba90e5f6896bb8f94 [term 0 FOLLOWER]: Consensus starting up: Expiring failure detector timer to make a prompt election more likely
I20260608 10:07:45.355506  3041 raft_consensus.cc:740] T cc94f2a8e38e4cfdabba4e4a53a2c452 P fb5be95be1e24c3ba90e5f6896bb8f94 [term 0 FOLLOWER]: Becoming Follower/Learner. State: Replica: fb5be95be1e24c3ba90e5f6896bb8f94, State: Initialized, Role: FOLLOWER
I20260608 10:07:45.355839  3043 raft_consensus.cc:493] T 8077bebf44b2408d91b1ee13cac02c1e P fb5be95be1e24c3ba90e5f6896bb8f94 [term 0 FOLLOWER]: Starting pre-election (no leader contacted us within the election timeout)
I20260608 10:07:45.356437  3041 consensus_queue.cc:260] T cc94f2a8e38e4cfdabba4e4a53a2c452 P fb5be95be1e24c3ba90e5f6896bb8f94 [NON_LEADER]: Queue going to NON_LEADER mode. State: All replicated index: 0, Majority replicated index: 0, Committed index: 0, Last appended: 0.0, Last appended by leader: 0, Current term: 0, Majority size: -1, State: 0, Mode: NON_LEADER, active raft config: opid_index: -1 OBSOLETE_local: false peers { permanent_uuid: "fb5be95be1e24c3ba90e5f6896bb8f94" member_type: VOTER last_known_addr { host: "127.31.226.65" port: 46369 } } peers { permanent_uuid: "8431bbda49704dcf92ff942913b7c456" member_type: VOTER last_known_addr { host: "127.31.226.66" port: 34969 } } peers { permanent_uuid: "973fa4be24a44f3f9f0a217ef6652805" member_type: VOTER last_known_addr { host: "127.31.226.67" port: 40565 } }
I20260608 10:07:45.356455  3043 raft_consensus.cc:515] T 8077bebf44b2408d91b1ee13cac02c1e P fb5be95be1e24c3ba90e5f6896bb8f94 [term 0 FOLLOWER]: Starting pre-election with config: opid_index: -1 OBSOLETE_local: false peers { permanent_uuid: "fb5be95be1e24c3ba90e5f6896bb8f94" member_type: VOTER last_known_addr { host: "127.31.226.65" port: 46369 } } peers { permanent_uuid: "8431bbda49704dcf92ff942913b7c456" member_type: VOTER last_known_addr { host: "127.31.226.66" port: 34969 } } peers { permanent_uuid: "973fa4be24a44f3f9f0a217ef6652805" member_type: VOTER last_known_addr { host: "127.31.226.67" port: 40565 } }
I20260608 10:07:45.358235  3038 tablet_bootstrap.cc:492] T 8077bebf44b2408d91b1ee13cac02c1e P 973fa4be24a44f3f9f0a217ef6652805: No bootstrap required, opened a new log
I20260608 10:07:45.358831  3038 ts_tablet_manager.cc:1403] T 8077bebf44b2408d91b1ee13cac02c1e P 973fa4be24a44f3f9f0a217ef6652805: Time spent bootstrapping tablet: real 0.060s	user 0.013s	sys 0.009s
I20260608 10:07:45.362936  3038 raft_consensus.cc:359] T 8077bebf44b2408d91b1ee13cac02c1e P 973fa4be24a44f3f9f0a217ef6652805 [term 0 FOLLOWER]: Replica starting. Triggering 0 pending ops. Active config: opid_index: -1 OBSOLETE_local: false peers { permanent_uuid: "fb5be95be1e24c3ba90e5f6896bb8f94" member_type: VOTER last_known_addr { host: "127.31.226.65" port: 46369 } } peers { permanent_uuid: "8431bbda49704dcf92ff942913b7c456" member_type: VOTER last_known_addr { host: "127.31.226.66" port: 34969 } } peers { permanent_uuid: "973fa4be24a44f3f9f0a217ef6652805" member_type: VOTER last_known_addr { host: "127.31.226.67" port: 40565 } }
I20260608 10:07:45.363893  3038 raft_consensus.cc:385] T 8077bebf44b2408d91b1ee13cac02c1e P 973fa4be24a44f3f9f0a217ef6652805 [term 0 FOLLOWER]: Consensus starting up: Expiring failure detector timer to make a prompt election more likely
I20260608 10:07:45.364645  3038 raft_consensus.cc:740] T 8077bebf44b2408d91b1ee13cac02c1e P 973fa4be24a44f3f9f0a217ef6652805 [term 0 FOLLOWER]: Becoming Follower/Learner. State: Replica: 973fa4be24a44f3f9f0a217ef6652805, State: Initialized, Role: FOLLOWER
I20260608 10:07:45.363890  3043 leader_election.cc:290] T 8077bebf44b2408d91b1ee13cac02c1e P fb5be95be1e24c3ba90e5f6896bb8f94 [CANDIDATE]: Term 1 pre-election: Requested pre-vote from peers 8431bbda49704dcf92ff942913b7c456 (127.31.226.66:34969), 973fa4be24a44f3f9f0a217ef6652805 (127.31.226.67:40565)
I20260608 10:07:45.366179  3038 consensus_queue.cc:260] T 8077bebf44b2408d91b1ee13cac02c1e P 973fa4be24a44f3f9f0a217ef6652805 [NON_LEADER]: Queue going to NON_LEADER mode. State: All replicated index: 0, Majority replicated index: 0, Committed index: 0, Last appended: 0.0, Last appended by leader: 0, Current term: 0, Majority size: -1, State: 0, Mode: NON_LEADER, active raft config: opid_index: -1 OBSOLETE_local: false peers { permanent_uuid: "fb5be95be1e24c3ba90e5f6896bb8f94" member_type: VOTER last_known_addr { host: "127.31.226.65" port: 46369 } } peers { permanent_uuid: "8431bbda49704dcf92ff942913b7c456" member_type: VOTER last_known_addr { host: "127.31.226.66" port: 34969 } } peers { permanent_uuid: "973fa4be24a44f3f9f0a217ef6652805" member_type: VOTER last_known_addr { host: "127.31.226.67" port: 40565 } }
I20260608 10:07:45.369367  3038 ts_tablet_manager.cc:1434] T 8077bebf44b2408d91b1ee13cac02c1e P 973fa4be24a44f3f9f0a217ef6652805: Time spent starting tablet: real 0.010s	user 0.009s	sys 0.000s
I20260608 10:07:45.370674  3038 tablet_bootstrap.cc:492] T cc94f2a8e38e4cfdabba4e4a53a2c452 P 973fa4be24a44f3f9f0a217ef6652805: Bootstrap starting.
I20260608 10:07:45.375602  3039 ts_tablet_manager.cc:1434] T cc94f2a8e38e4cfdabba4e4a53a2c452 P 8431bbda49704dcf92ff942913b7c456: Time spent starting tablet: real 0.027s	user 0.007s	sys 0.000s
I20260608 10:07:45.382915  3038 tablet_bootstrap.cc:654] T cc94f2a8e38e4cfdabba4e4a53a2c452 P 973fa4be24a44f3f9f0a217ef6652805: Neither blocks nor log segments found. Creating new log.
I20260608 10:07:45.396490  3038 tablet_bootstrap.cc:492] T cc94f2a8e38e4cfdabba4e4a53a2c452 P 973fa4be24a44f3f9f0a217ef6652805: No bootstrap required, opened a new log
I20260608 10:07:45.397253  3038 ts_tablet_manager.cc:1403] T cc94f2a8e38e4cfdabba4e4a53a2c452 P 973fa4be24a44f3f9f0a217ef6652805: Time spent bootstrapping tablet: real 0.027s	user 0.012s	sys 0.009s
I20260608 10:07:45.400418  3039 tablet_bootstrap.cc:492] T 8077bebf44b2408d91b1ee13cac02c1e P 8431bbda49704dcf92ff942913b7c456: Bootstrap starting.
I20260608 10:07:45.401226  3038 raft_consensus.cc:359] T cc94f2a8e38e4cfdabba4e4a53a2c452 P 973fa4be24a44f3f9f0a217ef6652805 [term 0 FOLLOWER]: Replica starting. Triggering 0 pending ops. Active config: opid_index: -1 OBSOLETE_local: false peers { permanent_uuid: "fb5be95be1e24c3ba90e5f6896bb8f94" member_type: VOTER last_known_addr { host: "127.31.226.65" port: 46369 } } peers { permanent_uuid: "8431bbda49704dcf92ff942913b7c456" member_type: VOTER last_known_addr { host: "127.31.226.66" port: 34969 } } peers { permanent_uuid: "973fa4be24a44f3f9f0a217ef6652805" member_type: VOTER last_known_addr { host: "127.31.226.67" port: 40565 } }
I20260608 10:07:45.402370  3038 raft_consensus.cc:385] T cc94f2a8e38e4cfdabba4e4a53a2c452 P 973fa4be24a44f3f9f0a217ef6652805 [term 0 FOLLOWER]: Consensus starting up: Expiring failure detector timer to make a prompt election more likely
I20260608 10:07:45.402858  3038 raft_consensus.cc:740] T cc94f2a8e38e4cfdabba4e4a53a2c452 P 973fa4be24a44f3f9f0a217ef6652805 [term 0 FOLLOWER]: Becoming Follower/Learner. State: Replica: 973fa4be24a44f3f9f0a217ef6652805, State: Initialized, Role: FOLLOWER
I20260608 10:07:45.404026  3038 consensus_queue.cc:260] T cc94f2a8e38e4cfdabba4e4a53a2c452 P 973fa4be24a44f3f9f0a217ef6652805 [NON_LEADER]: Queue going to NON_LEADER mode. State: All replicated index: 0, Majority replicated index: 0, Committed index: 0, Last appended: 0.0, Last appended by leader: 0, Current term: 0, Majority size: -1, State: 0, Mode: NON_LEADER, active raft config: opid_index: -1 OBSOLETE_local: false peers { permanent_uuid: "fb5be95be1e24c3ba90e5f6896bb8f94" member_type: VOTER last_known_addr { host: "127.31.226.65" port: 46369 } } peers { permanent_uuid: "8431bbda49704dcf92ff942913b7c456" member_type: VOTER last_known_addr { host: "127.31.226.66" port: 34969 } } peers { permanent_uuid: "973fa4be24a44f3f9f0a217ef6652805" member_type: VOTER last_known_addr { host: "127.31.226.67" port: 40565 } }
I20260608 10:07:45.410581  3038 ts_tablet_manager.cc:1434] T cc94f2a8e38e4cfdabba4e4a53a2c452 P 973fa4be24a44f3f9f0a217ef6652805: Time spent starting tablet: real 0.013s	user 0.006s	sys 0.001s
I20260608 10:07:45.417106  3041 ts_tablet_manager.cc:1434] T cc94f2a8e38e4cfdabba4e4a53a2c452 P fb5be95be1e24c3ba90e5f6896bb8f94: Time spent starting tablet: real 0.066s	user 0.028s	sys 0.036s
I20260608 10:07:45.420454  3039 tablet_bootstrap.cc:654] T 8077bebf44b2408d91b1ee13cac02c1e P 8431bbda49704dcf92ff942913b7c456: Neither blocks nor log segments found. Creating new log.
I20260608 10:07:45.423496  2993 tablet_service.cc:1917] Received RequestConsensusVote() RPC: tablet_id: "8077bebf44b2408d91b1ee13cac02c1e" candidate_uuid: "fb5be95be1e24c3ba90e5f6896bb8f94" candidate_term: 1 candidate_status { last_received { term: 0 index: 0 } } ignore_live_leader: false dest_uuid: "973fa4be24a44f3f9f0a217ef6652805" is_pre_election: true
I20260608 10:07:45.424454  2993 raft_consensus.cc:2468] T 8077bebf44b2408d91b1ee13cac02c1e P 973fa4be24a44f3f9f0a217ef6652805 [term 0 FOLLOWER]: Leader pre-election vote request: Granting yes vote for candidate fb5be95be1e24c3ba90e5f6896bb8f94 in term 0.
I20260608 10:07:45.426546  2807 leader_election.cc:304] T 8077bebf44b2408d91b1ee13cac02c1e P fb5be95be1e24c3ba90e5f6896bb8f94 [CANDIDATE]: Term 1 pre-election: Election decided. Result: candidate won. Election summary: received 2 responses out of 3 voters: 2 yes votes; 0 no votes. yes voters: 973fa4be24a44f3f9f0a217ef6652805, fb5be95be1e24c3ba90e5f6896bb8f94; no voters: 
I20260608 10:07:45.428148  2919 tablet_service.cc:1917] Received RequestConsensusVote() RPC: tablet_id: "8077bebf44b2408d91b1ee13cac02c1e" candidate_uuid: "fb5be95be1e24c3ba90e5f6896bb8f94" candidate_term: 1 candidate_status { last_received { term: 0 index: 0 } } ignore_live_leader: false dest_uuid: "8431bbda49704dcf92ff942913b7c456" is_pre_election: true
W20260608 10:07:45.429783  2808 leader_election.cc:343] T 8077bebf44b2408d91b1ee13cac02c1e P fb5be95be1e24c3ba90e5f6896bb8f94 [CANDIDATE]: Term 1 pre-election: Tablet error from VoteRequest() call to peer 8431bbda49704dcf92ff942913b7c456 (127.31.226.66:34969): Illegal state: must be running to vote when last-logged opid is not known
I20260608 10:07:45.430071  3039 tablet_bootstrap.cc:492] T 8077bebf44b2408d91b1ee13cac02c1e P 8431bbda49704dcf92ff942913b7c456: No bootstrap required, opened a new log
I20260608 10:07:45.430111  3058 raft_consensus.cc:2804] T 8077bebf44b2408d91b1ee13cac02c1e P fb5be95be1e24c3ba90e5f6896bb8f94 [term 0 FOLLOWER]: Leader pre-election won for term 1
I20260608 10:07:45.430675  3039 ts_tablet_manager.cc:1403] T 8077bebf44b2408d91b1ee13cac02c1e P 8431bbda49704dcf92ff942913b7c456: Time spent bootstrapping tablet: real 0.031s	user 0.012s	sys 0.007s
I20260608 10:07:45.431012  3058 raft_consensus.cc:493] T 8077bebf44b2408d91b1ee13cac02c1e P fb5be95be1e24c3ba90e5f6896bb8f94 [term 0 FOLLOWER]: Starting leader election (no leader contacted us within the election timeout)
I20260608 10:07:45.431450  3058 raft_consensus.cc:3060] T 8077bebf44b2408d91b1ee13cac02c1e P fb5be95be1e24c3ba90e5f6896bb8f94 [term 0 FOLLOWER]: Advancing to term 1
I20260608 10:07:45.433378  3039 raft_consensus.cc:359] T 8077bebf44b2408d91b1ee13cac02c1e P 8431bbda49704dcf92ff942913b7c456 [term 0 FOLLOWER]: Replica starting. Triggering 0 pending ops. Active config: opid_index: -1 OBSOLETE_local: false peers { permanent_uuid: "fb5be95be1e24c3ba90e5f6896bb8f94" member_type: VOTER last_known_addr { host: "127.31.226.65" port: 46369 } } peers { permanent_uuid: "8431bbda49704dcf92ff942913b7c456" member_type: VOTER last_known_addr { host: "127.31.226.66" port: 34969 } } peers { permanent_uuid: "973fa4be24a44f3f9f0a217ef6652805" member_type: VOTER last_known_addr { host: "127.31.226.67" port: 40565 } }
I20260608 10:07:45.434015  3039 raft_consensus.cc:385] T 8077bebf44b2408d91b1ee13cac02c1e P 8431bbda49704dcf92ff942913b7c456 [term 0 FOLLOWER]: Consensus starting up: Expiring failure detector timer to make a prompt election more likely
I20260608 10:07:45.434245  3039 raft_consensus.cc:740] T 8077bebf44b2408d91b1ee13cac02c1e P 8431bbda49704dcf92ff942913b7c456 [term 0 FOLLOWER]: Becoming Follower/Learner. State: Replica: 8431bbda49704dcf92ff942913b7c456, State: Initialized, Role: FOLLOWER
I20260608 10:07:45.434975  3039 consensus_queue.cc:260] T 8077bebf44b2408d91b1ee13cac02c1e P 8431bbda49704dcf92ff942913b7c456 [NON_LEADER]: Queue going to NON_LEADER mode. State: All replicated index: 0, Majority replicated index: 0, Committed index: 0, Last appended: 0.0, Last appended by leader: 0, Current term: 0, Majority size: -1, State: 0, Mode: NON_LEADER, active raft config: opid_index: -1 OBSOLETE_local: false peers { permanent_uuid: "fb5be95be1e24c3ba90e5f6896bb8f94" member_type: VOTER last_known_addr { host: "127.31.226.65" port: 46369 } } peers { permanent_uuid: "8431bbda49704dcf92ff942913b7c456" member_type: VOTER last_known_addr { host: "127.31.226.66" port: 34969 } } peers { permanent_uuid: "973fa4be24a44f3f9f0a217ef6652805" member_type: VOTER last_known_addr { host: "127.31.226.67" port: 40565 } }
I20260608 10:07:45.437059  3039 ts_tablet_manager.cc:1434] T 8077bebf44b2408d91b1ee13cac02c1e P 8431bbda49704dcf92ff942913b7c456: Time spent starting tablet: real 0.006s	user 0.003s	sys 0.000s
I20260608 10:07:45.437829  3058 raft_consensus.cc:515] T 8077bebf44b2408d91b1ee13cac02c1e P fb5be95be1e24c3ba90e5f6896bb8f94 [term 1 FOLLOWER]: Starting leader election with config: opid_index: -1 OBSOLETE_local: false peers { permanent_uuid: "fb5be95be1e24c3ba90e5f6896bb8f94" member_type: VOTER last_known_addr { host: "127.31.226.65" port: 46369 } } peers { permanent_uuid: "8431bbda49704dcf92ff942913b7c456" member_type: VOTER last_known_addr { host: "127.31.226.66" port: 34969 } } peers { permanent_uuid: "973fa4be24a44f3f9f0a217ef6652805" member_type: VOTER last_known_addr { host: "127.31.226.67" port: 40565 } }
I20260608 10:07:45.440007  3058 leader_election.cc:290] T 8077bebf44b2408d91b1ee13cac02c1e P fb5be95be1e24c3ba90e5f6896bb8f94 [CANDIDATE]: Term 1 election: Requested vote from peers 8431bbda49704dcf92ff942913b7c456 (127.31.226.66:34969), 973fa4be24a44f3f9f0a217ef6652805 (127.31.226.67:40565)
I20260608 10:07:45.440935  2919 tablet_service.cc:1917] Received RequestConsensusVote() RPC: tablet_id: "8077bebf44b2408d91b1ee13cac02c1e" candidate_uuid: "fb5be95be1e24c3ba90e5f6896bb8f94" candidate_term: 1 candidate_status { last_received { term: 0 index: 0 } } ignore_live_leader: false dest_uuid: "8431bbda49704dcf92ff942913b7c456"
I20260608 10:07:45.441438  2993 tablet_service.cc:1917] Received RequestConsensusVote() RPC: tablet_id: "8077bebf44b2408d91b1ee13cac02c1e" candidate_uuid: "fb5be95be1e24c3ba90e5f6896bb8f94" candidate_term: 1 candidate_status { last_received { term: 0 index: 0 } } ignore_live_leader: false dest_uuid: "973fa4be24a44f3f9f0a217ef6652805"
I20260608 10:07:45.441623  2919 raft_consensus.cc:3060] T 8077bebf44b2408d91b1ee13cac02c1e P 8431bbda49704dcf92ff942913b7c456 [term 0 FOLLOWER]: Advancing to term 1
I20260608 10:07:45.442098  2993 raft_consensus.cc:3060] T 8077bebf44b2408d91b1ee13cac02c1e P 973fa4be24a44f3f9f0a217ef6652805 [term 0 FOLLOWER]: Advancing to term 1
I20260608 10:07:45.448503  3047 raft_consensus.cc:493] T cc94f2a8e38e4cfdabba4e4a53a2c452 P 8431bbda49704dcf92ff942913b7c456 [term 0 FOLLOWER]: Starting pre-election (no leader contacted us within the election timeout)
I20260608 10:07:45.449083  2919 raft_consensus.cc:2468] T 8077bebf44b2408d91b1ee13cac02c1e P 8431bbda49704dcf92ff942913b7c456 [term 1 FOLLOWER]: Leader election vote request: Granting yes vote for candidate fb5be95be1e24c3ba90e5f6896bb8f94 in term 1.
I20260608 10:07:45.449061  3047 raft_consensus.cc:515] T cc94f2a8e38e4cfdabba4e4a53a2c452 P 8431bbda49704dcf92ff942913b7c456 [term 0 FOLLOWER]: Starting pre-election with config: opid_index: -1 OBSOLETE_local: false peers { permanent_uuid: "fb5be95be1e24c3ba90e5f6896bb8f94" member_type: VOTER last_known_addr { host: "127.31.226.65" port: 46369 } } peers { permanent_uuid: "8431bbda49704dcf92ff942913b7c456" member_type: VOTER last_known_addr { host: "127.31.226.66" port: 34969 } } peers { permanent_uuid: "973fa4be24a44f3f9f0a217ef6652805" member_type: VOTER last_known_addr { host: "127.31.226.67" port: 40565 } }
I20260608 10:07:45.449883  2993 raft_consensus.cc:2468] T 8077bebf44b2408d91b1ee13cac02c1e P 973fa4be24a44f3f9f0a217ef6652805 [term 1 FOLLOWER]: Leader election vote request: Granting yes vote for candidate fb5be95be1e24c3ba90e5f6896bb8f94 in term 1.
I20260608 10:07:45.451669  2807 leader_election.cc:304] T 8077bebf44b2408d91b1ee13cac02c1e P fb5be95be1e24c3ba90e5f6896bb8f94 [CANDIDATE]: Term 1 election: Election decided. Result: candidate won. Election summary: received 2 responses out of 3 voters: 2 yes votes; 0 no votes. yes voters: 973fa4be24a44f3f9f0a217ef6652805, fb5be95be1e24c3ba90e5f6896bb8f94; no voters: 
I20260608 10:07:45.455044  3047 leader_election.cc:290] T cc94f2a8e38e4cfdabba4e4a53a2c452 P 8431bbda49704dcf92ff942913b7c456 [CANDIDATE]: Term 1 pre-election: Requested pre-vote from peers fb5be95be1e24c3ba90e5f6896bb8f94 (127.31.226.65:46369), 973fa4be24a44f3f9f0a217ef6652805 (127.31.226.67:40565)
I20260608 10:07:45.455331  3058 raft_consensus.cc:2804] T 8077bebf44b2408d91b1ee13cac02c1e P fb5be95be1e24c3ba90e5f6896bb8f94 [term 1 FOLLOWER]: Leader election won for term 1
I20260608 10:07:45.456372  3058 raft_consensus.cc:697] T 8077bebf44b2408d91b1ee13cac02c1e P fb5be95be1e24c3ba90e5f6896bb8f94 [term 1 LEADER]: Becoming Leader. State: Replica: fb5be95be1e24c3ba90e5f6896bb8f94, State: Running, Role: LEADER
I20260608 10:07:45.457449  3058 consensus_queue.cc:237] T 8077bebf44b2408d91b1ee13cac02c1e P fb5be95be1e24c3ba90e5f6896bb8f94 [LEADER]: Queue going to LEADER mode. State: All replicated index: 0, Majority replicated index: 0, Committed index: 0, Last appended: 0.0, Last appended by leader: 0, Current term: 1, Majority size: 2, State: 0, Mode: LEADER, active raft config: opid_index: -1 OBSOLETE_local: false peers { permanent_uuid: "fb5be95be1e24c3ba90e5f6896bb8f94" member_type: VOTER last_known_addr { host: "127.31.226.65" port: 46369 } } peers { permanent_uuid: "8431bbda49704dcf92ff942913b7c456" member_type: VOTER last_known_addr { host: "127.31.226.66" port: 34969 } } peers { permanent_uuid: "973fa4be24a44f3f9f0a217ef6652805" member_type: VOTER last_known_addr { host: "127.31.226.67" port: 40565 } }
I20260608 10:07:45.466365  2843 tablet_service.cc:1917] Received RequestConsensusVote() RPC: tablet_id: "cc94f2a8e38e4cfdabba4e4a53a2c452" candidate_uuid: "8431bbda49704dcf92ff942913b7c456" candidate_term: 1 candidate_status { last_received { term: 0 index: 0 } } ignore_live_leader: false dest_uuid: "fb5be95be1e24c3ba90e5f6896bb8f94" is_pre_election: true
I20260608 10:07:45.467264  2843 raft_consensus.cc:2468] T cc94f2a8e38e4cfdabba4e4a53a2c452 P fb5be95be1e24c3ba90e5f6896bb8f94 [term 0 FOLLOWER]: Leader pre-election vote request: Granting yes vote for candidate 8431bbda49704dcf92ff942913b7c456 in term 0.
I20260608 10:07:45.468967  2885 leader_election.cc:304] T cc94f2a8e38e4cfdabba4e4a53a2c452 P 8431bbda49704dcf92ff942913b7c456 [CANDIDATE]: Term 1 pre-election: Election decided. Result: candidate won. Election summary: received 2 responses out of 3 voters: 2 yes votes; 0 no votes. yes voters: 8431bbda49704dcf92ff942913b7c456, fb5be95be1e24c3ba90e5f6896bb8f94; no voters: 
I20260608 10:07:45.469872  3047 raft_consensus.cc:2804] T cc94f2a8e38e4cfdabba4e4a53a2c452 P 8431bbda49704dcf92ff942913b7c456 [term 0 FOLLOWER]: Leader pre-election won for term 1
I20260608 10:07:45.470288  3047 raft_consensus.cc:493] T cc94f2a8e38e4cfdabba4e4a53a2c452 P 8431bbda49704dcf92ff942913b7c456 [term 0 FOLLOWER]: Starting leader election (no leader contacted us within the election timeout)
I20260608 10:07:45.469533  2736 catalog_manager.cc:5696] T 8077bebf44b2408d91b1ee13cac02c1e P fb5be95be1e24c3ba90e5f6896bb8f94 reported cstate change: term changed from 0 to 1, leader changed from <none> to fb5be95be1e24c3ba90e5f6896bb8f94 (127.31.226.65). New cstate: current_term: 1 leader_uuid: "fb5be95be1e24c3ba90e5f6896bb8f94" committed_config { opid_index: -1 OBSOLETE_local: false peers { permanent_uuid: "fb5be95be1e24c3ba90e5f6896bb8f94" member_type: VOTER last_known_addr { host: "127.31.226.65" port: 46369 } health_report { overall_health: HEALTHY } } peers { permanent_uuid: "8431bbda49704dcf92ff942913b7c456" member_type: VOTER last_known_addr { host: "127.31.226.66" port: 34969 } health_report { overall_health: UNKNOWN } } peers { permanent_uuid: "973fa4be24a44f3f9f0a217ef6652805" member_type: VOTER last_known_addr { host: "127.31.226.67" port: 40565 } health_report { overall_health: UNKNOWN } } }
I20260608 10:07:45.470630  3047 raft_consensus.cc:3060] T cc94f2a8e38e4cfdabba4e4a53a2c452 P 8431bbda49704dcf92ff942913b7c456 [term 0 FOLLOWER]: Advancing to term 1
I20260608 10:07:45.474881  2993 tablet_service.cc:1917] Received RequestConsensusVote() RPC: tablet_id: "cc94f2a8e38e4cfdabba4e4a53a2c452" candidate_uuid: "8431bbda49704dcf92ff942913b7c456" candidate_term: 1 candidate_status { last_received { term: 0 index: 0 } } ignore_live_leader: false dest_uuid: "973fa4be24a44f3f9f0a217ef6652805" is_pre_election: true
I20260608 10:07:45.475697  2993 raft_consensus.cc:2468] T cc94f2a8e38e4cfdabba4e4a53a2c452 P 973fa4be24a44f3f9f0a217ef6652805 [term 0 FOLLOWER]: Leader pre-election vote request: Granting yes vote for candidate 8431bbda49704dcf92ff942913b7c456 in term 0.
I20260608 10:07:45.478489  3047 raft_consensus.cc:515] T cc94f2a8e38e4cfdabba4e4a53a2c452 P 8431bbda49704dcf92ff942913b7c456 [term 1 FOLLOWER]: Starting leader election with config: opid_index: -1 OBSOLETE_local: false peers { permanent_uuid: "fb5be95be1e24c3ba90e5f6896bb8f94" member_type: VOTER last_known_addr { host: "127.31.226.65" port: 46369 } } peers { permanent_uuid: "8431bbda49704dcf92ff942913b7c456" member_type: VOTER last_known_addr { host: "127.31.226.66" port: 34969 } } peers { permanent_uuid: "973fa4be24a44f3f9f0a217ef6652805" member_type: VOTER last_known_addr { host: "127.31.226.67" port: 40565 } }
I20260608 10:07:45.481400  3047 leader_election.cc:290] T cc94f2a8e38e4cfdabba4e4a53a2c452 P 8431bbda49704dcf92ff942913b7c456 [CANDIDATE]: Term 1 election: Requested vote from peers fb5be95be1e24c3ba90e5f6896bb8f94 (127.31.226.65:46369), 973fa4be24a44f3f9f0a217ef6652805 (127.31.226.67:40565)
I20260608 10:07:45.481839  2843 tablet_service.cc:1917] Received RequestConsensusVote() RPC: tablet_id: "cc94f2a8e38e4cfdabba4e4a53a2c452" candidate_uuid: "8431bbda49704dcf92ff942913b7c456" candidate_term: 1 candidate_status { last_received { term: 0 index: 0 } } ignore_live_leader: false dest_uuid: "fb5be95be1e24c3ba90e5f6896bb8f94"
I20260608 10:07:45.482152  2993 tablet_service.cc:1917] Received RequestConsensusVote() RPC: tablet_id: "cc94f2a8e38e4cfdabba4e4a53a2c452" candidate_uuid: "8431bbda49704dcf92ff942913b7c456" candidate_term: 1 candidate_status { last_received { term: 0 index: 0 } } ignore_live_leader: false dest_uuid: "973fa4be24a44f3f9f0a217ef6652805"
I20260608 10:07:45.482389  2843 raft_consensus.cc:3060] T cc94f2a8e38e4cfdabba4e4a53a2c452 P fb5be95be1e24c3ba90e5f6896bb8f94 [term 0 FOLLOWER]: Advancing to term 1
I20260608 10:07:45.482786  2993 raft_consensus.cc:3060] T cc94f2a8e38e4cfdabba4e4a53a2c452 P 973fa4be24a44f3f9f0a217ef6652805 [term 0 FOLLOWER]: Advancing to term 1
I20260608 10:07:45.487893  2843 raft_consensus.cc:2468] T cc94f2a8e38e4cfdabba4e4a53a2c452 P fb5be95be1e24c3ba90e5f6896bb8f94 [term 1 FOLLOWER]: Leader election vote request: Granting yes vote for candidate 8431bbda49704dcf92ff942913b7c456 in term 1.
I20260608 10:07:45.487923  2993 raft_consensus.cc:2468] T cc94f2a8e38e4cfdabba4e4a53a2c452 P 973fa4be24a44f3f9f0a217ef6652805 [term 1 FOLLOWER]: Leader election vote request: Granting yes vote for candidate 8431bbda49704dcf92ff942913b7c456 in term 1.
I20260608 10:07:45.489395  2885 leader_election.cc:304] T cc94f2a8e38e4cfdabba4e4a53a2c452 P 8431bbda49704dcf92ff942913b7c456 [CANDIDATE]: Term 1 election: Election decided. Result: candidate won. Election summary: received 2 responses out of 3 voters: 2 yes votes; 0 no votes. yes voters: 8431bbda49704dcf92ff942913b7c456, fb5be95be1e24c3ba90e5f6896bb8f94; no voters: 
I20260608 10:07:45.490433  3047 raft_consensus.cc:2804] T cc94f2a8e38e4cfdabba4e4a53a2c452 P 8431bbda49704dcf92ff942913b7c456 [term 1 FOLLOWER]: Leader election won for term 1
I20260608 10:07:45.491659  3047 raft_consensus.cc:697] T cc94f2a8e38e4cfdabba4e4a53a2c452 P 8431bbda49704dcf92ff942913b7c456 [term 1 LEADER]: Becoming Leader. State: Replica: 8431bbda49704dcf92ff942913b7c456, State: Running, Role: LEADER
I20260608 10:07:45.492571  3058 raft_consensus.cc:493] T 94763d8eadc845a4a8468b7267c89fad P fb5be95be1e24c3ba90e5f6896bb8f94 [term 0 FOLLOWER]: Starting pre-election (no leader contacted us within the election timeout)
I20260608 10:07:45.492576  3047 consensus_queue.cc:237] T cc94f2a8e38e4cfdabba4e4a53a2c452 P 8431bbda49704dcf92ff942913b7c456 [LEADER]: Queue going to LEADER mode. State: All replicated index: 0, Majority replicated index: 0, Committed index: 0, Last appended: 0.0, Last appended by leader: 0, Current term: 1, Majority size: 2, State: 0, Mode: LEADER, active raft config: opid_index: -1 OBSOLETE_local: false peers { permanent_uuid: "fb5be95be1e24c3ba90e5f6896bb8f94" member_type: VOTER last_known_addr { host: "127.31.226.65" port: 46369 } } peers { permanent_uuid: "8431bbda49704dcf92ff942913b7c456" member_type: VOTER last_known_addr { host: "127.31.226.66" port: 34969 } } peers { permanent_uuid: "973fa4be24a44f3f9f0a217ef6652805" member_type: VOTER last_known_addr { host: "127.31.226.67" port: 40565 } }
I20260608 10:07:45.493242  3058 raft_consensus.cc:515] T 94763d8eadc845a4a8468b7267c89fad P fb5be95be1e24c3ba90e5f6896bb8f94 [term 0 FOLLOWER]: Starting pre-election with config: opid_index: -1 OBSOLETE_local: false peers { permanent_uuid: "fb5be95be1e24c3ba90e5f6896bb8f94" member_type: VOTER last_known_addr { host: "127.31.226.65" port: 46369 } } peers { permanent_uuid: "8431bbda49704dcf92ff942913b7c456" member_type: VOTER last_known_addr { host: "127.31.226.66" port: 34969 } } peers { permanent_uuid: "973fa4be24a44f3f9f0a217ef6652805" member_type: VOTER last_known_addr { host: "127.31.226.67" port: 40565 } }
I20260608 10:07:45.495764  3058 leader_election.cc:290] T 94763d8eadc845a4a8468b7267c89fad P fb5be95be1e24c3ba90e5f6896bb8f94 [CANDIDATE]: Term 1 pre-election: Requested pre-vote from peers 8431bbda49704dcf92ff942913b7c456 (127.31.226.66:34969), 973fa4be24a44f3f9f0a217ef6652805 (127.31.226.67:40565)
I20260608 10:07:45.496529  2919 tablet_service.cc:1917] Received RequestConsensusVote() RPC: tablet_id: "94763d8eadc845a4a8468b7267c89fad" candidate_uuid: "fb5be95be1e24c3ba90e5f6896bb8f94" candidate_term: 1 candidate_status { last_received { term: 0 index: 0 } } ignore_live_leader: false dest_uuid: "8431bbda49704dcf92ff942913b7c456" is_pre_election: true
I20260608 10:07:45.497260  2919 raft_consensus.cc:2468] T 94763d8eadc845a4a8468b7267c89fad P 8431bbda49704dcf92ff942913b7c456 [term 0 FOLLOWER]: Leader pre-election vote request: Granting yes vote for candidate fb5be95be1e24c3ba90e5f6896bb8f94 in term 0.
I20260608 10:07:45.497781  2993 tablet_service.cc:1917] Received RequestConsensusVote() RPC: tablet_id: "94763d8eadc845a4a8468b7267c89fad" candidate_uuid: "fb5be95be1e24c3ba90e5f6896bb8f94" candidate_term: 1 candidate_status { last_received { term: 0 index: 0 } } ignore_live_leader: false dest_uuid: "973fa4be24a44f3f9f0a217ef6652805" is_pre_election: true
I20260608 10:07:45.498746  2808 leader_election.cc:304] T 94763d8eadc845a4a8468b7267c89fad P fb5be95be1e24c3ba90e5f6896bb8f94 [CANDIDATE]: Term 1 pre-election: Election decided. Result: candidate won. Election summary: received 2 responses out of 3 voters: 2 yes votes; 0 no votes. yes voters: 8431bbda49704dcf92ff942913b7c456, fb5be95be1e24c3ba90e5f6896bb8f94; no voters: 
I20260608 10:07:45.499140  2993 raft_consensus.cc:2468] T 94763d8eadc845a4a8468b7267c89fad P 973fa4be24a44f3f9f0a217ef6652805 [term 0 FOLLOWER]: Leader pre-election vote request: Granting yes vote for candidate fb5be95be1e24c3ba90e5f6896bb8f94 in term 0.
I20260608 10:07:45.499722  3058 raft_consensus.cc:2804] T 94763d8eadc845a4a8468b7267c89fad P fb5be95be1e24c3ba90e5f6896bb8f94 [term 0 FOLLOWER]: Leader pre-election won for term 1
I20260608 10:07:45.500129  3058 raft_consensus.cc:493] T 94763d8eadc845a4a8468b7267c89fad P fb5be95be1e24c3ba90e5f6896bb8f94 [term 0 FOLLOWER]: Starting leader election (no leader contacted us within the election timeout)
I20260608 10:07:45.500540  3058 raft_consensus.cc:3060] T 94763d8eadc845a4a8468b7267c89fad P fb5be95be1e24c3ba90e5f6896bb8f94 [term 0 FOLLOWER]: Advancing to term 1
I20260608 10:07:45.503136  2736 catalog_manager.cc:5696] T cc94f2a8e38e4cfdabba4e4a53a2c452 P 8431bbda49704dcf92ff942913b7c456 reported cstate change: term changed from 0 to 1, leader changed from <none> to 8431bbda49704dcf92ff942913b7c456 (127.31.226.66). New cstate: current_term: 1 leader_uuid: "8431bbda49704dcf92ff942913b7c456" committed_config { opid_index: -1 OBSOLETE_local: false peers { permanent_uuid: "fb5be95be1e24c3ba90e5f6896bb8f94" member_type: VOTER last_known_addr { host: "127.31.226.65" port: 46369 } health_report { overall_health: UNKNOWN } } peers { permanent_uuid: "8431bbda49704dcf92ff942913b7c456" member_type: VOTER last_known_addr { host: "127.31.226.66" port: 34969 } health_report { overall_health: HEALTHY } } peers { permanent_uuid: "973fa4be24a44f3f9f0a217ef6652805" member_type: VOTER last_known_addr { host: "127.31.226.67" port: 40565 } health_report { overall_health: UNKNOWN } } }
I20260608 10:07:45.506498  3058 raft_consensus.cc:515] T 94763d8eadc845a4a8468b7267c89fad P fb5be95be1e24c3ba90e5f6896bb8f94 [term 1 FOLLOWER]: Starting leader election with config: opid_index: -1 OBSOLETE_local: false peers { permanent_uuid: "fb5be95be1e24c3ba90e5f6896bb8f94" member_type: VOTER last_known_addr { host: "127.31.226.65" port: 46369 } } peers { permanent_uuid: "8431bbda49704dcf92ff942913b7c456" member_type: VOTER last_known_addr { host: "127.31.226.66" port: 34969 } } peers { permanent_uuid: "973fa4be24a44f3f9f0a217ef6652805" member_type: VOTER last_known_addr { host: "127.31.226.67" port: 40565 } }
I20260608 10:07:45.509455  3058 leader_election.cc:290] T 94763d8eadc845a4a8468b7267c89fad P fb5be95be1e24c3ba90e5f6896bb8f94 [CANDIDATE]: Term 1 election: Requested vote from peers 8431bbda49704dcf92ff942913b7c456 (127.31.226.66:34969), 973fa4be24a44f3f9f0a217ef6652805 (127.31.226.67:40565)
I20260608 10:07:45.509898  2919 tablet_service.cc:1917] Received RequestConsensusVote() RPC: tablet_id: "94763d8eadc845a4a8468b7267c89fad" candidate_uuid: "fb5be95be1e24c3ba90e5f6896bb8f94" candidate_term: 1 candidate_status { last_received { term: 0 index: 0 } } ignore_live_leader: false dest_uuid: "8431bbda49704dcf92ff942913b7c456"
I20260608 10:07:45.510613  2919 raft_consensus.cc:3060] T 94763d8eadc845a4a8468b7267c89fad P 8431bbda49704dcf92ff942913b7c456 [term 0 FOLLOWER]: Advancing to term 1
I20260608 10:07:45.511400  2993 tablet_service.cc:1917] Received RequestConsensusVote() RPC: tablet_id: "94763d8eadc845a4a8468b7267c89fad" candidate_uuid: "fb5be95be1e24c3ba90e5f6896bb8f94" candidate_term: 1 candidate_status { last_received { term: 0 index: 0 } } ignore_live_leader: false dest_uuid: "973fa4be24a44f3f9f0a217ef6652805"
I20260608 10:07:45.512050  2993 raft_consensus.cc:3060] T 94763d8eadc845a4a8468b7267c89fad P 973fa4be24a44f3f9f0a217ef6652805 [term 0 FOLLOWER]: Advancing to term 1
I20260608 10:07:45.517403  2919 raft_consensus.cc:2468] T 94763d8eadc845a4a8468b7267c89fad P 8431bbda49704dcf92ff942913b7c456 [term 1 FOLLOWER]: Leader election vote request: Granting yes vote for candidate fb5be95be1e24c3ba90e5f6896bb8f94 in term 1.
I20260608 10:07:45.518024  2993 raft_consensus.cc:2468] T 94763d8eadc845a4a8468b7267c89fad P 973fa4be24a44f3f9f0a217ef6652805 [term 1 FOLLOWER]: Leader election vote request: Granting yes vote for candidate fb5be95be1e24c3ba90e5f6896bb8f94 in term 1.
I20260608 10:07:45.518823  2808 leader_election.cc:304] T 94763d8eadc845a4a8468b7267c89fad P fb5be95be1e24c3ba90e5f6896bb8f94 [CANDIDATE]: Term 1 election: Election decided. Result: candidate won. Election summary: received 2 responses out of 3 voters: 2 yes votes; 0 no votes. yes voters: 8431bbda49704dcf92ff942913b7c456, fb5be95be1e24c3ba90e5f6896bb8f94; no voters: 
I20260608 10:07:45.519815  3058 raft_consensus.cc:2804] T 94763d8eadc845a4a8468b7267c89fad P fb5be95be1e24c3ba90e5f6896bb8f94 [term 1 FOLLOWER]: Leader election won for term 1
I20260608 10:07:45.520354  3058 raft_consensus.cc:697] T 94763d8eadc845a4a8468b7267c89fad P fb5be95be1e24c3ba90e5f6896bb8f94 [term 1 LEADER]: Becoming Leader. State: Replica: fb5be95be1e24c3ba90e5f6896bb8f94, State: Running, Role: LEADER
I20260608 10:07:45.521237  3058 consensus_queue.cc:237] T 94763d8eadc845a4a8468b7267c89fad P fb5be95be1e24c3ba90e5f6896bb8f94 [LEADER]: Queue going to LEADER mode. State: All replicated index: 0, Majority replicated index: 0, Committed index: 0, Last appended: 0.0, Last appended by leader: 0, Current term: 1, Majority size: 2, State: 0, Mode: LEADER, active raft config: opid_index: -1 OBSOLETE_local: false peers { permanent_uuid: "fb5be95be1e24c3ba90e5f6896bb8f94" member_type: VOTER last_known_addr { host: "127.31.226.65" port: 46369 } } peers { permanent_uuid: "8431bbda49704dcf92ff942913b7c456" member_type: VOTER last_known_addr { host: "127.31.226.66" port: 34969 } } peers { permanent_uuid: "973fa4be24a44f3f9f0a217ef6652805" member_type: VOTER last_known_addr { host: "127.31.226.67" port: 40565 } }
