I20260608 10:06:26.087589 13128 raft_consensus.cc:2468] T 39f1e90157214a34b7b1463878aefc8a P ec350b47be9541228881c1f260b02991 [term 0 FOLLOWER]: Leader pre-election vote request: Granting yes vote for candidate cbe651ca20124948a8e3183cf5285306 in term 0.
I20260608 10:06:26.087016 13331 leader_election.cc:290] T 196a225f05c34992bea652c3c7b63f6f P cbe651ca20124948a8e3183cf5285306 [CANDIDATE]: Term 1 pre-election: Requested pre-vote from peers ec350b47be9541228881c1f260b02991 (127.12.42.193:33413), 8c364a2f49b048ce844178ccb06b8fb0 (127.12.42.194:43357)
I20260608 10:06:26.085319 13129 tablet_service.cc:1917] Received RequestConsensusVote() RPC: tablet_id: "4ebb5064c49a41eb859e258325332ae5" candidate_uuid: "cbe651ca20124948a8e3183cf5285306" candidate_term: 1 candidate_status { last_received { term: 0 index: 0 } } ignore_live_leader: false dest_uuid: "ec350b47be9541228881c1f260b02991" is_pre_election: true
I20260608 10:06:26.087920 13324 raft_consensus.cc:740] T 05429222bde347629e7cec7748733e79 P 8c364a2f49b048ce844178ccb06b8fb0 [term 0 FOLLOWER]: Becoming Follower/Learner. State: Replica: 8c364a2f49b048ce844178ccb06b8fb0, State: Initialized, Role: FOLLOWER
I20260608 10:06:26.090096 13331 raft_consensus.cc:2804] T 4ebb5064c49a41eb859e258325332ae5 P cbe651ca20124948a8e3183cf5285306 [term 0 FOLLOWER]: Leader pre-election won for term 1
I20260608 10:06:26.090704 13129 raft_consensus.cc:2468] T 4ebb5064c49a41eb859e258325332ae5 P ec350b47be9541228881c1f260b02991 [term 0 FOLLOWER]: Leader pre-election vote request: Granting yes vote for candidate cbe651ca20124948a8e3183cf5285306 in term 0.
I20260608 10:06:26.093755 13331 raft_consensus.cc:493] T 4ebb5064c49a41eb859e258325332ae5 P cbe651ca20124948a8e3183cf5285306 [term 0 FOLLOWER]: Starting leader election (no leader contacted us within the election timeout)
I20260608 10:06:26.094092 13324 consensus_queue.cc:260] T 05429222bde347629e7cec7748733e79 P 8c364a2f49b048ce844178ccb06b8fb0 [NON_LEADER]: Queue going to NON_LEADER mode. State: All replicated index: 0, Majority replicated index: 0, Committed index: 0, Last appended: 0.0, Last appended by leader: 0, Current term: 0, Majority size: -1, State: 0, Mode: NON_LEADER, active raft config: opid_index: -1 OBSOLETE_local: false peers { permanent_uuid: "ec350b47be9541228881c1f260b02991" member_type: VOTER last_known_addr { host: "127.12.42.193" port: 33413 } } peers { permanent_uuid: "8c364a2f49b048ce844178ccb06b8fb0" member_type: VOTER last_known_addr { host: "127.12.42.194" port: 43357 } } peers { permanent_uuid: "cbe651ca20124948a8e3183cf5285306" member_type: VOTER last_known_addr { host: "127.12.42.195" port: 32781 } }
I20260608 10:06:26.097151 13324 ts_tablet_manager.cc:1434] T 05429222bde347629e7cec7748733e79 P 8c364a2f49b048ce844178ccb06b8fb0: Time spent starting tablet: real 0.020s	user 0.008s	sys 0.000s
I20260608 10:06:26.094156 13331 raft_consensus.cc:3060] T 4ebb5064c49a41eb859e258325332ae5 P cbe651ca20124948a8e3183cf5285306 [term 0 FOLLOWER]: Advancing to term 1
I20260608 10:06:26.099418 13129 tablet_service.cc:1917] Received RequestConsensusVote() RPC: tablet_id: "196a225f05c34992bea652c3c7b63f6f" candidate_uuid: "cbe651ca20124948a8e3183cf5285306" candidate_term: 1 candidate_status { last_received { term: 0 index: 0 } } ignore_live_leader: false dest_uuid: "ec350b47be9541228881c1f260b02991" is_pre_election: true
I20260608 10:06:26.099639 13324 tablet_bootstrap.cc:492] T 196a225f05c34992bea652c3c7b63f6f P 8c364a2f49b048ce844178ccb06b8fb0: Bootstrap starting.
I20260608 10:06:26.099465 13244 leader_election.cc:304] T 39f1e90157214a34b7b1463878aefc8a P cbe651ca20124948a8e3183cf5285306 [CANDIDATE]: Term 1 pre-election: Election decided. Result: candidate won. Election summary: received 2 responses out of 3 voters: 2 yes votes; 0 no votes. yes voters: cbe651ca20124948a8e3183cf5285306, ec350b47be9541228881c1f260b02991; no voters: 
I20260608 10:06:26.100279 13129 raft_consensus.cc:2468] T 196a225f05c34992bea652c3c7b63f6f P ec350b47be9541228881c1f260b02991 [term 0 FOLLOWER]: Leader pre-election vote request: Granting yes vote for candidate cbe651ca20124948a8e3183cf5285306 in term 0.
I20260608 10:06:26.102010 13368 raft_consensus.cc:2804] T 39f1e90157214a34b7b1463878aefc8a P cbe651ca20124948a8e3183cf5285306 [term 0 FOLLOWER]: Leader pre-election won for term 1
I20260608 10:06:26.102936 13368 raft_consensus.cc:493] T 39f1e90157214a34b7b1463878aefc8a P cbe651ca20124948a8e3183cf5285306 [term 0 FOLLOWER]: Starting leader election (no leader contacted us within the election timeout)
I20260608 10:06:26.103109 13204 tablet_service.cc:1917] Received RequestConsensusVote() RPC: tablet_id: "196a225f05c34992bea652c3c7b63f6f" candidate_uuid: "cbe651ca20124948a8e3183cf5285306" candidate_term: 1 candidate_status { last_received { term: 0 index: 0 } } ignore_live_leader: false dest_uuid: "8c364a2f49b048ce844178ccb06b8fb0" is_pre_election: true
I20260608 10:06:26.103507 13368 raft_consensus.cc:3060] T 39f1e90157214a34b7b1463878aefc8a P cbe651ca20124948a8e3183cf5285306 [term 0 FOLLOWER]: Advancing to term 1
I20260608 10:06:26.103556 13244 leader_election.cc:304] T 196a225f05c34992bea652c3c7b63f6f P cbe651ca20124948a8e3183cf5285306 [CANDIDATE]: Term 1 pre-election: Election decided. Result: candidate won. Election summary: received 2 responses out of 3 voters: 2 yes votes; 0 no votes. yes voters: cbe651ca20124948a8e3183cf5285306, ec350b47be9541228881c1f260b02991; no voters: 
I20260608 10:06:26.107841 13349 raft_consensus.cc:515] T 32e417a2a52248969411c8ae5e0db33b P 8c364a2f49b048ce844178ccb06b8fb0 [term 1 FOLLOWER]: Starting leader election with config: opid_index: -1 OBSOLETE_local: false peers { permanent_uuid: "ec350b47be9541228881c1f260b02991" member_type: VOTER last_known_addr { host: "127.12.42.193" port: 33413 } } peers { permanent_uuid: "8c364a2f49b048ce844178ccb06b8fb0" member_type: VOTER last_known_addr { host: "127.12.42.194" port: 43357 } } peers { permanent_uuid: "cbe651ca20124948a8e3183cf5285306" member_type: VOTER last_known_addr { host: "127.12.42.195" port: 32781 } }
W20260608 10:06:26.106498 13241 leader_election.cc:343] T 196a225f05c34992bea652c3c7b63f6f P cbe651ca20124948a8e3183cf5285306 [CANDIDATE]: Term 1 pre-election: Tablet error from VoteRequest() call to peer 8c364a2f49b048ce844178ccb06b8fb0 (127.12.42.194:43357): Illegal state: must be running to vote when last-logged opid is not known
I20260608 10:06:26.113878 13324 tablet_bootstrap.cc:654] T 196a225f05c34992bea652c3c7b63f6f P 8c364a2f49b048ce844178ccb06b8fb0: Neither blocks nor log segments found. Creating new log.
I20260608 10:06:26.113345 13025 catalog_manager.cc:5696] T 1249a6550dcc4bb3a04a6f5538219470 P 8c364a2f49b048ce844178ccb06b8fb0 reported cstate change: term changed from 0 to 1, leader changed from <none> to 8c364a2f49b048ce844178ccb06b8fb0 (127.12.42.194). New cstate: current_term: 1 leader_uuid: "8c364a2f49b048ce844178ccb06b8fb0" committed_config { opid_index: -1 OBSOLETE_local: false peers { permanent_uuid: "8c364a2f49b048ce844178ccb06b8fb0" member_type: VOTER last_known_addr { host: "127.12.42.194" port: 43357 } health_report { overall_health: HEALTHY } } peers { permanent_uuid: "ec350b47be9541228881c1f260b02991" member_type: VOTER last_known_addr { host: "127.12.42.193" port: 33413 } health_report { overall_health: UNKNOWN } } peers { permanent_uuid: "cbe651ca20124948a8e3183cf5285306" member_type: VOTER last_known_addr { host: "127.12.42.195" port: 32781 } health_report { overall_health: UNKNOWN } } }
I20260608 10:06:26.120096 13349 leader_election.cc:290] T 32e417a2a52248969411c8ae5e0db33b P 8c364a2f49b048ce844178ccb06b8fb0 [CANDIDATE]: Term 1 election: Requested vote from peers ec350b47be9541228881c1f260b02991 (127.12.42.193:33413), cbe651ca20124948a8e3183cf5285306 (127.12.42.195:32781)
I20260608 10:06:26.120195 13129 tablet_service.cc:1917] Received RequestConsensusVote() RPC: tablet_id: "32e417a2a52248969411c8ae5e0db33b" candidate_uuid: "8c364a2f49b048ce844178ccb06b8fb0" candidate_term: 1 candidate_status { last_received { term: 0 index: 0 } } ignore_live_leader: false dest_uuid: "ec350b47be9541228881c1f260b02991"
W20260608 10:06:26.121851 13170 leader_election.cc:343] T 32e417a2a52248969411c8ae5e0db33b P 8c364a2f49b048ce844178ccb06b8fb0 [CANDIDATE]: Term 1 election: Tablet error from VoteRequest() call to peer ec350b47be9541228881c1f260b02991 (127.12.42.193:33413): Illegal state: must be running to vote when last-logged opid is not known
I20260608 10:06:26.123219 13276 tablet_service.cc:1917] Received RequestConsensusVote() RPC: tablet_id: "32e417a2a52248969411c8ae5e0db33b" candidate_uuid: "8c364a2f49b048ce844178ccb06b8fb0" candidate_term: 1 candidate_status { last_received { term: 0 index: 0 } } ignore_live_leader: false dest_uuid: "cbe651ca20124948a8e3183cf5285306"
I20260608 10:06:26.123234 13368 raft_consensus.cc:515] T 39f1e90157214a34b7b1463878aefc8a P cbe651ca20124948a8e3183cf5285306 [term 1 FOLLOWER]: Starting leader election with config: opid_index: -1 OBSOLETE_local: false peers { permanent_uuid: "ec350b47be9541228881c1f260b02991" member_type: VOTER last_known_addr { host: "127.12.42.193" port: 33413 } } peers { permanent_uuid: "8c364a2f49b048ce844178ccb06b8fb0" member_type: VOTER last_known_addr { host: "127.12.42.194" port: 43357 } } peers { permanent_uuid: "cbe651ca20124948a8e3183cf5285306" member_type: VOTER last_known_addr { host: "127.12.42.195" port: 32781 } }
I20260608 10:06:26.124233 13276 raft_consensus.cc:3060] T 32e417a2a52248969411c8ae5e0db33b P cbe651ca20124948a8e3183cf5285306 [term 0 FOLLOWER]: Advancing to term 1
I20260608 10:06:26.126408 13368 leader_election.cc:290] T 39f1e90157214a34b7b1463878aefc8a P cbe651ca20124948a8e3183cf5285306 [CANDIDATE]: Term 1 election: Requested vote from peers ec350b47be9541228881c1f260b02991 (127.12.42.193:33413), 8c364a2f49b048ce844178ccb06b8fb0 (127.12.42.194:43357)
I20260608 10:06:26.127715 13129 tablet_service.cc:1917] Received RequestConsensusVote() RPC: tablet_id: "39f1e90157214a34b7b1463878aefc8a" candidate_uuid: "cbe651ca20124948a8e3183cf5285306" candidate_term: 1 candidate_status { last_received { term: 0 index: 0 } } ignore_live_leader: false dest_uuid: "ec350b47be9541228881c1f260b02991"
I20260608 10:06:26.128793 13129 raft_consensus.cc:3060] T 39f1e90157214a34b7b1463878aefc8a P ec350b47be9541228881c1f260b02991 [term 0 FOLLOWER]: Advancing to term 1
I20260608 10:06:26.132179 13276 raft_consensus.cc:2468] T 32e417a2a52248969411c8ae5e0db33b P cbe651ca20124948a8e3183cf5285306 [term 1 FOLLOWER]: Leader election vote request: Granting yes vote for candidate 8c364a2f49b048ce844178ccb06b8fb0 in term 1.
I20260608 10:06:26.133883 13369 raft_consensus.cc:2804] T 196a225f05c34992bea652c3c7b63f6f P cbe651ca20124948a8e3183cf5285306 [term 0 FOLLOWER]: Leader pre-election won for term 1
I20260608 10:06:26.134629 13369 raft_consensus.cc:493] T 196a225f05c34992bea652c3c7b63f6f P cbe651ca20124948a8e3183cf5285306 [term 0 FOLLOWER]: Starting leader election (no leader contacted us within the election timeout)
I20260608 10:06:26.135077 13369 raft_consensus.cc:3060] T 196a225f05c34992bea652c3c7b63f6f P cbe651ca20124948a8e3183cf5285306 [term 0 FOLLOWER]: Advancing to term 1
I20260608 10:06:26.137080 13170 leader_election.cc:304] T 32e417a2a52248969411c8ae5e0db33b P 8c364a2f49b048ce844178ccb06b8fb0 [CANDIDATE]: Term 1 election: Election decided. Result: candidate won. Election summary: received 3 responses out of 3 voters: 2 yes votes; 1 no votes. yes voters: 8c364a2f49b048ce844178ccb06b8fb0, cbe651ca20124948a8e3183cf5285306; no voters: ec350b47be9541228881c1f260b02991
I20260608 10:06:26.138846 13204 tablet_service.cc:1917] Received RequestConsensusVote() RPC: tablet_id: "39f1e90157214a34b7b1463878aefc8a" candidate_uuid: "cbe651ca20124948a8e3183cf5285306" candidate_term: 1 candidate_status { last_received { term: 0 index: 0 } } ignore_live_leader: false dest_uuid: "8c364a2f49b048ce844178ccb06b8fb0"
I20260608 10:06:26.139576 13204 raft_consensus.cc:3060] T 39f1e90157214a34b7b1463878aefc8a P 8c364a2f49b048ce844178ccb06b8fb0 [term 0 FOLLOWER]: Advancing to term 1
I20260608 10:06:26.141777 13323 tablet_bootstrap.cc:492] T 32e417a2a52248969411c8ae5e0db33b P ec350b47be9541228881c1f260b02991: No bootstrap required, opened a new log
I20260608 10:06:26.141287 13349 raft_consensus.cc:2804] T 32e417a2a52248969411c8ae5e0db33b P 8c364a2f49b048ce844178ccb06b8fb0 [term 1 FOLLOWER]: Leader election won for term 1
I20260608 10:06:26.142475 13323 ts_tablet_manager.cc:1403] T 32e417a2a52248969411c8ae5e0db33b P ec350b47be9541228881c1f260b02991: Time spent bootstrapping tablet: real 0.086s	user 0.019s	sys 0.001s
I20260608 10:06:26.144810 13324 tablet_bootstrap.cc:492] T 196a225f05c34992bea652c3c7b63f6f P 8c364a2f49b048ce844178ccb06b8fb0: No bootstrap required, opened a new log
I20260608 10:06:26.145376 13324 ts_tablet_manager.cc:1403] T 196a225f05c34992bea652c3c7b63f6f P 8c364a2f49b048ce844178ccb06b8fb0: Time spent bootstrapping tablet: real 0.046s	user 0.023s	sys 0.009s
I20260608 10:06:26.146245 13349 raft_consensus.cc:697] T 32e417a2a52248969411c8ae5e0db33b P 8c364a2f49b048ce844178ccb06b8fb0 [term 1 LEADER]: Becoming Leader. State: Replica: 8c364a2f49b048ce844178ccb06b8fb0, State: Running, Role: LEADER
I20260608 10:06:26.145990 13331 raft_consensus.cc:515] T 4ebb5064c49a41eb859e258325332ae5 P cbe651ca20124948a8e3183cf5285306 [term 1 FOLLOWER]: Starting leader election with config: opid_index: -1 OBSOLETE_local: false peers { permanent_uuid: "ec350b47be9541228881c1f260b02991" member_type: VOTER last_known_addr { host: "127.12.42.193" port: 33413 } } peers { permanent_uuid: "8c364a2f49b048ce844178ccb06b8fb0" member_type: VOTER last_known_addr { host: "127.12.42.194" port: 43357 } } peers { permanent_uuid: "cbe651ca20124948a8e3183cf5285306" member_type: VOTER last_known_addr { host: "127.12.42.195" port: 32781 } }
I20260608 10:06:26.147598 13349 consensus_queue.cc:237] T 32e417a2a52248969411c8ae5e0db33b P 8c364a2f49b048ce844178ccb06b8fb0 [LEADER]: Queue going to LEADER mode. State: All replicated index: 0, Majority replicated index: 0, Committed index: 0, Last appended: 0.0, Last appended by leader: 0, Current term: 1, Majority size: 2, State: 0, Mode: LEADER, active raft config: opid_index: -1 OBSOLETE_local: false peers { permanent_uuid: "ec350b47be9541228881c1f260b02991" member_type: VOTER last_known_addr { host: "127.12.42.193" port: 33413 } } peers { permanent_uuid: "8c364a2f49b048ce844178ccb06b8fb0" member_type: VOTER last_known_addr { host: "127.12.42.194" port: 43357 } } peers { permanent_uuid: "cbe651ca20124948a8e3183cf5285306" member_type: VOTER last_known_addr { host: "127.12.42.195" port: 32781 } }
I20260608 10:06:26.153386 13204 raft_consensus.cc:2468] T 39f1e90157214a34b7b1463878aefc8a P 8c364a2f49b048ce844178ccb06b8fb0 [term 1 FOLLOWER]: Leader election vote request: Granting yes vote for candidate cbe651ca20124948a8e3183cf5285306 in term 1.
I20260608 10:06:26.156263 13241 leader_election.cc:304] T 39f1e90157214a34b7b1463878aefc8a P cbe651ca20124948a8e3183cf5285306 [CANDIDATE]: Term 1 election: Election decided. Result: candidate won. Election summary: received 2 responses out of 3 voters: 2 yes votes; 0 no votes. yes voters: 8c364a2f49b048ce844178ccb06b8fb0, cbe651ca20124948a8e3183cf5285306; no voters: 
I20260608 10:06:26.157689 13128 tablet_service.cc:1917] Received RequestConsensusVote() RPC: tablet_id: "4ebb5064c49a41eb859e258325332ae5" candidate_uuid: "cbe651ca20124948a8e3183cf5285306" candidate_term: 1 candidate_status { last_received { term: 0 index: 0 } } ignore_live_leader: false dest_uuid: "ec350b47be9541228881c1f260b02991"
I20260608 10:06:26.158393 13128 raft_consensus.cc:3060] T 4ebb5064c49a41eb859e258325332ae5 P ec350b47be9541228881c1f260b02991 [term 0 FOLLOWER]: Advancing to term 1
I20260608 10:06:26.160528 13323 raft_consensus.cc:359] T 32e417a2a52248969411c8ae5e0db33b P ec350b47be9541228881c1f260b02991 [term 0 FOLLOWER]: Replica starting. Triggering 0 pending ops. Active config: opid_index: -1 OBSOLETE_local: false peers { permanent_uuid: "ec350b47be9541228881c1f260b02991" member_type: VOTER last_known_addr { host: "127.12.42.193" port: 33413 } } peers { permanent_uuid: "8c364a2f49b048ce844178ccb06b8fb0" member_type: VOTER last_known_addr { host: "127.12.42.194" port: 43357 } } peers { permanent_uuid: "cbe651ca20124948a8e3183cf5285306" member_type: VOTER last_known_addr { host: "127.12.42.195" port: 32781 } }
I20260608 10:06:26.159181 13368 raft_consensus.cc:2804] T 39f1e90157214a34b7b1463878aefc8a P cbe651ca20124948a8e3183cf5285306 [term 1 FOLLOWER]: Leader election won for term 1
I20260608 10:06:26.161221 13323 raft_consensus.cc:385] T 32e417a2a52248969411c8ae5e0db33b P ec350b47be9541228881c1f260b02991 [term 0 FOLLOWER]: Consensus starting up: Expiring failure detector timer to make a prompt election more likely
I20260608 10:06:26.161779 13323 raft_consensus.cc:740] T 32e417a2a52248969411c8ae5e0db33b P ec350b47be9541228881c1f260b02991 [term 0 FOLLOWER]: Becoming Follower/Learner. State: Replica: ec350b47be9541228881c1f260b02991, State: Initialized, Role: FOLLOWER
I20260608 10:06:26.162983 13323 consensus_queue.cc:260] T 32e417a2a52248969411c8ae5e0db33b P ec350b47be9541228881c1f260b02991 [NON_LEADER]: Queue going to NON_LEADER mode. State: All replicated index: 0, Majority replicated index: 0, Committed index: 0, Last appended: 0.0, Last appended by leader: 0, Current term: 0, Majority size: -1, State: 0, Mode: NON_LEADER, active raft config: opid_index: -1 OBSOLETE_local: false peers { permanent_uuid: "ec350b47be9541228881c1f260b02991" member_type: VOTER last_known_addr { host: "127.12.42.193" port: 33413 } } peers { permanent_uuid: "8c364a2f49b048ce844178ccb06b8fb0" member_type: VOTER last_known_addr { host: "127.12.42.194" port: 43357 } } peers { permanent_uuid: "cbe651ca20124948a8e3183cf5285306" member_type: VOTER last_known_addr { host: "127.12.42.195" port: 32781 } }
I20260608 10:06:26.170370 13129 raft_consensus.cc:2468] T 39f1e90157214a34b7b1463878aefc8a P ec350b47be9541228881c1f260b02991 [term 1 FOLLOWER]: Leader election vote request: Granting yes vote for candidate cbe651ca20124948a8e3183cf5285306 in term 1.
I20260608 10:06:26.172680 13323 ts_tablet_manager.cc:1434] T 32e417a2a52248969411c8ae5e0db33b P ec350b47be9541228881c1f260b02991: Time spent starting tablet: real 0.029s	user 0.009s	sys 0.000s
I20260608 10:06:26.174937 13128 raft_consensus.cc:2468] T 4ebb5064c49a41eb859e258325332ae5 P ec350b47be9541228881c1f260b02991 [term 1 FOLLOWER]: Leader election vote request: Granting yes vote for candidate cbe651ca20124948a8e3183cf5285306 in term 1.
I20260608 10:06:26.182124 13244 leader_election.cc:304] T 4ebb5064c49a41eb859e258325332ae5 P cbe651ca20124948a8e3183cf5285306 [CANDIDATE]: Term 1 election: Election decided. Result: candidate won. Election summary: received 2 responses out of 3 voters: 2 yes votes; 0 no votes. yes voters: cbe651ca20124948a8e3183cf5285306, ec350b47be9541228881c1f260b02991; no voters: 
I20260608 10:06:26.182937 13331 leader_election.cc:290] T 4ebb5064c49a41eb859e258325332ae5 P cbe651ca20124948a8e3183cf5285306 [CANDIDATE]: Term 1 election: Requested vote from peers ec350b47be9541228881c1f260b02991 (127.12.42.193:33413), 8c364a2f49b048ce844178ccb06b8fb0 (127.12.42.194:43357)
I20260608 10:06:26.187358 13331 raft_consensus.cc:2804] T 4ebb5064c49a41eb859e258325332ae5 P cbe651ca20124948a8e3183cf5285306 [term 1 FOLLOWER]: Leader election won for term 1
I20260608 10:06:26.188199 13331 raft_consensus.cc:697] T 4ebb5064c49a41eb859e258325332ae5 P cbe651ca20124948a8e3183cf5285306 [term 1 LEADER]: Becoming Leader. State: Replica: cbe651ca20124948a8e3183cf5285306, State: Running, Role: LEADER
I20260608 10:06:26.178241 13369 raft_consensus.cc:515] T 196a225f05c34992bea652c3c7b63f6f P cbe651ca20124948a8e3183cf5285306 [term 1 FOLLOWER]: Starting leader election with config: opid_index: -1 OBSOLETE_local: false peers { permanent_uuid: "ec350b47be9541228881c1f260b02991" member_type: VOTER last_known_addr { host: "127.12.42.193" port: 33413 } } peers { permanent_uuid: "8c364a2f49b048ce844178ccb06b8fb0" member_type: VOTER last_known_addr { host: "127.12.42.194" port: 43357 } } peers { permanent_uuid: "cbe651ca20124948a8e3183cf5285306" member_type: VOTER last_known_addr { host: "127.12.42.195" port: 32781 } }
I20260608 10:06:26.189559 13204 tablet_service.cc:1917] Received RequestConsensusVote() RPC: tablet_id: "4ebb5064c49a41eb859e258325332ae5" candidate_uuid: "cbe651ca20124948a8e3183cf5285306" candidate_term: 1 candidate_status { last_received { term: 0 index: 0 } } ignore_live_leader: false dest_uuid: "8c364a2f49b048ce844178ccb06b8fb0"
I20260608 10:06:26.190280 13204 raft_consensus.cc:3060] T 4ebb5064c49a41eb859e258325332ae5 P 8c364a2f49b048ce844178ccb06b8fb0 [term 0 FOLLOWER]: Advancing to term 1
I20260608 10:06:26.181849 13324 raft_consensus.cc:359] T 196a225f05c34992bea652c3c7b63f6f P 8c364a2f49b048ce844178ccb06b8fb0 [term 0 FOLLOWER]: Replica starting. Triggering 0 pending ops. Active config: opid_index: -1 OBSOLETE_local: false peers { permanent_uuid: "ec350b47be9541228881c1f260b02991" member_type: VOTER last_known_addr { host: "127.12.42.193" port: 33413 } } peers { permanent_uuid: "8c364a2f49b048ce844178ccb06b8fb0" member_type: VOTER last_known_addr { host: "127.12.42.194" port: 43357 } } peers { permanent_uuid: "cbe651ca20124948a8e3183cf5285306" member_type: VOTER last_known_addr { host: "127.12.42.195" port: 32781 } }
I20260608 10:06:26.190984 13324 raft_consensus.cc:385] T 196a225f05c34992bea652c3c7b63f6f P 8c364a2f49b048ce844178ccb06b8fb0 [term 0 FOLLOWER]: Consensus starting up: Expiring failure detector timer to make a prompt election more likely
I20260608 10:06:26.190302 13368 raft_consensus.cc:697] T 39f1e90157214a34b7b1463878aefc8a P cbe651ca20124948a8e3183cf5285306 [term 1 LEADER]: Becoming Leader. State: Replica: cbe651ca20124948a8e3183cf5285306, State: Running, Role: LEADER
I20260608 10:06:26.191383 13324 raft_consensus.cc:740] T 196a225f05c34992bea652c3c7b63f6f P 8c364a2f49b048ce844178ccb06b8fb0 [term 0 FOLLOWER]: Becoming Follower/Learner. State: Replica: 8c364a2f49b048ce844178ccb06b8fb0, State: Initialized, Role: FOLLOWER
I20260608 10:06:26.192350 13368 consensus_queue.cc:237] T 39f1e90157214a34b7b1463878aefc8a P cbe651ca20124948a8e3183cf5285306 [LEADER]: Queue going to LEADER mode. State: All replicated index: 0, Majority replicated index: 0, Committed index: 0, Last appended: 0.0, Last appended by leader: 0, Current term: 1, Majority size: 2, State: 0, Mode: LEADER, active raft config: opid_index: -1 OBSOLETE_local: false peers { permanent_uuid: "ec350b47be9541228881c1f260b02991" member_type: VOTER last_known_addr { host: "127.12.42.193" port: 33413 } } peers { permanent_uuid: "8c364a2f49b048ce844178ccb06b8fb0" member_type: VOTER last_known_addr { host: "127.12.42.194" port: 43357 } } peers { permanent_uuid: "cbe651ca20124948a8e3183cf5285306" member_type: VOTER last_known_addr { host: "127.12.42.195" port: 32781 } }
I20260608 10:06:26.192564 13324 consensus_queue.cc:260] T 196a225f05c34992bea652c3c7b63f6f P 8c364a2f49b048ce844178ccb06b8fb0 [NON_LEADER]: Queue going to NON_LEADER mode. State: All replicated index: 0, Majority replicated index: 0, Committed index: 0, Last appended: 0.0, Last appended by leader: 0, Current term: 0, Majority size: -1, State: 0, Mode: NON_LEADER, active raft config: opid_index: -1 OBSOLETE_local: false peers { permanent_uuid: "ec350b47be9541228881c1f260b02991" member_type: VOTER last_known_addr { host: "127.12.42.193" port: 33413 } } peers { permanent_uuid: "8c364a2f49b048ce844178ccb06b8fb0" member_type: VOTER last_known_addr { host: "127.12.42.194" port: 43357 } } peers { permanent_uuid: "cbe651ca20124948a8e3183cf5285306" member_type: VOTER last_known_addr { host: "127.12.42.195" port: 32781 } }
I20260608 10:06:26.193451 13128 tablet_service.cc:1917] Received RequestConsensusVote() RPC: tablet_id: "196a225f05c34992bea652c3c7b63f6f" candidate_uuid: "cbe651ca20124948a8e3183cf5285306" candidate_term: 1 candidate_status { last_received { term: 0 index: 0 } } ignore_live_leader: false dest_uuid: "ec350b47be9541228881c1f260b02991"
I20260608 10:06:26.194078 13128 raft_consensus.cc:3060] T 196a225f05c34992bea652c3c7b63f6f P ec350b47be9541228881c1f260b02991 [term 0 FOLLOWER]: Advancing to term 1
I20260608 10:06:26.194904 13324 ts_tablet_manager.cc:1434] T 196a225f05c34992bea652c3c7b63f6f P 8c364a2f49b048ce844178ccb06b8fb0: Time spent starting tablet: real 0.049s	user 0.007s	sys 0.000s
I20260608 10:06:26.190512 13331 consensus_queue.cc:237] T 4ebb5064c49a41eb859e258325332ae5 P cbe651ca20124948a8e3183cf5285306 [LEADER]: Queue going to LEADER mode. State: All replicated index: 0, Majority replicated index: 0, Committed index: 0, Last appended: 0.0, Last appended by leader: 0, Current term: 1, Majority size: 2, State: 0, Mode: LEADER, active raft config: opid_index: -1 OBSOLETE_local: false peers { permanent_uuid: "ec350b47be9541228881c1f260b02991" member_type: VOTER last_known_addr { host: "127.12.42.193" port: 33413 } } peers { permanent_uuid: "8c364a2f49b048ce844178ccb06b8fb0" member_type: VOTER last_known_addr { host: "127.12.42.194" port: 43357 } } peers { permanent_uuid: "cbe651ca20124948a8e3183cf5285306" member_type: VOTER last_known_addr { host: "127.12.42.195" port: 32781 } }
I20260608 10:06:26.198681 13027 catalog_manager.cc:5696] T 32e417a2a52248969411c8ae5e0db33b P 8c364a2f49b048ce844178ccb06b8fb0 reported cstate change: term changed from 0 to 1, leader changed from <none> to 8c364a2f49b048ce844178ccb06b8fb0 (127.12.42.194). New cstate: current_term: 1 leader_uuid: "8c364a2f49b048ce844178ccb06b8fb0" committed_config { opid_index: -1 OBSOLETE_local: false peers { permanent_uuid: "ec350b47be9541228881c1f260b02991" member_type: VOTER last_known_addr { host: "127.12.42.193" port: 33413 } health_report { overall_health: UNKNOWN } } peers { permanent_uuid: "8c364a2f49b048ce844178ccb06b8fb0" member_type: VOTER last_known_addr { host: "127.12.42.194" port: 43357 } health_report { overall_health: HEALTHY } } peers { permanent_uuid: "cbe651ca20124948a8e3183cf5285306" member_type: VOTER last_known_addr { host: "127.12.42.195" port: 32781 } health_report { overall_health: UNKNOWN } } }
I20260608 10:06:26.199605 13203 tablet_service.cc:1917] Received RequestConsensusVote() RPC: tablet_id: "196a225f05c34992bea652c3c7b63f6f" candidate_uuid: "cbe651ca20124948a8e3183cf5285306" candidate_term: 1 candidate_status { last_received { term: 0 index: 0 } } ignore_live_leader: false dest_uuid: "8c364a2f49b048ce844178ccb06b8fb0"
I20260608 10:06:26.200357 13203 raft_consensus.cc:3060] T 196a225f05c34992bea652c3c7b63f6f P 8c364a2f49b048ce844178ccb06b8fb0 [term 0 FOLLOWER]: Advancing to term 1
I20260608 10:06:26.200785 13204 raft_consensus.cc:2468] T 4ebb5064c49a41eb859e258325332ae5 P 8c364a2f49b048ce844178ccb06b8fb0 [term 1 FOLLOWER]: Leader election vote request: Granting yes vote for candidate cbe651ca20124948a8e3183cf5285306 in term 1.
I20260608 10:06:26.201844 13369 leader_election.cc:290] T 196a225f05c34992bea652c3c7b63f6f P cbe651ca20124948a8e3183cf5285306 [CANDIDATE]: Term 1 election: Requested vote from peers ec350b47be9541228881c1f260b02991 (127.12.42.193:33413), 8c364a2f49b048ce844178ccb06b8fb0 (127.12.42.194:43357)
I20260608 10:06:26.207849 13203 raft_consensus.cc:2468] T 196a225f05c34992bea652c3c7b63f6f P 8c364a2f49b048ce844178ccb06b8fb0 [term 1 FOLLOWER]: Leader election vote request: Granting yes vote for candidate cbe651ca20124948a8e3183cf5285306 in term 1.
I20260608 10:06:26.208499 13128 raft_consensus.cc:2468] T 196a225f05c34992bea652c3c7b63f6f P ec350b47be9541228881c1f260b02991 [term 1 FOLLOWER]: Leader election vote request: Granting yes vote for candidate cbe651ca20124948a8e3183cf5285306 in term 1.
I20260608 10:06:26.209232 13241 leader_election.cc:304] T 196a225f05c34992bea652c3c7b63f6f P cbe651ca20124948a8e3183cf5285306 [CANDIDATE]: Term 1 election: Election decided. Result: candidate won. Election summary: received 2 responses out of 3 voters: 2 yes votes; 0 no votes. yes voters: 8c364a2f49b048ce844178ccb06b8fb0, cbe651ca20124948a8e3183cf5285306; no voters: 
I20260608 10:06:26.211655 13368 raft_consensus.cc:2804] T 196a225f05c34992bea652c3c7b63f6f P cbe651ca20124948a8e3183cf5285306 [term 1 FOLLOWER]: Leader election won for term 1
I20260608 10:06:26.210861 13025 catalog_manager.cc:5696] T 39f1e90157214a34b7b1463878aefc8a P cbe651ca20124948a8e3183cf5285306 reported cstate change: term changed from 0 to 1, leader changed from <none> to cbe651ca20124948a8e3183cf5285306 (127.12.42.195). New cstate: current_term: 1 leader_uuid: "cbe651ca20124948a8e3183cf5285306" committed_config { opid_index: -1 OBSOLETE_local: false peers { permanent_uuid: "ec350b47be9541228881c1f260b02991" member_type: VOTER last_known_addr { host: "127.12.42.193" port: 33413 } health_report { overall_health: UNKNOWN } } peers { permanent_uuid: "8c364a2f49b048ce844178ccb06b8fb0" member_type: VOTER last_known_addr { host: "127.12.42.194" port: 43357 } health_report { overall_health: UNKNOWN } } peers { permanent_uuid: "cbe651ca20124948a8e3183cf5285306" member_type: VOTER last_known_addr { host: "127.12.42.195" port: 32781 } health_report { overall_health: HEALTHY } } }
I20260608 10:06:26.212570 13368 raft_consensus.cc:697] T 196a225f05c34992bea652c3c7b63f6f P cbe651ca20124948a8e3183cf5285306 [term 1 LEADER]: Becoming Leader. State: Replica: cbe651ca20124948a8e3183cf5285306, State: Running, Role: LEADER
I20260608 10:06:26.213625 13368 consensus_queue.cc:237] T 196a225f05c34992bea652c3c7b63f6f P cbe651ca20124948a8e3183cf5285306 [LEADER]: Queue going to LEADER mode. State: All replicated index: 0, Majority replicated index: 0, Committed index: 0, Last appended: 0.0, Last appended by leader: 0, Current term: 1, Majority size: 2, State: 0, Mode: LEADER, active raft config: opid_index: -1 OBSOLETE_local: false peers { permanent_uuid: "ec350b47be9541228881c1f260b02991" member_type: VOTER last_known_addr { host: "127.12.42.193" port: 33413 } } peers { permanent_uuid: "8c364a2f49b048ce844178ccb06b8fb0" member_type: VOTER last_known_addr { host: "127.12.42.194" port: 43357 } } peers { permanent_uuid: "cbe651ca20124948a8e3183cf5285306" member_type: VOTER last_known_addr { host: "127.12.42.195" port: 32781 } }
I20260608 10:06:26.222443 13351 raft_consensus.cc:493] T 32e417a2a52248969411c8ae5e0db33b P ec350b47be9541228881c1f260b02991 [term 0 FOLLOWER]: Starting pre-election (no leader contacted us within the election timeout)
I20260608 10:06:26.223016 13351 raft_consensus.cc:515] T 32e417a2a52248969411c8ae5e0db33b P ec350b47be9541228881c1f260b02991 [term 0 FOLLOWER]: Starting pre-election with config: opid_index: -1 OBSOLETE_local: false peers { permanent_uuid: "ec350b47be9541228881c1f260b02991" member_type: VOTER last_known_addr { host: "127.12.42.193" port: 33413 } } peers { permanent_uuid: "8c364a2f49b048ce844178ccb06b8fb0" member_type: VOTER last_known_addr { host: "127.12.42.194" port: 43357 } } peers { permanent_uuid: "cbe651ca20124948a8e3183cf5285306" member_type: VOTER last_known_addr { host: "127.12.42.195" port: 32781 } }
I20260608 10:06:26.225291 13351 leader_election.cc:290] T 32e417a2a52248969411c8ae5e0db33b P ec350b47be9541228881c1f260b02991 [CANDIDATE]: Term 1 pre-election: Requested pre-vote from peers 8c364a2f49b048ce844178ccb06b8fb0 (127.12.42.194:43357), cbe651ca20124948a8e3183cf5285306 (127.12.42.195:32781)
I20260608 10:06:26.227465 13203 tablet_service.cc:1917] Received RequestConsensusVote() RPC: tablet_id: "32e417a2a52248969411c8ae5e0db33b" candidate_uuid: "ec350b47be9541228881c1f260b02991" candidate_term: 1 candidate_status { last_received { term: 0 index: 0 } } ignore_live_leader: false dest_uuid: "8c364a2f49b048ce844178ccb06b8fb0" is_pre_election: true
I20260608 10:06:26.230813 13276 tablet_service.cc:1917] Received RequestConsensusVote() RPC: tablet_id: "32e417a2a52248969411c8ae5e0db33b" candidate_uuid: "ec350b47be9541228881c1f260b02991" candidate_term: 1 candidate_status { last_received { term: 0 index: 0 } } ignore_live_leader: false dest_uuid: "cbe651ca20124948a8e3183cf5285306" is_pre_election: true
I20260608 10:06:26.231808 13276 raft_consensus.cc:2393] T 32e417a2a52248969411c8ae5e0db33b P cbe651ca20124948a8e3183cf5285306 [term 1 FOLLOWER]: Leader pre-election vote request: Denying vote to candidate ec350b47be9541228881c1f260b02991 in current term 1: Already voted for candidate 8c364a2f49b048ce844178ccb06b8fb0 in this term.
I20260608 10:06:26.233071 13095 leader_election.cc:304] T 32e417a2a52248969411c8ae5e0db33b P ec350b47be9541228881c1f260b02991 [CANDIDATE]: Term 1 pre-election: Election decided. Result: candidate lost. Election summary: received 3 responses out of 3 voters: 1 yes votes; 2 no votes. yes voters: ec350b47be9541228881c1f260b02991; no voters: 8c364a2f49b048ce844178ccb06b8fb0, cbe651ca20124948a8e3183cf5285306
I20260608 10:06:26.234054 13351 raft_consensus.cc:3060] T 32e417a2a52248969411c8ae5e0db33b P ec350b47be9541228881c1f260b02991 [term 0 FOLLOWER]: Advancing to term 1
I20260608 10:06:26.234030 13027 catalog_manager.cc:5696] T 4ebb5064c49a41eb859e258325332ae5 P cbe651ca20124948a8e3183cf5285306 reported cstate change: term changed from 0 to 1, leader changed from <none> to cbe651ca20124948a8e3183cf5285306 (127.12.42.195). New cstate: current_term: 1 leader_uuid: "cbe651ca20124948a8e3183cf5285306" committed_config { opid_index: -1 OBSOLETE_local: false peers { permanent_uuid: "ec350b47be9541228881c1f260b02991" member_type: VOTER last_known_addr { host: "127.12.42.193" port: 33413 } health_report { overall_health: UNKNOWN } } peers { permanent_uuid: "8c364a2f49b048ce844178ccb06b8fb0" member_type: VOTER last_known_addr { host: "127.12.42.194" port: 43357 } health_report { overall_health: UNKNOWN } } peers { permanent_uuid: "cbe651ca20124948a8e3183cf5285306" member_type: VOTER last_known_addr { host: "127.12.42.195" port: 32781 } health_report { overall_health: HEALTHY } } }
I20260608 10:06:26.235925 13027 catalog_manager.cc:5696] T 196a225f05c34992bea652c3c7b63f6f P cbe651ca20124948a8e3183cf5285306 reported cstate change: term changed from 0 to 1, leader changed from <none> to cbe651ca20124948a8e3183cf5285306 (127.12.42.195). New cstate: current_term: 1 leader_uuid: "cbe651ca20124948a8e3183cf5285306" committed_config { opid_index: -1 OBSOLETE_local: false peers { permanent_uuid: "ec350b47be9541228881c1f260b02991" member_type: VOTER last_known_addr { host: "127.12.42.193" port: 33413 } health_report { overall_health: UNKNOWN } } peers { permanent_uuid: "8c364a2f49b048ce844178ccb06b8fb0" member_type: VOTER last_known_addr { host: "127.12.42.194" port: 43357 } health_report { overall_health: UNKNOWN } } peers { permanent_uuid: "cbe651ca20124948a8e3183cf5285306" member_type: VOTER last_known_addr { host: "127.12.42.195" port: 32781 } health_report { overall_health: HEALTHY } } }
I20260608 10:06:26.241326 13351 raft_consensus.cc:2749] T 32e417a2a52248969411c8ae5e0db33b P ec350b47be9541228881c1f260b02991 [term 1 FOLLOWER]: Leader pre-election lost for term 1. Reason: could not achieve majority
I20260608 10:06:26.279042 13351 consensus_queue.cc:1048] T 05429222bde347629e7cec7748733e79 P ec350b47be9541228881c1f260b02991 [LEADER]: Connected to new peer: Peer: permanent_uuid: "cbe651ca20124948a8e3183cf5285306" member_type: VOTER last_known_addr { host: "127.12.42.195" port: 32781 }, Status: LMP_MISMATCH, Last received: 0.0, Next index: 1, Last known committed idx: 0, Time since last communication: 0.001s
I20260608 10:06:26.294226 13203 raft_consensus.cc:3060] T 05429222bde347629e7cec7748733e79 P 8c364a2f49b048ce844178ccb06b8fb0 [term 0 FOLLOWER]: Advancing to term 1
I20260608 10:06:26.302356 13346 consensus_queue.cc:1048] T 05429222bde347629e7cec7748733e79 P ec350b47be9541228881c1f260b02991 [LEADER]: Connected to new peer: Peer: permanent_uuid: "8c364a2f49b048ce844178ccb06b8fb0" member_type: VOTER last_known_addr { host: "127.12.42.194" port: 43357 }, Status: LMP_MISMATCH, Last received: 0.0, Next index: 1, Last known committed idx: 0, Time since last communication: 0.001s
I20260608 10:06:26.344347 12459 file_cache.cc:492] Constructed file cache file cache with capacity 419430
I20260608 10:06:26.346470 13368 raft_consensus.cc:493] T c1be6cfbaeba446983547bf28ad12e45 P cbe651ca20124948a8e3183cf5285306 [term 0 FOLLOWER]: Starting pre-election (no leader contacted us within the election timeout)
I20260608 10:06:26.347100 13368 raft_consensus.cc:515] T c1be6cfbaeba446983547bf28ad12e45 P cbe651ca20124948a8e3183cf5285306 [term 0 FOLLOWER]: Starting pre-election with config: opid_index: -1 OBSOLETE_local: false peers { permanent_uuid: "ec350b47be9541228881c1f260b02991" member_type: VOTER last_known_addr { host: "127.12.42.193" port: 33413 } } peers { permanent_uuid: "8c364a2f49b048ce844178ccb06b8fb0" member_type: VOTER last_known_addr { host: "127.12.42.194" port: 43357 } } peers { permanent_uuid: "cbe651ca20124948a8e3183cf5285306" member_type: VOTER last_known_addr { host: "127.12.42.195" port: 32781 } }
I20260608 10:06:26.349941 13368 leader_election.cc:290] T c1be6cfbaeba446983547bf28ad12e45 P cbe651ca20124948a8e3183cf5285306 [CANDIDATE]: Term 1 pre-election: Requested pre-vote from peers ec350b47be9541228881c1f260b02991 (127.12.42.193:33413), 8c364a2f49b048ce844178ccb06b8fb0 (127.12.42.194:43357)
I20260608 10:06:26.350630 13128 tablet_service.cc:1917] Received RequestConsensusVote() RPC: tablet_id: "c1be6cfbaeba446983547bf28ad12e45" candidate_uuid: "cbe651ca20124948a8e3183cf5285306" candidate_term: 1 candidate_status { last_received { term: 0 index: 0 } } ignore_live_leader: false dest_uuid: "ec350b47be9541228881c1f260b02991" is_pre_election: true
I20260608 10:06:26.351533 13128 raft_consensus.cc:2393] T c1be6cfbaeba446983547bf28ad12e45 P ec350b47be9541228881c1f260b02991 [term 1 FOLLOWER]: Leader pre-election vote request: Denying vote to candidate cbe651ca20124948a8e3183cf5285306 in current term 1: Already voted for candidate 8c364a2f49b048ce844178ccb06b8fb0 in this term.
I20260608 10:06:26.351603 13203 tablet_service.cc:1917] Received RequestConsensusVote() RPC: tablet_id: "c1be6cfbaeba446983547bf28ad12e45" candidate_uuid: "cbe651ca20124948a8e3183cf5285306" candidate_term: 1 candidate_status { last_received { term: 0 index: 0 } } ignore_live_leader: false dest_uuid: "8c364a2f49b048ce844178ccb06b8fb0" is_pre_election: true
I20260608 10:06:26.353992 13241 leader_election.cc:304] T c1be6cfbaeba446983547bf28ad12e45 P cbe651ca20124948a8e3183cf5285306 [CANDIDATE]: Term 1 pre-election: Election decided. Result: candidate lost. Election summary: received 3 responses out of 3 voters: 1 yes votes; 2 no votes. yes voters: cbe651ca20124948a8e3183cf5285306; no voters: 8c364a2f49b048ce844178ccb06b8fb0, ec350b47be9541228881c1f260b02991
I20260608 10:06:26.355661 13368 raft_consensus.cc:3060] T c1be6cfbaeba446983547bf28ad12e45 P cbe651ca20124948a8e3183cf5285306 [term 0 FOLLOWER]: Advancing to term 1
W20260608 10:06:26.356680 13384 instance_detector.cc:116] could not retrieve Azure instance metadata: Network error: curl error: HTTP response code said error: The requested URL returned error: 404
W20260608 10:06:26.357033 13383 instance_detector.cc:116] could not retrieve AWS instance metadata: Network error: curl error: HTTP response code said error: The requested URL returned error: 404
W20260608 10:06:26.358922 13386 instance_detector.cc:116] could not retrieve OpenStack instance metadata: Network error: curl error: HTTP response code said error: The requested URL returned error: 404
I20260608 10:06:26.360045 12459 server_base.cc:1061] running on GCE node
I20260608 10:06:26.361123 12459 hybrid_clock.cc:584] initializing the hybrid clock with 'system_unsync' time source
W20260608 10:06:26.361366 12459 system_unsync_time.cc:38] NTP support is disabled. Clock error bounds will not be accurate. This configuration is not suitable for distributed clusters.
I20260608 10:06:26.361559 12459 hybrid_clock.cc:648] HybridClock initialized: now 1780913186361533 us; error 0 us; skew 500 ppm
I20260608 10:06:26.362380 12459 server_base.cc:861] Flag tcmalloc_max_total_thread_cache_bytes is not working since tcmalloc is not enabled.
I20260608 10:06:26.362648 13368 raft_consensus.cc:2749] T c1be6cfbaeba446983547bf28ad12e45 P cbe651ca20124948a8e3183cf5285306 [term 1 FOLLOWER]: Leader pre-election lost for term 1. Reason: could not achieve majority
I20260608 10:06:26.365311 12459 webserver.cc:533] Webserver started at http://127.12.42.196:40269/ using document root <none> and password file <none>
I20260608 10:06:26.366014 12459 fs_manager.cc:362] Metadata directory not provided
I20260608 10:06:26.366295 12459 fs_manager.cc:368] Using write-ahead log directory (fs_wal_dir) as metadata directory
I20260608 10:06:26.366631 12459 server_base.cc:909] This appears to be a new deployment of Kudu; creating new FS layout
I20260608 10:06:26.368044 12459 fs_manager.cc:1068] Generated new instance metadata in path /tmp/dist-test-taskNN50Xq/test-tmp/auto_rebalancer-test.0.AutoRebalancerTest.AutoRebalancingTurnOffAndOn.1780913178158199-12459-0/minicluster-data/ts-3-root/instance:
uuid: "e1695aa569ef437086c5813fefb78976"
format_stamp: "Formatted at 2026-06-08 10:06:26 on dist-test-slave-6g7t"
I20260608 10:06:26.368614 13349 consensus_queue.cc:1048] T c1be6cfbaeba446983547bf28ad12e45 P 8c364a2f49b048ce844178ccb06b8fb0 [LEADER]: Connected to new peer: Peer: permanent_uuid: "cbe651ca20124948a8e3183cf5285306" member_type: VOTER last_known_addr { host: "127.12.42.195" port: 32781 }, Status: LMP_MISMATCH, Last received: 0.0, Next index: 1, Last known committed idx: 0, Time since last communication: 0.000s
I20260608 10:06:26.375259 12459 fs_manager.cc:696] Time spent creating directory manager: real 0.006s	user 0.007s	sys 0.002s
I20260608 10:06:26.390247 13349 consensus_queue.cc:1048] T c1be6cfbaeba446983547bf28ad12e45 P 8c364a2f49b048ce844178ccb06b8fb0 [LEADER]: Connected to new peer: Peer: permanent_uuid: "ec350b47be9541228881c1f260b02991" member_type: VOTER last_known_addr { host: "127.12.42.193" port: 33413 }, Status: LMP_MISMATCH, Last received: 0.0, Next index: 1, Last known committed idx: 0, Time since last communication: 0.001s
I20260608 10:06:26.390802 13355 consensus_queue.cc:1048] T 1c6549892c304ed1a4733b614249378c P 8c364a2f49b048ce844178ccb06b8fb0 [LEADER]: Connected to new peer: Peer: permanent_uuid: "ec350b47be9541228881c1f260b02991" member_type: VOTER last_known_addr { host: "127.12.42.193" port: 33413 }, Status: LMP_MISMATCH, Last received: 0.0, Next index: 1, Last known committed idx: 0, Time since last communication: 0.000s
I20260608 10:06:26.398702 13393 log_block_manager.cc:4031] Time spent loading block containers with low live blocks: real 0.000s	user 0.000s	sys 0.000s
I20260608 10:06:26.399830 12459 fs_manager.cc:730] Time spent opening block manager: real 0.021s	user 0.011s	sys 0.009s
I20260608 10:06:26.400233 12459 fs_manager.cc:647] Opened local filesystem: /tmp/dist-test-taskNN50Xq/test-tmp/auto_rebalancer-test.0.AutoRebalancerTest.AutoRebalancingTurnOffAndOn.1780913178158199-12459-0/minicluster-data/ts-3-root
uuid: "e1695aa569ef437086c5813fefb78976"
format_stamp: "Formatted at 2026-06-08 10:06:26 on dist-test-slave-6g7t"
I20260608 10:06:26.400600 12459 fs_report.cc:389] FS layout report
--------------------
wal directory: /tmp/dist-test-taskNN50Xq/test-tmp/auto_rebalancer-test.0.AutoRebalancerTest.AutoRebalancingTurnOffAndOn.1780913178158199-12459-0/minicluster-data/ts-3-root
metadata directory: /tmp/dist-test-taskNN50Xq/test-tmp/auto_rebalancer-test.0.AutoRebalancerTest.AutoRebalancingTurnOffAndOn.1780913178158199-12459-0/minicluster-data/ts-3-root
1 data directories: /tmp/dist-test-taskNN50Xq/test-tmp/auto_rebalancer-test.0.AutoRebalancerTest.AutoRebalancingTurnOffAndOn.1780913178158199-12459-0/minicluster-data/ts-3-root/data
Total live blocks: 0
Total live bytes: 0
Total live bytes (after alignment): 0
Total number of LBM containers: 0 (0 full)
Did not check for missing blocks
Did not check for orphaned blocks
Total full LBM containers with extra space: 0 (0 repaired)
Total full LBM container extra space in bytes: 0 (0 repaired)
Total incomplete LBM containers: 0 (0 repaired)
Total LBM partial records: 0 (0 repaired)
Total corrupted LBM metadata records in RocksDB: 0 (0 repaired)
I20260608 10:06:26.426929 13392 consensus_queue.cc:1048] T 1c6549892c304ed1a4733b614249378c P 8c364a2f49b048ce844178ccb06b8fb0 [LEADER]: Connected to new peer: Peer: permanent_uuid: "cbe651ca20124948a8e3183cf5285306" member_type: VOTER last_known_addr { host: "127.12.42.195" port: 32781 }, Status: LMP_MISMATCH, Last received: 0.0, Next index: 1, Last known committed idx: 0, Time since last communication: 0.000s
I20260608 10:06:26.430222 13368 raft_consensus.cc:493] T 1249a6550dcc4bb3a04a6f5538219470 P cbe651ca20124948a8e3183cf5285306 [term 0 FOLLOWER]: Starting pre-election (no leader contacted us within the election timeout)
I20260608 10:06:26.430795 13368 raft_consensus.cc:515] T 1249a6550dcc4bb3a04a6f5538219470 P cbe651ca20124948a8e3183cf5285306 [term 0 FOLLOWER]: Starting pre-election with config: opid_index: -1 OBSOLETE_local: false peers { permanent_uuid: "8c364a2f49b048ce844178ccb06b8fb0" member_type: VOTER last_known_addr { host: "127.12.42.194" port: 43357 } } peers { permanent_uuid: "ec350b47be9541228881c1f260b02991" member_type: VOTER last_known_addr { host: "127.12.42.193" port: 33413 } } peers { permanent_uuid: "cbe651ca20124948a8e3183cf5285306" member_type: VOTER last_known_addr { host: "127.12.42.195" port: 32781 } }
I20260608 10:06:26.433044 13368 leader_election.cc:290] T 1249a6550dcc4bb3a04a6f5538219470 P cbe651ca20124948a8e3183cf5285306 [CANDIDATE]: Term 1 pre-election: Requested pre-vote from peers 8c364a2f49b048ce844178ccb06b8fb0 (127.12.42.194:43357), ec350b47be9541228881c1f260b02991 (127.12.42.193:33413)
I20260608 10:06:26.435386 13128 tablet_service.cc:1917] Received RequestConsensusVote() RPC: tablet_id: "1249a6550dcc4bb3a04a6f5538219470" candidate_uuid: "cbe651ca20124948a8e3183cf5285306" candidate_term: 1 candidate_status { last_received { term: 0 index: 0 } } ignore_live_leader: false dest_uuid: "ec350b47be9541228881c1f260b02991" is_pre_election: true
I20260608 10:06:26.436345 13128 raft_consensus.cc:2393] T 1249a6550dcc4bb3a04a6f5538219470 P ec350b47be9541228881c1f260b02991 [term 1 FOLLOWER]: Leader pre-election vote request: Denying vote to candidate cbe651ca20124948a8e3183cf5285306 in current term 1: Already voted for candidate 8c364a2f49b048ce844178ccb06b8fb0 in this term.
I20260608 10:06:26.437036 12459 rpc_server.cc:225] running with OpenSSL 1.1.1  11 Sep 2018
I20260608 10:06:26.437445 13203 tablet_service.cc:1917] Received RequestConsensusVote() RPC: tablet_id: "1249a6550dcc4bb3a04a6f5538219470" candidate_uuid: "cbe651ca20124948a8e3183cf5285306" candidate_term: 1 candidate_status { last_received { term: 0 index: 0 } } ignore_live_leader: false dest_uuid: "8c364a2f49b048ce844178ccb06b8fb0" is_pre_election: true
I20260608 10:06:26.438578 12459 kserver.cc:163] Server-wide thread pool size limit: 3276
I20260608 10:06:26.441921 13244 leader_election.cc:304] T 1249a6550dcc4bb3a04a6f5538219470 P cbe651ca20124948a8e3183cf5285306 [CANDIDATE]: Term 1 pre-election: Election decided. Result: candidate lost. Election summary: received 3 responses out of 3 voters: 1 yes votes; 2 no votes. yes voters: cbe651ca20124948a8e3183cf5285306; no voters: 8c364a2f49b048ce844178ccb06b8fb0, ec350b47be9541228881c1f260b02991
I20260608 10:06:26.442878 13368 raft_consensus.cc:3060] T 1249a6550dcc4bb3a04a6f5538219470 P cbe651ca20124948a8e3183cf5285306 [term 0 FOLLOWER]: Advancing to term 1
I20260608 10:06:26.445134 13392 consensus_queue.cc:1048] T 1249a6550dcc4bb3a04a6f5538219470 P 8c364a2f49b048ce844178ccb06b8fb0 [LEADER]: Connected to new peer: Peer: permanent_uuid: "ec350b47be9541228881c1f260b02991" member_type: VOTER last_known_addr { host: "127.12.42.193" port: 33413 }, Status: LMP_MISMATCH, Last received: 0.0, Next index: 1, Last known committed idx: 0, Time since last communication: 0.000s
I20260608 10:06:26.451252 12459 txn_system_client.cc:432] TxnSystemClient initialization is disabled...
I20260608 10:06:26.456696 13368 raft_consensus.cc:2749] T 1249a6550dcc4bb3a04a6f5538219470 P cbe651ca20124948a8e3183cf5285306 [term 1 FOLLOWER]: Leader pre-election lost for term 1. Reason: could not achieve majority
I20260608 10:06:26.459067 12459 ts_tablet_manager.cc:585] Loaded tablet metadata (0 total tablets, 0 live tablets)
I20260608 10:06:26.459461 12459 ts_tablet_manager.cc:531] Time spent load tablet metadata: real 0.000s	user 0.000s	sys 0.000s
I20260608 10:06:26.459821 12459 ts_tablet_manager.cc:616] Registered 0 tablets
I20260608 10:06:26.460060 12459 ts_tablet_manager.cc:595] Time spent register tablets: real 0.000s	user 0.000s	sys 0.000s
I20260608 10:06:26.473430 13392 consensus_queue.cc:1048] T 1249a6550dcc4bb3a04a6f5538219470 P 8c364a2f49b048ce844178ccb06b8fb0 [LEADER]: Connected to new peer: Peer: permanent_uuid: "cbe651ca20124948a8e3183cf5285306" member_type: VOTER last_known_addr { host: "127.12.42.195" port: 32781 }, Status: LMP_MISMATCH, Last received: 0.0, Next index: 1, Last known committed idx: 0, Time since last communication: 0.001s
I20260608 10:06:26.535250 12459 rpc_server.cc:307] RPC server started. Bound to: 127.12.42.196:45445
I20260608 10:06:26.535353 13460 acceptor_pool.cc:272] collecting diagnostics on the listening RPC socket 127.12.42.196:45445 every 8 connection(s)
I20260608 10:06:26.555521 13461 heartbeater.cc:344] Connected to a master server at 127.12.42.254:34925
I20260608 10:06:26.555965 13461 heartbeater.cc:461] Registering TS with master...
I20260608 10:06:26.556779 13461 heartbeater.cc:507] Master 127.12.42.254:34925 requested a full tablet report, sending...
