I20260608 10:07:39.260550 15655 raft_consensus.cc:385] T 2ed142a12c7f45e3bcd221a018ac4262 P 97257418e9124df8b3075f1a8ce7c4c5 [term 0 FOLLOWER]: Consensus starting up: Expiring failure detector timer to make a prompt election more likely
I20260608 10:07:39.260825 15655 raft_consensus.cc:740] T 2ed142a12c7f45e3bcd221a018ac4262 P 97257418e9124df8b3075f1a8ce7c4c5 [term 0 FOLLOWER]: Becoming Follower/Learner. State: Replica: 97257418e9124df8b3075f1a8ce7c4c5, State: Initialized, Role: FOLLOWER
I20260608 10:07:39.261531 15657 tablet_bootstrap.cc:492] T 66dcd4f04412413a8c9f3ea819e5e48f P 004441c7b469445ba2f33e51d3ace48a: No bootstrap required, opened a new log
I20260608 10:07:39.261430 15658 raft_consensus.cc:359] T bea295abf3b7432d879cd9bf3e30d1da P fbfa828a44154f7ab0127b0610022c6e [term 0 FOLLOWER]: Replica starting. Triggering 0 pending ops. Active config: opid_index: -1 OBSOLETE_local: false peers { permanent_uuid: "004441c7b469445ba2f33e51d3ace48a" member_type: VOTER last_known_addr { host: "127.12.42.194" port: 38619 } } peers { permanent_uuid: "fbfa828a44154f7ab0127b0610022c6e" member_type: VOTER last_known_addr { host: "127.12.42.193" port: 34379 } } peers { permanent_uuid: "97257418e9124df8b3075f1a8ce7c4c5" member_type: VOTER last_known_addr { host: "127.12.42.195" port: 40465 } }
I20260608 10:07:39.261662 15655 consensus_queue.cc:260] T 2ed142a12c7f45e3bcd221a018ac4262 P 97257418e9124df8b3075f1a8ce7c4c5 [NON_LEADER]: Queue going to NON_LEADER mode. State: All replicated index: 0, Majority replicated index: 0, Committed index: 0, Last appended: 0.0, Last appended by leader: 0, Current term: 0, Majority size: -1, State: 0, Mode: NON_LEADER, active raft config: opid_index: -1 OBSOLETE_local: false peers { permanent_uuid: "004441c7b469445ba2f33e51d3ace48a" member_type: VOTER last_known_addr { host: "127.12.42.194" port: 38619 } } peers { permanent_uuid: "fbfa828a44154f7ab0127b0610022c6e" member_type: VOTER last_known_addr { host: "127.12.42.193" port: 34379 } } peers { permanent_uuid: "97257418e9124df8b3075f1a8ce7c4c5" member_type: VOTER last_known_addr { host: "127.12.42.195" port: 40465 } }
I20260608 10:07:39.262286 15657 ts_tablet_manager.cc:1403] T 66dcd4f04412413a8c9f3ea819e5e48f P 004441c7b469445ba2f33e51d3ace48a: Time spent bootstrapping tablet: real 0.027s	user 0.010s	sys 0.004s
I20260608 10:07:39.262383 15658 raft_consensus.cc:385] T bea295abf3b7432d879cd9bf3e30d1da P fbfa828a44154f7ab0127b0610022c6e [term 0 FOLLOWER]: Consensus starting up: Expiring failure detector timer to make a prompt election more likely
I20260608 10:07:39.262833 15658 raft_consensus.cc:740] T bea295abf3b7432d879cd9bf3e30d1da P fbfa828a44154f7ab0127b0610022c6e [term 0 FOLLOWER]: Becoming Follower/Learner. State: Replica: fbfa828a44154f7ab0127b0610022c6e, State: Initialized, Role: FOLLOWER
I20260608 10:07:39.264261 15655 ts_tablet_manager.cc:1434] T 2ed142a12c7f45e3bcd221a018ac4262 P 97257418e9124df8b3075f1a8ce7c4c5: Time spent starting tablet: real 0.007s	user 0.006s	sys 0.000s
I20260608 10:07:39.263969 15658 consensus_queue.cc:260] T bea295abf3b7432d879cd9bf3e30d1da P fbfa828a44154f7ab0127b0610022c6e [NON_LEADER]: Queue going to NON_LEADER mode. State: All replicated index: 0, Majority replicated index: 0, Committed index: 0, Last appended: 0.0, Last appended by leader: 0, Current term: 0, Majority size: -1, State: 0, Mode: NON_LEADER, active raft config: opid_index: -1 OBSOLETE_local: false peers { permanent_uuid: "004441c7b469445ba2f33e51d3ace48a" member_type: VOTER last_known_addr { host: "127.12.42.194" port: 38619 } } peers { permanent_uuid: "fbfa828a44154f7ab0127b0610022c6e" member_type: VOTER last_known_addr { host: "127.12.42.193" port: 34379 } } peers { permanent_uuid: "97257418e9124df8b3075f1a8ce7c4c5" member_type: VOTER last_known_addr { host: "127.12.42.195" port: 40465 } }
I20260608 10:07:39.265386 15655 tablet_bootstrap.cc:492] T 66dcd4f04412413a8c9f3ea819e5e48f P 97257418e9124df8b3075f1a8ce7c4c5: Bootstrap starting.
I20260608 10:07:39.266340 15657 raft_consensus.cc:359] T 66dcd4f04412413a8c9f3ea819e5e48f P 004441c7b469445ba2f33e51d3ace48a [term 0 FOLLOWER]: Replica starting. Triggering 0 pending ops. Active config: opid_index: -1 OBSOLETE_local: false peers { permanent_uuid: "004441c7b469445ba2f33e51d3ace48a" member_type: VOTER last_known_addr { host: "127.12.42.194" port: 38619 } } peers { permanent_uuid: "fbfa828a44154f7ab0127b0610022c6e" member_type: VOTER last_known_addr { host: "127.12.42.193" port: 34379 } } peers { permanent_uuid: "97257418e9124df8b3075f1a8ce7c4c5" member_type: VOTER last_known_addr { host: "127.12.42.195" port: 40465 } }
I20260608 10:07:39.268869 15658 ts_tablet_manager.cc:1434] T bea295abf3b7432d879cd9bf3e30d1da P fbfa828a44154f7ab0127b0610022c6e: Time spent starting tablet: real 0.011s	user 0.008s	sys 0.000s
I20260608 10:07:39.270262 15658 tablet_bootstrap.cc:492] T 54573d6aa2354ac69bf50e0671edf2e0 P fbfa828a44154f7ab0127b0610022c6e: Bootstrap starting.
I20260608 10:07:39.274192 15655 tablet_bootstrap.cc:654] T 66dcd4f04412413a8c9f3ea819e5e48f P 97257418e9124df8b3075f1a8ce7c4c5: Neither blocks nor log segments found. Creating new log.
I20260608 10:07:39.276191 15662 raft_consensus.cc:493] T 66dcd4f04412413a8c9f3ea819e5e48f P fbfa828a44154f7ab0127b0610022c6e [term 0 FOLLOWER]: Starting pre-election (no leader contacted us within the election timeout)
I20260608 10:07:39.276933 15662 raft_consensus.cc:515] T 66dcd4f04412413a8c9f3ea819e5e48f P fbfa828a44154f7ab0127b0610022c6e [term 0 FOLLOWER]: Starting pre-election with config: opid_index: -1 OBSOLETE_local: false peers { permanent_uuid: "004441c7b469445ba2f33e51d3ace48a" member_type: VOTER last_known_addr { host: "127.12.42.194" port: 38619 } } peers { permanent_uuid: "fbfa828a44154f7ab0127b0610022c6e" member_type: VOTER last_known_addr { host: "127.12.42.193" port: 34379 } } peers { permanent_uuid: "97257418e9124df8b3075f1a8ce7c4c5" member_type: VOTER last_known_addr { host: "127.12.42.195" port: 40465 } }
I20260608 10:07:39.278000 15658 tablet_bootstrap.cc:654] T 54573d6aa2354ac69bf50e0671edf2e0 P fbfa828a44154f7ab0127b0610022c6e: Neither blocks nor log segments found. Creating new log.
I20260608 10:07:39.283139 15674 raft_consensus.cc:493] T f6268e576eb2461fa0965a3cee6d9c0a P fbfa828a44154f7ab0127b0610022c6e [term 0 FOLLOWER]: Starting pre-election (no leader contacted us within the election timeout)
I20260608 10:07:39.283988 15674 raft_consensus.cc:515] T f6268e576eb2461fa0965a3cee6d9c0a P fbfa828a44154f7ab0127b0610022c6e [term 0 FOLLOWER]: Starting pre-election with config: opid_index: -1 OBSOLETE_local: false peers { permanent_uuid: "fbfa828a44154f7ab0127b0610022c6e" member_type: VOTER last_known_addr { host: "127.12.42.193" port: 34379 } } peers { permanent_uuid: "004441c7b469445ba2f33e51d3ace48a" member_type: VOTER last_known_addr { host: "127.12.42.194" port: 38619 } } peers { permanent_uuid: "97257418e9124df8b3075f1a8ce7c4c5" member_type: VOTER last_known_addr { host: "127.12.42.195" port: 40465 } }
I20260608 10:07:39.286079 15655 tablet_bootstrap.cc:492] T 66dcd4f04412413a8c9f3ea819e5e48f P 97257418e9124df8b3075f1a8ce7c4c5: No bootstrap required, opened a new log
I20260608 10:07:39.286794 15655 ts_tablet_manager.cc:1403] T 66dcd4f04412413a8c9f3ea819e5e48f P 97257418e9124df8b3075f1a8ce7c4c5: Time spent bootstrapping tablet: real 0.022s	user 0.011s	sys 0.005s
I20260608 10:07:39.287235 15662 leader_election.cc:290] T 66dcd4f04412413a8c9f3ea819e5e48f P fbfa828a44154f7ab0127b0610022c6e [CANDIDATE]: Term 1 pre-election: Requested pre-vote from peers 004441c7b469445ba2f33e51d3ace48a (127.12.42.194:38619), 97257418e9124df8b3075f1a8ce7c4c5 (127.12.42.195:40465)
I20260608 10:07:39.287740 15674 leader_election.cc:290] T f6268e576eb2461fa0965a3cee6d9c0a P fbfa828a44154f7ab0127b0610022c6e [CANDIDATE]: Term 1 pre-election: Requested pre-vote from peers 004441c7b469445ba2f33e51d3ace48a (127.12.42.194:38619), 97257418e9124df8b3075f1a8ce7c4c5 (127.12.42.195:40465)
I20260608 10:07:39.290990 15655 raft_consensus.cc:359] T 66dcd4f04412413a8c9f3ea819e5e48f P 97257418e9124df8b3075f1a8ce7c4c5 [term 0 FOLLOWER]: Replica starting. Triggering 0 pending ops. Active config: opid_index: -1 OBSOLETE_local: false peers { permanent_uuid: "004441c7b469445ba2f33e51d3ace48a" member_type: VOTER last_known_addr { host: "127.12.42.194" port: 38619 } } peers { permanent_uuid: "fbfa828a44154f7ab0127b0610022c6e" member_type: VOTER last_known_addr { host: "127.12.42.193" port: 34379 } } peers { permanent_uuid: "97257418e9124df8b3075f1a8ce7c4c5" member_type: VOTER last_known_addr { host: "127.12.42.195" port: 40465 } }
I20260608 10:07:39.292155 15655 raft_consensus.cc:385] T 66dcd4f04412413a8c9f3ea819e5e48f P 97257418e9124df8b3075f1a8ce7c4c5 [term 0 FOLLOWER]: Consensus starting up: Expiring failure detector timer to make a prompt election more likely
I20260608 10:07:39.267179 15657 raft_consensus.cc:385] T 66dcd4f04412413a8c9f3ea819e5e48f P 004441c7b469445ba2f33e51d3ace48a [term 0 FOLLOWER]: Consensus starting up: Expiring failure detector timer to make a prompt election more likely
I20260608 10:07:39.292599 15655 raft_consensus.cc:740] T 66dcd4f04412413a8c9f3ea819e5e48f P 97257418e9124df8b3075f1a8ce7c4c5 [term 0 FOLLOWER]: Becoming Follower/Learner. State: Replica: 97257418e9124df8b3075f1a8ce7c4c5, State: Initialized, Role: FOLLOWER
I20260608 10:07:39.293116 15657 raft_consensus.cc:740] T 66dcd4f04412413a8c9f3ea819e5e48f P 004441c7b469445ba2f33e51d3ace48a [term 0 FOLLOWER]: Becoming Follower/Learner. State: Replica: 004441c7b469445ba2f33e51d3ace48a, State: Initialized, Role: FOLLOWER
I20260608 10:07:39.294013 15655 consensus_queue.cc:260] T 66dcd4f04412413a8c9f3ea819e5e48f P 97257418e9124df8b3075f1a8ce7c4c5 [NON_LEADER]: Queue going to NON_LEADER mode. State: All replicated index: 0, Majority replicated index: 0, Committed index: 0, Last appended: 0.0, Last appended by leader: 0, Current term: 0, Majority size: -1, State: 0, Mode: NON_LEADER, active raft config: opid_index: -1 OBSOLETE_local: false peers { permanent_uuid: "004441c7b469445ba2f33e51d3ace48a" member_type: VOTER last_known_addr { host: "127.12.42.194" port: 38619 } } peers { permanent_uuid: "fbfa828a44154f7ab0127b0610022c6e" member_type: VOTER last_known_addr { host: "127.12.42.193" port: 34379 } } peers { permanent_uuid: "97257418e9124df8b3075f1a8ce7c4c5" member_type: VOTER last_known_addr { host: "127.12.42.195" port: 40465 } }
I20260608 10:07:39.295994 15657 consensus_queue.cc:260] T 66dcd4f04412413a8c9f3ea819e5e48f P 004441c7b469445ba2f33e51d3ace48a [NON_LEADER]: Queue going to NON_LEADER mode. State: All replicated index: 0, Majority replicated index: 0, Committed index: 0, Last appended: 0.0, Last appended by leader: 0, Current term: 0, Majority size: -1, State: 0, Mode: NON_LEADER, active raft config: opid_index: -1 OBSOLETE_local: false peers { permanent_uuid: "004441c7b469445ba2f33e51d3ace48a" member_type: VOTER last_known_addr { host: "127.12.42.194" port: 38619 } } peers { permanent_uuid: "fbfa828a44154f7ab0127b0610022c6e" member_type: VOTER last_known_addr { host: "127.12.42.193" port: 34379 } } peers { permanent_uuid: "97257418e9124df8b3075f1a8ce7c4c5" member_type: VOTER last_known_addr { host: "127.12.42.195" port: 40465 } }
I20260608 10:07:39.298655 15658 tablet_bootstrap.cc:492] T 54573d6aa2354ac69bf50e0671edf2e0 P fbfa828a44154f7ab0127b0610022c6e: No bootstrap required, opened a new log
I20260608 10:07:39.299351 15658 ts_tablet_manager.cc:1403] T 54573d6aa2354ac69bf50e0671edf2e0 P fbfa828a44154f7ab0127b0610022c6e: Time spent bootstrapping tablet: real 0.029s	user 0.009s	sys 0.016s
I20260608 10:07:39.300251 15655 ts_tablet_manager.cc:1434] T 66dcd4f04412413a8c9f3ea819e5e48f P 97257418e9124df8b3075f1a8ce7c4c5: Time spent starting tablet: real 0.013s	user 0.008s	sys 0.000s
I20260608 10:07:39.301548 15655 tablet_bootstrap.cc:492] T 54573d6aa2354ac69bf50e0671edf2e0 P 97257418e9124df8b3075f1a8ce7c4c5: Bootstrap starting.
I20260608 10:07:39.303292 15658 raft_consensus.cc:359] T 54573d6aa2354ac69bf50e0671edf2e0 P fbfa828a44154f7ab0127b0610022c6e [term 0 FOLLOWER]: Replica starting. Triggering 0 pending ops. Active config: opid_index: -1 OBSOLETE_local: false peers { permanent_uuid: "004441c7b469445ba2f33e51d3ace48a" member_type: VOTER last_known_addr { host: "127.12.42.194" port: 38619 } } peers { permanent_uuid: "fbfa828a44154f7ab0127b0610022c6e" member_type: VOTER last_known_addr { host: "127.12.42.193" port: 34379 } } peers { permanent_uuid: "97257418e9124df8b3075f1a8ce7c4c5" member_type: VOTER last_known_addr { host: "127.12.42.195" port: 40465 } }
I20260608 10:07:39.304220 15658 raft_consensus.cc:385] T 54573d6aa2354ac69bf50e0671edf2e0 P fbfa828a44154f7ab0127b0610022c6e [term 0 FOLLOWER]: Consensus starting up: Expiring failure detector timer to make a prompt election more likely
I20260608 10:07:39.304610 15658 raft_consensus.cc:740] T 54573d6aa2354ac69bf50e0671edf2e0 P fbfa828a44154f7ab0127b0610022c6e [term 0 FOLLOWER]: Becoming Follower/Learner. State: Replica: fbfa828a44154f7ab0127b0610022c6e, State: Initialized, Role: FOLLOWER
I20260608 10:07:39.305753 15658 consensus_queue.cc:260] T 54573d6aa2354ac69bf50e0671edf2e0 P fbfa828a44154f7ab0127b0610022c6e [NON_LEADER]: Queue going to NON_LEADER mode. State: All replicated index: 0, Majority replicated index: 0, Committed index: 0, Last appended: 0.0, Last appended by leader: 0, Current term: 0, Majority size: -1, State: 0, Mode: NON_LEADER, active raft config: opid_index: -1 OBSOLETE_local: false peers { permanent_uuid: "004441c7b469445ba2f33e51d3ace48a" member_type: VOTER last_known_addr { host: "127.12.42.194" port: 38619 } } peers { permanent_uuid: "fbfa828a44154f7ab0127b0610022c6e" member_type: VOTER last_known_addr { host: "127.12.42.193" port: 34379 } } peers { permanent_uuid: "97257418e9124df8b3075f1a8ce7c4c5" member_type: VOTER last_known_addr { host: "127.12.42.195" port: 40465 } }
I20260608 10:07:39.308185 15657 ts_tablet_manager.cc:1434] T 66dcd4f04412413a8c9f3ea819e5e48f P 004441c7b469445ba2f33e51d3ace48a: Time spent starting tablet: real 0.045s	user 0.008s	sys 0.000s
I20260608 10:07:39.310590 15655 tablet_bootstrap.cc:654] T 54573d6aa2354ac69bf50e0671edf2e0 P 97257418e9124df8b3075f1a8ce7c4c5: Neither blocks nor log segments found. Creating new log.
I20260608 10:07:39.311455 15658 ts_tablet_manager.cc:1434] T 54573d6aa2354ac69bf50e0671edf2e0 P fbfa828a44154f7ab0127b0610022c6e: Time spent starting tablet: real 0.012s	user 0.005s	sys 0.002s
I20260608 10:07:39.312841 15658 tablet_bootstrap.cc:492] T 2ed142a12c7f45e3bcd221a018ac4262 P fbfa828a44154f7ab0127b0610022c6e: Bootstrap starting.
I20260608 10:07:39.317039 15659 raft_consensus.cc:493] T bea295abf3b7432d879cd9bf3e30d1da P 97257418e9124df8b3075f1a8ce7c4c5 [term 0 FOLLOWER]: Starting pre-election (no leader contacted us within the election timeout)
I20260608 10:07:39.317628 15659 raft_consensus.cc:515] T bea295abf3b7432d879cd9bf3e30d1da P 97257418e9124df8b3075f1a8ce7c4c5 [term 0 FOLLOWER]: Starting pre-election with config: opid_index: -1 OBSOLETE_local: false peers { permanent_uuid: "004441c7b469445ba2f33e51d3ace48a" member_type: VOTER last_known_addr { host: "127.12.42.194" port: 38619 } } peers { permanent_uuid: "fbfa828a44154f7ab0127b0610022c6e" member_type: VOTER last_known_addr { host: "127.12.42.193" port: 34379 } } peers { permanent_uuid: "97257418e9124df8b3075f1a8ce7c4c5" member_type: VOTER last_known_addr { host: "127.12.42.195" port: 40465 } }
I20260608 10:07:39.318907 15657 tablet_bootstrap.cc:492] T 56657b59f6a947938866b42590b821d8 P 004441c7b469445ba2f33e51d3ace48a: Bootstrap starting.
I20260608 10:07:39.321481 15658 tablet_bootstrap.cc:654] T 2ed142a12c7f45e3bcd221a018ac4262 P fbfa828a44154f7ab0127b0610022c6e: Neither blocks nor log segments found. Creating new log.
I20260608 10:07:39.329977 15657 tablet_bootstrap.cc:654] T 56657b59f6a947938866b42590b821d8 P 004441c7b469445ba2f33e51d3ace48a: Neither blocks nor log segments found. Creating new log.
I20260608 10:07:39.332296 15659 leader_election.cc:290] T bea295abf3b7432d879cd9bf3e30d1da P 97257418e9124df8b3075f1a8ce7c4c5 [CANDIDATE]: Term 1 pre-election: Requested pre-vote from peers 004441c7b469445ba2f33e51d3ace48a (127.12.42.194:38619), fbfa828a44154f7ab0127b0610022c6e (127.12.42.193:34379)
I20260608 10:07:39.335791 15535 tablet_service.cc:1917] Received RequestConsensusVote() RPC: tablet_id: "66dcd4f04412413a8c9f3ea819e5e48f" candidate_uuid: "fbfa828a44154f7ab0127b0610022c6e" candidate_term: 1 candidate_status { last_received { term: 0 index: 0 } } ignore_live_leader: false dest_uuid: "004441c7b469445ba2f33e51d3ace48a" is_pre_election: true
I20260608 10:07:39.336916 15535 raft_consensus.cc:2468] T 66dcd4f04412413a8c9f3ea819e5e48f P 004441c7b469445ba2f33e51d3ace48a [term 0 FOLLOWER]: Leader pre-election vote request: Granting yes vote for candidate fbfa828a44154f7ab0127b0610022c6e in term 0.
I20260608 10:07:39.338914 15534 tablet_service.cc:1917] Received RequestConsensusVote() RPC: tablet_id: "f6268e576eb2461fa0965a3cee6d9c0a" candidate_uuid: "fbfa828a44154f7ab0127b0610022c6e" candidate_term: 1 candidate_status { last_received { term: 0 index: 0 } } ignore_live_leader: false dest_uuid: "004441c7b469445ba2f33e51d3ace48a" is_pre_election: true
I20260608 10:07:39.348517 15424 leader_election.cc:304] T 66dcd4f04412413a8c9f3ea819e5e48f P fbfa828a44154f7ab0127b0610022c6e [CANDIDATE]: Term 1 pre-election: Election decided. Result: candidate won. Election summary: received 2 responses out of 3 voters: 2 yes votes; 0 no votes. yes voters: 004441c7b469445ba2f33e51d3ace48a, fbfa828a44154f7ab0127b0610022c6e; no voters: 
W20260608 10:07:39.349982 15424 leader_election.cc:343] T f6268e576eb2461fa0965a3cee6d9c0a P fbfa828a44154f7ab0127b0610022c6e [CANDIDATE]: Term 1 pre-election: Tablet error from VoteRequest() call to peer 004441c7b469445ba2f33e51d3ace48a (127.12.42.194:38619): Illegal state: must be running to vote when last-logged opid is not known
I20260608 10:07:39.350967 15674 raft_consensus.cc:2804] T 66dcd4f04412413a8c9f3ea819e5e48f P fbfa828a44154f7ab0127b0610022c6e [term 0 FOLLOWER]: Leader pre-election won for term 1
I20260608 10:07:39.351501 15674 raft_consensus.cc:493] T 66dcd4f04412413a8c9f3ea819e5e48f P fbfa828a44154f7ab0127b0610022c6e [term 0 FOLLOWER]: Starting leader election (no leader contacted us within the election timeout)
I20260608 10:07:39.351961 15674 raft_consensus.cc:3060] T 66dcd4f04412413a8c9f3ea819e5e48f P fbfa828a44154f7ab0127b0610022c6e [term 0 FOLLOWER]: Advancing to term 1
W20260608 10:07:39.357642 15406 auto_rebalancer.cc:259] Could not retrieve cluster info: Service unavailable: Tablet not running
I20260608 10:07:39.358366 15655 tablet_bootstrap.cc:492] T 54573d6aa2354ac69bf50e0671edf2e0 P 97257418e9124df8b3075f1a8ce7c4c5: No bootstrap required, opened a new log
I20260608 10:07:39.359103 15655 ts_tablet_manager.cc:1403] T 54573d6aa2354ac69bf50e0671edf2e0 P 97257418e9124df8b3075f1a8ce7c4c5: Time spent bootstrapping tablet: real 0.058s	user 0.023s	sys 0.012s
I20260608 10:07:39.360527 15411 auto_leader_rebalancer.cc:140] leader rebalance for table range_aware_rebalance_new_range
W20260608 10:07:39.364841 15411 auto_leader_rebalancer.cc:460] the master instance isn't leader: Service unavailable: Tablet not running
I20260608 10:07:39.373783 15657 tablet_bootstrap.cc:492] T 56657b59f6a947938866b42590b821d8 P 004441c7b469445ba2f33e51d3ace48a: No bootstrap required, opened a new log
I20260608 10:07:39.374874 15657 ts_tablet_manager.cc:1403] T 56657b59f6a947938866b42590b821d8 P 004441c7b469445ba2f33e51d3ace48a: Time spent bootstrapping tablet: real 0.056s	user 0.014s	sys 0.004s
I20260608 10:07:39.375711 15655 raft_consensus.cc:359] T 54573d6aa2354ac69bf50e0671edf2e0 P 97257418e9124df8b3075f1a8ce7c4c5 [term 0 FOLLOWER]: Replica starting. Triggering 0 pending ops. Active config: opid_index: -1 OBSOLETE_local: false peers { permanent_uuid: "004441c7b469445ba2f33e51d3ace48a" member_type: VOTER last_known_addr { host: "127.12.42.194" port: 38619 } } peers { permanent_uuid: "fbfa828a44154f7ab0127b0610022c6e" member_type: VOTER last_known_addr { host: "127.12.42.193" port: 34379 } } peers { permanent_uuid: "97257418e9124df8b3075f1a8ce7c4c5" member_type: VOTER last_known_addr { host: "127.12.42.195" port: 40465 } }
I20260608 10:07:39.376592 15655 raft_consensus.cc:385] T 54573d6aa2354ac69bf50e0671edf2e0 P 97257418e9124df8b3075f1a8ce7c4c5 [term 0 FOLLOWER]: Consensus starting up: Expiring failure detector timer to make a prompt election more likely
I20260608 10:07:39.376924 15655 raft_consensus.cc:740] T 54573d6aa2354ac69bf50e0671edf2e0 P 97257418e9124df8b3075f1a8ce7c4c5 [term 0 FOLLOWER]: Becoming Follower/Learner. State: Replica: 97257418e9124df8b3075f1a8ce7c4c5, State: Initialized, Role: FOLLOWER
I20260608 10:07:39.377878 15655 consensus_queue.cc:260] T 54573d6aa2354ac69bf50e0671edf2e0 P 97257418e9124df8b3075f1a8ce7c4c5 [NON_LEADER]: Queue going to NON_LEADER mode. State: All replicated index: 0, Majority replicated index: 0, Committed index: 0, Last appended: 0.0, Last appended by leader: 0, Current term: 0, Majority size: -1, State: 0, Mode: NON_LEADER, active raft config: opid_index: -1 OBSOLETE_local: false peers { permanent_uuid: "004441c7b469445ba2f33e51d3ace48a" member_type: VOTER last_known_addr { host: "127.12.42.194" port: 38619 } } peers { permanent_uuid: "fbfa828a44154f7ab0127b0610022c6e" member_type: VOTER last_known_addr { host: "127.12.42.193" port: 34379 } } peers { permanent_uuid: "97257418e9124df8b3075f1a8ce7c4c5" member_type: VOTER last_known_addr { host: "127.12.42.195" port: 40465 } }
I20260608 10:07:39.380671 15655 ts_tablet_manager.cc:1434] T 54573d6aa2354ac69bf50e0671edf2e0 P 97257418e9124df8b3075f1a8ce7c4c5: Time spent starting tablet: real 0.021s	user 0.007s	sys 0.001s
I20260608 10:07:39.380599 15663 raft_consensus.cc:493] T 54573d6aa2354ac69bf50e0671edf2e0 P 004441c7b469445ba2f33e51d3ace48a [term 0 FOLLOWER]: Starting pre-election (no leader contacted us within the election timeout)
I20260608 10:07:39.381402 15663 raft_consensus.cc:515] T 54573d6aa2354ac69bf50e0671edf2e0 P 004441c7b469445ba2f33e51d3ace48a [term 0 FOLLOWER]: Starting pre-election with config: opid_index: -1 OBSOLETE_local: false peers { permanent_uuid: "004441c7b469445ba2f33e51d3ace48a" member_type: VOTER last_known_addr { host: "127.12.42.194" port: 38619 } } peers { permanent_uuid: "fbfa828a44154f7ab0127b0610022c6e" member_type: VOTER last_known_addr { host: "127.12.42.193" port: 34379 } } peers { permanent_uuid: "97257418e9124df8b3075f1a8ce7c4c5" member_type: VOTER last_known_addr { host: "127.12.42.195" port: 40465 } }
I20260608 10:07:39.382051 15655 tablet_bootstrap.cc:492] T f720b3889d2d42768a62ee0b913b6bcd P 97257418e9124df8b3075f1a8ce7c4c5: Bootstrap starting.
I20260608 10:07:39.384212 15674 raft_consensus.cc:515] T 66dcd4f04412413a8c9f3ea819e5e48f P fbfa828a44154f7ab0127b0610022c6e [term 1 FOLLOWER]: Starting leader election with config: opid_index: -1 OBSOLETE_local: false peers { permanent_uuid: "004441c7b469445ba2f33e51d3ace48a" member_type: VOTER last_known_addr { host: "127.12.42.194" port: 38619 } } peers { permanent_uuid: "fbfa828a44154f7ab0127b0610022c6e" member_type: VOTER last_known_addr { host: "127.12.42.193" port: 34379 } } peers { permanent_uuid: "97257418e9124df8b3075f1a8ce7c4c5" member_type: VOTER last_known_addr { host: "127.12.42.195" port: 40465 } }
I20260608 10:07:39.391327 15608 tablet_service.cc:1917] Received RequestConsensusVote() RPC: tablet_id: "f6268e576eb2461fa0965a3cee6d9c0a" candidate_uuid: "fbfa828a44154f7ab0127b0610022c6e" candidate_term: 1 candidate_status { last_received { term: 0 index: 0 } } ignore_live_leader: false dest_uuid: "97257418e9124df8b3075f1a8ce7c4c5" is_pre_election: true
I20260608 10:07:39.394574 15663 leader_election.cc:290] T 54573d6aa2354ac69bf50e0671edf2e0 P 004441c7b469445ba2f33e51d3ace48a [CANDIDATE]: Term 1 pre-election: Requested pre-vote from peers fbfa828a44154f7ab0127b0610022c6e (127.12.42.193:34379), 97257418e9124df8b3075f1a8ce7c4c5 (127.12.42.195:40465)
I20260608 10:07:39.397672 15609 tablet_service.cc:1917] Received RequestConsensusVote() RPC: tablet_id: "66dcd4f04412413a8c9f3ea819e5e48f" candidate_uuid: "fbfa828a44154f7ab0127b0610022c6e" candidate_term: 1 candidate_status { last_received { term: 0 index: 0 } } ignore_live_leader: false dest_uuid: "97257418e9124df8b3075f1a8ce7c4c5" is_pre_election: true
I20260608 10:07:39.402199 15609 raft_consensus.cc:2468] T 66dcd4f04412413a8c9f3ea819e5e48f P 97257418e9124df8b3075f1a8ce7c4c5 [term 0 FOLLOWER]: Leader pre-election vote request: Granting yes vote for candidate fbfa828a44154f7ab0127b0610022c6e in term 0.
I20260608 10:07:39.402741 15534 tablet_service.cc:1917] Received RequestConsensusVote() RPC: tablet_id: "66dcd4f04412413a8c9f3ea819e5e48f" candidate_uuid: "fbfa828a44154f7ab0127b0610022c6e" candidate_term: 1 candidate_status { last_received { term: 0 index: 0 } } ignore_live_leader: false dest_uuid: "004441c7b469445ba2f33e51d3ace48a"
I20260608 10:07:39.397075 15608 raft_consensus.cc:2468] T f6268e576eb2461fa0965a3cee6d9c0a P 97257418e9124df8b3075f1a8ce7c4c5 [term 0 FOLLOWER]: Leader pre-election vote request: Granting yes vote for candidate fbfa828a44154f7ab0127b0610022c6e in term 0.
I20260608 10:07:39.403374 15534 raft_consensus.cc:3060] T 66dcd4f04412413a8c9f3ea819e5e48f P 004441c7b469445ba2f33e51d3ace48a [term 0 FOLLOWER]: Advancing to term 1
I20260608 10:07:39.405114 15674 leader_election.cc:290] T 66dcd4f04412413a8c9f3ea819e5e48f P fbfa828a44154f7ab0127b0610022c6e [CANDIDATE]: Term 1 election: Requested vote from peers 004441c7b469445ba2f33e51d3ace48a (127.12.42.194:38619), 97257418e9124df8b3075f1a8ce7c4c5 (127.12.42.195:40465)
I20260608 10:07:39.405491 15609 tablet_service.cc:1917] Received RequestConsensusVote() RPC: tablet_id: "66dcd4f04412413a8c9f3ea819e5e48f" candidate_uuid: "fbfa828a44154f7ab0127b0610022c6e" candidate_term: 1 candidate_status { last_received { term: 0 index: 0 } } ignore_live_leader: false dest_uuid: "97257418e9124df8b3075f1a8ce7c4c5"
I20260608 10:07:39.410657 15424 leader_election.cc:304] T f6268e576eb2461fa0965a3cee6d9c0a P fbfa828a44154f7ab0127b0610022c6e [CANDIDATE]: Term 1 pre-election: Election decided. Result: candidate won. Election summary: received 3 responses out of 3 voters: 2 yes votes; 1 no votes. yes voters: 97257418e9124df8b3075f1a8ce7c4c5, fbfa828a44154f7ab0127b0610022c6e; no voters: 004441c7b469445ba2f33e51d3ace48a
I20260608 10:07:39.411454 15674 raft_consensus.cc:2804] T f6268e576eb2461fa0965a3cee6d9c0a P fbfa828a44154f7ab0127b0610022c6e [term 0 FOLLOWER]: Leader pre-election won for term 1
I20260608 10:07:39.411918 15674 raft_consensus.cc:493] T f6268e576eb2461fa0965a3cee6d9c0a P fbfa828a44154f7ab0127b0610022c6e [term 0 FOLLOWER]: Starting leader election (no leader contacted us within the election timeout)
I20260608 10:07:39.412348 15674 raft_consensus.cc:3060] T f6268e576eb2461fa0965a3cee6d9c0a P fbfa828a44154f7ab0127b0610022c6e [term 0 FOLLOWER]: Advancing to term 1
I20260608 10:07:39.408006 15609 raft_consensus.cc:3060] T 66dcd4f04412413a8c9f3ea819e5e48f P 97257418e9124df8b3075f1a8ce7c4c5 [term 0 FOLLOWER]: Advancing to term 1
I20260608 10:07:39.416246 15658 tablet_bootstrap.cc:492] T 2ed142a12c7f45e3bcd221a018ac4262 P fbfa828a44154f7ab0127b0610022c6e: No bootstrap required, opened a new log
I20260608 10:07:39.416090 15535 tablet_service.cc:1917] Received RequestConsensusVote() RPC: tablet_id: "bea295abf3b7432d879cd9bf3e30d1da" candidate_uuid: "97257418e9124df8b3075f1a8ce7c4c5" candidate_term: 1 candidate_status { last_received { term: 0 index: 0 } } ignore_live_leader: false dest_uuid: "004441c7b469445ba2f33e51d3ace48a" is_pre_election: true
I20260608 10:07:39.416934 15535 raft_consensus.cc:2468] T bea295abf3b7432d879cd9bf3e30d1da P 004441c7b469445ba2f33e51d3ace48a [term 0 FOLLOWER]: Leader pre-election vote request: Granting yes vote for candidate 97257418e9124df8b3075f1a8ce7c4c5 in term 0.
I20260608 10:07:39.420419 15657 raft_consensus.cc:359] T 56657b59f6a947938866b42590b821d8 P 004441c7b469445ba2f33e51d3ace48a [term 0 FOLLOWER]: Replica starting. Triggering 0 pending ops. Active config: opid_index: -1 OBSOLETE_local: false peers { permanent_uuid: "004441c7b469445ba2f33e51d3ace48a" member_type: VOTER last_known_addr { host: "127.12.42.194" port: 38619 } } peers { permanent_uuid: "fbfa828a44154f7ab0127b0610022c6e" member_type: VOTER last_known_addr { host: "127.12.42.193" port: 34379 } } peers { permanent_uuid: "97257418e9124df8b3075f1a8ce7c4c5" member_type: VOTER last_known_addr { host: "127.12.42.195" port: 40465 } }
I20260608 10:07:39.423584 15534 raft_consensus.cc:2468] T 66dcd4f04412413a8c9f3ea819e5e48f P 004441c7b469445ba2f33e51d3ace48a [term 1 FOLLOWER]: Leader election vote request: Granting yes vote for candidate fbfa828a44154f7ab0127b0610022c6e in term 1.
I20260608 10:07:39.427973 15657 raft_consensus.cc:385] T 56657b59f6a947938866b42590b821d8 P 004441c7b469445ba2f33e51d3ace48a [term 0 FOLLOWER]: Consensus starting up: Expiring failure detector timer to make a prompt election more likely
I20260608 10:07:39.428370 15657 raft_consensus.cc:740] T 56657b59f6a947938866b42590b821d8 P 004441c7b469445ba2f33e51d3ace48a [term 0 FOLLOWER]: Becoming Follower/Learner. State: Replica: 004441c7b469445ba2f33e51d3ace48a, State: Initialized, Role: FOLLOWER
I20260608 10:07:39.428942 15424 leader_election.cc:304] T 66dcd4f04412413a8c9f3ea819e5e48f P fbfa828a44154f7ab0127b0610022c6e [CANDIDATE]: Term 1 election: Election decided. Result: candidate won. Election summary: received 2 responses out of 3 voters: 2 yes votes; 0 no votes. yes voters: 004441c7b469445ba2f33e51d3ace48a, fbfa828a44154f7ab0127b0610022c6e; no voters: 
I20260608 10:07:39.429793 15662 raft_consensus.cc:2804] T 66dcd4f04412413a8c9f3ea819e5e48f P fbfa828a44154f7ab0127b0610022c6e [term 1 FOLLOWER]: Leader election won for term 1
I20260608 10:07:39.424541 15573 leader_election.cc:304] T bea295abf3b7432d879cd9bf3e30d1da P 97257418e9124df8b3075f1a8ce7c4c5 [CANDIDATE]: Term 1 pre-election: Election decided. Result: candidate won. Election summary: received 2 responses out of 3 voters: 2 yes votes; 0 no votes. yes voters: 004441c7b469445ba2f33e51d3ace48a, 97257418e9124df8b3075f1a8ce7c4c5; no voters: 
I20260608 10:07:39.425277 15674 raft_consensus.cc:515] T f6268e576eb2461fa0965a3cee6d9c0a P fbfa828a44154f7ab0127b0610022c6e [term 1 FOLLOWER]: Starting leader election with config: opid_index: -1 OBSOLETE_local: false peers { permanent_uuid: "fbfa828a44154f7ab0127b0610022c6e" member_type: VOTER last_known_addr { host: "127.12.42.193" port: 34379 } } peers { permanent_uuid: "004441c7b469445ba2f33e51d3ace48a" member_type: VOTER last_known_addr { host: "127.12.42.194" port: 38619 } } peers { permanent_uuid: "97257418e9124df8b3075f1a8ce7c4c5" member_type: VOTER last_known_addr { host: "127.12.42.195" port: 40465 } }
I20260608 10:07:39.429273 15657 consensus_queue.cc:260] T 56657b59f6a947938866b42590b821d8 P 004441c7b469445ba2f33e51d3ace48a [NON_LEADER]: Queue going to NON_LEADER mode. State: All replicated index: 0, Majority replicated index: 0, Committed index: 0, Last appended: 0.0, Last appended by leader: 0, Current term: 0, Majority size: -1, State: 0, Mode: NON_LEADER, active raft config: opid_index: -1 OBSOLETE_local: false peers { permanent_uuid: "004441c7b469445ba2f33e51d3ace48a" member_type: VOTER last_known_addr { host: "127.12.42.194" port: 38619 } } peers { permanent_uuid: "fbfa828a44154f7ab0127b0610022c6e" member_type: VOTER last_known_addr { host: "127.12.42.193" port: 34379 } } peers { permanent_uuid: "97257418e9124df8b3075f1a8ce7c4c5" member_type: VOTER last_known_addr { host: "127.12.42.195" port: 40465 } }
I20260608 10:07:39.432276 15655 tablet_bootstrap.cc:654] T f720b3889d2d42768a62ee0b913b6bcd P 97257418e9124df8b3075f1a8ce7c4c5: Neither blocks nor log segments found. Creating new log.
I20260608 10:07:39.424719 15609 raft_consensus.cc:2468] T 66dcd4f04412413a8c9f3ea819e5e48f P 97257418e9124df8b3075f1a8ce7c4c5 [term 1 FOLLOWER]: Leader election vote request: Granting yes vote for candidate fbfa828a44154f7ab0127b0610022c6e in term 1.
I20260608 10:07:39.430502 15658 ts_tablet_manager.cc:1403] T 2ed142a12c7f45e3bcd221a018ac4262 P fbfa828a44154f7ab0127b0610022c6e: Time spent bootstrapping tablet: real 0.118s	user 0.012s	sys 0.036s
I20260608 10:07:39.439496 15659 raft_consensus.cc:2804] T bea295abf3b7432d879cd9bf3e30d1da P 97257418e9124df8b3075f1a8ce7c4c5 [term 0 FOLLOWER]: Leader pre-election won for term 1
I20260608 10:07:39.439936 15659 raft_consensus.cc:493] T bea295abf3b7432d879cd9bf3e30d1da P 97257418e9124df8b3075f1a8ce7c4c5 [term 0 FOLLOWER]: Starting leader election (no leader contacted us within the election timeout)
I20260608 10:07:39.440363 15659 raft_consensus.cc:3060] T bea295abf3b7432d879cd9bf3e30d1da P 97257418e9124df8b3075f1a8ce7c4c5 [term 0 FOLLOWER]: Advancing to term 1
I20260608 10:07:39.441321 15460 tablet_service.cc:1917] Received RequestConsensusVote() RPC: tablet_id: "bea295abf3b7432d879cd9bf3e30d1da" candidate_uuid: "97257418e9124df8b3075f1a8ce7c4c5" candidate_term: 1 candidate_status { last_received { term: 0 index: 0 } } ignore_live_leader: false dest_uuid: "fbfa828a44154f7ab0127b0610022c6e" is_pre_election: true
I20260608 10:07:39.442066 15460 raft_consensus.cc:2468] T bea295abf3b7432d879cd9bf3e30d1da P fbfa828a44154f7ab0127b0610022c6e [term 0 FOLLOWER]: Leader pre-election vote request: Granting yes vote for candidate 97257418e9124df8b3075f1a8ce7c4c5 in term 0.
I20260608 10:07:39.443207 15657 ts_tablet_manager.cc:1434] T 56657b59f6a947938866b42590b821d8 P 004441c7b469445ba2f33e51d3ace48a: Time spent starting tablet: real 0.068s	user 0.009s	sys 0.000s
I20260608 10:07:39.448559 15460 tablet_service.cc:1917] Received RequestConsensusVote() RPC: tablet_id: "54573d6aa2354ac69bf50e0671edf2e0" candidate_uuid: "004441c7b469445ba2f33e51d3ace48a" candidate_term: 1 candidate_status { last_received { term: 0 index: 0 } } ignore_live_leader: false dest_uuid: "fbfa828a44154f7ab0127b0610022c6e" is_pre_election: true
I20260608 10:07:39.449292 15460 raft_consensus.cc:2468] T 54573d6aa2354ac69bf50e0671edf2e0 P fbfa828a44154f7ab0127b0610022c6e [term 0 FOLLOWER]: Leader pre-election vote request: Granting yes vote for candidate 004441c7b469445ba2f33e51d3ace48a in term 0.
I20260608 10:07:39.450918 15500 leader_election.cc:304] T 54573d6aa2354ac69bf50e0671edf2e0 P 004441c7b469445ba2f33e51d3ace48a [CANDIDATE]: Term 1 pre-election: Election decided. Result: candidate won. Election summary: received 2 responses out of 3 voters: 2 yes votes; 0 no votes. yes voters: 004441c7b469445ba2f33e51d3ace48a, fbfa828a44154f7ab0127b0610022c6e; no voters: 
I20260608 10:07:39.452286 15663 raft_consensus.cc:2804] T 54573d6aa2354ac69bf50e0671edf2e0 P 004441c7b469445ba2f33e51d3ace48a [term 0 FOLLOWER]: Leader pre-election won for term 1
I20260608 10:07:39.453104 15663 raft_consensus.cc:493] T 54573d6aa2354ac69bf50e0671edf2e0 P 004441c7b469445ba2f33e51d3ace48a [term 0 FOLLOWER]: Starting leader election (no leader contacted us within the election timeout)
I20260608 10:07:39.453574 15663 raft_consensus.cc:3060] T 54573d6aa2354ac69bf50e0671edf2e0 P 004441c7b469445ba2f33e51d3ace48a [term 0 FOLLOWER]: Advancing to term 1
I20260608 10:07:39.454120 15659 raft_consensus.cc:515] T bea295abf3b7432d879cd9bf3e30d1da P 97257418e9124df8b3075f1a8ce7c4c5 [term 1 FOLLOWER]: Starting leader election with config: opid_index: -1 OBSOLETE_local: false peers { permanent_uuid: "004441c7b469445ba2f33e51d3ace48a" member_type: VOTER last_known_addr { host: "127.12.42.194" port: 38619 } } peers { permanent_uuid: "fbfa828a44154f7ab0127b0610022c6e" member_type: VOTER last_known_addr { host: "127.12.42.193" port: 34379 } } peers { permanent_uuid: "97257418e9124df8b3075f1a8ce7c4c5" member_type: VOTER last_known_addr { host: "127.12.42.195" port: 40465 } }
I20260608 10:07:39.452244 15657 tablet_bootstrap.cc:492] T f6268e576eb2461fa0965a3cee6d9c0a P 004441c7b469445ba2f33e51d3ace48a: Bootstrap starting.
I20260608 10:07:39.465051 15460 tablet_service.cc:1917] Received RequestConsensusVote() RPC: tablet_id: "bea295abf3b7432d879cd9bf3e30d1da" candidate_uuid: "97257418e9124df8b3075f1a8ce7c4c5" candidate_term: 1 candidate_status { last_received { term: 0 index: 0 } } ignore_live_leader: false dest_uuid: "fbfa828a44154f7ab0127b0610022c6e"
I20260608 10:07:39.466050 15460 raft_consensus.cc:3060] T bea295abf3b7432d879cd9bf3e30d1da P fbfa828a44154f7ab0127b0610022c6e [term 0 FOLLOWER]: Advancing to term 1
I20260608 10:07:39.465114 15534 tablet_service.cc:1917] Received RequestConsensusVote() RPC: tablet_id: "bea295abf3b7432d879cd9bf3e30d1da" candidate_uuid: "97257418e9124df8b3075f1a8ce7c4c5" candidate_term: 1 candidate_status { last_received { term: 0 index: 0 } } ignore_live_leader: false dest_uuid: "004441c7b469445ba2f33e51d3ace48a"
I20260608 10:07:39.470903 15534 raft_consensus.cc:3060] T bea295abf3b7432d879cd9bf3e30d1da P 004441c7b469445ba2f33e51d3ace48a [term 0 FOLLOWER]: Advancing to term 1
I20260608 10:07:39.470398 15658 raft_consensus.cc:359] T 2ed142a12c7f45e3bcd221a018ac4262 P fbfa828a44154f7ab0127b0610022c6e [term 0 FOLLOWER]: Replica starting. Triggering 0 pending ops. Active config: opid_index: -1 OBSOLETE_local: false peers { permanent_uuid: "004441c7b469445ba2f33e51d3ace48a" member_type: VOTER last_known_addr { host: "127.12.42.194" port: 38619 } } peers { permanent_uuid: "fbfa828a44154f7ab0127b0610022c6e" member_type: VOTER last_known_addr { host: "127.12.42.193" port: 34379 } } peers { permanent_uuid: "97257418e9124df8b3075f1a8ce7c4c5" member_type: VOTER last_known_addr { host: "127.12.42.195" port: 40465 } }
I20260608 10:07:39.471565 15658 raft_consensus.cc:385] T 2ed142a12c7f45e3bcd221a018ac4262 P fbfa828a44154f7ab0127b0610022c6e [term 0 FOLLOWER]: Consensus starting up: Expiring failure detector timer to make a prompt election more likely
I20260608 10:07:39.472019 15658 raft_consensus.cc:740] T 2ed142a12c7f45e3bcd221a018ac4262 P fbfa828a44154f7ab0127b0610022c6e [term 0 FOLLOWER]: Becoming Follower/Learner. State: Replica: fbfa828a44154f7ab0127b0610022c6e, State: Initialized, Role: FOLLOWER
I20260608 10:07:39.473079 15662 raft_consensus.cc:697] T 66dcd4f04412413a8c9f3ea819e5e48f P fbfa828a44154f7ab0127b0610022c6e [term 1 LEADER]: Becoming Leader. State: Replica: fbfa828a44154f7ab0127b0610022c6e, State: Running, Role: LEADER
I20260608 10:07:39.475277 15662 consensus_queue.cc:237] T 66dcd4f04412413a8c9f3ea819e5e48f P fbfa828a44154f7ab0127b0610022c6e [LEADER]: Queue going to LEADER mode. State: All replicated index: 0, Majority replicated index: 0, Committed index: 0, Last appended: 0.0, Last appended by leader: 0, Current term: 1, Majority size: 2, State: 0, Mode: LEADER, active raft config: opid_index: -1 OBSOLETE_local: false peers { permanent_uuid: "004441c7b469445ba2f33e51d3ace48a" member_type: VOTER last_known_addr { host: "127.12.42.194" port: 38619 } } peers { permanent_uuid: "fbfa828a44154f7ab0127b0610022c6e" member_type: VOTER last_known_addr { host: "127.12.42.193" port: 34379 } } peers { permanent_uuid: "97257418e9124df8b3075f1a8ce7c4c5" member_type: VOTER last_known_addr { host: "127.12.42.195" port: 40465 } }
I20260608 10:07:39.477108 15658 consensus_queue.cc:260] T 2ed142a12c7f45e3bcd221a018ac4262 P fbfa828a44154f7ab0127b0610022c6e [NON_LEADER]: Queue going to NON_LEADER mode. State: All replicated index: 0, Majority replicated index: 0, Committed index: 0, Last appended: 0.0, Last appended by leader: 0, Current term: 0, Majority size: -1, State: 0, Mode: NON_LEADER, active raft config: opid_index: -1 OBSOLETE_local: false peers { permanent_uuid: "004441c7b469445ba2f33e51d3ace48a" member_type: VOTER last_known_addr { host: "127.12.42.194" port: 38619 } } peers { permanent_uuid: "fbfa828a44154f7ab0127b0610022c6e" member_type: VOTER last_known_addr { host: "127.12.42.193" port: 34379 } } peers { permanent_uuid: "97257418e9124df8b3075f1a8ce7c4c5" member_type: VOTER last_known_addr { host: "127.12.42.195" port: 40465 } }
I20260608 10:07:39.480583 15658 ts_tablet_manager.cc:1434] T 2ed142a12c7f45e3bcd221a018ac4262 P fbfa828a44154f7ab0127b0610022c6e: Time spent starting tablet: real 0.041s	user 0.005s	sys 0.005s
I20260608 10:07:39.485366 15658 tablet_bootstrap.cc:492] T f720b3889d2d42768a62ee0b913b6bcd P fbfa828a44154f7ab0127b0610022c6e: Bootstrap starting.
I20260608 10:07:39.473181 15659 leader_election.cc:290] T bea295abf3b7432d879cd9bf3e30d1da P 97257418e9124df8b3075f1a8ce7c4c5 [CANDIDATE]: Term 1 election: Requested vote from peers 004441c7b469445ba2f33e51d3ace48a (127.12.42.194:38619), fbfa828a44154f7ab0127b0610022c6e (127.12.42.193:34379)
I20260608 10:07:39.491617 15460 raft_consensus.cc:2468] T bea295abf3b7432d879cd9bf3e30d1da P fbfa828a44154f7ab0127b0610022c6e [term 1 FOLLOWER]: Leader election vote request: Granting yes vote for candidate 97257418e9124df8b3075f1a8ce7c4c5 in term 1.
I20260608 10:07:39.495064 15574 leader_election.cc:304] T bea295abf3b7432d879cd9bf3e30d1da P 97257418e9124df8b3075f1a8ce7c4c5 [CANDIDATE]: Term 1 election: Election decided. Result: candidate won. Election summary: received 2 responses out of 3 voters: 2 yes votes; 0 no votes. yes voters: 97257418e9124df8b3075f1a8ce7c4c5, fbfa828a44154f7ab0127b0610022c6e; no voters: 
I20260608 10:07:39.497026 15674 leader_election.cc:290] T f6268e576eb2461fa0965a3cee6d9c0a P fbfa828a44154f7ab0127b0610022c6e [CANDIDATE]: Term 1 election: Requested vote from peers 004441c7b469445ba2f33e51d3ace48a (127.12.42.194:38619), 97257418e9124df8b3075f1a8ce7c4c5 (127.12.42.195:40465)
I20260608 10:07:39.498639 15535 tablet_service.cc:1917] Received RequestConsensusVote() RPC: tablet_id: "f6268e576eb2461fa0965a3cee6d9c0a" candidate_uuid: "fbfa828a44154f7ab0127b0610022c6e" candidate_term: 1 candidate_status { last_received { term: 0 index: 0 } } ignore_live_leader: false dest_uuid: "004441c7b469445ba2f33e51d3ace48a"
I20260608 10:07:39.501570 15663 raft_consensus.cc:515] T 54573d6aa2354ac69bf50e0671edf2e0 P 004441c7b469445ba2f33e51d3ace48a [term 1 FOLLOWER]: Starting leader election with config: opid_index: -1 OBSOLETE_local: false peers { permanent_uuid: "004441c7b469445ba2f33e51d3ace48a" member_type: VOTER last_known_addr { host: "127.12.42.194" port: 38619 } } peers { permanent_uuid: "fbfa828a44154f7ab0127b0610022c6e" member_type: VOTER last_known_addr { host: "127.12.42.193" port: 34379 } } peers { permanent_uuid: "97257418e9124df8b3075f1a8ce7c4c5" member_type: VOTER last_known_addr { host: "127.12.42.195" port: 40465 } }
W20260608 10:07:39.502314 15424 leader_election.cc:343] T f6268e576eb2461fa0965a3cee6d9c0a P fbfa828a44154f7ab0127b0610022c6e [CANDIDATE]: Term 1 election: Tablet error from VoteRequest() call to peer 004441c7b469445ba2f33e51d3ace48a (127.12.42.194:38619): Illegal state: must be running to vote when last-logged opid is not known
I20260608 10:07:39.502377 15609 tablet_service.cc:1917] Received RequestConsensusVote() RPC: tablet_id: "f6268e576eb2461fa0965a3cee6d9c0a" candidate_uuid: "fbfa828a44154f7ab0127b0610022c6e" candidate_term: 1 candidate_status { last_received { term: 0 index: 0 } } ignore_live_leader: false dest_uuid: "97257418e9124df8b3075f1a8ce7c4c5"
I20260608 10:07:39.503651 15609 raft_consensus.cc:3060] T f6268e576eb2461fa0965a3cee6d9c0a P 97257418e9124df8b3075f1a8ce7c4c5 [term 0 FOLLOWER]: Advancing to term 1
I20260608 10:07:39.504441 15663 leader_election.cc:290] T 54573d6aa2354ac69bf50e0671edf2e0 P 004441c7b469445ba2f33e51d3ace48a [CANDIDATE]: Term 1 election: Requested vote from peers fbfa828a44154f7ab0127b0610022c6e (127.12.42.193:34379), 97257418e9124df8b3075f1a8ce7c4c5 (127.12.42.195:40465)
I20260608 10:07:39.504985 15659 raft_consensus.cc:493] T 2ed142a12c7f45e3bcd221a018ac4262 P 97257418e9124df8b3075f1a8ce7c4c5 [term 0 FOLLOWER]: Starting pre-election (no leader contacted us within the election timeout)
I20260608 10:07:39.505213 15460 tablet_service.cc:1917] Received RequestConsensusVote() RPC: tablet_id: "54573d6aa2354ac69bf50e0671edf2e0" candidate_uuid: "004441c7b469445ba2f33e51d3ace48a" candidate_term: 1 candidate_status { last_received { term: 0 index: 0 } } ignore_live_leader: false dest_uuid: "fbfa828a44154f7ab0127b0610022c6e"
I20260608 10:07:39.505563 15659 raft_consensus.cc:515] T 2ed142a12c7f45e3bcd221a018ac4262 P 97257418e9124df8b3075f1a8ce7c4c5 [term 0 FOLLOWER]: Starting pre-election with config: opid_index: -1 OBSOLETE_local: false peers { permanent_uuid: "004441c7b469445ba2f33e51d3ace48a" member_type: VOTER last_known_addr { host: "127.12.42.194" port: 38619 } } peers { permanent_uuid: "fbfa828a44154f7ab0127b0610022c6e" member_type: VOTER last_known_addr { host: "127.12.42.193" port: 34379 } } peers { permanent_uuid: "97257418e9124df8b3075f1a8ce7c4c5" member_type: VOTER last_known_addr { host: "127.12.42.195" port: 40465 } }
I20260608 10:07:39.505999 15460 raft_consensus.cc:3060] T 54573d6aa2354ac69bf50e0671edf2e0 P fbfa828a44154f7ab0127b0610022c6e [term 0 FOLLOWER]: Advancing to term 1
I20260608 10:07:39.505873 15355 catalog_manager.cc:5696] T 66dcd4f04412413a8c9f3ea819e5e48f P fbfa828a44154f7ab0127b0610022c6e reported cstate change: term changed from 0 to 1, leader changed from <none> to fbfa828a44154f7ab0127b0610022c6e (127.12.42.193). New cstate: current_term: 1 leader_uuid: "fbfa828a44154f7ab0127b0610022c6e" committed_config { opid_index: -1 OBSOLETE_local: false peers { permanent_uuid: "004441c7b469445ba2f33e51d3ace48a" member_type: VOTER last_known_addr { host: "127.12.42.194" port: 38619 } health_report { overall_health: UNKNOWN } } peers { permanent_uuid: "fbfa828a44154f7ab0127b0610022c6e" member_type: VOTER last_known_addr { host: "127.12.42.193" port: 34379 } health_report { overall_health: HEALTHY } } peers { permanent_uuid: "97257418e9124df8b3075f1a8ce7c4c5" member_type: VOTER last_known_addr { host: "127.12.42.195" port: 40465 } health_report { overall_health: UNKNOWN } } }
I20260608 10:07:39.508810 15535 tablet_service.cc:1917] Received RequestConsensusVote() RPC: tablet_id: "2ed142a12c7f45e3bcd221a018ac4262" candidate_uuid: "97257418e9124df8b3075f1a8ce7c4c5" candidate_term: 1 candidate_status { last_received { term: 0 index: 0 } } ignore_live_leader: false dest_uuid: "004441c7b469445ba2f33e51d3ace48a" is_pre_election: true
I20260608 10:07:39.509723 15535 raft_consensus.cc:2468] T 2ed142a12c7f45e3bcd221a018ac4262 P 004441c7b469445ba2f33e51d3ace48a [term 0 FOLLOWER]: Leader pre-election vote request: Granting yes vote for candidate 97257418e9124df8b3075f1a8ce7c4c5 in term 0.
I20260608 10:07:39.510844 15659 leader_election.cc:290] T 2ed142a12c7f45e3bcd221a018ac4262 P 97257418e9124df8b3075f1a8ce7c4c5 [CANDIDATE]: Term 1 pre-election: Requested pre-vote from peers 004441c7b469445ba2f33e51d3ace48a (127.12.42.194:38619), fbfa828a44154f7ab0127b0610022c6e (127.12.42.193:34379)
I20260608 10:07:39.511091 15690 raft_consensus.cc:2804] T bea295abf3b7432d879cd9bf3e30d1da P 97257418e9124df8b3075f1a8ce7c4c5 [term 1 FOLLOWER]: Leader election won for term 1
I20260608 10:07:39.511785 15573 leader_election.cc:304] T 2ed142a12c7f45e3bcd221a018ac4262 P 97257418e9124df8b3075f1a8ce7c4c5 [CANDIDATE]: Term 1 pre-election: Election decided. Result: candidate won. Election summary: received 2 responses out of 3 voters: 2 yes votes; 0 no votes. yes voters: 004441c7b469445ba2f33e51d3ace48a, 97257418e9124df8b3075f1a8ce7c4c5; no voters: 
I20260608 10:07:39.511713 15690 raft_consensus.cc:697] T bea295abf3b7432d879cd9bf3e30d1da P 97257418e9124df8b3075f1a8ce7c4c5 [term 1 LEADER]: Becoming Leader. State: Replica: 97257418e9124df8b3075f1a8ce7c4c5, State: Running, Role: LEADER
I20260608 10:07:39.514474 15608 tablet_service.cc:1917] Received RequestConsensusVote() RPC: tablet_id: "54573d6aa2354ac69bf50e0671edf2e0" candidate_uuid: "004441c7b469445ba2f33e51d3ace48a" candidate_term: 1 candidate_status { last_received { term: 0 index: 0 } } ignore_live_leader: false dest_uuid: "97257418e9124df8b3075f1a8ce7c4c5" is_pre_election: true
I20260608 10:07:39.514870 15607 tablet_service.cc:1917] Received RequestConsensusVote() RPC: tablet_id: "54573d6aa2354ac69bf50e0671edf2e0" candidate_uuid: "004441c7b469445ba2f33e51d3ace48a" candidate_term: 1 candidate_status { last_received { term: 0 index: 0 } } ignore_live_leader: false dest_uuid: "97257418e9124df8b3075f1a8ce7c4c5"
I20260608 10:07:39.515309 15608 raft_consensus.cc:2468] T 54573d6aa2354ac69bf50e0671edf2e0 P 97257418e9124df8b3075f1a8ce7c4c5 [term 0 FOLLOWER]: Leader pre-election vote request: Granting yes vote for candidate 004441c7b469445ba2f33e51d3ace48a in term 0.
I20260608 10:07:39.518087 15459 tablet_service.cc:1917] Received RequestConsensusVote() RPC: tablet_id: "2ed142a12c7f45e3bcd221a018ac4262" candidate_uuid: "97257418e9124df8b3075f1a8ce7c4c5" candidate_term: 1 candidate_status { last_received { term: 0 index: 0 } } ignore_live_leader: false dest_uuid: "fbfa828a44154f7ab0127b0610022c6e" is_pre_election: true
I20260608 10:07:39.518492 15655 tablet_bootstrap.cc:492] T f720b3889d2d42768a62ee0b913b6bcd P 97257418e9124df8b3075f1a8ce7c4c5: No bootstrap required, opened a new log
I20260608 10:07:39.519086 15655 ts_tablet_manager.cc:1403] T f720b3889d2d42768a62ee0b913b6bcd P 97257418e9124df8b3075f1a8ce7c4c5: Time spent bootstrapping tablet: real 0.137s	user 0.021s	sys 0.037s
I20260608 10:07:39.518939 15459 raft_consensus.cc:2468] T 2ed142a12c7f45e3bcd221a018ac4262 P fbfa828a44154f7ab0127b0610022c6e [term 0 FOLLOWER]: Leader pre-election vote request: Granting yes vote for candidate 97257418e9124df8b3075f1a8ce7c4c5 in term 0.
I20260608 10:07:39.523880 15609 raft_consensus.cc:2468] T f6268e576eb2461fa0965a3cee6d9c0a P 97257418e9124df8b3075f1a8ce7c4c5 [term 1 FOLLOWER]: Leader election vote request: Granting yes vote for candidate fbfa828a44154f7ab0127b0610022c6e in term 1.
