I20260608 10:06:17.710408 15373 consensus_queue.cc:237] T bbc710b12dee4843a7843453ea54a7e8 P 76fdb152e454481fb2e61716db1ba898 [LEADER]: Queue going to LEADER mode. State: All replicated index: 0, Majority replicated index: 0, Committed index: 0, Last appended: 0.0, Last appended by leader: 0, Current term: 1, Majority size: 2, State: 0, Mode: LEADER, active raft config: opid_index: -1 OBSOLETE_local: false peers { permanent_uuid: "4aed1023b7fc4d40adcf42343ea29bea" member_type: VOTER last_known_addr { host: "127.14.38.1" port: 41667 } } peers { permanent_uuid: "76fdb152e454481fb2e61716db1ba898" member_type: VOTER last_known_addr { host: "127.14.38.2" port: 37741 } } peers { permanent_uuid: "ad9e0078d58d4f7ca173ddfef92c9b6c" member_type: VOTER last_known_addr { host: "127.14.38.3" port: 41109 } }
I20260608 10:06:17.710944 15306 tablet_service.cc:1917] Received RequestConsensusVote() RPC: tablet_id: "bbc710b12dee4843a7843453ea54a7e8" candidate_uuid: "76fdb152e454481fb2e61716db1ba898" candidate_term: 1 candidate_status { last_received { term: 0 index: 0 } } ignore_live_leader: false dest_uuid: "ad9e0078d58d4f7ca173ddfef92c9b6c"
I20260608 10:06:17.711606 15306 raft_consensus.cc:3060] T bbc710b12dee4843a7843453ea54a7e8 P ad9e0078d58d4f7ca173ddfef92c9b6c [term 0 FOLLOWER]: Advancing to term 1
I20260608 10:06:17.712359 15352 ts_tablet_manager.cc:1434] T becc871ca82e478c97de90145ce2c4b1 P ad9e0078d58d4f7ca173ddfef92c9b6c: Time spent starting tablet: real 0.055s	user 0.008s	sys 0.000s
I20260608 10:06:17.714059 15233 tablet_service.cc:1917] Received RequestConsensusVote() RPC: tablet_id: "db56163d186e4214aab0873b18c97308" candidate_uuid: "ad9e0078d58d4f7ca173ddfef92c9b6c" candidate_term: 1 candidate_status { last_received { term: 0 index: 0 } } ignore_live_leader: false dest_uuid: "76fdb152e454481fb2e61716db1ba898" is_pre_election: true
W20260608 10:06:17.715524 15273 leader_election.cc:343] T db56163d186e4214aab0873b18c97308 P ad9e0078d58d4f7ca173ddfef92c9b6c [CANDIDATE]: Term 1 pre-election: Tablet error from VoteRequest() call to peer 76fdb152e454481fb2e61716db1ba898 (127.14.38.2:37741): Illegal state: must be running to vote when last-logged opid is not known
I20260608 10:06:17.717979 15358 raft_consensus.cc:515] T 7931c06cb7b54558908f304115940308 P 4aed1023b7fc4d40adcf42343ea29bea [term 1 FOLLOWER]: Starting leader election with config: opid_index: -1 OBSOLETE_local: false peers { permanent_uuid: "4aed1023b7fc4d40adcf42343ea29bea" member_type: VOTER last_known_addr { host: "127.14.38.1" port: 41667 } } peers { permanent_uuid: "76fdb152e454481fb2e61716db1ba898" member_type: VOTER last_known_addr { host: "127.14.38.2" port: 37741 } } peers { permanent_uuid: "ad9e0078d58d4f7ca173ddfef92c9b6c" member_type: VOTER last_known_addr { host: "127.14.38.3" port: 41109 } }
I20260608 10:06:17.720148 15358 leader_election.cc:290] T 7931c06cb7b54558908f304115940308 P 4aed1023b7fc4d40adcf42343ea29bea [CANDIDATE]: Term 1 election: Requested vote from peers 76fdb152e454481fb2e61716db1ba898 (127.14.38.2:37741), ad9e0078d58d4f7ca173ddfef92c9b6c (127.14.38.3:41109)
I20260608 10:06:17.720944 15306 raft_consensus.cc:2468] T bbc710b12dee4843a7843453ea54a7e8 P ad9e0078d58d4f7ca173ddfef92c9b6c [term 1 FOLLOWER]: Leader election vote request: Granting yes vote for candidate 76fdb152e454481fb2e61716db1ba898 in term 1.
I20260608 10:06:17.723862 15360 raft_consensus.cc:493] T 93266b83651141ad941ebe2c912d020e P 76fdb152e454481fb2e61716db1ba898 [term 0 FOLLOWER]: Starting pre-election (no leader contacted us within the election timeout)
I20260608 10:06:17.724362 15360 raft_consensus.cc:515] T 93266b83651141ad941ebe2c912d020e P 76fdb152e454481fb2e61716db1ba898 [term 0 FOLLOWER]: Starting pre-election with config: opid_index: -1 OBSOLETE_local: false peers { permanent_uuid: "4aed1023b7fc4d40adcf42343ea29bea" member_type: VOTER last_known_addr { host: "127.14.38.1" port: 41667 } } peers { permanent_uuid: "76fdb152e454481fb2e61716db1ba898" member_type: VOTER last_known_addr { host: "127.14.38.2" port: 37741 } } peers { permanent_uuid: "ad9e0078d58d4f7ca173ddfef92c9b6c" member_type: VOTER last_known_addr { host: "127.14.38.3" port: 41109 } }
I20260608 10:06:17.725235 15352 tablet_bootstrap.cc:492] T 93266b83651141ad941ebe2c912d020e P ad9e0078d58d4f7ca173ddfef92c9b6c: Bootstrap starting.
I20260608 10:06:17.726431 15360 leader_election.cc:290] T 93266b83651141ad941ebe2c912d020e P 76fdb152e454481fb2e61716db1ba898 [CANDIDATE]: Term 1 pre-election: Requested pre-vote from peers 4aed1023b7fc4d40adcf42343ea29bea (127.14.38.1:41667), ad9e0078d58d4f7ca173ddfef92c9b6c (127.14.38.3:41109)
I20260608 10:06:17.727849 15157 tablet_service.cc:1917] Received RequestConsensusVote() RPC: tablet_id: "93266b83651141ad941ebe2c912d020e" candidate_uuid: "76fdb152e454481fb2e61716db1ba898" candidate_term: 1 candidate_status { last_received { term: 0 index: 0 } } ignore_live_leader: false dest_uuid: "4aed1023b7fc4d40adcf42343ea29bea" is_pre_election: true
W20260608 10:06:17.729910 15198 leader_election.cc:343] T 93266b83651141ad941ebe2c912d020e P 76fdb152e454481fb2e61716db1ba898 [CANDIDATE]: Term 1 pre-election: Tablet error from VoteRequest() call to peer 4aed1023b7fc4d40adcf42343ea29bea (127.14.38.1:41667): Illegal state: must be running to vote when last-logged opid is not known
I20260608 10:06:17.730134 15306 tablet_service.cc:1917] Received RequestConsensusVote() RPC: tablet_id: "93266b83651141ad941ebe2c912d020e" candidate_uuid: "76fdb152e454481fb2e61716db1ba898" candidate_term: 1 candidate_status { last_received { term: 0 index: 0 } } ignore_live_leader: false dest_uuid: "ad9e0078d58d4f7ca173ddfef92c9b6c" is_pre_election: true
I20260608 10:06:17.731149 15054 catalog_manager.cc:5696] T bbc710b12dee4843a7843453ea54a7e8 P 76fdb152e454481fb2e61716db1ba898 reported cstate change: term changed from 0 to 1, leader changed from <none> to 76fdb152e454481fb2e61716db1ba898 (127.14.38.2). New cstate: current_term: 1 leader_uuid: "76fdb152e454481fb2e61716db1ba898" committed_config { opid_index: -1 OBSOLETE_local: false peers { permanent_uuid: "4aed1023b7fc4d40adcf42343ea29bea" member_type: VOTER last_known_addr { host: "127.14.38.1" port: 41667 } health_report { overall_health: UNKNOWN } } peers { permanent_uuid: "76fdb152e454481fb2e61716db1ba898" member_type: VOTER last_known_addr { host: "127.14.38.2" port: 37741 } health_report { overall_health: HEALTHY } } peers { permanent_uuid: "ad9e0078d58d4f7ca173ddfef92c9b6c" member_type: VOTER last_known_addr { host: "127.14.38.3" port: 41109 } health_report { overall_health: UNKNOWN } } }
I20260608 10:06:17.722637 15158 tablet_service.cc:1917] Received RequestConsensusVote() RPC: tablet_id: "db56163d186e4214aab0873b18c97308" candidate_uuid: "ad9e0078d58d4f7ca173ddfef92c9b6c" candidate_term: 1 candidate_status { last_received { term: 0 index: 0 } } ignore_live_leader: false dest_uuid: "4aed1023b7fc4d40adcf42343ea29bea" is_pre_election: true
W20260608 10:06:17.732090 15199 leader_election.cc:343] T 93266b83651141ad941ebe2c912d020e P 76fdb152e454481fb2e61716db1ba898 [CANDIDATE]: Term 1 pre-election: Tablet error from VoteRequest() call to peer ad9e0078d58d4f7ca173ddfef92c9b6c (127.14.38.3:41109): Illegal state: must be running to vote when last-logged opid is not known
I20260608 10:06:17.732810 15199 leader_election.cc:304] T 93266b83651141ad941ebe2c912d020e P 76fdb152e454481fb2e61716db1ba898 [CANDIDATE]: Term 1 pre-election: Election decided. Result: candidate lost. Election summary: received 3 responses out of 3 voters: 1 yes votes; 2 no votes. yes voters: 76fdb152e454481fb2e61716db1ba898; no voters: 4aed1023b7fc4d40adcf42343ea29bea, ad9e0078d58d4f7ca173ddfef92c9b6c
I20260608 10:06:17.733997 15360 raft_consensus.cc:2749] T 93266b83651141ad941ebe2c912d020e P 76fdb152e454481fb2e61716db1ba898 [term 0 FOLLOWER]: Leader pre-election lost for term 1. Reason: could not achieve majority
I20260608 10:06:17.737337 15353 tablet_bootstrap.cc:492] T e4becb4739d2436599c879679d10151e P 4aed1023b7fc4d40adcf42343ea29bea: No bootstrap required, opened a new log
I20260608 10:06:17.737821 15353 ts_tablet_manager.cc:1403] T e4becb4739d2436599c879679d10151e P 4aed1023b7fc4d40adcf42343ea29bea: Time spent bootstrapping tablet: real 0.103s	user 0.021s	sys 0.010s
I20260608 10:06:17.722002 15379 raft_consensus.cc:515] T db56163d186e4214aab0873b18c97308 P 4aed1023b7fc4d40adcf42343ea29bea [term 1 FOLLOWER]: Starting leader election with config: opid_index: -1 OBSOLETE_local: false peers { permanent_uuid: "4aed1023b7fc4d40adcf42343ea29bea" member_type: VOTER last_known_addr { host: "127.14.38.1" port: 41667 } } peers { permanent_uuid: "76fdb152e454481fb2e61716db1ba898" member_type: VOTER last_known_addr { host: "127.14.38.2" port: 37741 } } peers { permanent_uuid: "ad9e0078d58d4f7ca173ddfef92c9b6c" member_type: VOTER last_known_addr { host: "127.14.38.3" port: 41109 } }
I20260608 10:06:17.740047 15158 raft_consensus.cc:2393] T db56163d186e4214aab0873b18c97308 P 4aed1023b7fc4d40adcf42343ea29bea [term 1 FOLLOWER]: Leader pre-election vote request: Denying vote to candidate ad9e0078d58d4f7ca173ddfef92c9b6c in current term 1: Already voted for candidate 4aed1023b7fc4d40adcf42343ea29bea in this term.
I20260608 10:06:17.740468 15352 tablet_bootstrap.cc:654] T 93266b83651141ad941ebe2c912d020e P ad9e0078d58d4f7ca173ddfef92c9b6c: Neither blocks nor log segments found. Creating new log.
I20260608 10:06:17.740971 15354 tablet_bootstrap.cc:492] T db56163d186e4214aab0873b18c97308 P 76fdb152e454481fb2e61716db1ba898: No bootstrap required, opened a new log
I20260608 10:06:17.741428 15354 ts_tablet_manager.cc:1403] T db56163d186e4214aab0873b18c97308 P 76fdb152e454481fb2e61716db1ba898: Time spent bootstrapping tablet: real 0.093s	user 0.021s	sys 0.008s
I20260608 10:06:17.742705 15272 leader_election.cc:304] T db56163d186e4214aab0873b18c97308 P ad9e0078d58d4f7ca173ddfef92c9b6c [CANDIDATE]: Term 1 pre-election: Election decided. Result: candidate lost. Election summary: received 3 responses out of 3 voters: 1 yes votes; 2 no votes. yes voters: ad9e0078d58d4f7ca173ddfef92c9b6c; no voters: 4aed1023b7fc4d40adcf42343ea29bea, 76fdb152e454481fb2e61716db1ba898
I20260608 10:06:17.743925 15359 raft_consensus.cc:3060] T db56163d186e4214aab0873b18c97308 P ad9e0078d58d4f7ca173ddfef92c9b6c [term 0 FOLLOWER]: Advancing to term 1
I20260608 10:06:17.744531 15354 raft_consensus.cc:359] T db56163d186e4214aab0873b18c97308 P 76fdb152e454481fb2e61716db1ba898 [term 0 FOLLOWER]: Replica starting. Triggering 0 pending ops. Active config: opid_index: -1 OBSOLETE_local: false peers { permanent_uuid: "4aed1023b7fc4d40adcf42343ea29bea" member_type: VOTER last_known_addr { host: "127.14.38.1" port: 41667 } } peers { permanent_uuid: "76fdb152e454481fb2e61716db1ba898" member_type: VOTER last_known_addr { host: "127.14.38.2" port: 37741 } } peers { permanent_uuid: "ad9e0078d58d4f7ca173ddfef92c9b6c" member_type: VOTER last_known_addr { host: "127.14.38.3" port: 41109 } }
I20260608 10:06:17.745234 15354 raft_consensus.cc:385] T db56163d186e4214aab0873b18c97308 P 76fdb152e454481fb2e61716db1ba898 [term 0 FOLLOWER]: Consensus starting up: Expiring failure detector timer to make a prompt election more likely
I20260608 10:06:17.745512 15354 raft_consensus.cc:740] T db56163d186e4214aab0873b18c97308 P 76fdb152e454481fb2e61716db1ba898 [term 0 FOLLOWER]: Becoming Follower/Learner. State: Replica: 76fdb152e454481fb2e61716db1ba898, State: Initialized, Role: FOLLOWER
W20260608 10:06:17.746326 15124 leader_election.cc:343] T 70f8ba76200649d4ac6693d7176be3ed P 4aed1023b7fc4d40adcf42343ea29bea [CANDIDATE]: Term 1 pre-election: Tablet error from VoteRequest() call to peer ad9e0078d58d4f7ca173ddfef92c9b6c (127.14.38.3:41109): Illegal state: must be running to vote when last-logged opid is not known
I20260608 10:06:17.746539 15233 tablet_service.cc:1917] Received RequestConsensusVote() RPC: tablet_id: "7931c06cb7b54558908f304115940308" candidate_uuid: "4aed1023b7fc4d40adcf42343ea29bea" candidate_term: 1 candidate_status { last_received { term: 0 index: 0 } } ignore_live_leader: false dest_uuid: "76fdb152e454481fb2e61716db1ba898"
I20260608 10:06:17.746951 15124 leader_election.cc:304] T 70f8ba76200649d4ac6693d7176be3ed P 4aed1023b7fc4d40adcf42343ea29bea [CANDIDATE]: Term 1 pre-election: Election decided. Result: candidate lost. Election summary: received 3 responses out of 3 voters: 1 yes votes; 2 no votes. yes voters: 4aed1023b7fc4d40adcf42343ea29bea; no voters: 76fdb152e454481fb2e61716db1ba898, ad9e0078d58d4f7ca173ddfef92c9b6c
I20260608 10:06:17.747267 15233 raft_consensus.cc:3060] T 7931c06cb7b54558908f304115940308 P 76fdb152e454481fb2e61716db1ba898 [term 0 FOLLOWER]: Advancing to term 1
I20260608 10:06:17.748252 15353 raft_consensus.cc:359] T e4becb4739d2436599c879679d10151e P 4aed1023b7fc4d40adcf42343ea29bea [term 0 FOLLOWER]: Replica starting. Triggering 0 pending ops. Active config: opid_index: -1 OBSOLETE_local: false peers { permanent_uuid: "ad9e0078d58d4f7ca173ddfef92c9b6c" member_type: VOTER last_known_addr { host: "127.14.38.3" port: 41109 } } peers { permanent_uuid: "4aed1023b7fc4d40adcf42343ea29bea" member_type: VOTER last_known_addr { host: "127.14.38.1" port: 41667 } } peers { permanent_uuid: "76fdb152e454481fb2e61716db1ba898" member_type: VOTER last_known_addr { host: "127.14.38.2" port: 37741 } }
I20260608 10:06:17.749013 15353 raft_consensus.cc:385] T e4becb4739d2436599c879679d10151e P 4aed1023b7fc4d40adcf42343ea29bea [term 0 FOLLOWER]: Consensus starting up: Expiring failure detector timer to make a prompt election more likely
I20260608 10:06:17.749055 15306 tablet_service.cc:1917] Received RequestConsensusVote() RPC: tablet_id: "7931c06cb7b54558908f304115940308" candidate_uuid: "4aed1023b7fc4d40adcf42343ea29bea" candidate_term: 1 candidate_status { last_received { term: 0 index: 0 } } ignore_live_leader: false dest_uuid: "ad9e0078d58d4f7ca173ddfef92c9b6c"
I20260608 10:06:17.749436 15353 raft_consensus.cc:740] T e4becb4739d2436599c879679d10151e P 4aed1023b7fc4d40adcf42343ea29bea [term 0 FOLLOWER]: Becoming Follower/Learner. State: Replica: 4aed1023b7fc4d40adcf42343ea29bea, State: Initialized, Role: FOLLOWER
I20260608 10:06:17.746376 15354 consensus_queue.cc:260] T db56163d186e4214aab0873b18c97308 P 76fdb152e454481fb2e61716db1ba898 [NON_LEADER]: Queue going to NON_LEADER mode. State: All replicated index: 0, Majority replicated index: 0, Committed index: 0, Last appended: 0.0, Last appended by leader: 0, Current term: 0, Majority size: -1, State: 0, Mode: NON_LEADER, active raft config: opid_index: -1 OBSOLETE_local: false peers { permanent_uuid: "4aed1023b7fc4d40adcf42343ea29bea" member_type: VOTER last_known_addr { host: "127.14.38.1" port: 41667 } } peers { permanent_uuid: "76fdb152e454481fb2e61716db1ba898" member_type: VOTER last_known_addr { host: "127.14.38.2" port: 37741 } } peers { permanent_uuid: "ad9e0078d58d4f7ca173ddfef92c9b6c" member_type: VOTER last_known_addr { host: "127.14.38.3" port: 41109 } }
I20260608 10:06:17.752535 15354 ts_tablet_manager.cc:1434] T db56163d186e4214aab0873b18c97308 P 76fdb152e454481fb2e61716db1ba898: Time spent starting tablet: real 0.011s	user 0.008s	sys 0.000s
I20260608 10:06:17.753480 15354 tablet_bootstrap.cc:492] T 70f8ba76200649d4ac6693d7176be3ed P 76fdb152e454481fb2e61716db1ba898: Bootstrap starting.
I20260608 10:06:17.754940 15359 raft_consensus.cc:2749] T db56163d186e4214aab0873b18c97308 P ad9e0078d58d4f7ca173ddfef92c9b6c [term 1 FOLLOWER]: Leader pre-election lost for term 1. Reason: could not achieve majority
I20260608 10:06:17.756156 15306 tablet_service.cc:1917] Received RequestConsensusVote() RPC: tablet_id: "db56163d186e4214aab0873b18c97308" candidate_uuid: "4aed1023b7fc4d40adcf42343ea29bea" candidate_term: 1 candidate_status { last_received { term: 0 index: 0 } } ignore_live_leader: false dest_uuid: "ad9e0078d58d4f7ca173ddfef92c9b6c"
I20260608 10:06:17.757535 15232 tablet_service.cc:1917] Received RequestConsensusVote() RPC: tablet_id: "db56163d186e4214aab0873b18c97308" candidate_uuid: "4aed1023b7fc4d40adcf42343ea29bea" candidate_term: 1 candidate_status { last_received { term: 0 index: 0 } } ignore_live_leader: false dest_uuid: "76fdb152e454481fb2e61716db1ba898"
I20260608 10:06:17.758239 15232 raft_consensus.cc:3060] T db56163d186e4214aab0873b18c97308 P 76fdb152e454481fb2e61716db1ba898 [term 0 FOLLOWER]: Advancing to term 1
I20260608 10:06:17.758430 15353 consensus_queue.cc:260] T e4becb4739d2436599c879679d10151e P 4aed1023b7fc4d40adcf42343ea29bea [NON_LEADER]: Queue going to NON_LEADER mode. State: All replicated index: 0, Majority replicated index: 0, Committed index: 0, Last appended: 0.0, Last appended by leader: 0, Current term: 0, Majority size: -1, State: 0, Mode: NON_LEADER, active raft config: opid_index: -1 OBSOLETE_local: false peers { permanent_uuid: "ad9e0078d58d4f7ca173ddfef92c9b6c" member_type: VOTER last_known_addr { host: "127.14.38.3" port: 41109 } } peers { permanent_uuid: "4aed1023b7fc4d40adcf42343ea29bea" member_type: VOTER last_known_addr { host: "127.14.38.1" port: 41667 } } peers { permanent_uuid: "76fdb152e454481fb2e61716db1ba898" member_type: VOTER last_known_addr { host: "127.14.38.2" port: 37741 } }
W20260608 10:06:17.760643 15124 leader_election.cc:343] T 7931c06cb7b54558908f304115940308 P 4aed1023b7fc4d40adcf42343ea29bea [CANDIDATE]: Term 1 election: Tablet error from VoteRequest() call to peer ad9e0078d58d4f7ca173ddfef92c9b6c (127.14.38.3:41109): Illegal state: must be running to vote when last-logged opid is not known
I20260608 10:06:17.763255 15354 tablet_bootstrap.cc:654] T 70f8ba76200649d4ac6693d7176be3ed P 76fdb152e454481fb2e61716db1ba898: Neither blocks nor log segments found. Creating new log.
I20260608 10:06:17.765393 15232 raft_consensus.cc:2468] T db56163d186e4214aab0873b18c97308 P 76fdb152e454481fb2e61716db1ba898 [term 1 FOLLOWER]: Leader election vote request: Granting yes vote for candidate 4aed1023b7fc4d40adcf42343ea29bea in term 1.
I20260608 10:06:17.760905 15353 ts_tablet_manager.cc:1434] T e4becb4739d2436599c879679d10151e P 4aed1023b7fc4d40adcf42343ea29bea: Time spent starting tablet: real 0.023s	user 0.007s	sys 0.002s
I20260608 10:06:17.767159 15306 raft_consensus.cc:2468] T db56163d186e4214aab0873b18c97308 P ad9e0078d58d4f7ca173ddfef92c9b6c [term 1 FOLLOWER]: Leader election vote request: Granting yes vote for candidate 4aed1023b7fc4d40adcf42343ea29bea in term 1.
I20260608 10:06:17.768210 15358 raft_consensus.cc:2749] T 70f8ba76200649d4ac6693d7176be3ed P 4aed1023b7fc4d40adcf42343ea29bea [term 0 FOLLOWER]: Leader pre-election lost for term 1. Reason: could not achieve majority
I20260608 10:06:17.742686 15379 leader_election.cc:290] T db56163d186e4214aab0873b18c97308 P 4aed1023b7fc4d40adcf42343ea29bea [CANDIDATE]: Term 1 election: Requested vote from peers 76fdb152e454481fb2e61716db1ba898 (127.14.38.2:37741), ad9e0078d58d4f7ca173ddfef92c9b6c (127.14.38.3:41109)
I20260608 10:06:17.770833 15124 leader_election.cc:304] T db56163d186e4214aab0873b18c97308 P 4aed1023b7fc4d40adcf42343ea29bea [CANDIDATE]: Term 1 election: Election decided. Result: candidate won. Election summary: received 2 responses out of 3 voters: 2 yes votes; 0 no votes. yes voters: 4aed1023b7fc4d40adcf42343ea29bea, ad9e0078d58d4f7ca173ddfef92c9b6c; no voters: 
I20260608 10:06:17.771955 15233 raft_consensus.cc:2468] T 7931c06cb7b54558908f304115940308 P 76fdb152e454481fb2e61716db1ba898 [term 1 FOLLOWER]: Leader election vote request: Granting yes vote for candidate 4aed1023b7fc4d40adcf42343ea29bea in term 1.
I20260608 10:06:17.773069 15379 raft_consensus.cc:2804] T db56163d186e4214aab0873b18c97308 P 4aed1023b7fc4d40adcf42343ea29bea [term 1 FOLLOWER]: Leader election won for term 1
I20260608 10:06:17.775182 15353 tablet_bootstrap.cc:492] T becc871ca82e478c97de90145ce2c4b1 P 4aed1023b7fc4d40adcf42343ea29bea: Bootstrap starting.
I20260608 10:06:17.779821 15379 raft_consensus.cc:697] T db56163d186e4214aab0873b18c97308 P 4aed1023b7fc4d40adcf42343ea29bea [term 1 LEADER]: Becoming Leader. State: Replica: 4aed1023b7fc4d40adcf42343ea29bea, State: Running, Role: LEADER
I20260608 10:06:17.781217 15379 consensus_queue.cc:237] T db56163d186e4214aab0873b18c97308 P 4aed1023b7fc4d40adcf42343ea29bea [LEADER]: Queue going to LEADER mode. State: All replicated index: 0, Majority replicated index: 0, Committed index: 0, Last appended: 0.0, Last appended by leader: 0, Current term: 1, Majority size: 2, State: 0, Mode: LEADER, active raft config: opid_index: -1 OBSOLETE_local: false peers { permanent_uuid: "4aed1023b7fc4d40adcf42343ea29bea" member_type: VOTER last_known_addr { host: "127.14.38.1" port: 41667 } } peers { permanent_uuid: "76fdb152e454481fb2e61716db1ba898" member_type: VOTER last_known_addr { host: "127.14.38.2" port: 37741 } } peers { permanent_uuid: "ad9e0078d58d4f7ca173ddfef92c9b6c" member_type: VOTER last_known_addr { host: "127.14.38.3" port: 41109 } }
I20260608 10:06:17.784265 15124 leader_election.cc:304] T 7931c06cb7b54558908f304115940308 P 4aed1023b7fc4d40adcf42343ea29bea [CANDIDATE]: Term 1 election: Election decided. Result: candidate won. Election summary: received 3 responses out of 3 voters: 2 yes votes; 1 no votes. yes voters: 4aed1023b7fc4d40adcf42343ea29bea, 76fdb152e454481fb2e61716db1ba898; no voters: ad9e0078d58d4f7ca173ddfef92c9b6c
I20260608 10:06:17.785616 15382 raft_consensus.cc:2804] T 7931c06cb7b54558908f304115940308 P 4aed1023b7fc4d40adcf42343ea29bea [term 1 FOLLOWER]: Leader election won for term 1
I20260608 10:06:17.786136 15382 raft_consensus.cc:697] T 7931c06cb7b54558908f304115940308 P 4aed1023b7fc4d40adcf42343ea29bea [term 1 LEADER]: Becoming Leader. State: Replica: 4aed1023b7fc4d40adcf42343ea29bea, State: Running, Role: LEADER
I20260608 10:06:17.786867 15353 tablet_bootstrap.cc:654] T becc871ca82e478c97de90145ce2c4b1 P 4aed1023b7fc4d40adcf42343ea29bea: Neither blocks nor log segments found. Creating new log.
W20260608 10:06:17.790391 15104 auto_rebalancer.cc:259] Could not retrieve cluster info: Service unavailable: Tablet not running
I20260608 10:06:17.787019 15382 consensus_queue.cc:237] T 7931c06cb7b54558908f304115940308 P 4aed1023b7fc4d40adcf42343ea29bea [LEADER]: Queue going to LEADER mode. State: All replicated index: 0, Majority replicated index: 0, Committed index: 0, Last appended: 0.0, Last appended by leader: 0, Current term: 1, Majority size: 2, State: 0, Mode: LEADER, active raft config: opid_index: -1 OBSOLETE_local: false peers { permanent_uuid: "4aed1023b7fc4d40adcf42343ea29bea" member_type: VOTER last_known_addr { host: "127.14.38.1" port: 41667 } } peers { permanent_uuid: "76fdb152e454481fb2e61716db1ba898" member_type: VOTER last_known_addr { host: "127.14.38.2" port: 37741 } } peers { permanent_uuid: "ad9e0078d58d4f7ca173ddfef92c9b6c" member_type: VOTER last_known_addr { host: "127.14.38.3" port: 41109 } }
I20260608 10:06:17.791666 15109 auto_leader_rebalancer.cc:140] leader rebalance for table test-workload
W20260608 10:06:17.793891 15109 auto_leader_rebalancer.cc:460] the master instance isn't leader: Service unavailable: Tablet not running
I20260608 10:06:17.795964 15354 tablet_bootstrap.cc:492] T 70f8ba76200649d4ac6693d7176be3ed P 76fdb152e454481fb2e61716db1ba898: No bootstrap required, opened a new log
I20260608 10:06:17.796459 15354 ts_tablet_manager.cc:1403] T 70f8ba76200649d4ac6693d7176be3ed P 76fdb152e454481fb2e61716db1ba898: Time spent bootstrapping tablet: real 0.043s	user 0.014s	sys 0.002s
I20260608 10:06:17.799320 15354 raft_consensus.cc:359] T 70f8ba76200649d4ac6693d7176be3ed P 76fdb152e454481fb2e61716db1ba898 [term 0 FOLLOWER]: Replica starting. Triggering 0 pending ops. Active config: opid_index: -1 OBSOLETE_local: false peers { permanent_uuid: "4aed1023b7fc4d40adcf42343ea29bea" member_type: VOTER last_known_addr { host: "127.14.38.1" port: 41667 } } peers { permanent_uuid: "76fdb152e454481fb2e61716db1ba898" member_type: VOTER last_known_addr { host: "127.14.38.2" port: 37741 } } peers { permanent_uuid: "ad9e0078d58d4f7ca173ddfef92c9b6c" member_type: VOTER last_known_addr { host: "127.14.38.3" port: 41109 } }
I20260608 10:06:17.799837 15354 raft_consensus.cc:385] T 70f8ba76200649d4ac6693d7176be3ed P 76fdb152e454481fb2e61716db1ba898 [term 0 FOLLOWER]: Consensus starting up: Expiring failure detector timer to make a prompt election more likely
I20260608 10:06:17.800112 15354 raft_consensus.cc:740] T 70f8ba76200649d4ac6693d7176be3ed P 76fdb152e454481fb2e61716db1ba898 [term 0 FOLLOWER]: Becoming Follower/Learner. State: Replica: 76fdb152e454481fb2e61716db1ba898, State: Initialized, Role: FOLLOWER
I20260608 10:06:17.801002 15354 consensus_queue.cc:260] T 70f8ba76200649d4ac6693d7176be3ed P 76fdb152e454481fb2e61716db1ba898 [NON_LEADER]: Queue going to NON_LEADER mode. State: All replicated index: 0, Majority replicated index: 0, Committed index: 0, Last appended: 0.0, Last appended by leader: 0, Current term: 0, Majority size: -1, State: 0, Mode: NON_LEADER, active raft config: opid_index: -1 OBSOLETE_local: false peers { permanent_uuid: "4aed1023b7fc4d40adcf42343ea29bea" member_type: VOTER last_known_addr { host: "127.14.38.1" port: 41667 } } peers { permanent_uuid: "76fdb152e454481fb2e61716db1ba898" member_type: VOTER last_known_addr { host: "127.14.38.2" port: 37741 } } peers { permanent_uuid: "ad9e0078d58d4f7ca173ddfef92c9b6c" member_type: VOTER last_known_addr { host: "127.14.38.3" port: 41109 } }
I20260608 10:06:17.801740 15352 tablet_bootstrap.cc:492] T 93266b83651141ad941ebe2c912d020e P ad9e0078d58d4f7ca173ddfef92c9b6c: No bootstrap required, opened a new log
I20260608 10:06:17.802248 15352 ts_tablet_manager.cc:1403] T 93266b83651141ad941ebe2c912d020e P ad9e0078d58d4f7ca173ddfef92c9b6c: Time spent bootstrapping tablet: real 0.077s	user 0.031s	sys 0.021s
I20260608 10:06:17.801641 15054 catalog_manager.cc:5696] T db56163d186e4214aab0873b18c97308 P 4aed1023b7fc4d40adcf42343ea29bea reported cstate change: term changed from 0 to 1, leader changed from <none> to 4aed1023b7fc4d40adcf42343ea29bea (127.14.38.1). New cstate: current_term: 1 leader_uuid: "4aed1023b7fc4d40adcf42343ea29bea" committed_config { opid_index: -1 OBSOLETE_local: false peers { permanent_uuid: "4aed1023b7fc4d40adcf42343ea29bea" member_type: VOTER last_known_addr { host: "127.14.38.1" port: 41667 } health_report { overall_health: HEALTHY } } peers { permanent_uuid: "76fdb152e454481fb2e61716db1ba898" member_type: VOTER last_known_addr { host: "127.14.38.2" port: 37741 } health_report { overall_health: UNKNOWN } } peers { permanent_uuid: "ad9e0078d58d4f7ca173ddfef92c9b6c" member_type: VOTER last_known_addr { host: "127.14.38.3" port: 41109 } health_report { overall_health: UNKNOWN } } }
I20260608 10:06:17.806164 15353 tablet_bootstrap.cc:492] T becc871ca82e478c97de90145ce2c4b1 P 4aed1023b7fc4d40adcf42343ea29bea: No bootstrap required, opened a new log
I20260608 10:06:17.806632 15353 ts_tablet_manager.cc:1403] T becc871ca82e478c97de90145ce2c4b1 P 4aed1023b7fc4d40adcf42343ea29bea: Time spent bootstrapping tablet: real 0.032s	user 0.007s	sys 0.007s
I20260608 10:06:17.808964 15352 raft_consensus.cc:359] T 93266b83651141ad941ebe2c912d020e P ad9e0078d58d4f7ca173ddfef92c9b6c [term 0 FOLLOWER]: Replica starting. Triggering 0 pending ops. Active config: opid_index: -1 OBSOLETE_local: false peers { permanent_uuid: "4aed1023b7fc4d40adcf42343ea29bea" member_type: VOTER last_known_addr { host: "127.14.38.1" port: 41667 } } peers { permanent_uuid: "76fdb152e454481fb2e61716db1ba898" member_type: VOTER last_known_addr { host: "127.14.38.2" port: 37741 } } peers { permanent_uuid: "ad9e0078d58d4f7ca173ddfef92c9b6c" member_type: VOTER last_known_addr { host: "127.14.38.3" port: 41109 } }
I20260608 10:06:17.809674 15352 raft_consensus.cc:385] T 93266b83651141ad941ebe2c912d020e P ad9e0078d58d4f7ca173ddfef92c9b6c [term 0 FOLLOWER]: Consensus starting up: Expiring failure detector timer to make a prompt election more likely
I20260608 10:06:17.809422 15353 raft_consensus.cc:359] T becc871ca82e478c97de90145ce2c4b1 P 4aed1023b7fc4d40adcf42343ea29bea [term 0 FOLLOWER]: Replica starting. Triggering 0 pending ops. Active config: opid_index: -1 OBSOLETE_local: false peers { permanent_uuid: "4aed1023b7fc4d40adcf42343ea29bea" member_type: VOTER last_known_addr { host: "127.14.38.1" port: 41667 } } peers { permanent_uuid: "76fdb152e454481fb2e61716db1ba898" member_type: VOTER last_known_addr { host: "127.14.38.2" port: 37741 } } peers { permanent_uuid: "ad9e0078d58d4f7ca173ddfef92c9b6c" member_type: VOTER last_known_addr { host: "127.14.38.3" port: 41109 } }
I20260608 10:06:17.809988 15352 raft_consensus.cc:740] T 93266b83651141ad941ebe2c912d020e P ad9e0078d58d4f7ca173ddfef92c9b6c [term 0 FOLLOWER]: Becoming Follower/Learner. State: Replica: ad9e0078d58d4f7ca173ddfef92c9b6c, State: Initialized, Role: FOLLOWER
I20260608 10:06:17.810140 15353 raft_consensus.cc:385] T becc871ca82e478c97de90145ce2c4b1 P 4aed1023b7fc4d40adcf42343ea29bea [term 0 FOLLOWER]: Consensus starting up: Expiring failure detector timer to make a prompt election more likely
I20260608 10:06:17.810491 15353 raft_consensus.cc:740] T becc871ca82e478c97de90145ce2c4b1 P 4aed1023b7fc4d40adcf42343ea29bea [term 0 FOLLOWER]: Becoming Follower/Learner. State: Replica: 4aed1023b7fc4d40adcf42343ea29bea, State: Initialized, Role: FOLLOWER
I20260608 10:06:17.810840 15352 consensus_queue.cc:260] T 93266b83651141ad941ebe2c912d020e P ad9e0078d58d4f7ca173ddfef92c9b6c [NON_LEADER]: Queue going to NON_LEADER mode. State: All replicated index: 0, Majority replicated index: 0, Committed index: 0, Last appended: 0.0, Last appended by leader: 0, Current term: 0, Majority size: -1, State: 0, Mode: NON_LEADER, active raft config: opid_index: -1 OBSOLETE_local: false peers { permanent_uuid: "4aed1023b7fc4d40adcf42343ea29bea" member_type: VOTER last_known_addr { host: "127.14.38.1" port: 41667 } } peers { permanent_uuid: "76fdb152e454481fb2e61716db1ba898" member_type: VOTER last_known_addr { host: "127.14.38.2" port: 37741 } } peers { permanent_uuid: "ad9e0078d58d4f7ca173ddfef92c9b6c" member_type: VOTER last_known_addr { host: "127.14.38.3" port: 41109 } }
I20260608 10:06:17.811574 15354 ts_tablet_manager.cc:1434] T 70f8ba76200649d4ac6693d7176be3ed P 76fdb152e454481fb2e61716db1ba898: Time spent starting tablet: real 0.015s	user 0.004s	sys 0.002s
I20260608 10:06:17.811425 15353 consensus_queue.cc:260] T becc871ca82e478c97de90145ce2c4b1 P 4aed1023b7fc4d40adcf42343ea29bea [NON_LEADER]: Queue going to NON_LEADER mode. State: All replicated index: 0, Majority replicated index: 0, Committed index: 0, Last appended: 0.0, Last appended by leader: 0, Current term: 0, Majority size: -1, State: 0, Mode: NON_LEADER, active raft config: opid_index: -1 OBSOLETE_local: false peers { permanent_uuid: "4aed1023b7fc4d40adcf42343ea29bea" member_type: VOTER last_known_addr { host: "127.14.38.1" port: 41667 } } peers { permanent_uuid: "76fdb152e454481fb2e61716db1ba898" member_type: VOTER last_known_addr { host: "127.14.38.2" port: 37741 } } peers { permanent_uuid: "ad9e0078d58d4f7ca173ddfef92c9b6c" member_type: VOTER last_known_addr { host: "127.14.38.3" port: 41109 } }
I20260608 10:06:17.813634 15353 ts_tablet_manager.cc:1434] T becc871ca82e478c97de90145ce2c4b1 P 4aed1023b7fc4d40adcf42343ea29bea: Time spent starting tablet: real 0.007s	user 0.007s	sys 0.000s
I20260608 10:06:17.814565 15353 tablet_bootstrap.cc:492] T 93266b83651141ad941ebe2c912d020e P 4aed1023b7fc4d40adcf42343ea29bea: Bootstrap starting.
I20260608 10:06:17.815861 15352 ts_tablet_manager.cc:1434] T 93266b83651141ad941ebe2c912d020e P ad9e0078d58d4f7ca173ddfef92c9b6c: Time spent starting tablet: real 0.013s	user 0.008s	sys 0.000s
I20260608 10:06:17.816903 15352 tablet_bootstrap.cc:492] T 70f8ba76200649d4ac6693d7176be3ed P ad9e0078d58d4f7ca173ddfef92c9b6c: Bootstrap starting.
I20260608 10:06:17.817865 15354 tablet_bootstrap.cc:492] T 93885c0d6b7b48f4ad2e5b61ca6398f0 P 76fdb152e454481fb2e61716db1ba898: Bootstrap starting.
I20260608 10:06:17.823532 15352 tablet_bootstrap.cc:654] T 70f8ba76200649d4ac6693d7176be3ed P ad9e0078d58d4f7ca173ddfef92c9b6c: Neither blocks nor log segments found. Creating new log.
I20260608 10:06:17.824570 15353 tablet_bootstrap.cc:654] T 93266b83651141ad941ebe2c912d020e P 4aed1023b7fc4d40adcf42343ea29bea: Neither blocks nor log segments found. Creating new log.
I20260608 10:06:17.832327 15354 tablet_bootstrap.cc:654] T 93885c0d6b7b48f4ad2e5b61ca6398f0 P 76fdb152e454481fb2e61716db1ba898: Neither blocks nor log segments found. Creating new log.
I20260608 10:06:17.833443 15353 tablet_bootstrap.cc:492] T 93266b83651141ad941ebe2c912d020e P 4aed1023b7fc4d40adcf42343ea29bea: No bootstrap required, opened a new log
I20260608 10:06:17.832863 15053 catalog_manager.cc:5696] T 7931c06cb7b54558908f304115940308 P 4aed1023b7fc4d40adcf42343ea29bea reported cstate change: term changed from 0 to 1, leader changed from <none> to 4aed1023b7fc4d40adcf42343ea29bea (127.14.38.1). New cstate: current_term: 1 leader_uuid: "4aed1023b7fc4d40adcf42343ea29bea" committed_config { opid_index: -1 OBSOLETE_local: false peers { permanent_uuid: "4aed1023b7fc4d40adcf42343ea29bea" member_type: VOTER last_known_addr { host: "127.14.38.1" port: 41667 } health_report { overall_health: HEALTHY } } peers { permanent_uuid: "76fdb152e454481fb2e61716db1ba898" member_type: VOTER last_known_addr { host: "127.14.38.2" port: 37741 } health_report { overall_health: UNKNOWN } } peers { permanent_uuid: "ad9e0078d58d4f7ca173ddfef92c9b6c" member_type: VOTER last_known_addr { host: "127.14.38.3" port: 41109 } health_report { overall_health: UNKNOWN } } }
I20260608 10:06:17.833941 15353 ts_tablet_manager.cc:1403] T 93266b83651141ad941ebe2c912d020e P 4aed1023b7fc4d40adcf42343ea29bea: Time spent bootstrapping tablet: real 0.020s	user 0.010s	sys 0.003s
I20260608 10:06:17.836182 15360 raft_consensus.cc:493] T 70f8ba76200649d4ac6693d7176be3ed P 76fdb152e454481fb2e61716db1ba898 [term 0 FOLLOWER]: Starting pre-election (no leader contacted us within the election timeout)
I20260608 10:06:17.836824 15360 raft_consensus.cc:515] T 70f8ba76200649d4ac6693d7176be3ed P 76fdb152e454481fb2e61716db1ba898 [term 0 FOLLOWER]: Starting pre-election with config: opid_index: -1 OBSOLETE_local: false peers { permanent_uuid: "4aed1023b7fc4d40adcf42343ea29bea" member_type: VOTER last_known_addr { host: "127.14.38.1" port: 41667 } } peers { permanent_uuid: "76fdb152e454481fb2e61716db1ba898" member_type: VOTER last_known_addr { host: "127.14.38.2" port: 37741 } } peers { permanent_uuid: "ad9e0078d58d4f7ca173ddfef92c9b6c" member_type: VOTER last_known_addr { host: "127.14.38.3" port: 41109 } }
I20260608 10:06:17.837037 15353 raft_consensus.cc:359] T 93266b83651141ad941ebe2c912d020e P 4aed1023b7fc4d40adcf42343ea29bea [term 0 FOLLOWER]: Replica starting. Triggering 0 pending ops. Active config: opid_index: -1 OBSOLETE_local: false peers { permanent_uuid: "4aed1023b7fc4d40adcf42343ea29bea" member_type: VOTER last_known_addr { host: "127.14.38.1" port: 41667 } } peers { permanent_uuid: "76fdb152e454481fb2e61716db1ba898" member_type: VOTER last_known_addr { host: "127.14.38.2" port: 37741 } } peers { permanent_uuid: "ad9e0078d58d4f7ca173ddfef92c9b6c" member_type: VOTER last_known_addr { host: "127.14.38.3" port: 41109 } }
I20260608 10:06:17.837759 15353 raft_consensus.cc:385] T 93266b83651141ad941ebe2c912d020e P 4aed1023b7fc4d40adcf42343ea29bea [term 0 FOLLOWER]: Consensus starting up: Expiring failure detector timer to make a prompt election more likely
I20260608 10:06:17.838050 15353 raft_consensus.cc:740] T 93266b83651141ad941ebe2c912d020e P 4aed1023b7fc4d40adcf42343ea29bea [term 0 FOLLOWER]: Becoming Follower/Learner. State: Replica: 4aed1023b7fc4d40adcf42343ea29bea, State: Initialized, Role: FOLLOWER
I20260608 10:06:17.839665 15353 consensus_queue.cc:260] T 93266b83651141ad941ebe2c912d020e P 4aed1023b7fc4d40adcf42343ea29bea [NON_LEADER]: Queue going to NON_LEADER mode. State: All replicated index: 0, Majority replicated index: 0, Committed index: 0, Last appended: 0.0, Last appended by leader: 0, Current term: 0, Majority size: -1, State: 0, Mode: NON_LEADER, active raft config: opid_index: -1 OBSOLETE_local: false peers { permanent_uuid: "4aed1023b7fc4d40adcf42343ea29bea" member_type: VOTER last_known_addr { host: "127.14.38.1" port: 41667 } } peers { permanent_uuid: "76fdb152e454481fb2e61716db1ba898" member_type: VOTER last_known_addr { host: "127.14.38.2" port: 37741 } } peers { permanent_uuid: "ad9e0078d58d4f7ca173ddfef92c9b6c" member_type: VOTER last_known_addr { host: "127.14.38.3" port: 41109 } }
I20260608 10:06:17.841487 15306 tablet_service.cc:1917] Received RequestConsensusVote() RPC: tablet_id: "70f8ba76200649d4ac6693d7176be3ed" candidate_uuid: "76fdb152e454481fb2e61716db1ba898" candidate_term: 1 candidate_status { last_received { term: 0 index: 0 } } ignore_live_leader: false dest_uuid: "ad9e0078d58d4f7ca173ddfef92c9b6c" is_pre_election: true
I20260608 10:06:17.841948 15353 ts_tablet_manager.cc:1434] T 93266b83651141ad941ebe2c912d020e P 4aed1023b7fc4d40adcf42343ea29bea: Time spent starting tablet: real 0.008s	user 0.005s	sys 0.000s
I20260608 10:06:17.842928 15353 tablet_bootstrap.cc:492] T 93885c0d6b7b48f4ad2e5b61ca6398f0 P 4aed1023b7fc4d40adcf42343ea29bea: Bootstrap starting.
W20260608 10:06:17.843410 15199 leader_election.cc:343] T 70f8ba76200649d4ac6693d7176be3ed P 76fdb152e454481fb2e61716db1ba898 [CANDIDATE]: Term 1 pre-election: Tablet error from VoteRequest() call to peer ad9e0078d58d4f7ca173ddfef92c9b6c (127.14.38.3:41109): Illegal state: must be running to vote when last-logged opid is not known
I20260608 10:06:17.844142 15158 tablet_service.cc:1917] Received RequestConsensusVote() RPC: tablet_id: "70f8ba76200649d4ac6693d7176be3ed" candidate_uuid: "76fdb152e454481fb2e61716db1ba898" candidate_term: 1 candidate_status { last_received { term: 0 index: 0 } } ignore_live_leader: false dest_uuid: "4aed1023b7fc4d40adcf42343ea29bea" is_pre_election: true
I20260608 10:06:17.844204 15360 leader_election.cc:290] T 70f8ba76200649d4ac6693d7176be3ed P 76fdb152e454481fb2e61716db1ba898 [CANDIDATE]: Term 1 pre-election: Requested pre-vote from peers 4aed1023b7fc4d40adcf42343ea29bea (127.14.38.1:41667), ad9e0078d58d4f7ca173ddfef92c9b6c (127.14.38.3:41109)
I20260608 10:06:17.844942 15158 raft_consensus.cc:2468] T 70f8ba76200649d4ac6693d7176be3ed P 4aed1023b7fc4d40adcf42343ea29bea [term 0 FOLLOWER]: Leader pre-election vote request: Granting yes vote for candidate 76fdb152e454481fb2e61716db1ba898 in term 0.
I20260608 10:06:17.857018 15198 leader_election.cc:304] T 70f8ba76200649d4ac6693d7176be3ed P 76fdb152e454481fb2e61716db1ba898 [CANDIDATE]: Term 1 pre-election: Election decided. Result: candidate won. Election summary: received 3 responses out of 3 voters: 2 yes votes; 1 no votes. yes voters: 4aed1023b7fc4d40adcf42343ea29bea, 76fdb152e454481fb2e61716db1ba898; no voters: ad9e0078d58d4f7ca173ddfef92c9b6c
I20260608 10:06:17.858258 15360 raft_consensus.cc:2804] T 70f8ba76200649d4ac6693d7176be3ed P 76fdb152e454481fb2e61716db1ba898 [term 0 FOLLOWER]: Leader pre-election won for term 1
I20260608 10:06:17.858680 15354 tablet_bootstrap.cc:492] T 93885c0d6b7b48f4ad2e5b61ca6398f0 P 76fdb152e454481fb2e61716db1ba898: No bootstrap required, opened a new log
I20260608 10:06:17.858626 15360 raft_consensus.cc:493] T 70f8ba76200649d4ac6693d7176be3ed P 76fdb152e454481fb2e61716db1ba898 [term 0 FOLLOWER]: Starting leader election (no leader contacted us within the election timeout)
I20260608 10:06:17.859155 15360 raft_consensus.cc:3060] T 70f8ba76200649d4ac6693d7176be3ed P 76fdb152e454481fb2e61716db1ba898 [term 0 FOLLOWER]: Advancing to term 1
I20260608 10:06:17.859237 15354 ts_tablet_manager.cc:1403] T 93885c0d6b7b48f4ad2e5b61ca6398f0 P 76fdb152e454481fb2e61716db1ba898: Time spent bootstrapping tablet: real 0.042s	user 0.005s	sys 0.007s
I20260608 10:06:17.859946 15353 tablet_bootstrap.cc:654] T 93885c0d6b7b48f4ad2e5b61ca6398f0 P 4aed1023b7fc4d40adcf42343ea29bea: Neither blocks nor log segments found. Creating new log.
I20260608 10:06:17.861881 15354 raft_consensus.cc:359] T 93885c0d6b7b48f4ad2e5b61ca6398f0 P 76fdb152e454481fb2e61716db1ba898 [term 0 FOLLOWER]: Replica starting. Triggering 0 pending ops. Active config: opid_index: -1 OBSOLETE_local: false peers { permanent_uuid: "4aed1023b7fc4d40adcf42343ea29bea" member_type: VOTER last_known_addr { host: "127.14.38.1" port: 41667 } } peers { permanent_uuid: "76fdb152e454481fb2e61716db1ba898" member_type: VOTER last_known_addr { host: "127.14.38.2" port: 37741 } } peers { permanent_uuid: "ad9e0078d58d4f7ca173ddfef92c9b6c" member_type: VOTER last_known_addr { host: "127.14.38.3" port: 41109 } }
I20260608 10:06:17.862370 15354 raft_consensus.cc:385] T 93885c0d6b7b48f4ad2e5b61ca6398f0 P 76fdb152e454481fb2e61716db1ba898 [term 0 FOLLOWER]: Consensus starting up: Expiring failure detector timer to make a prompt election more likely
I20260608 10:06:17.862615 15354 raft_consensus.cc:740] T 93885c0d6b7b48f4ad2e5b61ca6398f0 P 76fdb152e454481fb2e61716db1ba898 [term 0 FOLLOWER]: Becoming Follower/Learner. State: Replica: 76fdb152e454481fb2e61716db1ba898, State: Initialized, Role: FOLLOWER
I20260608 10:06:17.863431 15354 consensus_queue.cc:260] T 93885c0d6b7b48f4ad2e5b61ca6398f0 P 76fdb152e454481fb2e61716db1ba898 [NON_LEADER]: Queue going to NON_LEADER mode. State: All replicated index: 0, Majority replicated index: 0, Committed index: 0, Last appended: 0.0, Last appended by leader: 0, Current term: 0, Majority size: -1, State: 0, Mode: NON_LEADER, active raft config: opid_index: -1 OBSOLETE_local: false peers { permanent_uuid: "4aed1023b7fc4d40adcf42343ea29bea" member_type: VOTER last_known_addr { host: "127.14.38.1" port: 41667 } } peers { permanent_uuid: "76fdb152e454481fb2e61716db1ba898" member_type: VOTER last_known_addr { host: "127.14.38.2" port: 37741 } } peers { permanent_uuid: "ad9e0078d58d4f7ca173ddfef92c9b6c" member_type: VOTER last_known_addr { host: "127.14.38.3" port: 41109 } }
I20260608 10:06:17.864114 15352 tablet_bootstrap.cc:492] T 70f8ba76200649d4ac6693d7176be3ed P ad9e0078d58d4f7ca173ddfef92c9b6c: No bootstrap required, opened a new log
I20260608 10:06:17.864583 15352 ts_tablet_manager.cc:1403] T 70f8ba76200649d4ac6693d7176be3ed P ad9e0078d58d4f7ca173ddfef92c9b6c: Time spent bootstrapping tablet: real 0.048s	user 0.021s	sys 0.015s
I20260608 10:06:17.865190 15354 ts_tablet_manager.cc:1434] T 93885c0d6b7b48f4ad2e5b61ca6398f0 P 76fdb152e454481fb2e61716db1ba898: Time spent starting tablet: real 0.006s	user 0.000s	sys 0.004s
I20260608 10:06:17.866072 15360 raft_consensus.cc:515] T 70f8ba76200649d4ac6693d7176be3ed P 76fdb152e454481fb2e61716db1ba898 [term 1 FOLLOWER]: Starting leader election with config: opid_index: -1 OBSOLETE_local: false peers { permanent_uuid: "4aed1023b7fc4d40adcf42343ea29bea" member_type: VOTER last_known_addr { host: "127.14.38.1" port: 41667 } } peers { permanent_uuid: "76fdb152e454481fb2e61716db1ba898" member_type: VOTER last_known_addr { host: "127.14.38.2" port: 37741 } } peers { permanent_uuid: "ad9e0078d58d4f7ca173ddfef92c9b6c" member_type: VOTER last_known_addr { host: "127.14.38.3" port: 41109 } }
I20260608 10:06:17.867484 15352 raft_consensus.cc:359] T 70f8ba76200649d4ac6693d7176be3ed P ad9e0078d58d4f7ca173ddfef92c9b6c [term 0 FOLLOWER]: Replica starting. Triggering 0 pending ops. Active config: opid_index: -1 OBSOLETE_local: false peers { permanent_uuid: "4aed1023b7fc4d40adcf42343ea29bea" member_type: VOTER last_known_addr { host: "127.14.38.1" port: 41667 } } peers { permanent_uuid: "76fdb152e454481fb2e61716db1ba898" member_type: VOTER last_known_addr { host: "127.14.38.2" port: 37741 } } peers { permanent_uuid: "ad9e0078d58d4f7ca173ddfef92c9b6c" member_type: VOTER last_known_addr { host: "127.14.38.3" port: 41109 } }
I20260608 10:06:17.868184 15352 raft_consensus.cc:385] T 70f8ba76200649d4ac6693d7176be3ed P ad9e0078d58d4f7ca173ddfef92c9b6c [term 0 FOLLOWER]: Consensus starting up: Expiring failure detector timer to make a prompt election more likely
I20260608 10:06:17.868500 15352 raft_consensus.cc:740] T 70f8ba76200649d4ac6693d7176be3ed P ad9e0078d58d4f7ca173ddfef92c9b6c [term 0 FOLLOWER]: Becoming Follower/Learner. State: Replica: ad9e0078d58d4f7ca173ddfef92c9b6c, State: Initialized, Role: FOLLOWER
I20260608 10:06:17.869076 15158 tablet_service.cc:1917] Received RequestConsensusVote() RPC: tablet_id: "70f8ba76200649d4ac6693d7176be3ed" candidate_uuid: "76fdb152e454481fb2e61716db1ba898" candidate_term: 1 candidate_status { last_received { term: 0 index: 0 } } ignore_live_leader: false dest_uuid: "4aed1023b7fc4d40adcf42343ea29bea"
I20260608 10:06:17.870549 15158 raft_consensus.cc:3060] T 70f8ba76200649d4ac6693d7176be3ed P 4aed1023b7fc4d40adcf42343ea29bea [term 0 FOLLOWER]: Advancing to term 1
I20260608 10:06:17.870608 15352 consensus_queue.cc:260] T 70f8ba76200649d4ac6693d7176be3ed P ad9e0078d58d4f7ca173ddfef92c9b6c [NON_LEADER]: Queue going to NON_LEADER mode. State: All replicated index: 0, Majority replicated index: 0, Committed index: 0, Last appended: 0.0, Last appended by leader: 0, Current term: 0, Majority size: -1, State: 0, Mode: NON_LEADER, active raft config: opid_index: -1 OBSOLETE_local: false peers { permanent_uuid: "4aed1023b7fc4d40adcf42343ea29bea" member_type: VOTER last_known_addr { host: "127.14.38.1" port: 41667 } } peers { permanent_uuid: "76fdb152e454481fb2e61716db1ba898" member_type: VOTER last_known_addr { host: "127.14.38.2" port: 37741 } } peers { permanent_uuid: "ad9e0078d58d4f7ca173ddfef92c9b6c" member_type: VOTER last_known_addr { host: "127.14.38.3" port: 41109 } }
I20260608 10:06:17.871343 15353 tablet_bootstrap.cc:492] T 93885c0d6b7b48f4ad2e5b61ca6398f0 P 4aed1023b7fc4d40adcf42343ea29bea: No bootstrap required, opened a new log
I20260608 10:06:17.871801 15353 ts_tablet_manager.cc:1403] T 93885c0d6b7b48f4ad2e5b61ca6398f0 P 4aed1023b7fc4d40adcf42343ea29bea: Time spent bootstrapping tablet: real 0.029s	user 0.011s	sys 0.000s
I20260608 10:06:17.873291 15352 ts_tablet_manager.cc:1434] T 70f8ba76200649d4ac6693d7176be3ed P ad9e0078d58d4f7ca173ddfef92c9b6c: Time spent starting tablet: real 0.008s	user 0.006s	sys 0.001s
I20260608 10:06:17.874265 15352 tablet_bootstrap.cc:492] T e4becb4739d2436599c879679d10151e P ad9e0078d58d4f7ca173ddfef92c9b6c: Bootstrap starting.
I20260608 10:06:17.874444 15353 raft_consensus.cc:359] T 93885c0d6b7b48f4ad2e5b61ca6398f0 P 4aed1023b7fc4d40adcf42343ea29bea [term 0 FOLLOWER]: Replica starting. Triggering 0 pending ops. Active config: opid_index: -1 OBSOLETE_local: false peers { permanent_uuid: "4aed1023b7fc4d40adcf42343ea29bea" member_type: VOTER last_known_addr { host: "127.14.38.1" port: 41667 } } peers { permanent_uuid: "76fdb152e454481fb2e61716db1ba898" member_type: VOTER last_known_addr { host: "127.14.38.2" port: 37741 } } peers { permanent_uuid: "ad9e0078d58d4f7ca173ddfef92c9b6c" member_type: VOTER last_known_addr { host: "127.14.38.3" port: 41109 } }
I20260608 10:06:17.875088 15353 raft_consensus.cc:385] T 93885c0d6b7b48f4ad2e5b61ca6398f0 P 4aed1023b7fc4d40adcf42343ea29bea [term 0 FOLLOWER]: Consensus starting up: Expiring failure detector timer to make a prompt election more likely
I20260608 10:06:17.875339 15353 raft_consensus.cc:740] T 93885c0d6b7b48f4ad2e5b61ca6398f0 P 4aed1023b7fc4d40adcf42343ea29bea [term 0 FOLLOWER]: Becoming Follower/Learner. State: Replica: 4aed1023b7fc4d40adcf42343ea29bea, State: Initialized, Role: FOLLOWER
I20260608 10:06:17.875969 15353 consensus_queue.cc:260] T 93885c0d6b7b48f4ad2e5b61ca6398f0 P 4aed1023b7fc4d40adcf42343ea29bea [NON_LEADER]: Queue going to NON_LEADER mode. State: All replicated index: 0, Majority replicated index: 0, Committed index: 0, Last appended: 0.0, Last appended by leader: 0, Current term: 0, Majority size: -1, State: 0, Mode: NON_LEADER, active raft config: opid_index: -1 OBSOLETE_local: false peers { permanent_uuid: "4aed1023b7fc4d40adcf42343ea29bea" member_type: VOTER last_known_addr { host: "127.14.38.1" port: 41667 } } peers { permanent_uuid: "76fdb152e454481fb2e61716db1ba898" member_type: VOTER last_known_addr { host: "127.14.38.2" port: 37741 } } peers { permanent_uuid: "ad9e0078d58d4f7ca173ddfef92c9b6c" member_type: VOTER last_known_addr { host: "127.14.38.3" port: 41109 } }
I20260608 10:06:17.878068 15353 ts_tablet_manager.cc:1434] T 93885c0d6b7b48f4ad2e5b61ca6398f0 P 4aed1023b7fc4d40adcf42343ea29bea: Time spent starting tablet: real 0.006s	user 0.005s	sys 0.000s
I20260608 10:06:17.881129 15352 tablet_bootstrap.cc:654] T e4becb4739d2436599c879679d10151e P ad9e0078d58d4f7ca173ddfef92c9b6c: Neither blocks nor log segments found. Creating new log.
I20260608 10:06:17.884895 15158 raft_consensus.cc:2468] T 70f8ba76200649d4ac6693d7176be3ed P 4aed1023b7fc4d40adcf42343ea29bea [term 1 FOLLOWER]: Leader election vote request: Granting yes vote for candidate 76fdb152e454481fb2e61716db1ba898 in term 1.
I20260608 10:06:17.886284 15360 leader_election.cc:290] T 70f8ba76200649d4ac6693d7176be3ed P 76fdb152e454481fb2e61716db1ba898 [CANDIDATE]: Term 1 election: Requested vote from peers 4aed1023b7fc4d40adcf42343ea29bea (127.14.38.1:41667), ad9e0078d58d4f7ca173ddfef92c9b6c (127.14.38.3:41109)
I20260608 10:06:17.886529 15198 leader_election.cc:304] T 70f8ba76200649d4ac6693d7176be3ed P 76fdb152e454481fb2e61716db1ba898 [CANDIDATE]: Term 1 election: Election decided. Result: candidate won. Election summary: received 2 responses out of 3 voters: 2 yes votes; 0 no votes. yes voters: 4aed1023b7fc4d40adcf42343ea29bea, 76fdb152e454481fb2e61716db1ba898; no voters: 
I20260608 10:06:17.887756 15360 raft_consensus.cc:2804] T 70f8ba76200649d4ac6693d7176be3ed P 76fdb152e454481fb2e61716db1ba898 [term 1 FOLLOWER]: Leader election won for term 1
