I20260608 10:07:24.710433   746 raft_consensus.cc:493] T 7d0f6f2024604e77a9de6388dda8ecba P b1647b4d544449b1ad1fbe2cdc6321cb [term 0 FOLLOWER]: Starting leader election (no leader contacted us within the election timeout)
I20260608 10:07:24.710762   746 raft_consensus.cc:3060] T 7d0f6f2024604e77a9de6388dda8ecba P b1647b4d544449b1ad1fbe2cdc6321cb [term 0 FOLLOWER]: Advancing to term 1
I20260608 10:07:24.715433   746 raft_consensus.cc:515] T 7d0f6f2024604e77a9de6388dda8ecba P b1647b4d544449b1ad1fbe2cdc6321cb [term 1 FOLLOWER]: Starting leader election with config: opid_index: -1 OBSOLETE_local: false peers { permanent_uuid: "b1647b4d544449b1ad1fbe2cdc6321cb" member_type: VOTER last_known_addr { host: "127.29.52.65" port: 45179 } } peers { permanent_uuid: "af28ccc1263649919bc8746d75432187" member_type: VOTER last_known_addr { host: "127.29.52.68" port: 37071 } } peers { permanent_uuid: "0a08f80fae534382b6a9096e4fa580fe" member_type: VOTER last_known_addr { host: "127.29.52.66" port: 39411 } }
I20260608 10:07:24.717099   746 leader_election.cc:290] T 7d0f6f2024604e77a9de6388dda8ecba P b1647b4d544449b1ad1fbe2cdc6321cb [CANDIDATE]: Term 1 election: Requested vote from peers af28ccc1263649919bc8746d75432187 (127.29.52.68:37071), 0a08f80fae534382b6a9096e4fa580fe (127.29.52.66:39411)
I20260608 10:07:24.718420   473 tablet_service.cc:1917] Received RequestConsensusVote() RPC: tablet_id: "7d0f6f2024604e77a9de6388dda8ecba" candidate_uuid: "b1647b4d544449b1ad1fbe2cdc6321cb" candidate_term: 1 candidate_status { last_received { term: 0 index: 0 } } ignore_live_leader: false dest_uuid: "0a08f80fae534382b6a9096e4fa580fe"
I20260608 10:07:24.719014   698 tablet_service.cc:1917] Received RequestConsensusVote() RPC: tablet_id: "7d0f6f2024604e77a9de6388dda8ecba" candidate_uuid: "b1647b4d544449b1ad1fbe2cdc6321cb" candidate_term: 1 candidate_status { last_received { term: 0 index: 0 } } ignore_live_leader: false dest_uuid: "af28ccc1263649919bc8746d75432187"
I20260608 10:07:24.719084   473 raft_consensus.cc:3060] T 7d0f6f2024604e77a9de6388dda8ecba P 0a08f80fae534382b6a9096e4fa580fe [term 0 FOLLOWER]: Advancing to term 1
I20260608 10:07:24.719923   698 raft_consensus.cc:3060] T 7d0f6f2024604e77a9de6388dda8ecba P af28ccc1263649919bc8746d75432187 [term 0 FOLLOWER]: Advancing to term 1
I20260608 10:07:24.726004   473 raft_consensus.cc:2468] T 7d0f6f2024604e77a9de6388dda8ecba P 0a08f80fae534382b6a9096e4fa580fe [term 1 FOLLOWER]: Leader election vote request: Granting yes vote for candidate b1647b4d544449b1ad1fbe2cdc6321cb in term 1.
I20260608 10:07:24.727113   698 raft_consensus.cc:2468] T 7d0f6f2024604e77a9de6388dda8ecba P af28ccc1263649919bc8746d75432187 [term 1 FOLLOWER]: Leader election vote request: Granting yes vote for candidate b1647b4d544449b1ad1fbe2cdc6321cb in term 1.
I20260608 10:07:24.727094   364 leader_election.cc:304] T 7d0f6f2024604e77a9de6388dda8ecba P b1647b4d544449b1ad1fbe2cdc6321cb [CANDIDATE]: Term 1 election: Election decided. Result: candidate won. Election summary: received 2 responses out of 3 voters: 2 yes votes; 0 no votes. yes voters: 0a08f80fae534382b6a9096e4fa580fe, b1647b4d544449b1ad1fbe2cdc6321cb; no voters: 
I20260608 10:07:24.728145   746 raft_consensus.cc:2804] T 7d0f6f2024604e77a9de6388dda8ecba P b1647b4d544449b1ad1fbe2cdc6321cb [term 1 FOLLOWER]: Leader election won for term 1
I20260608 10:07:24.728592   746 raft_consensus.cc:697] T 7d0f6f2024604e77a9de6388dda8ecba P b1647b4d544449b1ad1fbe2cdc6321cb [term 1 LEADER]: Becoming Leader. State: Replica: b1647b4d544449b1ad1fbe2cdc6321cb, State: Running, Role: LEADER
I20260608 10:07:24.729358   746 consensus_queue.cc:237] T 7d0f6f2024604e77a9de6388dda8ecba P b1647b4d544449b1ad1fbe2cdc6321cb [LEADER]: Queue going to LEADER mode. State: All replicated index: 0, Majority replicated index: 0, Committed index: 0, Last appended: 0.0, Last appended by leader: 0, Current term: 1, Majority size: 2, State: 0, Mode: LEADER, active raft config: opid_index: -1 OBSOLETE_local: false peers { permanent_uuid: "b1647b4d544449b1ad1fbe2cdc6321cb" member_type: VOTER last_known_addr { host: "127.29.52.65" port: 45179 } } peers { permanent_uuid: "af28ccc1263649919bc8746d75432187" member_type: VOTER last_known_addr { host: "127.29.52.68" port: 37071 } } peers { permanent_uuid: "0a08f80fae534382b6a9096e4fa580fe" member_type: VOTER last_known_addr { host: "127.29.52.66" port: 39411 } }
I20260608 10:07:24.731232   636 raft_consensus.cc:493] T 24e330ce59d945cdb824eb014ad2047c P 0a08f80fae534382b6a9096e4fa580fe [term 0 FOLLOWER]: Starting pre-election (no leader contacted us within the election timeout)
I20260608 10:07:24.731776   636 raft_consensus.cc:515] T 24e330ce59d945cdb824eb014ad2047c P 0a08f80fae534382b6a9096e4fa580fe [term 0 FOLLOWER]: Starting pre-election with config: opid_index: -1 OBSOLETE_local: false peers { permanent_uuid: "b1647b4d544449b1ad1fbe2cdc6321cb" member_type: VOTER last_known_addr { host: "127.29.52.65" port: 45179 } } peers { permanent_uuid: "0a08f80fae534382b6a9096e4fa580fe" member_type: VOTER last_known_addr { host: "127.29.52.66" port: 39411 } } peers { permanent_uuid: "af28ccc1263649919bc8746d75432187" member_type: VOTER last_known_addr { host: "127.29.52.68" port: 37071 } }
I20260608 10:07:24.734131   636 leader_election.cc:290] T 24e330ce59d945cdb824eb014ad2047c P 0a08f80fae534382b6a9096e4fa580fe [CANDIDATE]: Term 1 pre-election: Requested pre-vote from peers b1647b4d544449b1ad1fbe2cdc6321cb (127.29.52.65:45179), af28ccc1263649919bc8746d75432187 (127.29.52.68:37071)
I20260608 10:07:24.735430   698 tablet_service.cc:1917] Received RequestConsensusVote() RPC: tablet_id: "24e330ce59d945cdb824eb014ad2047c" candidate_uuid: "0a08f80fae534382b6a9096e4fa580fe" candidate_term: 1 candidate_status { last_received { term: 0 index: 0 } } ignore_live_leader: false dest_uuid: "af28ccc1263649919bc8746d75432187" is_pre_election: true
I20260608 10:07:24.736186   398 tablet_service.cc:1917] Received RequestConsensusVote() RPC: tablet_id: "24e330ce59d945cdb824eb014ad2047c" candidate_uuid: "0a08f80fae534382b6a9096e4fa580fe" candidate_term: 1 candidate_status { last_received { term: 0 index: 0 } } ignore_live_leader: false dest_uuid: "b1647b4d544449b1ad1fbe2cdc6321cb" is_pre_election: true
I20260608 10:07:24.737018   398 raft_consensus.cc:2393] T 24e330ce59d945cdb824eb014ad2047c P b1647b4d544449b1ad1fbe2cdc6321cb [term 1 FOLLOWER]: Leader pre-election vote request: Denying vote to candidate 0a08f80fae534382b6a9096e4fa580fe in current term 1: Already voted for candidate af28ccc1263649919bc8746d75432187 in this term.
I20260608 10:07:24.738035   751 consensus_queue.cc:1048] T 24e330ce59d945cdb824eb014ad2047c P af28ccc1263649919bc8746d75432187 [LEADER]: Connected to new peer: Peer: permanent_uuid: "b1647b4d544449b1ad1fbe2cdc6321cb" member_type: VOTER last_known_addr { host: "127.29.52.65" port: 45179 }, Status: LMP_MISMATCH, Last received: 0.0, Next index: 1, Last known committed idx: 0, Time since last communication: 0.000s
I20260608 10:07:24.738425   440 leader_election.cc:304] T 24e330ce59d945cdb824eb014ad2047c P 0a08f80fae534382b6a9096e4fa580fe [CANDIDATE]: Term 1 pre-election: Election decided. Result: candidate lost. Election summary: received 3 responses out of 3 voters: 1 yes votes; 2 no votes. yes voters: 0a08f80fae534382b6a9096e4fa580fe; no voters: af28ccc1263649919bc8746d75432187, b1647b4d544449b1ad1fbe2cdc6321cb
I20260608 10:07:24.739262   636 raft_consensus.cc:3060] T 24e330ce59d945cdb824eb014ad2047c P 0a08f80fae534382b6a9096e4fa580fe [term 0 FOLLOWER]: Advancing to term 1
I20260608 10:07:24.744663 32764 catalog_manager.cc:5696] T 7d0f6f2024604e77a9de6388dda8ecba P b1647b4d544449b1ad1fbe2cdc6321cb reported cstate change: term changed from 0 to 1, leader changed from <none> to b1647b4d544449b1ad1fbe2cdc6321cb (127.29.52.65). New cstate: current_term: 1 leader_uuid: "b1647b4d544449b1ad1fbe2cdc6321cb" committed_config { opid_index: -1 OBSOLETE_local: false peers { permanent_uuid: "b1647b4d544449b1ad1fbe2cdc6321cb" member_type: VOTER last_known_addr { host: "127.29.52.65" port: 45179 } health_report { overall_health: HEALTHY } } peers { permanent_uuid: "af28ccc1263649919bc8746d75432187" member_type: VOTER last_known_addr { host: "127.29.52.68" port: 37071 } health_report { overall_health: UNKNOWN } } peers { permanent_uuid: "0a08f80fae534382b6a9096e4fa580fe" member_type: VOTER last_known_addr { host: "127.29.52.66" port: 39411 } health_report { overall_health: UNKNOWN } } }
I20260608 10:07:24.753829   615 raft_consensus.cc:493] T 01fe183453ef4e7fbfdc4f2ec53c328a P a6101888fcf64284bf3a9d0317fc2a3b [term 0 FOLLOWER]: Starting pre-election (no leader contacted us within the election timeout)
I20260608 10:07:24.754395   615 raft_consensus.cc:515] T 01fe183453ef4e7fbfdc4f2ec53c328a P a6101888fcf64284bf3a9d0317fc2a3b [term 0 FOLLOWER]: Starting pre-election with config: opid_index: -1 OBSOLETE_local: false peers { permanent_uuid: "a6101888fcf64284bf3a9d0317fc2a3b" member_type: VOTER last_known_addr { host: "127.29.52.67" port: 45507 } } peers { permanent_uuid: "af28ccc1263649919bc8746d75432187" member_type: VOTER last_known_addr { host: "127.29.52.68" port: 37071 } } peers { permanent_uuid: "b1647b4d544449b1ad1fbe2cdc6321cb" member_type: VOTER last_known_addr { host: "127.29.52.65" port: 45179 } }
I20260608 10:07:24.758831   636 raft_consensus.cc:2749] T 24e330ce59d945cdb824eb014ad2047c P 0a08f80fae534382b6a9096e4fa580fe [term 1 FOLLOWER]: Leader pre-election lost for term 1. Reason: could not achieve majority
I20260608 10:07:24.759405   396 tablet_service.cc:1917] Received RequestConsensusVote() RPC: tablet_id: "01fe183453ef4e7fbfdc4f2ec53c328a" candidate_uuid: "a6101888fcf64284bf3a9d0317fc2a3b" candidate_term: 1 candidate_status { last_received { term: 0 index: 0 } } ignore_live_leader: false dest_uuid: "b1647b4d544449b1ad1fbe2cdc6321cb" is_pre_election: true
I20260608 10:07:24.759644   698 tablet_service.cc:1917] Received RequestConsensusVote() RPC: tablet_id: "01fe183453ef4e7fbfdc4f2ec53c328a" candidate_uuid: "a6101888fcf64284bf3a9d0317fc2a3b" candidate_term: 1 candidate_status { last_received { term: 0 index: 0 } } ignore_live_leader: false dest_uuid: "af28ccc1263649919bc8746d75432187" is_pre_election: true
I20260608 10:07:24.760018   396 raft_consensus.cc:2468] T 01fe183453ef4e7fbfdc4f2ec53c328a P b1647b4d544449b1ad1fbe2cdc6321cb [term 0 FOLLOWER]: Leader pre-election vote request: Granting yes vote for candidate a6101888fcf64284bf3a9d0317fc2a3b in term 0.
I20260608 10:07:24.760345   698 raft_consensus.cc:2468] T 01fe183453ef4e7fbfdc4f2ec53c328a P af28ccc1263649919bc8746d75432187 [term 0 FOLLOWER]: Leader pre-election vote request: Granting yes vote for candidate a6101888fcf64284bf3a9d0317fc2a3b in term 0.
I20260608 10:07:24.761575   514 leader_election.cc:304] T 01fe183453ef4e7fbfdc4f2ec53c328a P a6101888fcf64284bf3a9d0317fc2a3b [CANDIDATE]: Term 1 pre-election: Election decided. Result: candidate won. Election summary: received 2 responses out of 3 voters: 2 yes votes; 0 no votes. yes voters: a6101888fcf64284bf3a9d0317fc2a3b, b1647b4d544449b1ad1fbe2cdc6321cb; no voters: 
I20260608 10:07:24.762452   745 raft_consensus.cc:2804] T 01fe183453ef4e7fbfdc4f2ec53c328a P a6101888fcf64284bf3a9d0317fc2a3b [term 0 FOLLOWER]: Leader pre-election won for term 1
I20260608 10:07:24.762856   745 raft_consensus.cc:493] T 01fe183453ef4e7fbfdc4f2ec53c328a P a6101888fcf64284bf3a9d0317fc2a3b [term 0 FOLLOWER]: Starting leader election (no leader contacted us within the election timeout)
I20260608 10:07:24.763240   745 raft_consensus.cc:3060] T 01fe183453ef4e7fbfdc4f2ec53c328a P a6101888fcf64284bf3a9d0317fc2a3b [term 0 FOLLOWER]: Advancing to term 1
I20260608 10:07:24.770905   769 consensus_queue.cc:1048] T 59f9016652f6492e9c7434954f568cea P af28ccc1263649919bc8746d75432187 [LEADER]: Connected to new peer: Peer: permanent_uuid: "a6101888fcf64284bf3a9d0317fc2a3b" member_type: VOTER last_known_addr { host: "127.29.52.67" port: 45507 }, Status: LMP_MISMATCH, Last received: 0.0, Next index: 1, Last known committed idx: 0, Time since last communication: 0.000s
I20260608 10:07:24.771478   615 leader_election.cc:290] T 01fe183453ef4e7fbfdc4f2ec53c328a P a6101888fcf64284bf3a9d0317fc2a3b [CANDIDATE]: Term 1 pre-election: Requested pre-vote from peers af28ccc1263649919bc8746d75432187 (127.29.52.68:37071), b1647b4d544449b1ad1fbe2cdc6321cb (127.29.52.65:45179)
I20260608 10:07:24.771495   771 consensus_queue.cc:1048] T 24e330ce59d945cdb824eb014ad2047c P af28ccc1263649919bc8746d75432187 [LEADER]: Connected to new peer: Peer: permanent_uuid: "0a08f80fae534382b6a9096e4fa580fe" member_type: VOTER last_known_addr { host: "127.29.52.66" port: 39411 }, Status: LMP_MISMATCH, Last received: 0.0, Next index: 1, Last known committed idx: 0, Time since last communication: 0.001s
I20260608 10:07:24.770080   745 raft_consensus.cc:515] T 01fe183453ef4e7fbfdc4f2ec53c328a P a6101888fcf64284bf3a9d0317fc2a3b [term 1 FOLLOWER]: Starting leader election with config: opid_index: -1 OBSOLETE_local: false peers { permanent_uuid: "a6101888fcf64284bf3a9d0317fc2a3b" member_type: VOTER last_known_addr { host: "127.29.52.67" port: 45507 } } peers { permanent_uuid: "af28ccc1263649919bc8746d75432187" member_type: VOTER last_known_addr { host: "127.29.52.68" port: 37071 } } peers { permanent_uuid: "b1647b4d544449b1ad1fbe2cdc6321cb" member_type: VOTER last_known_addr { host: "127.29.52.65" port: 45179 } }
I20260608 10:07:24.774631   698 tablet_service.cc:1917] Received RequestConsensusVote() RPC: tablet_id: "01fe183453ef4e7fbfdc4f2ec53c328a" candidate_uuid: "a6101888fcf64284bf3a9d0317fc2a3b" candidate_term: 1 candidate_status { last_received { term: 0 index: 0 } } ignore_live_leader: false dest_uuid: "af28ccc1263649919bc8746d75432187"
I20260608 10:07:24.775300   698 raft_consensus.cc:3060] T 01fe183453ef4e7fbfdc4f2ec53c328a P af28ccc1263649919bc8746d75432187 [term 0 FOLLOWER]: Advancing to term 1
I20260608 10:07:24.777539   745 leader_election.cc:290] T 01fe183453ef4e7fbfdc4f2ec53c328a P a6101888fcf64284bf3a9d0317fc2a3b [CANDIDATE]: Term 1 election: Requested vote from peers af28ccc1263649919bc8746d75432187 (127.29.52.68:37071), b1647b4d544449b1ad1fbe2cdc6321cb (127.29.52.65:45179)
I20260608 10:07:24.778515   398 tablet_service.cc:1917] Received RequestConsensusVote() RPC: tablet_id: "01fe183453ef4e7fbfdc4f2ec53c328a" candidate_uuid: "a6101888fcf64284bf3a9d0317fc2a3b" candidate_term: 1 candidate_status { last_received { term: 0 index: 0 } } ignore_live_leader: false dest_uuid: "b1647b4d544449b1ad1fbe2cdc6321cb"
I20260608 10:07:24.779512   398 raft_consensus.cc:3060] T 01fe183453ef4e7fbfdc4f2ec53c328a P b1647b4d544449b1ad1fbe2cdc6321cb [term 0 FOLLOWER]: Advancing to term 1
I20260608 10:07:24.792773   398 raft_consensus.cc:2468] T 01fe183453ef4e7fbfdc4f2ec53c328a P b1647b4d544449b1ad1fbe2cdc6321cb [term 1 FOLLOWER]: Leader election vote request: Granting yes vote for candidate a6101888fcf64284bf3a9d0317fc2a3b in term 1.
I20260608 10:07:24.793991   514 leader_election.cc:304] T 01fe183453ef4e7fbfdc4f2ec53c328a P a6101888fcf64284bf3a9d0317fc2a3b [CANDIDATE]: Term 1 election: Election decided. Result: candidate won. Election summary: received 2 responses out of 3 voters: 2 yes votes; 0 no votes. yes voters: a6101888fcf64284bf3a9d0317fc2a3b, b1647b4d544449b1ad1fbe2cdc6321cb; no voters: 
I20260608 10:07:24.794726   698 raft_consensus.cc:2468] T 01fe183453ef4e7fbfdc4f2ec53c328a P af28ccc1263649919bc8746d75432187 [term 1 FOLLOWER]: Leader election vote request: Granting yes vote for candidate a6101888fcf64284bf3a9d0317fc2a3b in term 1.
I20260608 10:07:24.794960   745 raft_consensus.cc:2804] T 01fe183453ef4e7fbfdc4f2ec53c328a P a6101888fcf64284bf3a9d0317fc2a3b [term 1 FOLLOWER]: Leader election won for term 1
I20260608 10:07:24.795533   745 raft_consensus.cc:697] T 01fe183453ef4e7fbfdc4f2ec53c328a P a6101888fcf64284bf3a9d0317fc2a3b [term 1 LEADER]: Becoming Leader. State: Replica: a6101888fcf64284bf3a9d0317fc2a3b, State: Running, Role: LEADER
I20260608 10:07:24.796449   745 consensus_queue.cc:237] T 01fe183453ef4e7fbfdc4f2ec53c328a P a6101888fcf64284bf3a9d0317fc2a3b [LEADER]: Queue going to LEADER mode. State: All replicated index: 0, Majority replicated index: 0, Committed index: 0, Last appended: 0.0, Last appended by leader: 0, Current term: 1, Majority size: 2, State: 0, Mode: LEADER, active raft config: opid_index: -1 OBSOLETE_local: false peers { permanent_uuid: "a6101888fcf64284bf3a9d0317fc2a3b" member_type: VOTER last_known_addr { host: "127.29.52.67" port: 45507 } } peers { permanent_uuid: "af28ccc1263649919bc8746d75432187" member_type: VOTER last_known_addr { host: "127.29.52.68" port: 37071 } } peers { permanent_uuid: "b1647b4d544449b1ad1fbe2cdc6321cb" member_type: VOTER last_known_addr { host: "127.29.52.65" port: 45179 } }
I20260608 10:07:24.804924   769 consensus_queue.cc:1048] T 59f9016652f6492e9c7434954f568cea P af28ccc1263649919bc8746d75432187 [LEADER]: Connected to new peer: Peer: permanent_uuid: "0a08f80fae534382b6a9096e4fa580fe" member_type: VOTER last_known_addr { host: "127.29.52.66" port: 39411 }, Status: LMP_MISMATCH, Last received: 0.0, Next index: 1, Last known committed idx: 0, Time since last communication: 0.000s
I20260608 10:07:24.813236 32761 catalog_manager.cc:5696] T 01fe183453ef4e7fbfdc4f2ec53c328a P a6101888fcf64284bf3a9d0317fc2a3b reported cstate change: term changed from 0 to 1, leader changed from <none> to a6101888fcf64284bf3a9d0317fc2a3b (127.29.52.67). New cstate: current_term: 1 leader_uuid: "a6101888fcf64284bf3a9d0317fc2a3b" committed_config { opid_index: -1 OBSOLETE_local: false peers { permanent_uuid: "a6101888fcf64284bf3a9d0317fc2a3b" member_type: VOTER last_known_addr { host: "127.29.52.67" port: 45507 } health_report { overall_health: HEALTHY } } peers { permanent_uuid: "af28ccc1263649919bc8746d75432187" member_type: VOTER last_known_addr { host: "127.29.52.68" port: 37071 } health_report { overall_health: UNKNOWN } } peers { permanent_uuid: "b1647b4d544449b1ad1fbe2cdc6321cb" member_type: VOTER last_known_addr { host: "127.29.52.65" port: 45179 } health_report { overall_health: UNKNOWN } } }
I20260608 10:07:24.814162   350 auto_leader_rebalancer.cc:140] leader rebalance for table range_aware_rebalance_new_range
I20260608 10:07:24.818861   636 consensus_queue.cc:1048] T c389e85c22ea4b3999f3ec41c76a0536 P 0a08f80fae534382b6a9096e4fa580fe [LEADER]: Connected to new peer: Peer: permanent_uuid: "b1647b4d544449b1ad1fbe2cdc6321cb" member_type: VOTER last_known_addr { host: "127.29.52.65" port: 45179 }, Status: LMP_MISMATCH, Last received: 0.0, Next index: 1, Last known committed idx: 0, Time since last communication: 0.000s
I20260608 10:07:24.857434   636 consensus_queue.cc:1048] T c389e85c22ea4b3999f3ec41c76a0536 P 0a08f80fae534382b6a9096e4fa580fe [LEADER]: Connected to new peer: Peer: permanent_uuid: "af28ccc1263649919bc8746d75432187" member_type: VOTER last_known_addr { host: "127.29.52.68" port: 37071 }, Status: LMP_MISMATCH, Last received: 0.0, Next index: 1, Last known committed idx: 0, Time since last communication: 0.001s
I20260608 10:07:24.877029   546 tablet_service.cc:2072] Received LeaderStepDown RPC: tablet_id: "01fe183453ef4e7fbfdc4f2ec53c328a"
dest_uuid: "a6101888fcf64284bf3a9d0317fc2a3b"
mode: GRACEFUL
new_leader_uuid: "af28ccc1263649919bc8746d75432187"
 from {username='slave'} at 127.0.0.1:53506
I20260608 10:07:24.877840   546 raft_consensus.cc:606] T 01fe183453ef4e7fbfdc4f2ec53c328a P a6101888fcf64284bf3a9d0317fc2a3b [term 1 LEADER]: Received request to transfer leadership to TS af28ccc1263649919bc8746d75432187
I20260608 10:07:24.882051   546 tablet_service.cc:2072] Received LeaderStepDown RPC: tablet_id: "7443675dcaaa4c0e8e2437df9de29a57"
dest_uuid: "a6101888fcf64284bf3a9d0317fc2a3b"
mode: GRACEFUL
new_leader_uuid: "b1647b4d544449b1ad1fbe2cdc6321cb"
 from {username='slave'} at 127.0.0.1:53506
I20260608 10:07:24.882748   546 raft_consensus.cc:606] T 7443675dcaaa4c0e8e2437df9de29a57 P a6101888fcf64284bf3a9d0317fc2a3b [term 1 LEADER]: Received request to transfer leadership to TS b1647b4d544449b1ad1fbe2cdc6321cb
I20260608 10:07:24.883988   350 auto_leader_rebalancer.cc:388] table: range_aware_rebalance_new_range, leader rebalance finish, leader transfer count: 2
I20260608 10:07:24.884783   350 auto_leader_rebalancer.cc:451] All tables' leader rebalancing finished this round
I20260608 10:07:24.892536   546 consensus_queue.cc:237] T 99b92b0f7ed44245a5551989cdaf2939 P a6101888fcf64284bf3a9d0317fc2a3b [LEADER]: Queue going to LEADER mode. State: All replicated index: 0, Majority replicated index: 1, Committed index: 1, Last appended: 1.1, Last appended by leader: 0, Current term: 1, Majority size: 2, State: 0, Mode: LEADER, active raft config: opid_index: 2 OBSOLETE_local: false peers { permanent_uuid: "0a08f80fae534382b6a9096e4fa580fe" member_type: VOTER last_known_addr { host: "127.29.52.66" port: 39411 } } peers { permanent_uuid: "b1647b4d544449b1ad1fbe2cdc6321cb" member_type: VOTER last_known_addr { host: "127.29.52.65" port: 45179 } attrs { replace: true } } peers { permanent_uuid: "a6101888fcf64284bf3a9d0317fc2a3b" member_type: VOTER last_known_addr { host: "127.29.52.67" port: 45507 } } peers { permanent_uuid: "af28ccc1263649919bc8746d75432187" member_type: NON_VOTER last_known_addr { host: "127.29.52.68" port: 37071 } attrs { promote: true } }
W20260608 10:07:24.901183   514 consensus_peers.cc:597] T 99b92b0f7ed44245a5551989cdaf2939 P a6101888fcf64284bf3a9d0317fc2a3b -> Peer af28ccc1263649919bc8746d75432187 (127.29.52.68:37071): Couldn't send request to peer af28ccc1263649919bc8746d75432187. Error code: TABLET_NOT_FOUND (6). Status: Not found: Tablet not found: 99b92b0f7ed44245a5551989cdaf2939. This is attempt 1: this message will repeat every 5th retry.
I20260608 10:07:24.903013   398 raft_consensus.cc:1275] T 99b92b0f7ed44245a5551989cdaf2939 P b1647b4d544449b1ad1fbe2cdc6321cb [term 1 FOLLOWER]: Refusing update from remote peer a6101888fcf64284bf3a9d0317fc2a3b: Log matching property violated. Preceding OpId in replica: term: 1 index: 1. Preceding OpId from leader: term: 1 index: 2. (index mismatch)
I20260608 10:07:24.903960   474 raft_consensus.cc:1275] T 99b92b0f7ed44245a5551989cdaf2939 P 0a08f80fae534382b6a9096e4fa580fe [term 1 FOLLOWER]: Refusing update from remote peer a6101888fcf64284bf3a9d0317fc2a3b: Log matching property violated. Preceding OpId in replica: term: 1 index: 1. Preceding OpId from leader: term: 1 index: 2. (index mismatch)
I20260608 10:07:24.904321   809 consensus_queue.cc:1048] T 99b92b0f7ed44245a5551989cdaf2939 P a6101888fcf64284bf3a9d0317fc2a3b [LEADER]: Connected to new peer: Peer: permanent_uuid: "b1647b4d544449b1ad1fbe2cdc6321cb" member_type: VOTER last_known_addr { host: "127.29.52.65" port: 45179 } attrs { replace: true }, Status: LMP_MISMATCH, Last received: 0.0, Next index: 2, Last known committed idx: 1, Time since last communication: 0.000s
I20260608 10:07:24.905490   745 consensus_queue.cc:1048] T 99b92b0f7ed44245a5551989cdaf2939 P a6101888fcf64284bf3a9d0317fc2a3b [LEADER]: Connected to new peer: Peer: permanent_uuid: "0a08f80fae534382b6a9096e4fa580fe" member_type: VOTER last_known_addr { host: "127.29.52.66" port: 39411 }, Status: LMP_MISMATCH, Last received: 0.0, Next index: 2, Last known committed idx: 1, Time since last communication: 0.001s
I20260608 10:07:24.912938   809 raft_consensus.cc:2955] T 99b92b0f7ed44245a5551989cdaf2939 P a6101888fcf64284bf3a9d0317fc2a3b [term 1 LEADER]: Committing config change with OpId 1.2: config changed from index -1 to 2, NON_VOTER af28ccc1263649919bc8746d75432187 (127.29.52.68) added. New config: { opid_index: 2 OBSOLETE_local: false peers { permanent_uuid: "0a08f80fae534382b6a9096e4fa580fe" member_type: VOTER last_known_addr { host: "127.29.52.66" port: 39411 } } peers { permanent_uuid: "b1647b4d544449b1ad1fbe2cdc6321cb" member_type: VOTER last_known_addr { host: "127.29.52.65" port: 45179 } attrs { replace: true } } peers { permanent_uuid: "a6101888fcf64284bf3a9d0317fc2a3b" member_type: VOTER last_known_addr { host: "127.29.52.67" port: 45507 } } peers { permanent_uuid: "af28ccc1263649919bc8746d75432187" member_type: NON_VOTER last_known_addr { host: "127.29.52.68" port: 37071 } attrs { promote: true } } }
I20260608 10:07:24.915280   474 raft_consensus.cc:2955] T 99b92b0f7ed44245a5551989cdaf2939 P 0a08f80fae534382b6a9096e4fa580fe [term 1 FOLLOWER]: Committing config change with OpId 1.2: config changed from index -1 to 2, NON_VOTER af28ccc1263649919bc8746d75432187 (127.29.52.68) added. New config: { opid_index: 2 OBSOLETE_local: false peers { permanent_uuid: "0a08f80fae534382b6a9096e4fa580fe" member_type: VOTER last_known_addr { host: "127.29.52.66" port: 39411 } } peers { permanent_uuid: "b1647b4d544449b1ad1fbe2cdc6321cb" member_type: VOTER last_known_addr { host: "127.29.52.65" port: 45179 } attrs { replace: true } } peers { permanent_uuid: "a6101888fcf64284bf3a9d0317fc2a3b" member_type: VOTER last_known_addr { host: "127.29.52.67" port: 45507 } } peers { permanent_uuid: "af28ccc1263649919bc8746d75432187" member_type: NON_VOTER last_known_addr { host: "127.29.52.68" port: 37071 } attrs { promote: true } } }
I20260608 10:07:24.918579   398 raft_consensus.cc:2955] T 99b92b0f7ed44245a5551989cdaf2939 P b1647b4d544449b1ad1fbe2cdc6321cb [term 1 FOLLOWER]: Committing config change with OpId 1.2: config changed from index -1 to 2, NON_VOTER af28ccc1263649919bc8746d75432187 (127.29.52.68) added. New config: { opid_index: 2 OBSOLETE_local: false peers { permanent_uuid: "0a08f80fae534382b6a9096e4fa580fe" member_type: VOTER last_known_addr { host: "127.29.52.66" port: 39411 } } peers { permanent_uuid: "b1647b4d544449b1ad1fbe2cdc6321cb" member_type: VOTER last_known_addr { host: "127.29.52.65" port: 45179 } attrs { replace: true } } peers { permanent_uuid: "a6101888fcf64284bf3a9d0317fc2a3b" member_type: VOTER last_known_addr { host: "127.29.52.67" port: 45507 } } peers { permanent_uuid: "af28ccc1263649919bc8746d75432187" member_type: NON_VOTER last_known_addr { host: "127.29.52.68" port: 37071 } attrs { promote: true } } }
I20260608 10:07:24.936188 32764 catalog_manager.cc:5696] T 99b92b0f7ed44245a5551989cdaf2939 P 0a08f80fae534382b6a9096e4fa580fe reported cstate change: config changed from index -1 to 2, NON_VOTER af28ccc1263649919bc8746d75432187 (127.29.52.68) added. New cstate: current_term: 1 leader_uuid: "a6101888fcf64284bf3a9d0317fc2a3b" committed_config { opid_index: 2 OBSOLETE_local: false peers { permanent_uuid: "0a08f80fae534382b6a9096e4fa580fe" member_type: VOTER last_known_addr { host: "127.29.52.66" port: 39411 } } peers { permanent_uuid: "b1647b4d544449b1ad1fbe2cdc6321cb" member_type: VOTER last_known_addr { host: "127.29.52.65" port: 45179 } attrs { replace: true } } peers { permanent_uuid: "a6101888fcf64284bf3a9d0317fc2a3b" member_type: VOTER last_known_addr { host: "127.29.52.67" port: 45507 } } peers { permanent_uuid: "af28ccc1263649919bc8746d75432187" member_type: NON_VOTER last_known_addr { host: "127.29.52.68" port: 37071 } attrs { promote: true } } }
I20260608 10:07:24.969059   802 consensus_queue.cc:1048] T 4c138bb666634c1aac9a27d26e54a659 P 0a08f80fae534382b6a9096e4fa580fe [LEADER]: Connected to new peer: Peer: permanent_uuid: "af28ccc1263649919bc8746d75432187" member_type: VOTER last_known_addr { host: "127.29.52.68" port: 37071 }, Status: LMP_MISMATCH, Last received: 0.0, Next index: 1, Last known committed idx: 0, Time since last communication: 0.000s
I20260608 10:07:24.973265   398 consensus_queue.cc:237] T e25284282cea41b682a0d21d10a3ac47 P b1647b4d544449b1ad1fbe2cdc6321cb [LEADER]: Queue going to LEADER mode. State: All replicated index: 0, Majority replicated index: 1, Committed index: 1, Last appended: 1.1, Last appended by leader: 0, Current term: 1, Majority size: 2, State: 0, Mode: LEADER, active raft config: opid_index: 2 OBSOLETE_local: false peers { permanent_uuid: "b1647b4d544449b1ad1fbe2cdc6321cb" member_type: VOTER last_known_addr { host: "127.29.52.65" port: 45179 } } peers { permanent_uuid: "0a08f80fae534382b6a9096e4fa580fe" member_type: VOTER last_known_addr { host: "127.29.52.66" port: 39411 } attrs { replace: true } } peers { permanent_uuid: "a6101888fcf64284bf3a9d0317fc2a3b" member_type: VOTER last_known_addr { host: "127.29.52.67" port: 45507 } } peers { permanent_uuid: "af28ccc1263649919bc8746d75432187" member_type: NON_VOTER last_known_addr { host: "127.29.52.68" port: 37071 } attrs { promote: true } }
I20260608 10:07:24.981146   804 consensus_queue.cc:1048] T 4c138bb666634c1aac9a27d26e54a659 P 0a08f80fae534382b6a9096e4fa580fe [LEADER]: Connected to new peer: Peer: permanent_uuid: "a6101888fcf64284bf3a9d0317fc2a3b" member_type: VOTER last_known_addr { host: "127.29.52.67" port: 45507 }, Status: LMP_MISMATCH, Last received: 0.0, Next index: 1, Last known committed idx: 0, Time since last communication: 0.000s
W20260608 10:07:24.983958   365 consensus_peers.cc:597] T e25284282cea41b682a0d21d10a3ac47 P b1647b4d544449b1ad1fbe2cdc6321cb -> Peer af28ccc1263649919bc8746d75432187 (127.29.52.68:37071): Couldn't send request to peer af28ccc1263649919bc8746d75432187. Error code: TABLET_NOT_FOUND (6). Status: Not found: Tablet not found: e25284282cea41b682a0d21d10a3ac47. This is attempt 1: this message will repeat every 5th retry.
I20260608 10:07:24.987664   547 raft_consensus.cc:1275] T e25284282cea41b682a0d21d10a3ac47 P a6101888fcf64284bf3a9d0317fc2a3b [term 1 FOLLOWER]: Refusing update from remote peer b1647b4d544449b1ad1fbe2cdc6321cb: Log matching property violated. Preceding OpId in replica: term: 1 index: 1. Preceding OpId from leader: term: 1 index: 2. (index mismatch)
I20260608 10:07:24.989365   746 consensus_queue.cc:1048] T e25284282cea41b682a0d21d10a3ac47 P b1647b4d544449b1ad1fbe2cdc6321cb [LEADER]: Connected to new peer: Peer: permanent_uuid: "a6101888fcf64284bf3a9d0317fc2a3b" member_type: VOTER last_known_addr { host: "127.29.52.67" port: 45507 }, Status: LMP_MISMATCH, Last received: 0.0, Next index: 2, Last known committed idx: 1, Time since last communication: 0.000s
I20260608 10:07:24.990125   474 raft_consensus.cc:1275] T e25284282cea41b682a0d21d10a3ac47 P 0a08f80fae534382b6a9096e4fa580fe [term 1 FOLLOWER]: Refusing update from remote peer b1647b4d544449b1ad1fbe2cdc6321cb: Log matching property violated. Preceding OpId in replica: term: 1 index: 1. Preceding OpId from leader: term: 1 index: 2. (index mismatch)
I20260608 10:07:24.993781   746 consensus_queue.cc:1048] T e25284282cea41b682a0d21d10a3ac47 P b1647b4d544449b1ad1fbe2cdc6321cb [LEADER]: Connected to new peer: Peer: permanent_uuid: "0a08f80fae534382b6a9096e4fa580fe" member_type: VOTER last_known_addr { host: "127.29.52.66" port: 39411 } attrs { replace: true }, Status: LMP_MISMATCH, Last received: 0.0, Next index: 2, Last known committed idx: 1, Time since last communication: 0.000s
I20260608 10:07:25.003129   649 raft_consensus.cc:2955] T e25284282cea41b682a0d21d10a3ac47 P b1647b4d544449b1ad1fbe2cdc6321cb [term 1 LEADER]: Committing config change with OpId 1.2: config changed from index -1 to 2, NON_VOTER af28ccc1263649919bc8746d75432187 (127.29.52.68) added. New config: { opid_index: 2 OBSOLETE_local: false peers { permanent_uuid: "b1647b4d544449b1ad1fbe2cdc6321cb" member_type: VOTER last_known_addr { host: "127.29.52.65" port: 45179 } } peers { permanent_uuid: "0a08f80fae534382b6a9096e4fa580fe" member_type: VOTER last_known_addr { host: "127.29.52.66" port: 39411 } attrs { replace: true } } peers { permanent_uuid: "a6101888fcf64284bf3a9d0317fc2a3b" member_type: VOTER last_known_addr { host: "127.29.52.67" port: 45507 } } peers { permanent_uuid: "af28ccc1263649919bc8746d75432187" member_type: NON_VOTER last_known_addr { host: "127.29.52.68" port: 37071 } attrs { promote: true } } }
I20260608 10:07:25.005085   547 raft_consensus.cc:2955] T e25284282cea41b682a0d21d10a3ac47 P a6101888fcf64284bf3a9d0317fc2a3b [term 1 FOLLOWER]: Committing config change with OpId 1.2: config changed from index -1 to 2, NON_VOTER af28ccc1263649919bc8746d75432187 (127.29.52.68) added. New config: { opid_index: 2 OBSOLETE_local: false peers { permanent_uuid: "b1647b4d544449b1ad1fbe2cdc6321cb" member_type: VOTER last_known_addr { host: "127.29.52.65" port: 45179 } } peers { permanent_uuid: "0a08f80fae534382b6a9096e4fa580fe" member_type: VOTER last_known_addr { host: "127.29.52.66" port: 39411 } attrs { replace: true } } peers { permanent_uuid: "a6101888fcf64284bf3a9d0317fc2a3b" member_type: VOTER last_known_addr { host: "127.29.52.67" port: 45507 } } peers { permanent_uuid: "af28ccc1263649919bc8746d75432187" member_type: NON_VOTER last_known_addr { host: "127.29.52.68" port: 37071 } attrs { promote: true } } }
I20260608 10:07:25.006738   474 raft_consensus.cc:2955] T e25284282cea41b682a0d21d10a3ac47 P 0a08f80fae534382b6a9096e4fa580fe [term 1 FOLLOWER]: Committing config change with OpId 1.2: config changed from index -1 to 2, NON_VOTER af28ccc1263649919bc8746d75432187 (127.29.52.68) added. New config: { opid_index: 2 OBSOLETE_local: false peers { permanent_uuid: "b1647b4d544449b1ad1fbe2cdc6321cb" member_type: VOTER last_known_addr { host: "127.29.52.65" port: 45179 } } peers { permanent_uuid: "0a08f80fae534382b6a9096e4fa580fe" member_type: VOTER last_known_addr { host: "127.29.52.66" port: 39411 } attrs { replace: true } } peers { permanent_uuid: "a6101888fcf64284bf3a9d0317fc2a3b" member_type: VOTER last_known_addr { host: "127.29.52.67" port: 45507 } } peers { permanent_uuid: "af28ccc1263649919bc8746d75432187" member_type: NON_VOTER last_known_addr { host: "127.29.52.68" port: 37071 } attrs { promote: true } } }
I20260608 10:07:25.018597 32764 catalog_manager.cc:5696] T e25284282cea41b682a0d21d10a3ac47 P b1647b4d544449b1ad1fbe2cdc6321cb reported cstate change: config changed from index -1 to 2, NON_VOTER af28ccc1263649919bc8746d75432187 (127.29.52.68) added. New cstate: current_term: 1 leader_uuid: "b1647b4d544449b1ad1fbe2cdc6321cb" committed_config { opid_index: 2 OBSOLETE_local: false peers { permanent_uuid: "b1647b4d544449b1ad1fbe2cdc6321cb" member_type: VOTER last_known_addr { host: "127.29.52.65" port: 45179 } health_report { overall_health: HEALTHY } } peers { permanent_uuid: "0a08f80fae534382b6a9096e4fa580fe" member_type: VOTER last_known_addr { host: "127.29.52.66" port: 39411 } attrs { replace: true } health_report { overall_health: HEALTHY } } peers { permanent_uuid: "a6101888fcf64284bf3a9d0317fc2a3b" member_type: VOTER last_known_addr { host: "127.29.52.67" port: 45507 } health_report { overall_health: HEALTHY } } peers { permanent_uuid: "af28ccc1263649919bc8746d75432187" member_type: NON_VOTER last_known_addr { host: "127.29.52.68" port: 37071 } attrs { promote: true } health_report { overall_health: UNKNOWN } } }
I20260608 10:07:25.038034   474 consensus_queue.cc:237] T effc71aeb4bd477caece948515e3224d P 0a08f80fae534382b6a9096e4fa580fe [LEADER]: Queue going to LEADER mode. State: All replicated index: 0, Majority replicated index: 1, Committed index: 1, Last appended: 1.1, Last appended by leader: 0, Current term: 1, Majority size: 2, State: 0, Mode: LEADER, active raft config: opid_index: 2 OBSOLETE_local: false peers { permanent_uuid: "b1647b4d544449b1ad1fbe2cdc6321cb" member_type: VOTER last_known_addr { host: "127.29.52.65" port: 45179 } } peers { permanent_uuid: "0a08f80fae534382b6a9096e4fa580fe" member_type: VOTER last_known_addr { host: "127.29.52.66" port: 39411 } } peers { permanent_uuid: "a6101888fcf64284bf3a9d0317fc2a3b" member_type: VOTER last_known_addr { host: "127.29.52.67" port: 45507 } attrs { replace: true } } peers { permanent_uuid: "af28ccc1263649919bc8746d75432187" member_type: NON_VOTER last_known_addr { host: "127.29.52.68" port: 37071 } attrs { promote: true } }
I20260608 10:07:25.045758   398 raft_consensus.cc:1275] T effc71aeb4bd477caece948515e3224d P b1647b4d544449b1ad1fbe2cdc6321cb [term 1 FOLLOWER]: Refusing update from remote peer 0a08f80fae534382b6a9096e4fa580fe: Log matching property violated. Preceding OpId in replica: term: 1 index: 1. Preceding OpId from leader: term: 1 index: 2. (index mismatch)
I20260608 10:07:25.045796   547 raft_consensus.cc:1275] T effc71aeb4bd477caece948515e3224d P a6101888fcf64284bf3a9d0317fc2a3b [term 1 FOLLOWER]: Refusing update from remote peer 0a08f80fae534382b6a9096e4fa580fe: Log matching property violated. Preceding OpId in replica: term: 1 index: 1. Preceding OpId from leader: term: 1 index: 2. (index mismatch)
W20260608 10:07:25.046567   440 consensus_peers.cc:597] T effc71aeb4bd477caece948515e3224d P 0a08f80fae534382b6a9096e4fa580fe -> Peer af28ccc1263649919bc8746d75432187 (127.29.52.68:37071): Couldn't send request to peer af28ccc1263649919bc8746d75432187. Error code: TABLET_NOT_FOUND (6). Status: Not found: Tablet not found: effc71aeb4bd477caece948515e3224d. This is attempt 1: this message will repeat every 5th retry.
I20260608 10:07:25.047279   636 consensus_queue.cc:1048] T effc71aeb4bd477caece948515e3224d P 0a08f80fae534382b6a9096e4fa580fe [LEADER]: Connected to new peer: Peer: permanent_uuid: "a6101888fcf64284bf3a9d0317fc2a3b" member_type: VOTER last_known_addr { host: "127.29.52.67" port: 45507 } attrs { replace: true }, Status: LMP_MISMATCH, Last received: 0.0, Next index: 2, Last known committed idx: 1, Time since last communication: 0.000s
I20260608 10:07:25.048267   601 consensus_queue.cc:1048] T effc71aeb4bd477caece948515e3224d P 0a08f80fae534382b6a9096e4fa580fe [LEADER]: Connected to new peer: Peer: permanent_uuid: "b1647b4d544449b1ad1fbe2cdc6321cb" member_type: VOTER last_known_addr { host: "127.29.52.65" port: 45179 }, Status: LMP_MISMATCH, Last received: 0.0, Next index: 2, Last known committed idx: 1, Time since last communication: 0.000s
I20260608 10:07:25.056515   636 raft_consensus.cc:2955] T effc71aeb4bd477caece948515e3224d P 0a08f80fae534382b6a9096e4fa580fe [term 1 LEADER]: Committing config change with OpId 1.2: config changed from index -1 to 2, NON_VOTER af28ccc1263649919bc8746d75432187 (127.29.52.68) added. New config: { opid_index: 2 OBSOLETE_local: false peers { permanent_uuid: "b1647b4d544449b1ad1fbe2cdc6321cb" member_type: VOTER last_known_addr { host: "127.29.52.65" port: 45179 } } peers { permanent_uuid: "0a08f80fae534382b6a9096e4fa580fe" member_type: VOTER last_known_addr { host: "127.29.52.66" port: 39411 } } peers { permanent_uuid: "a6101888fcf64284bf3a9d0317fc2a3b" member_type: VOTER last_known_addr { host: "127.29.52.67" port: 45507 } attrs { replace: true } } peers { permanent_uuid: "af28ccc1263649919bc8746d75432187" member_type: NON_VOTER last_known_addr { host: "127.29.52.68" port: 37071 } attrs { promote: true } } }
I20260608 10:07:25.059130   547 raft_consensus.cc:2955] T effc71aeb4bd477caece948515e3224d P a6101888fcf64284bf3a9d0317fc2a3b [term 1 FOLLOWER]: Committing config change with OpId 1.2: config changed from index -1 to 2, NON_VOTER af28ccc1263649919bc8746d75432187 (127.29.52.68) added. New config: { opid_index: 2 OBSOLETE_local: false peers { permanent_uuid: "b1647b4d544449b1ad1fbe2cdc6321cb" member_type: VOTER last_known_addr { host: "127.29.52.65" port: 45179 } } peers { permanent_uuid: "0a08f80fae534382b6a9096e4fa580fe" member_type: VOTER last_known_addr { host: "127.29.52.66" port: 39411 } } peers { permanent_uuid: "a6101888fcf64284bf3a9d0317fc2a3b" member_type: VOTER last_known_addr { host: "127.29.52.67" port: 45507 } attrs { replace: true } } peers { permanent_uuid: "af28ccc1263649919bc8746d75432187" member_type: NON_VOTER last_known_addr { host: "127.29.52.68" port: 37071 } attrs { promote: true } } }
I20260608 10:07:25.061722   398 raft_consensus.cc:2955] T effc71aeb4bd477caece948515e3224d P b1647b4d544449b1ad1fbe2cdc6321cb [term 1 FOLLOWER]: Committing config change with OpId 1.2: config changed from index -1 to 2, NON_VOTER af28ccc1263649919bc8746d75432187 (127.29.52.68) added. New config: { opid_index: 2 OBSOLETE_local: false peers { permanent_uuid: "b1647b4d544449b1ad1fbe2cdc6321cb" member_type: VOTER last_known_addr { host: "127.29.52.65" port: 45179 } } peers { permanent_uuid: "0a08f80fae534382b6a9096e4fa580fe" member_type: VOTER last_known_addr { host: "127.29.52.66" port: 39411 } } peers { permanent_uuid: "a6101888fcf64284bf3a9d0317fc2a3b" member_type: VOTER last_known_addr { host: "127.29.52.67" port: 45507 } attrs { replace: true } } peers { permanent_uuid: "af28ccc1263649919bc8746d75432187" member_type: NON_VOTER last_known_addr { host: "127.29.52.68" port: 37071 } attrs { promote: true } } }
I20260608 10:07:25.073458 32765 catalog_manager.cc:5696] T effc71aeb4bd477caece948515e3224d P a6101888fcf64284bf3a9d0317fc2a3b reported cstate change: config changed from index -1 to 2, NON_VOTER af28ccc1263649919bc8746d75432187 (127.29.52.68) added. New cstate: current_term: 1 leader_uuid: "0a08f80fae534382b6a9096e4fa580fe" committed_config { opid_index: 2 OBSOLETE_local: false peers { permanent_uuid: "b1647b4d544449b1ad1fbe2cdc6321cb" member_type: VOTER last_known_addr { host: "127.29.52.65" port: 45179 } } peers { permanent_uuid: "0a08f80fae534382b6a9096e4fa580fe" member_type: VOTER last_known_addr { host: "127.29.52.66" port: 39411 } } peers { permanent_uuid: "a6101888fcf64284bf3a9d0317fc2a3b" member_type: VOTER last_known_addr { host: "127.29.52.67" port: 45507 } attrs { replace: true } } peers { permanent_uuid: "af28ccc1263649919bc8746d75432187" member_type: NON_VOTER last_known_addr { host: "127.29.52.68" port: 37071 } attrs { promote: true } } }
W20260608 10:07:25.077695   345 auto_rebalancer.cc:591] Failed to schedule move for tablet 7443675dcaaa4c0e8e2437df9de29a57: Remote error: Service unavailable: leader transfer in progress
I20260608 10:07:25.219383   649 consensus_queue.cc:1048] T a485826f50f2436ab7d08024d2264a69 P b1647b4d544449b1ad1fbe2cdc6321cb [LEADER]: Connected to new peer: Peer: permanent_uuid: "af28ccc1263649919bc8746d75432187" member_type: VOTER last_known_addr { host: "127.29.52.68" port: 37071 }, Status: LMP_MISMATCH, Last received: 0.0, Next index: 1, Last known committed idx: 0, Time since last communication: 0.000s
I20260608 10:07:25.230628   746 consensus_queue.cc:1048] T a485826f50f2436ab7d08024d2264a69 P b1647b4d544449b1ad1fbe2cdc6321cb [LEADER]: Connected to new peer: Peer: permanent_uuid: "a6101888fcf64284bf3a9d0317fc2a3b" member_type: VOTER last_known_addr { host: "127.29.52.67" port: 45507 }, Status: LMP_MISMATCH, Last received: 0.0, Next index: 1, Last known committed idx: 0, Time since last communication: 0.000s
I20260608 10:07:25.242151   746 consensus_queue.cc:1048] T 7d0f6f2024604e77a9de6388dda8ecba P b1647b4d544449b1ad1fbe2cdc6321cb [LEADER]: Connected to new peer: Peer: permanent_uuid: "0a08f80fae534382b6a9096e4fa580fe" member_type: VOTER last_known_addr { host: "127.29.52.66" port: 39411 }, Status: LMP_MISMATCH, Last received: 0.0, Next index: 1, Last known committed idx: 0, Time since last communication: 0.000s
I20260608 10:07:25.255484   746 consensus_queue.cc:1048] T 7d0f6f2024604e77a9de6388dda8ecba P b1647b4d544449b1ad1fbe2cdc6321cb [LEADER]: Connected to new peer: Peer: permanent_uuid: "af28ccc1263649919bc8746d75432187" member_type: VOTER last_known_addr { host: "127.29.52.68" port: 37071 }, Status: LMP_MISMATCH, Last received: 0.0, Next index: 1, Last known committed idx: 0, Time since last communication: 0.000s
I20260608 10:07:25.320375   812 consensus_queue.cc:1048] T 01fe183453ef4e7fbfdc4f2ec53c328a P a6101888fcf64284bf3a9d0317fc2a3b [LEADER]: Connected to new peer: Peer: permanent_uuid: "b1647b4d544449b1ad1fbe2cdc6321cb" member_type: VOTER last_known_addr { host: "127.29.52.65" port: 45179 }, Status: LMP_MISMATCH, Last received: 0.0, Next index: 1, Last known committed idx: 0, Time since last communication: 0.000s
I20260608 10:07:25.329772   809 consensus_queue.cc:1048] T 01fe183453ef4e7fbfdc4f2ec53c328a P a6101888fcf64284bf3a9d0317fc2a3b [LEADER]: Connected to new peer: Peer: permanent_uuid: "af28ccc1263649919bc8746d75432187" member_type: VOTER last_known_addr { host: "127.29.52.68" port: 37071 }, Status: LMP_MISMATCH, Last received: 0.0, Next index: 1, Last known committed idx: 0, Time since last communication: 0.000s
I20260608 10:07:25.351919   812 raft_consensus.cc:993] T 01fe183453ef4e7fbfdc4f2ec53c328a P a6101888fcf64284bf3a9d0317fc2a3b: : Instructing follower af28ccc1263649919bc8746d75432187 to start an election
I20260608 10:07:25.352412   812 raft_consensus.cc:1081] T 01fe183453ef4e7fbfdc4f2ec53c328a P a6101888fcf64284bf3a9d0317fc2a3b [term 1 LEADER]: Signalling peer af28ccc1263649919bc8746d75432187 to start an election
I20260608 10:07:25.358940   814 raft_consensus.cc:993] T 7443675dcaaa4c0e8e2437df9de29a57 P a6101888fcf64284bf3a9d0317fc2a3b: : Instructing follower b1647b4d544449b1ad1fbe2cdc6321cb to start an election
I20260608 10:07:25.359388   814 raft_consensus.cc:1081] T 7443675dcaaa4c0e8e2437df9de29a57 P a6101888fcf64284bf3a9d0317fc2a3b [term 1 LEADER]: Signalling peer b1647b4d544449b1ad1fbe2cdc6321cb to start an election
I20260608 10:07:25.361527   398 tablet_service.cc:2044] Received Run Leader Election RPC: tablet_id: "7443675dcaaa4c0e8e2437df9de29a57"
dest_uuid: "b1647b4d544449b1ad1fbe2cdc6321cb"
 from {username='slave'} at 127.0.0.1:57172
I20260608 10:07:25.361970   700 tablet_service.cc:2044] Received Run Leader Election RPC: tablet_id: "01fe183453ef4e7fbfdc4f2ec53c328a"
dest_uuid: "af28ccc1263649919bc8746d75432187"
 from {username='slave'} at 127.0.0.1:36928
I20260608 10:07:25.362196   398 raft_consensus.cc:493] T 7443675dcaaa4c0e8e2437df9de29a57 P b1647b4d544449b1ad1fbe2cdc6321cb [term 1 FOLLOWER]: Starting forced leader election (received explicit request)
I20260608 10:07:25.362529   700 raft_consensus.cc:493] T 01fe183453ef4e7fbfdc4f2ec53c328a P af28ccc1263649919bc8746d75432187 [term 1 FOLLOWER]: Starting forced leader election (received explicit request)
I20260608 10:07:25.362635   398 raft_consensus.cc:3060] T 7443675dcaaa4c0e8e2437df9de29a57 P b1647b4d544449b1ad1fbe2cdc6321cb [term 1 FOLLOWER]: Advancing to term 2
I20260608 10:07:25.363021   700 raft_consensus.cc:3060] T 01fe183453ef4e7fbfdc4f2ec53c328a P af28ccc1263649919bc8746d75432187 [term 1 FOLLOWER]: Advancing to term 2
I20260608 10:07:25.370977   700 raft_consensus.cc:515] T 01fe183453ef4e7fbfdc4f2ec53c328a P af28ccc1263649919bc8746d75432187 [term 2 FOLLOWER]: Starting forced leader election with config: opid_index: -1 OBSOLETE_local: false peers { permanent_uuid: "a6101888fcf64284bf3a9d0317fc2a3b" member_type: VOTER last_known_addr { host: "127.29.52.67" port: 45507 } } peers { permanent_uuid: "af28ccc1263649919bc8746d75432187" member_type: VOTER last_known_addr { host: "127.29.52.68" port: 37071 } } peers { permanent_uuid: "b1647b4d544449b1ad1fbe2cdc6321cb" member_type: VOTER last_known_addr { host: "127.29.52.65" port: 45179 } }
I20260608 10:07:25.373785   700 leader_election.cc:290] T 01fe183453ef4e7fbfdc4f2ec53c328a P af28ccc1263649919bc8746d75432187 [CANDIDATE]: Term 2 election: Requested vote from peers a6101888fcf64284bf3a9d0317fc2a3b (127.29.52.67:45507), b1647b4d544449b1ad1fbe2cdc6321cb (127.29.52.65:45179)
I20260608 10:07:25.374562   547 tablet_service.cc:1917] Received RequestConsensusVote() RPC: tablet_id: "01fe183453ef4e7fbfdc4f2ec53c328a" candidate_uuid: "af28ccc1263649919bc8746d75432187" candidate_term: 2 candidate_status { last_received { term: 1 index: 1 } } ignore_live_leader: true dest_uuid: "a6101888fcf64284bf3a9d0317fc2a3b"
I20260608 10:07:25.375219   547 raft_consensus.cc:3055] T 01fe183453ef4e7fbfdc4f2ec53c328a P a6101888fcf64284bf3a9d0317fc2a3b [term 1 LEADER]: Stepping down as leader of term 1
I20260608 10:07:25.375692   547 raft_consensus.cc:740] T 01fe183453ef4e7fbfdc4f2ec53c328a P a6101888fcf64284bf3a9d0317fc2a3b [term 1 LEADER]: Becoming Follower/Learner. State: Replica: a6101888fcf64284bf3a9d0317fc2a3b, State: Running, Role: LEADER
I20260608 10:07:25.376883   547 consensus_queue.cc:260] T 01fe183453ef4e7fbfdc4f2ec53c328a P a6101888fcf64284bf3a9d0317fc2a3b [NON_LEADER]: Queue going to NON_LEADER mode. State: All replicated index: 0, Majority replicated index: 1, Committed index: 1, Last appended: 1.1, Last appended by leader: 1, Current term: 1, Majority size: -1, State: 0, Mode: NON_LEADER, active raft config: opid_index: -1 OBSOLETE_local: false peers { permanent_uuid: "a6101888fcf64284bf3a9d0317fc2a3b" member_type: VOTER last_known_addr { host: "127.29.52.67" port: 45507 } } peers { permanent_uuid: "af28ccc1263649919bc8746d75432187" member_type: VOTER last_known_addr { host: "127.29.52.68" port: 37071 } } peers { permanent_uuid: "b1647b4d544449b1ad1fbe2cdc6321cb" member_type: VOTER last_known_addr { host: "127.29.52.65" port: 45179 } }
I20260608 10:07:25.378316   547 raft_consensus.cc:3060] T 01fe183453ef4e7fbfdc4f2ec53c328a P a6101888fcf64284bf3a9d0317fc2a3b [term 1 FOLLOWER]: Advancing to term 2
I20260608 10:07:25.379567   398 raft_consensus.cc:515] T 7443675dcaaa4c0e8e2437df9de29a57 P b1647b4d544449b1ad1fbe2cdc6321cb [term 2 FOLLOWER]: Starting forced leader election with config: opid_index: -1 OBSOLETE_local: false peers { permanent_uuid: "0a08f80fae534382b6a9096e4fa580fe" member_type: VOTER last_known_addr { host: "127.29.52.66" port: 39411 } } peers { permanent_uuid: "b1647b4d544449b1ad1fbe2cdc6321cb" member_type: VOTER last_known_addr { host: "127.29.52.65" port: 45179 } } peers { permanent_uuid: "a6101888fcf64284bf3a9d0317fc2a3b" member_type: VOTER last_known_addr { host: "127.29.52.67" port: 45507 } }
I20260608 10:07:25.382807   474 tablet_service.cc:1917] Received RequestConsensusVote() RPC: tablet_id: "7443675dcaaa4c0e8e2437df9de29a57" candidate_uuid: "b1647b4d544449b1ad1fbe2cdc6321cb" candidate_term: 2 candidate_status { last_received { term: 1 index: 1 } } ignore_live_leader: true dest_uuid: "0a08f80fae534382b6a9096e4fa580fe"
