I20260608 10:07:09.024664  1317 raft_consensus.cc:515] T c8cf916c6c2b4b499f92d453027b0401 P 9182d6d2a3ff42c5b368d66caeaf1458 [term 0 FOLLOWER]: Starting pre-election with config: opid_index: -1 OBSOLETE_local: false peers { permanent_uuid: "9182d6d2a3ff42c5b368d66caeaf1458" member_type: VOTER last_known_addr { host: "127.29.216.2" port: 43989 } } peers { permanent_uuid: "1cc2a1c76d9a4fa5843fdd5c2d29b361" member_type: VOTER last_known_addr { host: "127.29.216.3" port: 42773 } } peers { permanent_uuid: "055c04e5dc9647fca026551e8cbb729d" member_type: VOTER last_known_addr { host: "127.29.216.4" port: 36129 } }
I20260608 10:07:09.027254  1317 leader_election.cc:290] T c8cf916c6c2b4b499f92d453027b0401 P 9182d6d2a3ff42c5b368d66caeaf1458 [CANDIDATE]: Term 1 pre-election: Requested pre-vote from peers 1cc2a1c76d9a4fa5843fdd5c2d29b361 (127.29.216.3:42773), 055c04e5dc9647fca026551e8cbb729d (127.29.216.4:36129)
I20260608 10:07:09.027699  1420 raft_consensus.cc:3060] T 9237018674ed42e7ab9db8b4f206b35c P 055c04e5dc9647fca026551e8cbb729d [term 0 FOLLOWER]: Advancing to term 1
I20260608 10:07:09.028628  1256 tablet_service.cc:1917] Received RequestConsensusVote() RPC: tablet_id: "c8cf916c6c2b4b499f92d453027b0401" candidate_uuid: "9182d6d2a3ff42c5b368d66caeaf1458" candidate_term: 1 candidate_status { last_received { term: 0 index: 0 } } ignore_live_leader: false dest_uuid: "1cc2a1c76d9a4fa5843fdd5c2d29b361" is_pre_election: true
I20260608 10:07:09.028699  1419 tablet_service.cc:1917] Received RequestConsensusVote() RPC: tablet_id: "c8cf916c6c2b4b499f92d453027b0401" candidate_uuid: "9182d6d2a3ff42c5b368d66caeaf1458" candidate_term: 1 candidate_status { last_received { term: 0 index: 0 } } ignore_live_leader: false dest_uuid: "055c04e5dc9647fca026551e8cbb729d" is_pre_election: true
I20260608 10:07:09.029400  1256 raft_consensus.cc:2468] T c8cf916c6c2b4b499f92d453027b0401 P 1cc2a1c76d9a4fa5843fdd5c2d29b361 [term 0 FOLLOWER]: Leader pre-election vote request: Granting yes vote for candidate 9182d6d2a3ff42c5b368d66caeaf1458 in term 0.
I20260608 10:07:09.029539  1419 raft_consensus.cc:2468] T c8cf916c6c2b4b499f92d453027b0401 P 055c04e5dc9647fca026551e8cbb729d [term 0 FOLLOWER]: Leader pre-election vote request: Granting yes vote for candidate 9182d6d2a3ff42c5b368d66caeaf1458 in term 0.
I20260608 10:07:09.030506  1146 leader_election.cc:304] T c8cf916c6c2b4b499f92d453027b0401 P 9182d6d2a3ff42c5b368d66caeaf1458 [CANDIDATE]: Term 1 pre-election: Election decided. Result: candidate won. Election summary: received 2 responses out of 3 voters: 2 yes votes; 0 no votes. yes voters: 1cc2a1c76d9a4fa5843fdd5c2d29b361, 9182d6d2a3ff42c5b368d66caeaf1458; no voters: 
I20260608 10:07:09.031325  1352 raft_consensus.cc:2804] T c8cf916c6c2b4b499f92d453027b0401 P 9182d6d2a3ff42c5b368d66caeaf1458 [term 0 FOLLOWER]: Leader pre-election won for term 1
I20260608 10:07:09.031728  1352 raft_consensus.cc:493] T c8cf916c6c2b4b499f92d453027b0401 P 9182d6d2a3ff42c5b368d66caeaf1458 [term 0 FOLLOWER]: Starting leader election (no leader contacted us within the election timeout)
I20260608 10:07:09.032060  1352 raft_consensus.cc:3060] T c8cf916c6c2b4b499f92d453027b0401 P 9182d6d2a3ff42c5b368d66caeaf1458 [term 0 FOLLOWER]: Advancing to term 1
I20260608 10:07:09.034915  1317 consensus_queue.cc:1048] T 9237018674ed42e7ab9db8b4f206b35c P 9182d6d2a3ff42c5b368d66caeaf1458 [LEADER]: Connected to new peer: Peer: permanent_uuid: "055c04e5dc9647fca026551e8cbb729d" member_type: VOTER last_known_addr { host: "127.29.216.4" port: 36129 }, Status: LMP_MISMATCH, Last received: 0.0, Next index: 1, Last known committed idx: 0, Time since last communication: 0.000s
I20260608 10:07:09.038050  1352 raft_consensus.cc:515] T c8cf916c6c2b4b499f92d453027b0401 P 9182d6d2a3ff42c5b368d66caeaf1458 [term 1 FOLLOWER]: Starting leader election with config: opid_index: -1 OBSOLETE_local: false peers { permanent_uuid: "9182d6d2a3ff42c5b368d66caeaf1458" member_type: VOTER last_known_addr { host: "127.29.216.2" port: 43989 } } peers { permanent_uuid: "1cc2a1c76d9a4fa5843fdd5c2d29b361" member_type: VOTER last_known_addr { host: "127.29.216.3" port: 42773 } } peers { permanent_uuid: "055c04e5dc9647fca026551e8cbb729d" member_type: VOTER last_known_addr { host: "127.29.216.4" port: 36129 } }
I20260608 10:07:09.040412  1352 leader_election.cc:290] T c8cf916c6c2b4b499f92d453027b0401 P 9182d6d2a3ff42c5b368d66caeaf1458 [CANDIDATE]: Term 1 election: Requested vote from peers 1cc2a1c76d9a4fa5843fdd5c2d29b361 (127.29.216.3:42773), 055c04e5dc9647fca026551e8cbb729d (127.29.216.4:36129)
I20260608 10:07:09.041682  1256 tablet_service.cc:1917] Received RequestConsensusVote() RPC: tablet_id: "c8cf916c6c2b4b499f92d453027b0401" candidate_uuid: "9182d6d2a3ff42c5b368d66caeaf1458" candidate_term: 1 candidate_status { last_received { term: 0 index: 0 } } ignore_live_leader: false dest_uuid: "1cc2a1c76d9a4fa5843fdd5c2d29b361"
I20260608 10:07:09.042156  1419 tablet_service.cc:1917] Received RequestConsensusVote() RPC: tablet_id: "c8cf916c6c2b4b499f92d453027b0401" candidate_uuid: "9182d6d2a3ff42c5b368d66caeaf1458" candidate_term: 1 candidate_status { last_received { term: 0 index: 0 } } ignore_live_leader: false dest_uuid: "055c04e5dc9647fca026551e8cbb729d"
I20260608 10:07:09.042948  1256 raft_consensus.cc:3060] T c8cf916c6c2b4b499f92d453027b0401 P 1cc2a1c76d9a4fa5843fdd5c2d29b361 [term 0 FOLLOWER]: Advancing to term 1
I20260608 10:07:09.043290  1419 raft_consensus.cc:3060] T c8cf916c6c2b4b499f92d453027b0401 P 055c04e5dc9647fca026551e8cbb729d [term 0 FOLLOWER]: Advancing to term 1
I20260608 10:07:09.050450  1419 raft_consensus.cc:2468] T c8cf916c6c2b4b499f92d453027b0401 P 055c04e5dc9647fca026551e8cbb729d [term 1 FOLLOWER]: Leader election vote request: Granting yes vote for candidate 9182d6d2a3ff42c5b368d66caeaf1458 in term 1.
I20260608 10:07:09.051806  1146 leader_election.cc:304] T c8cf916c6c2b4b499f92d453027b0401 P 9182d6d2a3ff42c5b368d66caeaf1458 [CANDIDATE]: Term 1 election: Election decided. Result: candidate won. Election summary: received 2 responses out of 3 voters: 2 yes votes; 0 no votes. yes voters: 055c04e5dc9647fca026551e8cbb729d, 9182d6d2a3ff42c5b368d66caeaf1458; no voters: 
I20260608 10:07:09.052871  1317 raft_consensus.cc:2804] T c8cf916c6c2b4b499f92d453027b0401 P 9182d6d2a3ff42c5b368d66caeaf1458 [term 1 FOLLOWER]: Leader election won for term 1
I20260608 10:07:09.053421  1317 raft_consensus.cc:697] T c8cf916c6c2b4b499f92d453027b0401 P 9182d6d2a3ff42c5b368d66caeaf1458 [term 1 LEADER]: Becoming Leader. State: Replica: 9182d6d2a3ff42c5b368d66caeaf1458, State: Running, Role: LEADER
I20260608 10:07:09.054155  1412 consensus_queue.cc:1048] T 9237018674ed42e7ab9db8b4f206b35c P 9182d6d2a3ff42c5b368d66caeaf1458 [LEADER]: Connected to new peer: Peer: permanent_uuid: "3ee1f47652c64f7c9e0d53bfa80c88bc" member_type: VOTER last_known_addr { host: "127.29.216.1" port: 36659 }, Status: LMP_MISMATCH, Last received: 0.0, Next index: 1, Last known committed idx: 0, Time since last communication: 0.000s
I20260608 10:07:09.054355  1317 consensus_queue.cc:237] T c8cf916c6c2b4b499f92d453027b0401 P 9182d6d2a3ff42c5b368d66caeaf1458 [LEADER]: Queue going to LEADER mode. State: All replicated index: 0, Majority replicated index: 0, Committed index: 0, Last appended: 0.0, Last appended by leader: 0, Current term: 1, Majority size: 2, State: 0, Mode: LEADER, active raft config: opid_index: -1 OBSOLETE_local: false peers { permanent_uuid: "9182d6d2a3ff42c5b368d66caeaf1458" member_type: VOTER last_known_addr { host: "127.29.216.2" port: 43989 } } peers { permanent_uuid: "1cc2a1c76d9a4fa5843fdd5c2d29b361" member_type: VOTER last_known_addr { host: "127.29.216.3" port: 42773 } } peers { permanent_uuid: "055c04e5dc9647fca026551e8cbb729d" member_type: VOTER last_known_addr { host: "127.29.216.4" port: 36129 } }
I20260608 10:07:09.062016  1256 raft_consensus.cc:2468] T c8cf916c6c2b4b499f92d453027b0401 P 1cc2a1c76d9a4fa5843fdd5c2d29b361 [term 1 FOLLOWER]: Leader election vote request: Granting yes vote for candidate 9182d6d2a3ff42c5b368d66caeaf1458 in term 1.
I20260608 10:07:09.073004  1003 catalog_manager.cc:5696] T c8cf916c6c2b4b499f92d453027b0401 P 9182d6d2a3ff42c5b368d66caeaf1458 reported cstate change: term changed from 0 to 1, leader changed from <none> to 9182d6d2a3ff42c5b368d66caeaf1458 (127.29.216.2). New cstate: current_term: 1 leader_uuid: "9182d6d2a3ff42c5b368d66caeaf1458" committed_config { opid_index: -1 OBSOLETE_local: false peers { permanent_uuid: "9182d6d2a3ff42c5b368d66caeaf1458" member_type: VOTER last_known_addr { host: "127.29.216.2" port: 43989 } health_report { overall_health: HEALTHY } } peers { permanent_uuid: "1cc2a1c76d9a4fa5843fdd5c2d29b361" member_type: VOTER last_known_addr { host: "127.29.216.3" port: 42773 } health_report { overall_health: UNKNOWN } } peers { permanent_uuid: "055c04e5dc9647fca026551e8cbb729d" member_type: VOTER last_known_addr { host: "127.29.216.4" port: 36129 } health_report { overall_health: UNKNOWN } } }
I20260608 10:07:09.191548  1486 consensus_queue.cc:1048] T 6bdd0ac50bfc4acdbd32346a436c76fa P 055c04e5dc9647fca026551e8cbb729d [LEADER]: Connected to new peer: Peer: permanent_uuid: "1cc2a1c76d9a4fa5843fdd5c2d29b361" member_type: VOTER last_known_addr { host: "127.29.216.3" port: 42773 }, Status: LMP_MISMATCH, Last received: 0.0, Next index: 1, Last known committed idx: 0, Time since last communication: 0.000s
I20260608 10:07:09.205749  1512 consensus_queue.cc:1048] T 6bdd0ac50bfc4acdbd32346a436c76fa P 055c04e5dc9647fca026551e8cbb729d [LEADER]: Connected to new peer: Peer: permanent_uuid: "3ee1f47652c64f7c9e0d53bfa80c88bc" member_type: VOTER last_known_addr { host: "127.29.216.1" port: 36659 }, Status: LMP_MISMATCH, Last received: 0.0, Next index: 1, Last known committed idx: 0, Time since last communication: 0.000s
I20260608 10:07:09.211606  1486 raft_consensus.cc:493] T 0528e3c4ee444a14b086a37e0fbd58f9 P 055c04e5dc9647fca026551e8cbb729d [term 0 FOLLOWER]: Starting pre-election (no leader contacted us within the election timeout)
I20260608 10:07:09.212136  1486 raft_consensus.cc:515] T 0528e3c4ee444a14b086a37e0fbd58f9 P 055c04e5dc9647fca026551e8cbb729d [term 0 FOLLOWER]: Starting pre-election with config: opid_index: -1 OBSOLETE_local: false peers { permanent_uuid: "055c04e5dc9647fca026551e8cbb729d" member_type: VOTER last_known_addr { host: "127.29.216.4" port: 36129 } } peers { permanent_uuid: "1cc2a1c76d9a4fa5843fdd5c2d29b361" member_type: VOTER last_known_addr { host: "127.29.216.3" port: 42773 } } peers { permanent_uuid: "3ee1f47652c64f7c9e0d53bfa80c88bc" member_type: VOTER last_known_addr { host: "127.29.216.1" port: 36659 } }
I20260608 10:07:09.214845  1486 leader_election.cc:290] T 0528e3c4ee444a14b086a37e0fbd58f9 P 055c04e5dc9647fca026551e8cbb729d [CANDIDATE]: Term 1 pre-election: Requested pre-vote from peers 1cc2a1c76d9a4fa5843fdd5c2d29b361 (127.29.216.3:42773), 3ee1f47652c64f7c9e0d53bfa80c88bc (127.29.216.1:36659)
I20260608 10:07:09.216538  1105 tablet_service.cc:1917] Received RequestConsensusVote() RPC: tablet_id: "0528e3c4ee444a14b086a37e0fbd58f9" candidate_uuid: "055c04e5dc9647fca026551e8cbb729d" candidate_term: 1 candidate_status { last_received { term: 0 index: 0 } } ignore_live_leader: false dest_uuid: "3ee1f47652c64f7c9e0d53bfa80c88bc" is_pre_election: true
I20260608 10:07:09.216375  1256 tablet_service.cc:1917] Received RequestConsensusVote() RPC: tablet_id: "0528e3c4ee444a14b086a37e0fbd58f9" candidate_uuid: "055c04e5dc9647fca026551e8cbb729d" candidate_term: 1 candidate_status { last_received { term: 0 index: 0 } } ignore_live_leader: false dest_uuid: "1cc2a1c76d9a4fa5843fdd5c2d29b361" is_pre_election: true
I20260608 10:07:09.218386  1256 raft_consensus.cc:2393] T 0528e3c4ee444a14b086a37e0fbd58f9 P 1cc2a1c76d9a4fa5843fdd5c2d29b361 [term 1 FOLLOWER]: Leader pre-election vote request: Denying vote to candidate 055c04e5dc9647fca026551e8cbb729d in current term 1: Already voted for candidate 3ee1f47652c64f7c9e0d53bfa80c88bc in this term.
I20260608 10:07:09.219383  1372 consensus_queue.cc:1048] T edfc68ef8a6845c8a37a14e622cd56b0 P 3ee1f47652c64f7c9e0d53bfa80c88bc [LEADER]: Connected to new peer: Peer: permanent_uuid: "9182d6d2a3ff42c5b368d66caeaf1458" member_type: VOTER last_known_addr { host: "127.29.216.2" port: 43989 }, Status: LMP_MISMATCH, Last received: 0.0, Next index: 1, Last known committed idx: 0, Time since last communication: 0.000s
I20260608 10:07:09.219621  1379 leader_election.cc:304] T 0528e3c4ee444a14b086a37e0fbd58f9 P 055c04e5dc9647fca026551e8cbb729d [CANDIDATE]: Term 1 pre-election: Election decided. Result: candidate lost. Election summary: received 3 responses out of 3 voters: 1 yes votes; 2 no votes. yes voters: 055c04e5dc9647fca026551e8cbb729d; no voters: 1cc2a1c76d9a4fa5843fdd5c2d29b361, 3ee1f47652c64f7c9e0d53bfa80c88bc
I20260608 10:07:09.220816  1512 raft_consensus.cc:3060] T 0528e3c4ee444a14b086a37e0fbd58f9 P 055c04e5dc9647fca026551e8cbb729d [term 0 FOLLOWER]: Advancing to term 1
I20260608 10:07:09.227788  1512 raft_consensus.cc:2749] T 0528e3c4ee444a14b086a37e0fbd58f9 P 055c04e5dc9647fca026551e8cbb729d [term 1 FOLLOWER]: Leader pre-election lost for term 1. Reason: could not achieve majority
I20260608 10:07:09.234066  1372 consensus_queue.cc:1048] T edfc68ef8a6845c8a37a14e622cd56b0 P 3ee1f47652c64f7c9e0d53bfa80c88bc [LEADER]: Connected to new peer: Peer: permanent_uuid: "055c04e5dc9647fca026551e8cbb729d" member_type: VOTER last_known_addr { host: "127.29.216.4" port: 36129 }, Status: LMP_MISMATCH, Last received: 0.0, Next index: 1, Last known committed idx: 0, Time since last communication: 0.000s
I20260608 10:07:09.258113  1372 consensus_queue.cc:1048] T 674ec25c34fd48179c9aebea0292dacf P 3ee1f47652c64f7c9e0d53bfa80c88bc [LEADER]: Connected to new peer: Peer: permanent_uuid: "055c04e5dc9647fca026551e8cbb729d" member_type: VOTER last_known_addr { host: "127.29.216.4" port: 36129 }, Status: LMP_MISMATCH, Last received: 0.0, Next index: 1, Last known committed idx: 0, Time since last communication: 0.000s
I20260608 10:07:09.269919  1340 consensus_queue.cc:1048] T 674ec25c34fd48179c9aebea0292dacf P 3ee1f47652c64f7c9e0d53bfa80c88bc [LEADER]: Connected to new peer: Peer: permanent_uuid: "9182d6d2a3ff42c5b368d66caeaf1458" member_type: VOTER last_known_addr { host: "127.29.216.2" port: 43989 }, Status: LMP_MISMATCH, Last received: 0.0, Next index: 1, Last known committed idx: 0, Time since last communication: 0.000s
I20260608 10:07:09.290550  1310 consensus_queue.cc:1048] T 0528e3c4ee444a14b086a37e0fbd58f9 P 3ee1f47652c64f7c9e0d53bfa80c88bc [LEADER]: Connected to new peer: Peer: permanent_uuid: "1cc2a1c76d9a4fa5843fdd5c2d29b361" member_type: VOTER last_known_addr { host: "127.29.216.3" port: 42773 }, Status: LMP_MISMATCH, Last received: 0.0, Next index: 1, Last known committed idx: 0, Time since last communication: 0.000s
I20260608 10:07:09.304750  1340 consensus_queue.cc:1048] T 0528e3c4ee444a14b086a37e0fbd58f9 P 3ee1f47652c64f7c9e0d53bfa80c88bc [LEADER]: Connected to new peer: Peer: permanent_uuid: "055c04e5dc9647fca026551e8cbb729d" member_type: VOTER last_known_addr { host: "127.29.216.4" port: 36129 }, Status: LMP_MISMATCH, Last received: 0.0, Next index: 1, Last known committed idx: 0, Time since last communication: 0.000s
I20260608 10:07:09.337036  1332 consensus_queue.cc:1048] T e3b4b11b07454027b0e24f2bbf6608b2 P 1cc2a1c76d9a4fa5843fdd5c2d29b361 [LEADER]: Connected to new peer: Peer: permanent_uuid: "3ee1f47652c64f7c9e0d53bfa80c88bc" member_type: VOTER last_known_addr { host: "127.29.216.1" port: 36659 }, Status: LMP_MISMATCH, Last received: 0.0, Next index: 1, Last known committed idx: 0, Time since last communication: 0.000s
I20260608 10:07:09.350509  1331 consensus_queue.cc:1048] T e3b4b11b07454027b0e24f2bbf6608b2 P 1cc2a1c76d9a4fa5843fdd5c2d29b361 [LEADER]: Connected to new peer: Peer: permanent_uuid: "055c04e5dc9647fca026551e8cbb729d" member_type: VOTER last_known_addr { host: "127.29.216.4" port: 36129 }, Status: LMP_MISMATCH, Last received: 0.0, Next index: 1, Last known committed idx: 0, Time since last communication: 0.000s
I20260608 10:07:09.496402  1317 consensus_queue.cc:1048] T c8cf916c6c2b4b499f92d453027b0401 P 9182d6d2a3ff42c5b368d66caeaf1458 [LEADER]: Connected to new peer: Peer: permanent_uuid: "055c04e5dc9647fca026551e8cbb729d" member_type: VOTER last_known_addr { host: "127.29.216.4" port: 36129 }, Status: LMP_MISMATCH, Last received: 0.0, Next index: 1, Last known committed idx: 0, Time since last communication: 0.000s
I20260608 10:07:09.509821  1352 consensus_queue.cc:1048] T c8cf916c6c2b4b499f92d453027b0401 P 9182d6d2a3ff42c5b368d66caeaf1458 [LEADER]: Connected to new peer: Peer: permanent_uuid: "1cc2a1c76d9a4fa5843fdd5c2d29b361" member_type: VOTER last_known_addr { host: "127.29.216.3" port: 42773 }, Status: LMP_MISMATCH, Last received: 0.0, Next index: 1, Last known committed idx: 0, Time since last communication: 0.000s
I20260608 10:07:09.944676  1181 consensus_queue.cc:237] T 64c5e31d71cc478fb1a158f49e7c45b5 P 9182d6d2a3ff42c5b368d66caeaf1458 [LEADER]: Queue going to LEADER mode. State: All replicated index: 0, Majority replicated index: 1, Committed index: 1, Last appended: 1.1, Last appended by leader: 0, Current term: 1, Majority size: 2, State: 0, Mode: LEADER, active raft config: opid_index: 2 OBSOLETE_local: false peers { permanent_uuid: "3ee1f47652c64f7c9e0d53bfa80c88bc" member_type: VOTER last_known_addr { host: "127.29.216.1" port: 36659 } attrs { replace: true } } peers { permanent_uuid: "9182d6d2a3ff42c5b368d66caeaf1458" member_type: VOTER last_known_addr { host: "127.29.216.2" port: 43989 } } peers { permanent_uuid: "1cc2a1c76d9a4fa5843fdd5c2d29b361" member_type: VOTER last_known_addr { host: "127.29.216.3" port: 42773 } } peers { permanent_uuid: "055c04e5dc9647fca026551e8cbb729d" member_type: NON_VOTER last_known_addr { host: "127.29.216.4" port: 36129 } attrs { promote: true } }
I20260608 10:07:09.952620  1256 raft_consensus.cc:1275] T 64c5e31d71cc478fb1a158f49e7c45b5 P 1cc2a1c76d9a4fa5843fdd5c2d29b361 [term 1 FOLLOWER]: Refusing update from remote peer 9182d6d2a3ff42c5b368d66caeaf1458: Log matching property violated. Preceding OpId in replica: term: 1 index: 1. Preceding OpId from leader: term: 1 index: 2. (index mismatch)
W20260608 10:07:09.953217  1146 consensus_peers.cc:597] T 64c5e31d71cc478fb1a158f49e7c45b5 P 9182d6d2a3ff42c5b368d66caeaf1458 -> Peer 055c04e5dc9647fca026551e8cbb729d (127.29.216.4:36129): Couldn't send request to peer 055c04e5dc9647fca026551e8cbb729d. Error code: TABLET_NOT_FOUND (6). Status: Not found: Tablet not found: 64c5e31d71cc478fb1a158f49e7c45b5. This is attempt 1: this message will repeat every 5th retry.
I20260608 10:07:09.952620  1107 raft_consensus.cc:1275] T 64c5e31d71cc478fb1a158f49e7c45b5 P 3ee1f47652c64f7c9e0d53bfa80c88bc [term 1 FOLLOWER]: Refusing update from remote peer 9182d6d2a3ff42c5b368d66caeaf1458: Log matching property violated. Preceding OpId in replica: term: 1 index: 1. Preceding OpId from leader: term: 1 index: 2. (index mismatch)
I20260608 10:07:09.954386  1317 consensus_queue.cc:1048] T 64c5e31d71cc478fb1a158f49e7c45b5 P 9182d6d2a3ff42c5b368d66caeaf1458 [LEADER]: Connected to new peer: Peer: permanent_uuid: "1cc2a1c76d9a4fa5843fdd5c2d29b361" member_type: VOTER last_known_addr { host: "127.29.216.3" port: 42773 }, Status: LMP_MISMATCH, Last received: 0.0, Next index: 2, Last known committed idx: 1, Time since last communication: 0.000s
I20260608 10:07:09.955468  1352 consensus_queue.cc:1048] T 64c5e31d71cc478fb1a158f49e7c45b5 P 9182d6d2a3ff42c5b368d66caeaf1458 [LEADER]: Connected to new peer: Peer: permanent_uuid: "3ee1f47652c64f7c9e0d53bfa80c88bc" member_type: VOTER last_known_addr { host: "127.29.216.1" port: 36659 } attrs { replace: true }, Status: LMP_MISMATCH, Last received: 0.0, Next index: 2, Last known committed idx: 1, Time since last communication: 0.000s
I20260608 10:07:09.964493  1317 raft_consensus.cc:2955] T 64c5e31d71cc478fb1a158f49e7c45b5 P 9182d6d2a3ff42c5b368d66caeaf1458 [term 1 LEADER]: Committing config change with OpId 1.2: config changed from index -1 to 2, NON_VOTER 055c04e5dc9647fca026551e8cbb729d (127.29.216.4) added. New config: { opid_index: 2 OBSOLETE_local: false peers { permanent_uuid: "3ee1f47652c64f7c9e0d53bfa80c88bc" member_type: VOTER last_known_addr { host: "127.29.216.1" port: 36659 } attrs { replace: true } } peers { permanent_uuid: "9182d6d2a3ff42c5b368d66caeaf1458" member_type: VOTER last_known_addr { host: "127.29.216.2" port: 43989 } } peers { permanent_uuid: "1cc2a1c76d9a4fa5843fdd5c2d29b361" member_type: VOTER last_known_addr { host: "127.29.216.3" port: 42773 } } peers { permanent_uuid: "055c04e5dc9647fca026551e8cbb729d" member_type: NON_VOTER last_known_addr { host: "127.29.216.4" port: 36129 } attrs { promote: true } } }
I20260608 10:07:09.967975  1105 raft_consensus.cc:2955] T 64c5e31d71cc478fb1a158f49e7c45b5 P 3ee1f47652c64f7c9e0d53bfa80c88bc [term 1 FOLLOWER]: Committing config change with OpId 1.2: config changed from index -1 to 2, NON_VOTER 055c04e5dc9647fca026551e8cbb729d (127.29.216.4) added. New config: { opid_index: 2 OBSOLETE_local: false peers { permanent_uuid: "3ee1f47652c64f7c9e0d53bfa80c88bc" member_type: VOTER last_known_addr { host: "127.29.216.1" port: 36659 } attrs { replace: true } } peers { permanent_uuid: "9182d6d2a3ff42c5b368d66caeaf1458" member_type: VOTER last_known_addr { host: "127.29.216.2" port: 43989 } } peers { permanent_uuid: "1cc2a1c76d9a4fa5843fdd5c2d29b361" member_type: VOTER last_known_addr { host: "127.29.216.3" port: 42773 } } peers { permanent_uuid: "055c04e5dc9647fca026551e8cbb729d" member_type: NON_VOTER last_known_addr { host: "127.29.216.4" port: 36129 } attrs { promote: true } } }
I20260608 10:07:09.970659  1256 raft_consensus.cc:2955] T 64c5e31d71cc478fb1a158f49e7c45b5 P 1cc2a1c76d9a4fa5843fdd5c2d29b361 [term 1 FOLLOWER]: Committing config change with OpId 1.2: config changed from index -1 to 2, NON_VOTER 055c04e5dc9647fca026551e8cbb729d (127.29.216.4) added. New config: { opid_index: 2 OBSOLETE_local: false peers { permanent_uuid: "3ee1f47652c64f7c9e0d53bfa80c88bc" member_type: VOTER last_known_addr { host: "127.29.216.1" port: 36659 } attrs { replace: true } } peers { permanent_uuid: "9182d6d2a3ff42c5b368d66caeaf1458" member_type: VOTER last_known_addr { host: "127.29.216.2" port: 43989 } } peers { permanent_uuid: "1cc2a1c76d9a4fa5843fdd5c2d29b361" member_type: VOTER last_known_addr { host: "127.29.216.3" port: 42773 } } peers { permanent_uuid: "055c04e5dc9647fca026551e8cbb729d" member_type: NON_VOTER last_known_addr { host: "127.29.216.4" port: 36129 } attrs { promote: true } } }
I20260608 10:07:09.984578  1003 catalog_manager.cc:5696] T 64c5e31d71cc478fb1a158f49e7c45b5 P 9182d6d2a3ff42c5b368d66caeaf1458 reported cstate change: config changed from index -1 to 2, NON_VOTER 055c04e5dc9647fca026551e8cbb729d (127.29.216.4) added. New cstate: current_term: 1 leader_uuid: "9182d6d2a3ff42c5b368d66caeaf1458" committed_config { opid_index: 2 OBSOLETE_local: false peers { permanent_uuid: "3ee1f47652c64f7c9e0d53bfa80c88bc" member_type: VOTER last_known_addr { host: "127.29.216.1" port: 36659 } attrs { replace: true } health_report { overall_health: HEALTHY } } peers { permanent_uuid: "9182d6d2a3ff42c5b368d66caeaf1458" member_type: VOTER last_known_addr { host: "127.29.216.2" port: 43989 } health_report { overall_health: HEALTHY } } peers { permanent_uuid: "1cc2a1c76d9a4fa5843fdd5c2d29b361" member_type: VOTER last_known_addr { host: "127.29.216.3" port: 42773 } health_report { overall_health: HEALTHY } } peers { permanent_uuid: "055c04e5dc9647fca026551e8cbb729d" member_type: NON_VOTER last_known_addr { host: "127.29.216.4" port: 36129 } attrs { promote: true } health_report { overall_health: UNKNOWN } } }
I20260608 10:07:10.002444  1105 consensus_queue.cc:237] T b9c483bb5d264327bd303ec44b2a6e63 P 3ee1f47652c64f7c9e0d53bfa80c88bc [LEADER]: Queue going to LEADER mode. State: All replicated index: 0, Majority replicated index: 1, Committed index: 1, Last appended: 1.1, Last appended by leader: 0, Current term: 1, Majority size: 2, State: 0, Mode: LEADER, active raft config: opid_index: 2 OBSOLETE_local: false peers { permanent_uuid: "9182d6d2a3ff42c5b368d66caeaf1458" member_type: VOTER last_known_addr { host: "127.29.216.2" port: 43989 } } peers { permanent_uuid: "3ee1f47652c64f7c9e0d53bfa80c88bc" member_type: VOTER last_known_addr { host: "127.29.216.1" port: 36659 } } peers { permanent_uuid: "1cc2a1c76d9a4fa5843fdd5c2d29b361" member_type: VOTER last_known_addr { host: "127.29.216.3" port: 42773 } attrs { replace: true } } peers { permanent_uuid: "055c04e5dc9647fca026551e8cbb729d" member_type: NON_VOTER last_known_addr { host: "127.29.216.4" port: 36129 } attrs { promote: true } }
I20260608 10:07:10.016574  1256 raft_consensus.cc:1275] T b9c483bb5d264327bd303ec44b2a6e63 P 1cc2a1c76d9a4fa5843fdd5c2d29b361 [term 1 FOLLOWER]: Refusing update from remote peer 3ee1f47652c64f7c9e0d53bfa80c88bc: Log matching property violated. Preceding OpId in replica: term: 1 index: 1. Preceding OpId from leader: term: 1 index: 2. (index mismatch)
W20260608 10:07:10.018230  1071 consensus_peers.cc:597] T b9c483bb5d264327bd303ec44b2a6e63 P 3ee1f47652c64f7c9e0d53bfa80c88bc -> Peer 055c04e5dc9647fca026551e8cbb729d (127.29.216.4:36129): Couldn't send request to peer 055c04e5dc9647fca026551e8cbb729d. Error code: TABLET_NOT_FOUND (6). Status: Not found: Tablet not found: b9c483bb5d264327bd303ec44b2a6e63. This is attempt 1: this message will repeat every 5th retry.
I20260608 10:07:10.019719  1181 raft_consensus.cc:1275] T b9c483bb5d264327bd303ec44b2a6e63 P 9182d6d2a3ff42c5b368d66caeaf1458 [term 1 FOLLOWER]: Refusing update from remote peer 3ee1f47652c64f7c9e0d53bfa80c88bc: Log matching property violated. Preceding OpId in replica: term: 1 index: 1. Preceding OpId from leader: term: 1 index: 2. (index mismatch)
I20260608 10:07:10.021413  1520 consensus_queue.cc:1048] T b9c483bb5d264327bd303ec44b2a6e63 P 3ee1f47652c64f7c9e0d53bfa80c88bc [LEADER]: Connected to new peer: Peer: permanent_uuid: "1cc2a1c76d9a4fa5843fdd5c2d29b361" member_type: VOTER last_known_addr { host: "127.29.216.3" port: 42773 } attrs { replace: true }, Status: LMP_MISMATCH, Last received: 0.0, Next index: 2, Last known committed idx: 1, Time since last communication: 0.001s
I20260608 10:07:10.023988  1340 consensus_queue.cc:1048] T b9c483bb5d264327bd303ec44b2a6e63 P 3ee1f47652c64f7c9e0d53bfa80c88bc [LEADER]: Connected to new peer: Peer: permanent_uuid: "9182d6d2a3ff42c5b368d66caeaf1458" member_type: VOTER last_known_addr { host: "127.29.216.2" port: 43989 }, Status: LMP_MISMATCH, Last received: 0.0, Next index: 2, Last known committed idx: 1, Time since last communication: 0.001s
I20260608 10:07:10.036957  1310 raft_consensus.cc:2955] T b9c483bb5d264327bd303ec44b2a6e63 P 3ee1f47652c64f7c9e0d53bfa80c88bc [term 1 LEADER]: Committing config change with OpId 1.2: config changed from index -1 to 2, NON_VOTER 055c04e5dc9647fca026551e8cbb729d (127.29.216.4) added. New config: { opid_index: 2 OBSOLETE_local: false peers { permanent_uuid: "9182d6d2a3ff42c5b368d66caeaf1458" member_type: VOTER last_known_addr { host: "127.29.216.2" port: 43989 } } peers { permanent_uuid: "3ee1f47652c64f7c9e0d53bfa80c88bc" member_type: VOTER last_known_addr { host: "127.29.216.1" port: 36659 } } peers { permanent_uuid: "1cc2a1c76d9a4fa5843fdd5c2d29b361" member_type: VOTER last_known_addr { host: "127.29.216.3" port: 42773 } attrs { replace: true } } peers { permanent_uuid: "055c04e5dc9647fca026551e8cbb729d" member_type: NON_VOTER last_known_addr { host: "127.29.216.4" port: 36129 } attrs { promote: true } } }
I20260608 10:07:10.039157  1181 raft_consensus.cc:2955] T b9c483bb5d264327bd303ec44b2a6e63 P 9182d6d2a3ff42c5b368d66caeaf1458 [term 1 FOLLOWER]: Committing config change with OpId 1.2: config changed from index -1 to 2, NON_VOTER 055c04e5dc9647fca026551e8cbb729d (127.29.216.4) added. New config: { opid_index: 2 OBSOLETE_local: false peers { permanent_uuid: "9182d6d2a3ff42c5b368d66caeaf1458" member_type: VOTER last_known_addr { host: "127.29.216.2" port: 43989 } } peers { permanent_uuid: "3ee1f47652c64f7c9e0d53bfa80c88bc" member_type: VOTER last_known_addr { host: "127.29.216.1" port: 36659 } } peers { permanent_uuid: "1cc2a1c76d9a4fa5843fdd5c2d29b361" member_type: VOTER last_known_addr { host: "127.29.216.3" port: 42773 } attrs { replace: true } } peers { permanent_uuid: "055c04e5dc9647fca026551e8cbb729d" member_type: NON_VOTER last_known_addr { host: "127.29.216.4" port: 36129 } attrs { promote: true } } }
I20260608 10:07:10.043011  1256 raft_consensus.cc:2955] T b9c483bb5d264327bd303ec44b2a6e63 P 1cc2a1c76d9a4fa5843fdd5c2d29b361 [term 1 FOLLOWER]: Committing config change with OpId 1.2: config changed from index -1 to 2, NON_VOTER 055c04e5dc9647fca026551e8cbb729d (127.29.216.4) added. New config: { opid_index: 2 OBSOLETE_local: false peers { permanent_uuid: "9182d6d2a3ff42c5b368d66caeaf1458" member_type: VOTER last_known_addr { host: "127.29.216.2" port: 43989 } } peers { permanent_uuid: "3ee1f47652c64f7c9e0d53bfa80c88bc" member_type: VOTER last_known_addr { host: "127.29.216.1" port: 36659 } } peers { permanent_uuid: "1cc2a1c76d9a4fa5843fdd5c2d29b361" member_type: VOTER last_known_addr { host: "127.29.216.3" port: 42773 } attrs { replace: true } } peers { permanent_uuid: "055c04e5dc9647fca026551e8cbb729d" member_type: NON_VOTER last_known_addr { host: "127.29.216.4" port: 36129 } attrs { promote: true } } }
I20260608 10:07:10.054463  1105 consensus_queue.cc:237] T 8cc4e415952b44ddb2f6632b724ec67c P 3ee1f47652c64f7c9e0d53bfa80c88bc [LEADER]: Queue going to LEADER mode. State: All replicated index: 0, Majority replicated index: 1, Committed index: 1, Last appended: 1.1, Last appended by leader: 0, Current term: 1, Majority size: 2, State: 0, Mode: LEADER, active raft config: opid_index: 2 OBSOLETE_local: false peers { permanent_uuid: "9182d6d2a3ff42c5b368d66caeaf1458" member_type: VOTER last_known_addr { host: "127.29.216.2" port: 43989 } attrs { replace: true } } peers { permanent_uuid: "3ee1f47652c64f7c9e0d53bfa80c88bc" member_type: VOTER last_known_addr { host: "127.29.216.1" port: 36659 } } peers { permanent_uuid: "1cc2a1c76d9a4fa5843fdd5c2d29b361" member_type: VOTER last_known_addr { host: "127.29.216.3" port: 42773 } } peers { permanent_uuid: "055c04e5dc9647fca026551e8cbb729d" member_type: NON_VOTER last_known_addr { host: "127.29.216.4" port: 36129 } attrs { promote: true } }
I20260608 10:07:10.056640  1002 catalog_manager.cc:5696] T b9c483bb5d264327bd303ec44b2a6e63 P 9182d6d2a3ff42c5b368d66caeaf1458 reported cstate change: config changed from index -1 to 2, NON_VOTER 055c04e5dc9647fca026551e8cbb729d (127.29.216.4) added. New cstate: current_term: 1 leader_uuid: "3ee1f47652c64f7c9e0d53bfa80c88bc" committed_config { opid_index: 2 OBSOLETE_local: false peers { permanent_uuid: "9182d6d2a3ff42c5b368d66caeaf1458" member_type: VOTER last_known_addr { host: "127.29.216.2" port: 43989 } } peers { permanent_uuid: "3ee1f47652c64f7c9e0d53bfa80c88bc" member_type: VOTER last_known_addr { host: "127.29.216.1" port: 36659 } } peers { permanent_uuid: "1cc2a1c76d9a4fa5843fdd5c2d29b361" member_type: VOTER last_known_addr { host: "127.29.216.3" port: 42773 } attrs { replace: true } } peers { permanent_uuid: "055c04e5dc9647fca026551e8cbb729d" member_type: NON_VOTER last_known_addr { host: "127.29.216.4" port: 36129 } attrs { promote: true } } }
W20260608 10:07:10.068199  1071 consensus_peers.cc:597] T 8cc4e415952b44ddb2f6632b724ec67c P 3ee1f47652c64f7c9e0d53bfa80c88bc -> Peer 055c04e5dc9647fca026551e8cbb729d (127.29.216.4:36129): Couldn't send request to peer 055c04e5dc9647fca026551e8cbb729d. Error code: TABLET_NOT_FOUND (6). Status: Not found: Tablet not found: 8cc4e415952b44ddb2f6632b724ec67c. This is attempt 1: this message will repeat every 5th retry.
I20260608 10:07:10.069895  1181 raft_consensus.cc:1275] T 8cc4e415952b44ddb2f6632b724ec67c P 9182d6d2a3ff42c5b368d66caeaf1458 [term 1 FOLLOWER]: Refusing update from remote peer 3ee1f47652c64f7c9e0d53bfa80c88bc: Log matching property violated. Preceding OpId in replica: term: 1 index: 1. Preceding OpId from leader: term: 1 index: 2. (index mismatch)
I20260608 10:07:10.069895  1256 raft_consensus.cc:1275] T 8cc4e415952b44ddb2f6632b724ec67c P 1cc2a1c76d9a4fa5843fdd5c2d29b361 [term 1 FOLLOWER]: Refusing update from remote peer 3ee1f47652c64f7c9e0d53bfa80c88bc: Log matching property violated. Preceding OpId in replica: term: 1 index: 1. Preceding OpId from leader: term: 1 index: 2. (index mismatch)
I20260608 10:07:10.072381  1340 consensus_queue.cc:1048] T 8cc4e415952b44ddb2f6632b724ec67c P 3ee1f47652c64f7c9e0d53bfa80c88bc [LEADER]: Connected to new peer: Peer: permanent_uuid: "9182d6d2a3ff42c5b368d66caeaf1458" member_type: VOTER last_known_addr { host: "127.29.216.2" port: 43989 } attrs { replace: true }, Status: LMP_MISMATCH, Last received: 0.0, Next index: 2, Last known committed idx: 1, Time since last communication: 0.001s
I20260608 10:07:10.074079  1310 consensus_queue.cc:1048] T 8cc4e415952b44ddb2f6632b724ec67c P 3ee1f47652c64f7c9e0d53bfa80c88bc [LEADER]: Connected to new peer: Peer: permanent_uuid: "1cc2a1c76d9a4fa5843fdd5c2d29b361" member_type: VOTER last_known_addr { host: "127.29.216.3" port: 42773 }, Status: LMP_MISMATCH, Last received: 0.0, Next index: 2, Last known committed idx: 1, Time since last communication: 0.001s
I20260608 10:07:10.101557  1310 raft_consensus.cc:2955] T 8cc4e415952b44ddb2f6632b724ec67c P 3ee1f47652c64f7c9e0d53bfa80c88bc [term 1 LEADER]: Committing config change with OpId 1.2: config changed from index -1 to 2, NON_VOTER 055c04e5dc9647fca026551e8cbb729d (127.29.216.4) added. New config: { opid_index: 2 OBSOLETE_local: false peers { permanent_uuid: "9182d6d2a3ff42c5b368d66caeaf1458" member_type: VOTER last_known_addr { host: "127.29.216.2" port: 43989 } attrs { replace: true } } peers { permanent_uuid: "3ee1f47652c64f7c9e0d53bfa80c88bc" member_type: VOTER last_known_addr { host: "127.29.216.1" port: 36659 } } peers { permanent_uuid: "1cc2a1c76d9a4fa5843fdd5c2d29b361" member_type: VOTER last_known_addr { host: "127.29.216.3" port: 42773 } } peers { permanent_uuid: "055c04e5dc9647fca026551e8cbb729d" member_type: NON_VOTER last_known_addr { host: "127.29.216.4" port: 36129 } attrs { promote: true } } }
I20260608 10:07:10.102553  1181 raft_consensus.cc:2955] T 8cc4e415952b44ddb2f6632b724ec67c P 9182d6d2a3ff42c5b368d66caeaf1458 [term 1 FOLLOWER]: Committing config change with OpId 1.2: config changed from index -1 to 2, NON_VOTER 055c04e5dc9647fca026551e8cbb729d (127.29.216.4) added. New config: { opid_index: 2 OBSOLETE_local: false peers { permanent_uuid: "9182d6d2a3ff42c5b368d66caeaf1458" member_type: VOTER last_known_addr { host: "127.29.216.2" port: 43989 } attrs { replace: true } } peers { permanent_uuid: "3ee1f47652c64f7c9e0d53bfa80c88bc" member_type: VOTER last_known_addr { host: "127.29.216.1" port: 36659 } } peers { permanent_uuid: "1cc2a1c76d9a4fa5843fdd5c2d29b361" member_type: VOTER last_known_addr { host: "127.29.216.3" port: 42773 } } peers { permanent_uuid: "055c04e5dc9647fca026551e8cbb729d" member_type: NON_VOTER last_known_addr { host: "127.29.216.4" port: 36129 } attrs { promote: true } } }
I20260608 10:07:10.106828  1256 raft_consensus.cc:2955] T 8cc4e415952b44ddb2f6632b724ec67c P 1cc2a1c76d9a4fa5843fdd5c2d29b361 [term 1 FOLLOWER]: Committing config change with OpId 1.2: config changed from index -1 to 2, NON_VOTER 055c04e5dc9647fca026551e8cbb729d (127.29.216.4) added. New config: { opid_index: 2 OBSOLETE_local: false peers { permanent_uuid: "9182d6d2a3ff42c5b368d66caeaf1458" member_type: VOTER last_known_addr { host: "127.29.216.2" port: 43989 } attrs { replace: true } } peers { permanent_uuid: "3ee1f47652c64f7c9e0d53bfa80c88bc" member_type: VOTER last_known_addr { host: "127.29.216.1" port: 36659 } } peers { permanent_uuid: "1cc2a1c76d9a4fa5843fdd5c2d29b361" member_type: VOTER last_known_addr { host: "127.29.216.3" port: 42773 } } peers { permanent_uuid: "055c04e5dc9647fca026551e8cbb729d" member_type: NON_VOTER last_known_addr { host: "127.29.216.4" port: 36129 } attrs { promote: true } } }
I20260608 10:07:10.119076  1002 catalog_manager.cc:5696] T 8cc4e415952b44ddb2f6632b724ec67c P 9182d6d2a3ff42c5b368d66caeaf1458 reported cstate change: config changed from index -1 to 2, NON_VOTER 055c04e5dc9647fca026551e8cbb729d (127.29.216.4) added. New cstate: current_term: 1 leader_uuid: "3ee1f47652c64f7c9e0d53bfa80c88bc" committed_config { opid_index: 2 OBSOLETE_local: false peers { permanent_uuid: "9182d6d2a3ff42c5b368d66caeaf1458" member_type: VOTER last_known_addr { host: "127.29.216.2" port: 43989 } attrs { replace: true } } peers { permanent_uuid: "3ee1f47652c64f7c9e0d53bfa80c88bc" member_type: VOTER last_known_addr { host: "127.29.216.1" port: 36659 } } peers { permanent_uuid: "1cc2a1c76d9a4fa5843fdd5c2d29b361" member_type: VOTER last_known_addr { host: "127.29.216.3" port: 42773 } } peers { permanent_uuid: "055c04e5dc9647fca026551e8cbb729d" member_type: NON_VOTER last_known_addr { host: "127.29.216.4" port: 36129 } attrs { promote: true } } }
I20260608 10:07:10.138234  1256 consensus_queue.cc:237] T c47969e5c8ce43539918c39ca676b5e7 P 1cc2a1c76d9a4fa5843fdd5c2d29b361 [LEADER]: Queue going to LEADER mode. State: All replicated index: 0, Majority replicated index: 1, Committed index: 1, Last appended: 1.1, Last appended by leader: 0, Current term: 1, Majority size: 2, State: 0, Mode: LEADER, active raft config: opid_index: 2 OBSOLETE_local: false peers { permanent_uuid: "9182d6d2a3ff42c5b368d66caeaf1458" member_type: VOTER last_known_addr { host: "127.29.216.2" port: 43989 } } peers { permanent_uuid: "3ee1f47652c64f7c9e0d53bfa80c88bc" member_type: VOTER last_known_addr { host: "127.29.216.1" port: 36659 } attrs { replace: true } } peers { permanent_uuid: "1cc2a1c76d9a4fa5843fdd5c2d29b361" member_type: VOTER last_known_addr { host: "127.29.216.3" port: 42773 } } peers { permanent_uuid: "055c04e5dc9647fca026551e8cbb729d" member_type: NON_VOTER last_known_addr { host: "127.29.216.4" port: 36129 } attrs { promote: true } }
I20260608 10:07:10.145269  1105 raft_consensus.cc:1275] T c47969e5c8ce43539918c39ca676b5e7 P 3ee1f47652c64f7c9e0d53bfa80c88bc [term 1 FOLLOWER]: Refusing update from remote peer 1cc2a1c76d9a4fa5843fdd5c2d29b361: Log matching property violated. Preceding OpId in replica: term: 1 index: 1. Preceding OpId from leader: term: 1 index: 2. (index mismatch)
I20260608 10:07:10.146004  1181 raft_consensus.cc:1275] T c47969e5c8ce43539918c39ca676b5e7 P 9182d6d2a3ff42c5b368d66caeaf1458 [term 1 FOLLOWER]: Refusing update from remote peer 1cc2a1c76d9a4fa5843fdd5c2d29b361: Log matching property violated. Preceding OpId in replica: term: 1 index: 1. Preceding OpId from leader: term: 1 index: 2. (index mismatch)
W20260608 10:07:10.146032  1221 consensus_peers.cc:597] T c47969e5c8ce43539918c39ca676b5e7 P 1cc2a1c76d9a4fa5843fdd5c2d29b361 -> Peer 055c04e5dc9647fca026551e8cbb729d (127.29.216.4:36129): Couldn't send request to peer 055c04e5dc9647fca026551e8cbb729d. Error code: TABLET_NOT_FOUND (6). Status: Not found: Tablet not found: c47969e5c8ce43539918c39ca676b5e7. This is attempt 1: this message will repeat every 5th retry.
I20260608 10:07:10.147149  1332 consensus_queue.cc:1048] T c47969e5c8ce43539918c39ca676b5e7 P 1cc2a1c76d9a4fa5843fdd5c2d29b361 [LEADER]: Connected to new peer: Peer: permanent_uuid: "3ee1f47652c64f7c9e0d53bfa80c88bc" member_type: VOTER last_known_addr { host: "127.29.216.1" port: 36659 } attrs { replace: true }, Status: LMP_MISMATCH, Last received: 0.0, Next index: 2, Last known committed idx: 1, Time since last communication: 0.000s
I20260608 10:07:10.148047  1526 consensus_queue.cc:1048] T c47969e5c8ce43539918c39ca676b5e7 P 1cc2a1c76d9a4fa5843fdd5c2d29b361 [LEADER]: Connected to new peer: Peer: permanent_uuid: "9182d6d2a3ff42c5b368d66caeaf1458" member_type: VOTER last_known_addr { host: "127.29.216.2" port: 43989 }, Status: LMP_MISMATCH, Last received: 0.0, Next index: 2, Last known committed idx: 1, Time since last communication: 0.000s
I20260608 10:07:10.158634  1526 raft_consensus.cc:2955] T c47969e5c8ce43539918c39ca676b5e7 P 1cc2a1c76d9a4fa5843fdd5c2d29b361 [term 1 LEADER]: Committing config change with OpId 1.2: config changed from index -1 to 2, NON_VOTER 055c04e5dc9647fca026551e8cbb729d (127.29.216.4) added. New config: { opid_index: 2 OBSOLETE_local: false peers { permanent_uuid: "9182d6d2a3ff42c5b368d66caeaf1458" member_type: VOTER last_known_addr { host: "127.29.216.2" port: 43989 } } peers { permanent_uuid: "3ee1f47652c64f7c9e0d53bfa80c88bc" member_type: VOTER last_known_addr { host: "127.29.216.1" port: 36659 } attrs { replace: true } } peers { permanent_uuid: "1cc2a1c76d9a4fa5843fdd5c2d29b361" member_type: VOTER last_known_addr { host: "127.29.216.3" port: 42773 } } peers { permanent_uuid: "055c04e5dc9647fca026551e8cbb729d" member_type: NON_VOTER last_known_addr { host: "127.29.216.4" port: 36129 } attrs { promote: true } } }
I20260608 10:07:10.161123  1181 raft_consensus.cc:2955] T c47969e5c8ce43539918c39ca676b5e7 P 9182d6d2a3ff42c5b368d66caeaf1458 [term 1 FOLLOWER]: Committing config change with OpId 1.2: config changed from index -1 to 2, NON_VOTER 055c04e5dc9647fca026551e8cbb729d (127.29.216.4) added. New config: { opid_index: 2 OBSOLETE_local: false peers { permanent_uuid: "9182d6d2a3ff42c5b368d66caeaf1458" member_type: VOTER last_known_addr { host: "127.29.216.2" port: 43989 } } peers { permanent_uuid: "3ee1f47652c64f7c9e0d53bfa80c88bc" member_type: VOTER last_known_addr { host: "127.29.216.1" port: 36659 } attrs { replace: true } } peers { permanent_uuid: "1cc2a1c76d9a4fa5843fdd5c2d29b361" member_type: VOTER last_known_addr { host: "127.29.216.3" port: 42773 } } peers { permanent_uuid: "055c04e5dc9647fca026551e8cbb729d" member_type: NON_VOTER last_known_addr { host: "127.29.216.4" port: 36129 } attrs { promote: true } } }
I20260608 10:07:10.160815  1105 raft_consensus.cc:2955] T c47969e5c8ce43539918c39ca676b5e7 P 3ee1f47652c64f7c9e0d53bfa80c88bc [term 1 FOLLOWER]: Committing config change with OpId 1.2: config changed from index -1 to 2, NON_VOTER 055c04e5dc9647fca026551e8cbb729d (127.29.216.4) added. New config: { opid_index: 2 OBSOLETE_local: false peers { permanent_uuid: "9182d6d2a3ff42c5b368d66caeaf1458" member_type: VOTER last_known_addr { host: "127.29.216.2" port: 43989 } } peers { permanent_uuid: "3ee1f47652c64f7c9e0d53bfa80c88bc" member_type: VOTER last_known_addr { host: "127.29.216.1" port: 36659 } attrs { replace: true } } peers { permanent_uuid: "1cc2a1c76d9a4fa5843fdd5c2d29b361" member_type: VOTER last_known_addr { host: "127.29.216.3" port: 42773 } } peers { permanent_uuid: "055c04e5dc9647fca026551e8cbb729d" member_type: NON_VOTER last_known_addr { host: "127.29.216.4" port: 36129 } attrs { promote: true } } }
I20260608 10:07:10.174013  1005 catalog_manager.cc:5696] T c47969e5c8ce43539918c39ca676b5e7 P 1cc2a1c76d9a4fa5843fdd5c2d29b361 reported cstate change: config changed from index -1 to 2, NON_VOTER 055c04e5dc9647fca026551e8cbb729d (127.29.216.4) added. New cstate: current_term: 1 leader_uuid: "1cc2a1c76d9a4fa5843fdd5c2d29b361" committed_config { opid_index: 2 OBSOLETE_local: false peers { permanent_uuid: "9182d6d2a3ff42c5b368d66caeaf1458" member_type: VOTER last_known_addr { host: "127.29.216.2" port: 43989 } health_report { overall_health: HEALTHY } } peers { permanent_uuid: "3ee1f47652c64f7c9e0d53bfa80c88bc" member_type: VOTER last_known_addr { host: "127.29.216.1" port: 36659 } attrs { replace: true } health_report { overall_health: HEALTHY } } peers { permanent_uuid: "1cc2a1c76d9a4fa5843fdd5c2d29b361" member_type: VOTER last_known_addr { host: "127.29.216.3" port: 42773 } health_report { overall_health: HEALTHY } } peers { permanent_uuid: "055c04e5dc9647fca026551e8cbb729d" member_type: NON_VOTER last_known_addr { host: "127.29.216.4" port: 36129 } attrs { promote: true } health_report { overall_health: UNKNOWN } } }
I20260608 10:07:10.476954  1546 ts_tablet_manager.cc:933] T 64c5e31d71cc478fb1a158f49e7c45b5 P 055c04e5dc9647fca026551e8cbb729d: Initiating tablet copy from peer 9182d6d2a3ff42c5b368d66caeaf1458 (127.29.216.2:43989)
I20260608 10:07:10.478849  1546 tablet_copy_client.cc:323] T 64c5e31d71cc478fb1a158f49e7c45b5 P 055c04e5dc9647fca026551e8cbb729d: tablet copy: Beginning tablet copy session from remote peer at address 127.29.216.2:43989
I20260608 10:07:10.497288  1192 tablet_copy_service.cc:140] P 9182d6d2a3ff42c5b368d66caeaf1458: Received BeginTabletCopySession request for tablet 64c5e31d71cc478fb1a158f49e7c45b5 from peer 055c04e5dc9647fca026551e8cbb729d ({username='slave'} at 127.0.0.1:37968)
I20260608 10:07:10.497928  1192 tablet_copy_service.cc:161] P 9182d6d2a3ff42c5b368d66caeaf1458: Beginning new tablet copy session on tablet 64c5e31d71cc478fb1a158f49e7c45b5 from peer 055c04e5dc9647fca026551e8cbb729d at {username='slave'} at 127.0.0.1:37968: session id = 055c04e5dc9647fca026551e8cbb729d-64c5e31d71cc478fb1a158f49e7c45b5
I20260608 10:07:10.504132  1192 tablet_copy_source_session.cc:215] T 64c5e31d71cc478fb1a158f49e7c45b5 P 9182d6d2a3ff42c5b368d66caeaf1458: Tablet Copy: opened 0 blocks and 1 log segments
I20260608 10:07:10.507728  1546 data_dirs.cc:400] Could only allocate 1 dirs of requested 3 for tablet 64c5e31d71cc478fb1a158f49e7c45b5. 1 dirs total, 0 dirs full, 0 dirs failed
I20260608 10:07:10.525244  1546 tablet_copy_client.cc:806] T 64c5e31d71cc478fb1a158f49e7c45b5 P 055c04e5dc9647fca026551e8cbb729d: tablet copy: Starting download of 0 data blocks...
I20260608 10:07:10.525885  1546 tablet_copy_client.cc:670] T 64c5e31d71cc478fb1a158f49e7c45b5 P 055c04e5dc9647fca026551e8cbb729d: tablet copy: Starting download of 1 WAL segments...
I20260608 10:07:10.530524  1546 tablet_copy_client.cc:538] T 64c5e31d71cc478fb1a158f49e7c45b5 P 055c04e5dc9647fca026551e8cbb729d: tablet copy: Tablet Copy complete. Replacing tablet superblock.
I20260608 10:07:10.540165  1546 tablet_bootstrap.cc:492] T 64c5e31d71cc478fb1a158f49e7c45b5 P 055c04e5dc9647fca026551e8cbb729d: Bootstrap starting.
I20260608 10:07:10.566054  1546 tablet_bootstrap.cc:492] T 64c5e31d71cc478fb1a158f49e7c45b5 P 055c04e5dc9647fca026551e8cbb729d: Bootstrap replayed 1/1 log segments. Stats: ops{read=2 overwritten=0 applied=2 ignored=0} inserts{seen=0 ignored=0} mutations{seen=0 ignored=0} orphaned_commits=0. Pending: 0 replicates
I20260608 10:07:10.567298  1546 tablet_bootstrap.cc:492] T 64c5e31d71cc478fb1a158f49e7c45b5 P 055c04e5dc9647fca026551e8cbb729d: Bootstrap complete.
I20260608 10:07:10.568158  1546 ts_tablet_manager.cc:1403] T 64c5e31d71cc478fb1a158f49e7c45b5 P 055c04e5dc9647fca026551e8cbb729d: Time spent bootstrapping tablet: real 0.028s	user 0.023s	sys 0.004s
I20260608 10:07:10.571714  1551 ts_tablet_manager.cc:933] T b9c483bb5d264327bd303ec44b2a6e63 P 055c04e5dc9647fca026551e8cbb729d: Initiating tablet copy from peer 3ee1f47652c64f7c9e0d53bfa80c88bc (127.29.216.1:36659)
I20260608 10:07:10.574163  1551 tablet_copy_client.cc:323] T b9c483bb5d264327bd303ec44b2a6e63 P 055c04e5dc9647fca026551e8cbb729d: tablet copy: Beginning tablet copy session from remote peer at address 127.29.216.1:36659
I20260608 10:07:10.576017  1546 raft_consensus.cc:359] T 64c5e31d71cc478fb1a158f49e7c45b5 P 055c04e5dc9647fca026551e8cbb729d [term 1 LEARNER]: Replica starting. Triggering 0 pending ops. Active config: opid_index: 2 OBSOLETE_local: false peers { permanent_uuid: "3ee1f47652c64f7c9e0d53bfa80c88bc" member_type: VOTER last_known_addr { host: "127.29.216.1" port: 36659 } attrs { replace: true } } peers { permanent_uuid: "9182d6d2a3ff42c5b368d66caeaf1458" member_type: VOTER last_known_addr { host: "127.29.216.2" port: 43989 } } peers { permanent_uuid: "1cc2a1c76d9a4fa5843fdd5c2d29b361" member_type: VOTER last_known_addr { host: "127.29.216.3" port: 42773 } } peers { permanent_uuid: "055c04e5dc9647fca026551e8cbb729d" member_type: NON_VOTER last_known_addr { host: "127.29.216.4" port: 36129 } attrs { promote: true } }
I20260608 10:07:10.577061  1552 ts_tablet_manager.cc:933] T c47969e5c8ce43539918c39ca676b5e7 P 055c04e5dc9647fca026551e8cbb729d: Initiating tablet copy from peer 1cc2a1c76d9a4fa5843fdd5c2d29b361 (127.29.216.3:42773)
I20260608 10:07:10.577073  1546 raft_consensus.cc:740] T 64c5e31d71cc478fb1a158f49e7c45b5 P 055c04e5dc9647fca026551e8cbb729d [term 1 LEARNER]: Becoming Follower/Learner. State: Replica: 055c04e5dc9647fca026551e8cbb729d, State: Initialized, Role: LEARNER
I20260608 10:07:10.577596  1117 tablet_copy_service.cc:140] P 3ee1f47652c64f7c9e0d53bfa80c88bc: Received BeginTabletCopySession request for tablet b9c483bb5d264327bd303ec44b2a6e63 from peer 055c04e5dc9647fca026551e8cbb729d ({username='slave'} at 127.0.0.1:49872)
I20260608 10:07:10.578352  1117 tablet_copy_service.cc:161] P 3ee1f47652c64f7c9e0d53bfa80c88bc: Beginning new tablet copy session on tablet b9c483bb5d264327bd303ec44b2a6e63 from peer 055c04e5dc9647fca026551e8cbb729d at {username='slave'} at 127.0.0.1:49872: session id = 055c04e5dc9647fca026551e8cbb729d-b9c483bb5d264327bd303ec44b2a6e63
